04-01 08:46:41.506 612 612 D SystemServerTiming: OnBootPhase_600_com.android.safetycenter.SafetyCenterService
04-01 08:46:41.506 612 612 V SystemServerTiming: OnBootPhase_600_com.android.safetycenter.SafetyCenterService took to complete: 0ms
04-01 08:46:41.506 612 612 D SystemServerTiming: OnBootPhase_600_com.android.server.appsearch.AppSearchModule$Lifecycle
04-01 08:46:41.506 612 612 V SystemServerTiming: OnBootPhase_600_com.android.server.appsearch.AppSearchModule$Lifecycle took to complete: 0ms
04-01 08:46:41.506 612 612 D SystemServerTiming: OnBootPhase_600_com.android.server.compos.IsolatedCompilationService
04-01 08:46:41.506 612 612 V SystemServerTiming: OnBootPhase_600_com.android.server.compos.IsolatedCompilationService took to complete: 0ms
04-01 08:46:41.507 612 612 D SystemServerTiming: OnBootPhase_600_com.android.server.media.MediaCommunicationService
04-01 08:46:41.507 612 612 V SystemServerTiming: OnBootPhase_600_com.android.server.media.MediaCommunicationService took to complete: 0ms
04-01 08:46:41.507 612 612 D SystemServerTiming: OnBootPhase_600_com.android.server.compat.overrides.AppCompatOverridesService$Lifecycle
04-01 08:46:41.507 612 612 V SystemServerTiming: OnBootPhase_600_com.android.server.compat.overrides.AppCompatOverridesService$Lifecycle took to complete: 0ms
04-01 08:46:41.507 612 612 D SystemServerTiming: OnBootPhase_600_com.android.server.healthconnect.HealthConnectManagerService
04-01 08:46:41.507 612 612 V SystemServerTiming: OnBootPhase_600_com.android.server.healthconnect.HealthConnectManagerService took to complete: 0ms
04-01 08:46:41.507 612 612 D SystemServerTiming: OnBootPhase_600_com.android.server.devicelock.DeviceLockService
04-01 08:46:41.507 612 612 D DeviceLockService: onBootPhase: 600
04-01 08:46:41.507 612 612 V SystemServerTiming: OnBootPhase_600_com.android.server.devicelock.DeviceLockService took to complete: 0ms
04-01 08:46:41.507 612 612 D SystemServerTiming: OnBootPhase_600_com.android.server.SensitiveContentProtectionManagerService
04-01 08:46:41.507 612 612 V SystemServerTiming: OnBootPhase_600_com.android.server.SensitiveContentProtectionManagerService took to complete: 0ms
04-01 08:46:41.507 612 612 V SystemServerTiming: OnBootPhase_600 took to complete: 209ms
04-01 08:46:41.507 612 612 V SystemServerTiming: PhaseThirdPartyAppsCanStart took to complete: 209ms
04-01 08:46:41.507 612 612 D SystemServerTiming: StartNetworkStack
04-01 08:46:41.508 612 612 D ConnectivityModuleConnector: Starting networking module android.net.INetworkStackConnector
04-01 08:46:41.508 612 612 D ConnectivityModuleConnector: Starting networking module in network_stack process
04-01 08:46:41.509 838 838 I ProtoLogImpl: Setting up ProtoLogImpl with viewerConfigPath = /system_ext/etc/wmshell.protolog.pb
04-01 08:46:41.510 838 838 I ProtoLog: Unable to load log definitions: File /system_ext/etc/wmshell.protolog.json.gz not found.java.io.FileNotFoundException: /system_ext/etc/wmshell.protolog.json.gz: open failed: ENOENT (No such file or directory)
04-01 08:46:41.513 612 612 V GrammaticalInflectionUtils: AttributionSource: AttributionSource { uid = 1073, packageName = null, attributionTag = null, token = android.os.Binder@4baf5bf, deviceId = 0, next = null } does not have READ_SYSTEM_GRAMMATICAL_GENDER permission.
04-01 08:46:41.514 612 612 D CompatChangeReporter: Compat change id reported: 151861875; UID 1073; state: ENABLED
04-01 08:46:41.518 612 612 D ConnectivityModuleConnector: Networking module service start requested
04-01 08:46:41.518 612 612 D NetworkStackClient: Network stack service start requested
04-01 08:46:41.518 612 612 V SystemServerTiming: StartNetworkStack took to complete: 11ms
04-01 08:46:41.518 612 612 D SystemServerTiming: StartTethering
04-01 08:46:41.519 612 612 D ConnectivityModuleConnector: Starting networking module android.net.ITetheringConnector
04-01 08:46:41.519 612 612 D ConnectivityModuleConnector: Starting networking module in network_stack process
04-01 08:46:41.522 612 612 D ConnectivityModuleConnector: Networking module service start requested
04-01 08:46:41.522 612 612 V SystemServerTiming: StartTethering took to complete: 4ms
04-01 08:46:41.522 612 612 D SystemServerTiming: MakeCountryDetectionServiceReady
04-01 08:46:41.523 612 612 V SystemServerTiming: MakeCountryDetectionServiceReady took to complete: 1ms
04-01 08:46:41.523 612 612 D SystemServerTiming: MakeNetworkTimeUpdateReady
04-01 08:46:41.524 612 612 D ConnectivityService: requestNetwork for uid/pid:1000/612 activeRequest: null callbackRequest: 15 [NetworkRequest [ REQUEST id=16, [ Capabilities: INTERNET&NOT_RESTRICTED&TRUSTED&NOT_VCN_MANAGED&NOT_BANDWIDTH_CONSTRAINED Uid: 1000 RequestorUid: 1000 RequestorPkg: android UnderlyingNetworks: Null] ]] callback flags: 0 order: 2147483647 isUidTracked: false declaredMethods: ALL
04-01 08:46:41.526 612 612 V SystemServerTiming: MakeNetworkTimeUpdateReady took to complete: 3ms
04-01 08:46:41.526 612 612 D SystemServerTiming: MakeInputManagerServiceReady
04-01 08:46:41.528 612 651 W BestClock: java.time.DateTimeException: Missing network time fix
04-01 08:46:41.530 528 572 I C2SoftVpxEnc: setting temporal layering 0 + 0
04-01 08:46:41.531 528 572 I mediaswcodec: missing struct descriptor #Param::CoreIndex(--1812) for field values of struct #Param::CoreIndex(F-11812)
04-01 08:46:41.534 838 838 V WindowManagerShell: UNKNOWN MESSAGE (-776239364395549896) DisplayChangeController
04-01 08:46:41.534 838 838 V WindowManagerShell: UNKNOWN MESSAGE (-776239364395549896) DisplayController
04-01 08:46:41.535 838 838 V WindowManagerShell: UNKNOWN MESSAGE (-776239364395549896) DisplayInsetsController
04-01 08:46:41.535 612 768 D ConnectivityService: NetReassign [no changes] [c 0] [a 0] [i 7]
04-01 08:46:41.535 838 838 V WindowManagerShell: UNKNOWN MESSAGE (-776239364395549896) DisplayImeController
04-01 08:46:41.536 838 838 V WindowManagerShell: UNKNOWN MESSAGE (-776239364395549896) ShellController
04-01 08:46:41.550 257 289 E IMGAidlAllocator: isSupported:328 Invalid BufferDescriptorInfo
04-01 08:46:41.551 257 289 E IMGAidlAllocator: isSupported:329 width -> 320
04-01 08:46:41.551 257 289 E IMGAidlAllocator: isSupported:330 height -> 240
04-01 08:46:41.551 257 289 E IMGAidlAllocator: isSupported:331 format -> 54
04-01 08:46:41.551 257 289 E IMGAidlAllocator: isSupported:332 usage -> 0x0962
04-01 08:46:41.555 612 612 I InputManager: Enabling motion classifier because just booted: feature enabled, long press timeout = 400 ms
04-01 08:46:41.555 612 612 I InputProcessor: Enabling motion classifier
04-01 08:46:41.557 452 452 D Zygote : Forked child process 877
04-01 08:46:41.559 612 654 I ActivityManager: Start proc 877:com.android.networkstack.process/1073 for service {com.android.networkstack/com.android.server.NetworkStackService}
04-01 08:46:41.563 449 476 I netd : tetherGetStats() -> {[]} <2.21ms>
04-01 08:46:41.565 528 572 I C2SoftVpxEnc: setting temporal layering 0 + 0
04-01 08:46:41.566 528 572 I mediaswcodec: missing struct descriptor #Param::CoreIndex(--1812) for field values of struct #Param::CoreIndex(F-11812)
04-01 08:46:41.569 612 654 W ActivityManager: Slow operation: 55ms so far, now at startProcess: done updating pids map
04-01 08:46:41.572 241 241 I servicemanager: Caller(pid=612,uid=1000,sid=u:r:system_server:s0) Could not find android.hardware.input.processor.IInputProcessor/default in the VINTF manifest. No alternative instances declared in VINTF.
04-01 08:46:41.571 612 651 W BestClock: java.time.DateTimeException: Missing network time fix
04-01 08:46:41.571 525 588 D MediaCodecsXmlParser: parsing /apex/com.android.media.swcodec/etc/media_codecs.xml...
04-01 08:46:41.575 612 876 I InputProcessor: HAL android.hardware.input.processor.IInputProcessor/default is not declared
04-01 08:46:41.580 525 588 D MediaCodecsXmlParser: disabling c2.android.gsm.decoder
04-01 08:46:41.581 525 588 D MediaCodecsXmlParser: disabling c2.android.mpeg2.decoder
04-01 08:46:41.585 525 588 D MediaCodecsXmlParser: disabling c2.android.av1.encoder
04-01 08:46:41.589 612 612 V SystemServerTiming: MakeInputManagerServiceReady took to complete: 63ms
04-01 08:46:41.589 612 612 D SystemServerTiming: MakeTelephonyRegistryReady
04-01 08:46:41.590 612 612 V SystemServerTiming: MakeTelephonyRegistryReady took to complete: 1ms
04-01 08:46:41.590 612 612 D SystemServerTiming: MakeMediaRouterServiceReady
04-01 08:46:41.591 612 612 I MR2ServiceImpl: switchUser | user: 0
04-01 08:46:41.591 612 612 V SystemServerTiming: MakeMediaRouterServiceReady took to complete: 1ms
04-01 08:46:41.591 612 612 D SystemServerTiming: IncidentDaemonReady
04-01 08:46:41.585 525 588 I MediaCodecsXmlParser: codec c2.android.av1.encoder enabled, device sdk 36 >= required 34
04-01 08:46:41.592 525 588 I MediaCodecsXmlParser: Did not find media_codecs_performance.xml in search path
04-01 08:46:41.593 525 588 D MediaCodecsXmlParser: parsing /vendor/etc/media_codecs_c2.xml...
04-01 08:46:41.592 612 723 I InputReader: Reconfiguring input devices, changes=DEVICE_ALIAS
04-01 08:46:41.595 612 612 V SystemServerTiming: IncidentDaemonReady took to complete: 4ms
04-01 08:46:41.595 612 612 D SystemServerTiming: MakeIncrementalServiceReady
04-01 08:46:41.596 525 588 I MediaCodecsXmlParser: Did not find media_codecs_performance_c2.xml in search path
04-01 08:46:41.596 612 612 V SystemServerTiming: MakeIncrementalServiceReady took to complete: 0ms
04-01 08:46:41.597 612 612 D SystemServerTiming: OdsignStatsLogger
04-01 08:46:41.597 612 612 V SystemServerTiming: OdsignStatsLogger took to complete: 0ms
04-01 08:46:41.598 525 588 D MediaCodecsXmlParser: parsing /vendor/etc/media_codecs.xml...
04-01 08:46:41.598 838 838 V WindowManagerShell: UNKNOWN MESSAGE (-776239364395549896) CompatUIController
04-01 08:46:41.599 612 612 D SystemServerTiming: getCurrentUser
04-01 08:46:41.599 612 612 I ActivityManager: Current user:0
04-01 08:46:41.599 612 612 V SystemServerTiming: getCurrentUser took to complete: 0ms
04-01 08:46:41.599 612 612 D SystemServerTiming: ActivityManagerStartApps
04-01 08:46:41.601 525 588 D MediaCodecsXmlParser: parsing /vendor/etc/media_codecs_google_c2_audio.xml...
04-01 08:46:41.604 612 612 E BluetoothAdapter: Bluetooth service is null
04-01 08:46:41.605 525 588 D MediaCodecsXmlParser: MediaCodec: cannot add existing codec: c2.android.mp3.decoder at line 19 of /vendor/etc/media_codecs_google_c2_audio.xml
04-01 08:46:41.606 525 588 D MediaCodecsXmlParser: MediaCodec: cannot add existing codec: c2.android.amrnb.decoder at line 25 of /vendor/etc/media_codecs_google_c2_audio.xml
04-01 08:46:41.606 525 588 D MediaCodecsXmlParser: MediaCodec: cannot add existing codec: c2.android.amrwb.decoder at line 31 of /vendor/etc/media_codecs_google_c2_audio.xml
04-01 08:46:41.606 525 588 D MediaCodecsXmlParser: MediaCodec: cannot add existing codec: c2.android.aac.decoder at line 37 of /vendor/etc/media_codecs_google_c2_audio.xml
04-01 08:46:41.606 525 588 D MediaCodecsXmlParser: MediaCodec: cannot add existing codec: c2.android.g711.alaw.decoder at line 43 of /vendor/etc/media_codecs_google_c2_audio.xml
04-01 08:46:41.606 525 588 D MediaCodecsXmlParser: MediaCodec: cannot add existing codec: c2.android.g711.mlaw.decoder at line 49 of /vendor/etc/media_codecs_google_c2_audio.xml
04-01 08:46:41.606 525 588 D MediaCodecsXmlParser: MediaCodec: cannot add existing codec: c2.android.vorbis.decoder at line 55 of /vendor/etc/media_codecs_google_c2_audio.xml
04-01 08:46:41.606 525 588 D MediaCodecsXmlParser: MediaCodec: cannot add existing codec: c2.android.opus.decoder at line 61 of /vendor/etc/media_codecs_google_c2_audio.xml
04-01 08:46:41.606 525 588 D MediaCodecsXmlParser: MediaCodec: cannot add existing codec: c2.android.raw.decoder at line 67 of /vendor/etc/media_codecs_google_c2_audio.xml
04-01 08:46:41.606 525 588 D MediaCodecsXmlParser: MediaCodec: cannot add existing codec: c2.android.flac.decoder at line 73 of /vendor/etc/media_codecs_google_c2_audio.xml
04-01 08:46:41.609 525 588 D MediaCodecsXmlParser: MediaCodec: cannot add existing codec: c2.android.aac.encoder at line 81 of /vendor/etc/media_codecs_google_c2_audio.xml
04-01 08:46:41.609 525 588 D MediaCodecsXmlParser: MediaCodec: cannot add existing codec: c2.android.amrnb.encoder at line 88 of /vendor/etc/media_codecs_google_c2_audio.xml
04-01 08:46:41.609 525 588 D MediaCodecsXmlParser: MediaCodec: cannot add existing codec: c2.android.amrwb.encoder at line 95 of /vendor/etc/media_codecs_google_c2_audio.xml
04-01 08:46:41.609 525 588 D MediaCodecsXmlParser: MediaCodec: cannot add existing codec: c2.android.flac.encoder at line 102 of /vendor/etc/media_codecs_google_c2_audio.xml
04-01 08:46:41.609 525 588 D MediaCodecsXmlParser: MediaCodec: cannot add existing codec: c2.android.opus.encoder at line 110 of /vendor/etc/media_codecs_google_c2_audio.xml
04-01 08:46:41.610 525 588 D MediaCodecsXmlParser: parsing /vendor/etc/media_codecs_google_c2_video.xml...
04-01 08:46:41.612 838 838 V WindowManagerShell: UNKNOWN MESSAGE (-776239364395549896) TaskStackTransitionObserver
04-01 08:46:41.614 838 838 V WindowManagerShell: UNKNOWN MESSAGE (-776239364395549896) RecentTasksController
04-01 08:46:41.616 612 612 D SystemServerTimingAsync: ssm.StartUser-0
04-01 08:46:41.616 612 612 I SystemServiceManager: Calling onStartUser 0
04-01 08:46:41.616 612 612 D SystemServerTimingAsync: ssm.onStartUser-0_com.android.server.security.FileIntegrityService
04-01 08:46:41.616 612 612 V SystemServerTimingAsync: ssm.onStartUser-0_com.android.server.security.FileIntegrityService took to complete: 0ms
04-01 08:46:41.616 612 612 D SystemServerTimingAsync: ssm.onStartUser-0_com.android.server.pm.Installer
04-01 08:46:41.616 612 612 V SystemServerTimingAsync: ssm.onStartUser-0_com.android.server.pm.Installer took to complete: 0ms
04-01 08:46:41.616 612 612 D SystemServerTimingAsync: ssm.onStartUser-0_com.android.server.os.DeviceIdentifiersPolicyService
04-01 08:46:41.616 612 612 V SystemServerTimingAsync: ssm.onStartUser-0_com.android.server.os.DeviceIdentifiersPolicyService took to complete: 0ms
04-01 08:46:41.616 612 612 D SystemServerTimingAsync: ssm.onStartUser-0_com.android.server.flags.FeatureFlagsService
04-01 08:46:41.616 612 612 V SystemServerTimingAsync: ssm.onStartUser-0_com.android.server.flags.FeatureFlagsService took to complete: 0ms
04-01 08:46:41.616 612 612 D SystemServerTimingAsync: ssm.onStartUser-0_com.android.server.uri.UriGrantsManagerService$Lifecycle
04-01 08:46:41.616 612 612 V SystemServerTimingAsync: ssm.onStartUser-0_com.android.server.uri.UriGrantsManagerService$Lifecycle took to complete: 0ms
04-01 08:46:41.616 612 612 D SystemServerTimingAsync: ssm.onStartUser-0_com.android.server.powerstats.PowerStatsService
04-01 08:46:41.616 612 612 V SystemServerTimingAsync: ssm.onStartUser-0_com.android.server.powerstats.PowerStatsService took to complete: 0ms
04-01 08:46:41.616 612 612 D SystemServerTimingAsync: ssm.onStartUser-0_com.android.server.permission.access.AccessCheckingService
04-01 08:46:41.616 612 612 V SystemServerTimingAsync: ssm.onStartUser-0_com.android.server.permission.access.AccessCheckingService took to complete: 1ms
04-01 08:46:41.616 612 612 D SystemServerTimingAsync: ssm.onStartUser-0_com.android.server.wm.ActivityTaskManagerService$Lifecycle
04-01 08:46:41.616 612 612 V SystemServerTimingAsync: ssm.onStartUser-0_com.android.server.wm.ActivityTaskManagerService$Lifecycle took to complete: 0ms
04-01 08:46:41.617 612 612 D SystemServerTimingAsync: ssm.onStartUser-0_com.android.server.am.ActivityManagerService$Lifecycle
04-01 08:46:41.617 612 612 V SystemServerTimingAsync: ssm.onStartUser-0_com.android.server.am.ActivityManagerService$Lifecycle took to complete: 0ms
04-01 08:46:41.617 612 612 D SystemServerTimingAsync: ssm.onStartUser-0_com.android.server.pm.DataLoaderManagerService
04-01 08:46:41.617 612 612 V SystemServerTimingAsync: ssm.onStartUser-0_com.android.server.pm.DataLoaderManagerService took to complete: 0ms
04-01 08:46:41.617 612 612 D SystemServerTimingAsync: ssm.onStartUser-0_com.android.server.power.PowerManagerService
04-01 08:46:41.617 612 612 V SystemServerTimingAsync: ssm.onStartUser-0_com.android.server.power.PowerManagerService took to complete: 0ms
04-01 08:46:41.617 612 612 D SystemServerTimingAsync: ssm.onStartUser-0_com.android.server.power.ThermalManagerService
04-01 08:46:41.617 612 612 V SystemServerTimingAsync: ssm.onStartUser-0_com.android.server.power.ThermalManagerService took to complete: 0ms
04-01 08:46:41.617 612 612 D SystemServerTimingAsync: ssm.onStartUser-0_com.android.server.recoverysystem.RecoverySystemService$Lifecycle
04-01 08:46:41.617 612 612 V SystemServerTimingAsync: ssm.onStartUser-0_com.android.server.recoverysystem.RecoverySystemService$Lifecycle took to complete: 0ms
04-01 08:46:41.617 612 612 D SystemServerTimingAsync: ssm.onStartUser-0_com.android.server.lights.LightsService
04-01 08:46:41.617 612 612 V SystemServerTimingAsync: ssm.onStartUser-0_com.android.server.lights.LightsService took to complete: 0ms
04-01 08:46:41.617 612 612 D SystemServerTimingAsync: ssm.onStartUser-0_com.android.server.display.DisplayManagerService
04-01 08:46:41.617 612 612 V SystemServerTimingAsync: ssm.onStartUser-0_com.android.server.display.DisplayManagerService took to complete: 0ms
04-01 08:46:41.617 612 612 D SystemServerTimingAsync: ssm.onStartUser-0_com.android.server.pm.verify.domain.DomainVerificationService
04-01 08:46:41.617 612 612 V SystemServerTimingAsync: ssm.onStartUser-0_com.android.server.pm.verify.domain.DomainVerificationService took to complete: 0ms
04-01 08:46:41.617 612 612 D SystemServerTimingAsync: ssm.onStartUser-0_com.android.server.pm.PackageInstallerService$Lifecycle
04-01 08:46:41.617 612 612 V SystemServerTimingAsync: ssm.onStartUser-0_com.android.server.pm.PackageInstallerService$Lifecycle took to complete: 0ms
04-01 08:46:41.617 612 612 D SystemServerTimingAsync: ssm.onStartUser-0_com.android.server.pm.UserManagerService$LifeCycle
04-01 08:46:41.617 612 612 V SystemServerTimingAsync: ssm.onStartUser-0_com.android.server.pm.UserManagerService$LifeCycle took to complete: 0ms
04-01 08:46:41.617 612 612 D SystemServerTimingAsync: ssm.onStartUser-0_com.android.server.om.OverlayManagerService
04-01 08:46:41.617 612 612 V SystemServerTimingAsync: ssm.onStartUser-0_com.android.server.om.OverlayManagerService took to complete: 0ms
04-01 08:46:41.617 612 612 D SystemServerTimingAsync: ssm.onStartUser-0_com.android.server.resources.ResourcesManagerService
04-01 08:46:41.617 612 612 V SystemServerTimingAsync: ssm.onStartUser-0_com.android.server.resources.ResourcesManagerService took to complete: 0ms
04-01 08:46:41.617 612 612 D SystemServerTimingAsync: ssm.onStartUser-0_com.android.server.sensorprivacy.SensorPrivacyService
04-01 08:46:41.623 877 877 I rkstack.process: Using CollectorTypeCMC GC.
04-01 08:46:41.624 612 612 V SystemServerTimingAsync: ssm.onStartUser-0_com.android.server.sensorprivacy.SensorPrivacyService took to complete: 7ms
04-01 08:46:41.626 612 612 D SystemServerTimingAsync: ssm.onStartUser-0_com.android.server.sensors.SensorService
04-01 08:46:41.626 612 612 V SystemServerTimingAsync: ssm.onStartUser-0_com.android.server.sensors.SensorService took to complete: 0ms
04-01 08:46:41.626 612 612 D SystemServerTimingAsync: ssm.onStartUser-0_com.android.server.SystemConfigService
04-01 08:46:41.626 612 612 V SystemServerTimingAsync: ssm.onStartUser-0_com.android.server.SystemConfigService took to complete: 0ms
04-01 08:46:41.626 612 612 D SystemServerTimingAsync: ssm.onStartUser-0_com.android.server.BatteryService
04-01 08:46:41.626 612 612 V SystemServerTimingAsync: ssm.onStartUser-0_com.android.server.BatteryService took to complete: 0ms
04-01 08:46:41.626 612 612 D SystemServerTimingAsync: ssm.onStartUser-0_com.android.server.usage.UsageStatsService
04-01 08:46:41.627 612 612 V SystemServerTimingAsync: ssm.onStartUser-0_com.android.server.usage.UsageStatsService took to complete: 1ms
04-01 08:46:41.627 612 612 D SystemServerTimingAsync: ssm.onStartUser-0_com.android.server.webkit.WebViewUpdateService
04-01 08:46:41.627 612 612 V SystemServerTimingAsync: ssm.onStartUser-0_com.android.server.webkit.WebViewUpdateService took to complete: 0ms
04-01 08:46:41.627 612 612 D SystemServerTimingAsync: ssm.onStartUser-0_com.android.server.CachedDeviceStateService
04-01 08:46:41.627 612 612 V SystemServerTimingAsync: ssm.onStartUser-0_com.android.server.CachedDeviceStateService took to complete: 0ms
04-01 08:46:41.627 612 612 D SystemServerTimingAsync: ssm.onStartUser-0_com.android.server.BinderCallsStatsService$LifeCycle
04-01 08:46:41.627 612 612 V SystemServerTimingAsync: ssm.onStartUser-0_com.android.server.BinderCallsStatsService$LifeCycle took to complete: 0ms
04-01 08:46:41.627 612 612 D SystemServerTimingAsync: ssm.onStartUser-0_com.android.server.LooperStatsService$Lifecycle
04-01 08:46:41.627 612 612 V SystemServerTimingAsync: ssm.onStartUser-0_com.android.server.LooperStatsService$Lifecycle took to complete: 0ms
04-01 08:46:41.627 612 612 D SystemServerTimingAsync: ssm.onStartUser-0_com.android.server.rollback.RollbackManagerService
04-01 08:46:41.627 612 612 V SystemServerTimingAsync: ssm.onStartUser-0_com.android.server.rollback.RollbackManagerService took to complete: 0ms
04-01 08:46:41.627 612 612 D SystemServerTimingAsync: ssm.onStartUser-0_com.android.server.os.NativeTombstoneManagerService
04-01 08:46:41.630 612 612 V SystemServerTimingAsync: ssm.onStartUser-0_com.android.server.os.NativeTombstoneManagerService took to complete: 2ms
04-01 08:46:41.630 612 612 D SystemServerTimingAsync: ssm.onStartUser-0_com.android.server.os.BugreportManagerService
04-01 08:46:41.630 612 612 V SystemServerTimingAsync: ssm.onStartUser-0_com.android.server.os.BugreportManagerService took to complete: 0ms
04-01 08:46:41.630 612 612 D SystemServerTimingAsync: ssm.onStartUser-0_com.android.server.gpu.GpuService
04-01 08:46:41.630 612 612 V SystemServerTimingAsync: ssm.onStartUser-0_com.android.server.gpu.GpuService took to complete: 0ms
04-01 08:46:41.630 612 612 D SystemServerTimingAsync: ssm.onStartUser-0_com.android.server.security.rkp.RemoteProvisioningService
04-01 08:46:41.630 612 612 V SystemServerTimingAsync: ssm.onStartUser-0_com.android.server.security.rkp.RemoteProvisioningService took to complete: 0ms
04-01 08:46:41.630 612 612 D SystemServerTimingAsync: ssm.onStartUser-0_com.android.server.cpu.CpuMonitorService
04-01 08:46:41.630 612 612 V SystemServerTimingAsync: ssm.onStartUser-0_com.android.server.cpu.CpuMonitorService took to complete: 0ms
04-01 08:46:41.630 612 612 D SystemServerTimingAsync: ssm.onStartUser-0_com.android.server.security.KeyChainSystemService
04-01 08:46:41.630 612 612 V SystemServerTimingAsync: ssm.onStartUser-0_com.android.server.security.KeyChainSystemService took to complete: 0ms
04-01 08:46:41.630 612 612 D SystemServerTimingAsync: ssm.onStartUser-0_com.android.server.BinaryTransparencyService
04-01 08:46:41.630 612 612 V SystemServerTimingAsync: ssm.onStartUser-0_com.android.server.BinaryTransparencyService took to complete: 0ms
04-01 08:46:41.630 612 612 D SystemServerTimingAsync: ssm.onStartUser-0_com.android.server.accounts.AccountManagerService$Lifecycle
04-01 08:46:41.630 612 612 V SystemServerTimingAsync: ssm.onStartUser-0_com.android.server.accounts.AccountManagerService$Lifecycle took to complete: 0ms
04-01 08:46:41.630 612 612 D SystemServerTimingAsync: ssm.onStartUser-0_com.android.server.content.ContentService$Lifecycle
04-01 08:46:41.632 525 588 D MediaCodecsXmlParser: MediaCodec: cannot add existing codec: c2.android.mpeg4.decoder at line 19 of /vendor/etc/media_codecs_google_c2_video.xml
04-01 08:46:41.632 525 588 D MediaCodecsXmlParser: MediaCodec: cannot add existing codec: c2.android.h263.decoder at line 29 of /vendor/etc/media_codecs_google_c2_video.xml
04-01 08:46:41.632 525 588 D MediaCodecsXmlParser: MediaCodec: cannot add existing codec: c2.android.avc.decoder at line 38 of /vendor/etc/media_codecs_google_c2_video.xml
04-01 08:46:41.632 612 612 V SystemServerTimingAsync: ssm.onStartUser-0_com.android.server.content.ContentService$Lifecycle took to complete: 2ms
04-01 08:46:41.632 612 612 D SystemServerTimingAsync: ssm.onStartUser-0_com.android.server.deviceconfig.DeviceConfigInit$Lifecycle
04-01 08:46:41.632 525 588 D MediaCodecsXmlParser: MediaCodec: cannot add existing codec: c2.android.hevc.decoder at line 49 of /vendor/etc/media_codecs_google_c2_video.xml
04-01 08:46:41.632 612 612 V SystemServerTimingAsync: ssm.onStartUser-0_com.android.server.deviceconfig.DeviceConfigInit$Lifecycle took to complete: 0ms
04-01 08:46:41.632 612 612 D SystemServerTimingAsync: ssm.onStartUser-0_com.android.server.DropBoxManagerService
04-01 08:46:41.632 525 588 D MediaCodecsXmlParser: MediaCodec: cannot add existing codec: c2.android.vp8.decoder at line 60 of /vendor/etc/media_codecs_google_c2_video.xml
04-01 08:46:41.632 612 612 V SystemServerTimingAsync: ssm.onStartUser-0_com.android.server.DropBoxManagerService took to complete: 0ms
04-01 08:46:41.632 612 612 D SystemServerTimingAsync: ssm.onStartUser-0_com.android.ecm.EnhancedConfirmationService
04-01 08:46:41.632 612 612 V SystemServerTimingAsync: ssm.onStartUser-0_com.android.ecm.EnhancedConfirmationService took to complete: 0ms
04-01 08:46:41.632 525 588 D MediaCodecsXmlParser: MediaCodec: cannot add existing codec: c2.android.vp9.decoder at line 70 of /vendor/etc/media_codecs_google_c2_video.xml
04-01 08:46:41.632 612 612 D SystemServerTimingAsync: ssm.onStartUser-0_com.android.server.power.hint.HintManagerService
04-01 08:46:41.632 612 612 V SystemServerTimingAsync: ssm.onStartUser-0_com.android.server.power.hint.HintManagerService took to complete: 0ms
04-01 08:46:41.632 612 612 D SystemServerTimingAsync: ssm.onStartUser-0_com.android.role.RoleService
04-01 08:46:41.632 525 588 D MediaCodecsXmlParser: MediaCodec: cannot add existing codec: c2.android.av1.decoder at line 80 of /vendor/etc/media_codecs_google_c2_video.xml
04-01 08:46:41.632 525 588 D MediaCodecsXmlParser: MediaCodec: cannot add existing codec: c2.android.h263.encoder at line 101 of /vendor/etc/media_codecs_google_c2_video.xml
04-01 08:46:41.632 525 588 D MediaCodecsXmlParser: MediaCodec: cannot add existing codec: c2.android.avc.encoder at line 108 of /vendor/etc/media_codecs_google_c2_video.xml
04-01 08:46:41.632 525 588 D MediaCodecsXmlParser: MediaCodec: cannot add existing codec: c2.android.hevc.encoder at line 119 of /vendor/etc/media_codecs_google_c2_video.xml
04-01 08:46:41.633 525 588 D MediaCodecsXmlParser: MediaCodec: cannot add existing codec: c2.android.mpeg4.encoder at line 132 of /vendor/etc/media_codecs_google_c2_video.xml
04-01 08:46:41.633 525 588 D MediaCodecsXmlParser: MediaCodec: cannot add existing codec: c2.android.vp8.encoder at line 141 of /vendor/etc/media_codecs_google_c2_video.xml
04-01 08:46:41.633 525 588 D MediaCodecsXmlParser: MediaCodec: cannot add existing codec: c2.android.vp9.encoder at line 152 of /vendor/etc/media_codecs_google_c2_video.xml
04-01 08:46:41.633 525 588 D MediaCodecsXmlParser: parsing /vendor/etc/media_codecs_performance.xml...
04-01 08:46:41.640 877 877 E rkstack.process: Not starting debugger since process cannot load the jdwp agent.
04-01 08:46:41.648 612 723 I InputReader: Reconfiguring input devices, changes=KEYBOARD_LAYOUTS
04-01 08:46:41.652 256 266 D PermissionCache: checking android.permission.ACCESS_SURFACE_FLINGER for uid=10070 => granted (3369 us)
04-01 08:46:41.653 838 838 V WindowManagerShell: UNKNOWN MESSAGE (-776239364395549896) ShellTaskOrganizer
04-01 08:46:41.655 857 857 I WebViewLoader-a: System.exit called, status: 0
04-01 08:46:41.655 857 857 I AndroidRuntime: VM exiting with result code 0, cleanup skipped.
04-01 08:46:41.655 525 588 I MediaCodecsXmlParser: Did not find media_codecs_shaping.xml in search path
04-01 08:46:41.655 525 588 I MediaCodecsXmlParser: Did not find media_codecs_shaping.xml in search path
04-01 08:46:41.657 452 452 W Zygote : forkRepeatedly terminated due to non-simple command
04-01 08:46:41.657 452 452 D Zygote : mbuffer starts with 15, nice name is webview_zygote, mEnd = 415, mNext = 183, mLinesLeft = 6, mFd = 5
04-01 08:46:41.661 474 474 W V4L2Device: Driver doesn't support QUERY H264 levels, use default values, 1-5_2
04-01 08:46:41.662 474 474 E V4L2Device: Unhandled pixelformat YU12
04-01 08:46:41.664 474 474 E V4L2Device: Unhandled pixelformat NV12
04-01 08:46:41.664 474 474 E V4L2Device: Unhandled pixelformat NV21
04-01 08:46:41.664 474 474 E V4L2Device: Unhandled pixelformat YM12
04-01 08:46:41.664 474 474 E V4L2Device: Unhandled pixelformat NM12
04-01 08:46:41.664 474 474 E V4L2Device: Unhandled pixelformat NM21
04-01 08:46:41.664 474 474 E V4L2Device: Unhandled pixelformat 422P
04-01 08:46:41.664 474 474 E V4L2Device: Unhandled pixelformat NV16
04-01 08:46:41.664 474 474 E V4L2Device: Unhandled pixelformat NV61
04-01 08:46:41.664 474 474 E V4L2Device: Unhandled pixelformat YM16
04-01 08:46:41.664 474 474 E V4L2Device: Unhandled pixelformat NM16
04-01 08:46:41.664 474 474 E V4L2Device: Unhandled pixelformat NM61
04-01 08:46:41.664 474 474 E V4L2Device: Unhandled pixelformat YUYV
04-01 08:46:41.664 474 474 E V4L2Device: Unhandled pixelformat YVYU
04-01 08:46:41.664 474 474 E V4L2Device: Unhandled pixelformat UYVY
04-01 08:46:41.664 474 474 E V4L2Device: Unhandled pixelformat VYUY
04-01 08:46:41.665 474 474 W V4L2Device: Driver doesn't support QUERY H264 profiles, use default values, Base, Main, High
04-01 08:46:41.674 612 612 V SystemServerTimingAsync: ssm.onStartUser-0_com.android.role.RoleService took to complete: 42ms
04-01 08:46:41.674 612 612 D SystemServerTimingAsync: ssm.onStartUser-0_com.android.server.vibrator.VibratorManagerService$Lifecycle
04-01 08:46:41.675 612 612 V SystemServerTimingAsync: ssm.onStartUser-0_com.android.server.vibrator.VibratorManagerService$Lifecycle took to complete: 1ms
04-01 08:46:41.675 612 612 D SystemServerTimingAsync: ssm.onStartUser-0_com.android.server.alarm.AlarmManagerService
04-01 08:46:41.675 612 612 V SystemServerTimingAsync: ssm.onStartUser-0_com.android.server.alarm.AlarmManagerService took to complete: 0ms
04-01 08:46:41.675 612 612 D SystemServerTimingAsync: ssm.onStartUser-0_com.android.server.devicestate.DeviceStateManagerService
04-01 08:46:41.675 612 612 V SystemServerTimingAsync: ssm.onStartUser-0_com.android.server.devicestate.DeviceStateManagerService took to complete: 0ms
04-01 08:46:41.675 612 612 D SystemServerTimingAsync: ssm.onStartUser-0_com.android.server.camera.CameraServiceProxy
04-01 08:46:41.675 525 588 I Codec2InfoBuilder: adding type 'video/avc'
04-01 08:46:41.676 838 838 D DesktopModeFlagsUtil: Toggle override initialized to: OVERRIDE_UNSET
04-01 08:46:41.678 612 612 V SystemServerTimingAsync: ssm.onStartUser-0_com.android.server.camera.CameraServiceProxy took to complete: 3ms
04-01 08:46:41.679 612 612 D SystemServerTimingAsync: ssm.onStartUser-0_com.android.server.connectivity.IpConnectivityMetrics
04-01 08:46:41.679 612 612 V SystemServerTimingAsync: ssm.onStartUser-0_com.android.server.connectivity.IpConnectivityMetrics took to complete: 0ms
04-01 08:46:41.680 612 612 D SystemServerTimingAsync: ssm.onStartUser-0_com.android.server.net.watchlist.NetworkWatchlistService$Lifecycle
04-01 08:46:41.680 612 612 V SystemServerTimingAsync: ssm.onStartUser-0_com.android.server.net.watchlist.NetworkWatchlistService$Lifecycle took to complete: 0ms
04-01 08:46:41.680 612 612 D SystemServerTimingAsync: ssm.onStartUser-0_com.android.server.PinnerService
04-01 08:46:41.680 612 612 V SystemServerTimingAsync: ssm.onStartUser-0_com.android.server.PinnerService took to complete: 0ms
04-01 08:46:41.680 612 612 D SystemServerTimingAsync: ssm.onStartUser-0_com.android.server.integrity.AppIntegrityManagerService
04-01 08:46:41.681 612 612 V SystemServerTimingAsync: ssm.onStartUser-0_com.android.server.integrity.AppIntegrityManagerService took to complete: 0ms
04-01 08:46:41.681 612 612 D SystemServerTimingAsync: ssm.onStartUser-0_com.android.server.logcat.LogcatManagerService
04-01 08:46:41.681 612 612 V SystemServerTimingAsync: ssm.onStartUser-0_com.android.server.logcat.LogcatManagerService took to complete: 0ms
04-01 08:46:41.681 612 612 D SystemServerTimingAsync: ssm.onStartUser-0_com.android.server.inputmethod.InputMethodManagerService$Lifecycle
04-01 08:46:41.681 612 612 V SystemServerTimingAsync: ssm.onStartUser-0_com.android.server.inputmethod.InputMethodManagerService$Lifecycle took to complete: 1ms
04-01 08:46:41.683 612 612 D SystemServerTimingAsync: ssm.onStartUser-0_com.android.server.accessibility.AccessibilityManagerService$Lifecycle
04-01 08:46:41.683 612 612 V SystemServerTimingAsync: ssm.onStartUser-0_com.android.server.accessibility.AccessibilityManagerService$Lifecycle took to complete: 0ms
04-01 08:46:41.684 612 612 D SystemServerTimingAsync: ssm.onStartUser-0_com.android.server.StorageManagerService$Lifecycle
04-01 08:46:41.686 877 877 D nativeloader: Load libframework-connectivity-tiramisu-jni.so using APEX ns com_android_tethering for caller /apex/com.android.tethering/javalib/framework-connectivity-t.jar: ok
04-01 08:46:41.691 612 612 V StorageManagerService: Package com.android.cts.priv.ctsshim does not have legacy storage
04-01 08:46:41.692 612 612 V StorageManagerService: Package com.android.uwb.resources does not have legacy storage
04-01 08:46:41.692 612 612 V StorageManagerService: Package com.android.internal.display.cutout.emulation.corner does not have legacy storage
04-01 08:46:41.692 612 612 V StorageManagerService: Package com.android.adservices.api does not have legacy storage
04-01 08:46:41.692 612 612 V StorageManagerService: Package com.android.internal.display.cutout.emulation.double does not have legacy storage
04-01 08:46:41.692 612 612 V StorageManagerService: Package com.android.providers.telephony does not have legacy storage
04-01 08:46:41.693 612 612 V StorageManagerService: Package com.android.dynsystem has legacy storage
04-01 08:46:41.693 612 612 V StorageManagerService: Package com.android.healthconnect.controller does not have legacy storage
04-01 08:46:41.693 612 612 V StorageManagerService: Package com.android.providers.calendar does not have legacy storage
04-01 08:46:41.693 612 612 V StorageManagerService: Package com.android.providers.media does not have legacy storage
04-01 08:46:41.693 612 612 V StorageManagerService: Package com.android.health.connect.backuprestore does not have legacy storage
04-01 08:46:41.693 612 612 V StorageManagerService: Package com.android.virtualmachine.res does not have legacy storage
04-01 08:46:41.693 612 612 V StorageManagerService: Package com.android.wallpapercropper does not have legacy storage
04-01 08:46:41.693 612 612 V StorageManagerService: Package com.android.providers.telephony.auto_generated_characteristics_rro does not have legacy storage
04-01 08:46:41.693 612 612 V StorageManagerService: Package com.android.documentsui does not have legacy storage
04-01 08:46:41.693 612 612 V StorageManagerService: Package com.android.externalstorage does not have legacy storage
04-01 08:46:41.694 612 612 V StorageManagerService: Package com.android.server.deviceconfig.resources does not have legacy storage
04-01 08:46:41.694 612 612 V StorageManagerService: Package com.android.htmlviewer does not have legacy storage
04-01 08:46:41.694 612 612 V StorageManagerService: Package com.android.companiondevicemanager does not have legacy storage
04-01 08:46:41.694 612 612 V StorageManagerService: Package com.android.quicksearchbox does not have legacy storage
04-01 08:46:41.694 612 612 V StorageManagerService: Package com.android.mms.service does not have legacy storage
04-01 08:46:41.694 612 612 V StorageManagerService: Package com.android.providers.downloads does not have legacy storage
04-01 08:46:41.694 612 612 V StorageManagerService: Package com.android.federatedcompute.services does not have legacy storage
04-01 08:46:41.695 612 612 V StorageManagerService: Package com.android.safetycenter.resources does not have legacy storage
04-01 08:46:41.695 612 612 V StorageManagerService: Package com.android.providers.downloads.ui does not have legacy storage
04-01 08:46:41.695 612 612 V StorageManagerService: Package com.android.pacprocessor does not have legacy storage
04-01 08:46:41.695 612 612 V StorageManagerService: Package com.android.simappdialog does not have legacy storage
04-01 08:46:41.695 612 612 V StorageManagerService: Package com.android.networkstack does not have legacy storage
04-01 08:46:41.695 612 612 V StorageManagerService: Package android.am62 does not have legacy storage
04-01 08:46:41.695 612 612 V StorageManagerService: Package com.android.connectivity.resources does not have legacy storage
04-01 08:46:41.695 612 612 V StorageManagerService: Package com.android.internal.display.cutout.emulation.hole does not have legacy storage
04-01 08:46:41.696 612 612 V StorageManagerService: Package com.android.internal.display.cutout.emulation.tall does not have legacy storage
04-01 08:46:41.696 612 612 V StorageManagerService: Package com.android.modulemetadata does not have legacy storage
04-01 08:46:41.696 612 612 V StorageManagerService: Package com.android.certinstaller does not have legacy storage
04-01 08:46:41.696 612 612 V StorageManagerService: Package com.android.internal.systemui.navbar.threebutton does not have legacy storage
04-01 08:46:41.696 612 612 V StorageManagerService: Package com.android.wifi.dialog does not have legacy storage
04-01 08:46:41.696 612 612 V StorageManagerService: Package android has legacy storage
04-01 08:46:41.696 612 612 V StorageManagerService: Package com.android.contacts does not have legacy storage
04-01 08:46:41.696 612 612 V StorageManagerService: Package com.android.camera2 does not have legacy storage
04-01 08:46:41.696 612 612 V StorageManagerService: Package com.android.egg does not have legacy storage
04-01 08:46:41.696 612 612 V StorageManagerService: Package com.android.mtp does not have legacy storage
04-01 08:46:41.696 612 612 V StorageManagerService: Package com.android.nfc does not have legacy storage
04-01 08:46:41.697 612 637 I ActivityManager: Process WebViewLoader-arm64-v8a (pid 857) has died: psvc PER
04-01 08:46:41.697 612 612 V StorageManagerService: Package com.android.launcher3 does not have legacy storage
04-01 08:46:41.697 612 612 V StorageManagerService: Package com.android.backupconfirm does not have legacy storage
04-01 08:46:41.698 612 612 V StorageManagerService: Package com.android.provision does not have legacy storage
04-01 08:46:41.698 612 612 V StorageManagerService: Package com.android.statementservice does not have legacy storage
04-01 08:46:41.698 612 612 V StorageManagerService: Package com.android.compos.payload does not have legacy storage
04-01 08:46:41.698 612 612 V StorageManagerService: Package com.android.settings.intelligence does not have legacy storage
04-01 08:46:41.698 612 612 V StorageManagerService: Package com.android.calendar does not have legacy storage
04-01 08:46:41.698 612 612 V StorageManagerService: Package com.android.systemui.accessibility.accessibilitymenu does not have legacy storage
04-01 08:46:41.698 612 612 V StorageManagerService: Package com.android.providers.settings has legacy storage
04-01 08:46:41.698 612 612 V StorageManagerService: Package com.android.sharedstoragebackup does not have legacy storage
04-01 08:46:41.699 612 612 V StorageManagerService: Package com.android.printspooler does not have legacy storage
04-01 08:46:41.699 612 612 V StorageManagerService: Package com.android.dreams.basic does not have legacy storage
04-01 08:46:41.699 612 612 V StorageManagerService: Package com.android.photopicker does not have legacy storage
04-01 08:46:41.699 612 612 V StorageManagerService: Package com.android.webview does not have legacy storage
04-01 08:46:41.699 612 612 V StorageManagerService: Package com.android.se does not have legacy storage
04-01 08:46:41.699 612 612 V StorageManagerService: Package com.android.inputdevices has legacy storage
04-01 08:46:41.700 612 612 V StorageManagerService: Package com.android.rkpdapp does not have legacy storage
04-01 08:46:41.700 612 612 V StorageManagerService: Package com.android.bips does not have legacy storage
04-01 08:46:41.701 612 651 D StatsPullAtomService: ENABLE_MOBILE_DATA_STATS_AGGREGATED_PULLER = true
04-01 08:46:41.701 612 612 V StorageManagerService: Package android.auto_generated_characteristics_rro does not have legacy storage
04-01 08:46:41.701 612 612 V StorageManagerService: Package com.android.musicfx does not have legacy storage
04-01 08:46:41.701 612 612 V StorageManagerService: Package android.ext.shared does not have legacy storage
04-01 08:46:41.701 612 612 V StorageManagerService: Package com.android.server.telecom has legacy storage
04-01 08:46:41.701 612 612 V StorageManagerService: Package com.android.keychain has legacy storage
04-01 08:46:41.701 612 612 V StorageManagerService: Package com.android.phone.auto_generated_characteristics_rro does not have legacy storage
04-01 08:46:41.701 612 612 V StorageManagerService: Package com.android.printservice.recommendation does not have legacy storage
04-01 08:46:41.702 612 612 V StorageManagerService: Package com.android.gallery3d has legacy storage
04-01 08:46:41.702 612 612 V StorageManagerService: Package android.ext.services does not have legacy storage
04-01 08:46:41.702 612 612 V StorageManagerService: Package com.android.wifi.resources does not have legacy storage
04-01 08:46:41.702 612 612 V StorageManagerService: Package com.android.cameraextensions does not have legacy storage
04-01 08:46:41.702 612 612 V StorageManagerService: Package com.android.localtransport has legacy storage
04-01 08:46:41.702 612 612 V StorageManagerService: Package com.android.packageinstaller does not have legacy storage
04-01 08:46:41.702 612 612 V StorageManagerService: Package com.android.credentialmanager does not have legacy storage
04-01 08:46:41.702 612 612 V StorageManagerService: Package com.android.theme.font.notoserifsource does not have legacy storage
04-01 08:46:41.703 612 612 V StorageManagerService: Package com.android.DeviceAsWebcam has legacy storage
04-01 08:46:41.703 612 612 V StorageManagerService: Package com.android.proxyhandler does not have legacy storage
04-01 08:46:41.703 612 612 V StorageManagerService: Package com.android.internal.display.cutout.emulation.waterfall does not have legacy storage
04-01 08:46:41.703 612 612 V StorageManagerService: Package com.android.intentresolver does not have legacy storage
04-01 08:46:41.703 612 612 V StorageManagerService: Package com.android.inputmethod.latin does not have legacy storage
04-01 08:46:41.703 612 612 V StorageManagerService: Package com.android.internal.systemui.navbar.transparent does not have legacy storage
04-01 08:46:41.703 612 612 V StorageManagerService: Package com.android.providers.contactkeys does not have legacy storage
04-01 08:46:41.704 612 612 V StorageManagerService: Package org.chromium.webview_shell does not have legacy storage
04-01 08:46:41.704 612 612 V StorageManagerService: Package com.android.managedprovisioning does not have legacy storage
04-01 08:46:41.704 612 612 V StorageManagerService: Package com.android.networkstack.tethering does not have legacy storage
04-01 08:46:41.704 612 612 V StorageManagerService: Package com.android.soundpicker does not have legacy storage
04-01 08:46:41.704 612 612 V StorageManagerService: Package com.android.dreams.phototable does not have legacy storage
04-01 08:46:41.704 612 612 V StorageManagerService: Package com.example.demo does not have legacy storage
04-01 08:46:41.704 612 612 V StorageManagerService: Package com.android.smspush does not have legacy storage
04-01 08:46:41.704 612 612 V StorageManagerService: Package com.android.role.notes.enabled does not have legacy storage
04-01 08:46:41.704 612 612 V StorageManagerService: Package com.android.wallpaper.livepicker does not have legacy storage
04-01 08:46:41.704 612 612 V StorageManagerService: Package com.android.appsearch.apk does not have legacy storage
04-01 08:46:41.705 612 612 V StorageManagerService: Package com.android.providers.settings.am62 does not have legacy storage
04-01 08:46:41.705 612 612 V StorageManagerService: Package com.android.storagemanager does not have legacy storage
04-01 08:46:41.705 612 612 V StorageManagerService: Package com.android.bookmarkprovider does not have legacy storage
04-01 08:46:41.705 612 612 V StorageManagerService: Package com.android.settings has legacy storage
04-01 08:46:41.705 612 612 V StorageManagerService: Package com.android.networkstack.tethering.am62overlay does not have legacy storage
04-01 08:46:41.705 612 612 V StorageManagerService: Package com.android.cts.ctsshim does not have legacy storage
04-01 08:46:41.705 612 612 V StorageManagerService: Package com.example.android.systemupdatersample does not have legacy storage
04-01 08:46:41.705 612 612 V StorageManagerService: Package com.android.wallpaper does not have legacy storage
04-01 08:46:41.705 612 612 V StorageManagerService: Package com.android.microdroid.empty_payload does not have legacy storage
04-01 08:46:41.706 612 612 V StorageManagerService: Package com.android.vpndialogs does not have legacy storage
04-01 08:46:41.706 612 612 V StorageManagerService: Package com.android.music does not have legacy storage
04-01 08:46:41.706 612 651 D CountryDetector: Using custom country detector class: com.android.server.location.ComprehensiveCountryDetector
04-01 08:46:41.706 612 612 V StorageManagerService: Package com.android.phone does not have legacy storage
04-01 08:46:41.706 612 612 V StorageManagerService: Package com.android.shell does not have legacy storage
04-01 08:46:41.706 612 612 V StorageManagerService: Package com.android.sdksandbox does not have legacy storage
04-01 08:46:41.706 612 612 V StorageManagerService: Package com.android.wallpaperbackup does not have legacy storage
04-01 08:46:41.706 612 612 V StorageManagerService: Package com.android.providers.blockednumber does not have legacy storage
04-01 08:46:41.706 612 651 E CountryDetector: Could not instantiate the custom country detector class
04-01 08:46:41.706 612 612 V StorageManagerService: Package com.android.providers.userdictionary does not have legacy storage
04-01 08:46:41.706 612 612 V StorageManagerService: Package com.android.providers.media.module does not have legacy storage
04-01 08:46:41.707 612 612 V StorageManagerService: Package com.android.hotspot2.osulogin does not have legacy storage
04-01 08:46:41.707 612 651 D CountryDetector: Using default country detector
04-01 08:46:41.707 612 612 V StorageManagerService: Package com.android.companiondevicemanager.auto_generated_characteristics_rro does not have legacy storage
04-01 08:46:41.707 612 612 V StorageManagerService: Package com.android.internal.systemui.navbar.gestural does not have legacy storage
04-01 08:46:41.707 612 612 V StorageManagerService: Package com.android.location.fused has legacy storage
04-01 08:46:41.707 612 612 V StorageManagerService: Package com.android.deskclock does not have legacy storage
04-01 08:46:41.707 612 612 V StorageManagerService: Package com.android.systemui does not have legacy storage
04-01 08:46:41.707 612 612 V StorageManagerService: Package com.android.bluetoothmidiservice does not have legacy storage
04-01 08:46:41.707 612 612 V StorageManagerService: Package com.android.permissioncontroller does not have legacy storage
04-01 08:46:41.708 612 612 V StorageManagerService: Package com.android.traceur does not have legacy storage
04-01 08:46:41.708 612 612 V StorageManagerService: Package com.android.ondevicepersonalization.services does not have legacy storage
04-01 08:46:41.708 612 612 V StorageManagerService: Package com.android.bluetooth does not have legacy storage
04-01 08:46:41.708 612 612 V StorageManagerService: Package com.android.providers.contacts does not have legacy storage
04-01 08:46:41.708 612 612 V StorageManagerService: Package com.android.captiveportallogin does not have legacy storage
04-01 08:46:41.708 612 612 V StorageManagerService: Package com.android.devicelockcontroller does not have legacy storage
04-01 08:46:41.709 612 612 V SystemServerTimingAsync: ssm.onStartUser-0_com.android.server.StorageManagerService$Lifecycle took to complete: 25ms
04-01 08:46:41.709 612 612 D SystemServerTimingAsync: ssm.onStartUser-0_com.android.server.usage.StorageStatsService$Lifecycle
04-01 08:46:41.709 612 612 V SystemServerTimingAsync: ssm.onStartUser-0_com.android.server.usage.StorageStatsService$Lifecycle took to complete: 0ms
04-01 08:46:41.709 452 452 D Zygote : Forked child process 897
04-01 08:46:41.709 612 612 D SystemServerTimingAsync: ssm.onStartUser-0_com.android.server.UiModeManagerService
04-01 08:46:41.709 612 612 V SystemServerTimingAsync: ssm.onStartUser-0_com.android.server.UiModeManagerService took to complete: 0ms
04-01 08:46:41.709 612 612 D SystemServerTimingAsync: ssm.onStartUser-0_com.android.server.locales.LocaleManagerService
04-01 08:46:41.709 612 612 V SystemServerTimingAsync: ssm.onStartUser-0_com.android.server.locales.LocaleManagerService took to complete: 0ms
04-01 08:46:41.709 612 612 D SystemServerTimingAsync: ssm.onStartUser-0_com.android.server.grammaticalinflection.GrammaticalInflectionService
04-01 08:46:41.709 612 612 V SystemServerTimingAsync: ssm.onStartUser-0_com.android.server.grammaticalinflection.GrammaticalInflectionService took to complete: 0ms
04-01 08:46:41.709 612 612 D SystemServerTimingAsync: ssm.onStartUser-0_com.android.server.apphibernation.AppHibernationService
04-01 08:46:41.709 612 612 V SystemServerTimingAsync: ssm.onStartUser-0_com.android.server.apphibernation.AppHibernationService took to complete: 0ms
