04-01 08:46:49.746 612 1232 D ShortcutService: rescanPackageIfNeeded 0@com.android.captiveportallogin, forceRescan=true , isNewApp=true
04-01 08:46:49.747 478 575 D AHAL_StreamPrimary: transfer: skipping transfer (4096 frames)
04-01 08:46:49.747 612 1232 D ShortcutService: Package com.android.captiveportallogin has 0 manifest shortcut(s), and 0 share target(s)
04-01 08:46:49.747 612 645 W ActivityTaskManager: callingPackage for (uid=-1, pid=0) has no WPC
04-01 08:46:49.748 612 1232 D ShortcutService: Found updated package com.android.providers.contacts updateTime=40007
04-01 08:46:49.748 612 1232 D ShortcutService: rescanPackageIfNeeded 0@com.android.providers.contacts, forceRescan=true , isNewApp=true
04-01 08:46:49.764 612 653 D SystemServerTimingAsync: ssm.onUnlockedUser-0_com.android.server.content.ContentService$Lifecycle
04-01 08:46:49.764 612 653 V SystemServerTimingAsync: ssm.onUnlockedUser-0_com.android.server.content.ContentService$Lifecycle took to complete: 0ms
04-01 08:46:49.764 612 653 D SystemServerTimingAsync: ssm.onUnlockedUser-0_com.android.server.deviceconfig.DeviceConfigInit$Lifecycle
04-01 08:46:49.764 612 653 V SystemServerTimingAsync: ssm.onUnlockedUser-0_com.android.server.deviceconfig.DeviceConfigInit$Lifecycle took to complete: 0ms
04-01 08:46:49.764 612 653 D SystemServerTimingAsync: ssm.onUnlockedUser-0_com.android.server.DropBoxManagerService
04-01 08:46:49.764 612 653 V SystemServerTimingAsync: ssm.onUnlockedUser-0_com.android.server.DropBoxManagerService took to complete: 0ms
04-01 08:46:49.764 612 653 D SystemServerTimingAsync: ssm.onUnlockedUser-0_com.android.ecm.EnhancedConfirmationService
04-01 08:46:49.764 612 653 V SystemServerTimingAsync: ssm.onUnlockedUser-0_com.android.ecm.EnhancedConfirmationService took to complete: 0ms
04-01 08:46:49.764 612 653 D SystemServerTimingAsync: ssm.onUnlockedUser-0_com.android.server.power.hint.HintManagerService
04-01 08:46:49.764 612 653 V SystemServerTimingAsync: ssm.onUnlockedUser-0_com.android.server.power.hint.HintManagerService took to complete: 0ms
04-01 08:46:49.764 612 645 W OptProp : Cannot read opt property android.window.PROPERTY_COMPAT_ALLOW_RESIZEABLE_ACTIVITY_OVERRIDES
04-01 08:46:49.764 612 653 D SystemServerTimingAsync: ssm.onUnlockedUser-0_com.android.role.RoleService
04-01 08:46:49.764 612 653 V SystemServerTimingAsync: ssm.onUnlockedUser-0_com.android.role.RoleService took to complete: 0ms
04-01 08:46:49.764 612 653 D SystemServerTimingAsync: ssm.onUnlockedUser-0_com.android.server.vibrator.VibratorManagerService$Lifecycle
04-01 08:46:49.764 612 653 V SystemServerTimingAsync: ssm.onUnlockedUser-0_com.android.server.vibrator.VibratorManagerService$Lifecycle took to complete: 0ms
04-01 08:46:49.765 612 653 D SystemServerTimingAsync: ssm.onUnlockedUser-0_com.android.server.alarm.AlarmManagerService
04-01 08:46:49.765 612 653 V SystemServerTimingAsync: ssm.onUnlockedUser-0_com.android.server.alarm.AlarmManagerService took to complete: 0ms
04-01 08:46:49.765 612 653 D SystemServerTimingAsync: ssm.onUnlockedUser-0_com.android.server.devicestate.DeviceStateManagerService
04-01 08:46:49.765 612 653 V SystemServerTimingAsync: ssm.onUnlockedUser-0_com.android.server.devicestate.DeviceStateManagerService took to complete: 0ms
04-01 08:46:49.765 612 653 D SystemServerTimingAsync: ssm.onUnlockedUser-0_com.android.server.camera.CameraServiceProxy
04-01 08:46:49.765 612 653 V SystemServerTimingAsync: ssm.onUnlockedUser-0_com.android.server.camera.CameraServiceProxy took to complete: 0ms
04-01 08:46:49.765 612 653 D SystemServerTimingAsync: ssm.onUnlockedUser-0_com.android.server.connectivity.IpConnectivityMetrics
04-01 08:46:49.765 612 653 V SystemServerTimingAsync: ssm.onUnlockedUser-0_com.android.server.connectivity.IpConnectivityMetrics took to complete: 0ms
04-01 08:46:49.765 612 653 D SystemServerTimingAsync: ssm.onUnlockedUser-0_com.android.server.net.watchlist.NetworkWatchlistService$Lifecycle
04-01 08:46:49.765 612 653 V SystemServerTimingAsync: ssm.onUnlockedUser-0_com.android.server.net.watchlist.NetworkWatchlistService$Lifecycle took to complete: 0ms
04-01 08:46:49.765 612 653 D SystemServerTimingAsync: ssm.onUnlockedUser-0_com.android.server.PinnerService
04-01 08:46:49.765 612 653 V SystemServerTimingAsync: ssm.onUnlockedUser-0_com.android.server.PinnerService took to complete: 0ms
04-01 08:46:49.765 612 653 D SystemServerTimingAsync: ssm.onUnlockedUser-0_com.android.server.integrity.AppIntegrityManagerService
04-01 08:46:49.765 612 653 V SystemServerTimingAsync: ssm.onUnlockedUser-0_com.android.server.integrity.AppIntegrityManagerService took to complete: 0ms
04-01 08:46:49.765 612 653 D SystemServerTimingAsync: ssm.onUnlockedUser-0_com.android.server.logcat.LogcatManagerService
04-01 08:46:49.765 612 653 V SystemServerTimingAsync: ssm.onUnlockedUser-0_com.android.server.logcat.LogcatManagerService took to complete: 0ms
04-01 08:46:49.765 612 653 D SystemServerTimingAsync: ssm.onUnlockedUser-0_com.android.server.inputmethod.InputMethodManagerService$Lifecycle
04-01 08:46:49.765 612 653 V SystemServerTimingAsync: ssm.onUnlockedUser-0_com.android.server.inputmethod.InputMethodManagerService$Lifecycle took to complete: 0ms
04-01 08:46:49.765 612 653 D SystemServerTimingAsync: ssm.onUnlockedUser-0_com.android.server.accessibility.AccessibilityManagerService$Lifecycle
04-01 08:46:49.765 612 653 V SystemServerTimingAsync: ssm.onUnlockedUser-0_com.android.server.accessibility.AccessibilityManagerService$Lifecycle took to complete: 0ms
04-01 08:46:49.765 612 653 D SystemServerTimingAsync: ssm.onUnlockedUser-0_com.android.server.StorageManagerService$Lifecycle
04-01 08:46:49.765 612 653 V SystemServerTimingAsync: ssm.onUnlockedUser-0_com.android.server.StorageManagerService$Lifecycle took to complete: 0ms
04-01 08:46:49.765 612 653 D SystemServerTimingAsync: ssm.onUnlockedUser-0_com.android.server.usage.StorageStatsService$Lifecycle
04-01 08:46:49.765 612 653 V SystemServerTimingAsync: ssm.onUnlockedUser-0_com.android.server.usage.StorageStatsService$Lifecycle took to complete: 0ms
04-01 08:46:49.765 612 653 D SystemServerTimingAsync: ssm.onUnlockedUser-0_com.android.server.UiModeManagerService
04-01 08:46:49.765 612 653 V SystemServerTimingAsync: ssm.onUnlockedUser-0_com.android.server.UiModeManagerService took to complete: 0ms
04-01 08:46:49.765 612 653 D SystemServerTimingAsync: ssm.onUnlockedUser-0_com.android.server.locales.LocaleManagerService
04-01 08:46:49.765 612 653 V SystemServerTimingAsync: ssm.onUnlockedUser-0_com.android.server.locales.LocaleManagerService took to complete: 0ms
04-01 08:46:49.765 612 653 D SystemServerTimingAsync: ssm.onUnlockedUser-0_com.android.server.grammaticalinflection.GrammaticalInflectionService
04-01 08:46:49.766 612 653 V SystemServerTimingAsync: ssm.onUnlockedUser-0_com.android.server.grammaticalinflection.GrammaticalInflectionService took to complete: 0ms
04-01 08:46:49.773 612 653 D SystemServerTimingAsync: ssm.onUnlockedUser-0_com.android.server.apphibernation.AppHibernationService
04-01 08:46:49.773 612 653 V SystemServerTimingAsync: ssm.onUnlockedUser-0_com.android.server.apphibernation.AppHibernationService took to complete: 0ms
04-01 08:46:49.773 612 653 D SystemServerTimingAsync: ssm.onUnlockedUser-0_com.android.server.locksettings.LockSettingsService$Lifecycle
04-01 08:46:49.773 612 653 V SystemServerTimingAsync: ssm.onUnlockedUser-0_com.android.server.locksettings.LockSettingsService$Lifecycle took to complete: 0ms
04-01 08:46:49.773 612 653 D SystemServerTimingAsync: ssm.onUnlockedUser-0_com.android.server.pdb.PersistentDataBlockService
04-01 08:46:49.773 612 653 V SystemServerTimingAsync: ssm.onUnlockedUser-0_com.android.server.pdb.PersistentDataBlockService took to complete: 0ms
04-01 08:46:49.773 612 653 D SystemServerTimingAsync: ssm.onUnlockedUser-0_com.android.server.testharness.TestHarnessModeService
04-01 08:46:49.773 612 653 V SystemServerTimingAsync: ssm.onUnlockedUser-0_com.android.server.testharness.TestHarnessModeService took to complete: 0ms
04-01 08:46:49.773 612 653 D SystemServerTimingAsync: ssm.onUnlockedUser-0_com.android.server.oemlock.OemLockService
04-01 08:46:49.773 612 653 V SystemServerTimingAsync: ssm.onUnlockedUser-0_com.android.server.oemlock.OemLockService took to complete: 0ms
04-01 08:46:49.773 612 653 D SystemServerTimingAsync: ssm.onUnlockedUser-0_com.android.server.DeviceIdleController
04-01 08:46:49.773 612 653 V SystemServerTimingAsync: ssm.onUnlockedUser-0_com.android.server.DeviceIdleController took to complete: 0ms
04-01 08:46:49.774 612 653 D SystemServerTimingAsync: ssm.onUnlockedUser-0_com.android.server.devicepolicy.DevicePolicyManagerService$Lifecycle
04-01 08:46:49.774 612 653 V SystemServerTimingAsync: ssm.onUnlockedUser-0_com.android.server.devicepolicy.DevicePolicyManagerService$Lifecycle took to complete: 0ms
04-01 08:46:49.774 612 653 D SystemServerTimingAsync: ssm.onUnlockedUser-0_com.android.server.texttospeech.TextToSpeechManagerService
04-01 08:46:49.774 612 653 V SystemServerTimingAsync: ssm.onUnlockedUser-0_com.android.server.texttospeech.TextToSpeechManagerService took to complete: 0ms
04-01 08:46:49.774 612 653 D SystemServerTimingAsync: ssm.onUnlockedUser-0_com.android.server.wearable.WearableSensingManagerService
04-01 08:46:49.774 612 653 V SystemServerTimingAsync: ssm.onUnlockedUser-0_com.android.server.wearable.WearableSensingManagerService took to complete: 0ms
04-01 08:46:49.774 612 653 D SystemServerTimingAsync: ssm.onUnlockedUser-0_com.android.server.ondeviceintelligence.OnDeviceIntelligenceManagerService
04-01 08:46:49.774 612 653 V SystemServerTimingAsync: ssm.onUnlockedUser-0_com.android.server.ondeviceintelligence.OnDeviceIntelligenceManagerService took to complete: 0ms
04-01 08:46:49.774 612 653 D SystemServerTimingAsync: ssm.onUnlockedUser-0_com.android.server.speech.SpeechRecognitionManagerService
04-01 08:46:49.774 612 653 V SystemServerTimingAsync: ssm.onUnlockedUser-0_com.android.server.speech.SpeechRecognitionManagerService took to complete: 0ms
04-01 08:46:49.774 612 653 D SystemServerTimingAsync: ssm.onUnlockedUser-0_com.android.server.graphics.fonts.FontManagerService$Lifecycle
04-01 08:46:49.774 612 653 V SystemServerTimingAsync: ssm.onUnlockedUser-0_com.android.server.graphics.fonts.FontManagerService$Lifecycle took to complete: 0ms
04-01 08:46:49.774 612 653 D SystemServerTimingAsync: ssm.onUnlockedUser-0_com.android.server.textservices.TextServicesManagerService$Lifecycle
04-01 08:46:49.774 612 653 V SystemServerTimingAsync: ssm.onUnlockedUser-0_com.android.server.textservices.TextServicesManagerService$Lifecycle took to complete: 0ms
04-01 08:46:49.774 612 653 D SystemServerTimingAsync: ssm.onUnlockedUser-0_com.android.server.textclassifier.TextClassificationManagerService$Lifecycle
04-01 08:46:49.774 612 653 V SystemServerTimingAsync: ssm.onUnlockedUser-0_com.android.server.textclassifier.TextClassificationManagerService$Lifecycle took to complete: 0ms
04-01 08:46:49.774 612 653 D SystemServerTimingAsync: ssm.onUnlockedUser-0_com.android.server.NetworkScoreService$Lifecycle
04-01 08:46:49.774 612 653 V SystemServerTimingAsync: ssm.onUnlockedUser-0_com.android.server.NetworkScoreService$Lifecycle took to complete: 0ms
04-01 08:46:49.774 612 653 D SystemServerTimingAsync: ssm.onUnlockedUser-0_com.android.server.NetworkStatsServiceInitializer
04-01 08:46:49.774 612 653 V SystemServerTimingAsync: ssm.onUnlockedUser-0_com.android.server.NetworkStatsServiceInitializer took to complete: 0ms
04-01 08:46:49.774 612 653 D SystemServerTimingAsync: ssm.onUnlockedUser-0_com.android.server.wifi.WifiService
04-01 08:46:49.774 612 653 V SystemServerTimingAsync: ssm.onUnlockedUser-0_com.android.server.wifi.WifiService took to complete: 0ms
04-01 08:46:49.774 612 653 D SystemServerTimingAsync: ssm.onUnlockedUser-0_com.android.server.wifi.scanner.WifiScanningService
04-01 08:46:49.774 612 653 V SystemServerTimingAsync: ssm.onUnlockedUser-0_com.android.server.wifi.scanner.WifiScanningService took to complete: 0ms
04-01 08:46:49.774 612 653 D SystemServerTimingAsync: ssm.onUnlockedUser-0_com.android.server.wifi.p2p.WifiP2pService
04-01 08:46:49.774 612 653 V SystemServerTimingAsync: ssm.onUnlockedUser-0_com.android.server.wifi.p2p.WifiP2pService took to complete: 0ms
04-01 08:46:49.774 612 653 D SystemServerTimingAsync: ssm.onUnlockedUser-0_com.android.server.ConnectivityServiceInitializer
04-01 08:46:49.774 612 653 V SystemServerTimingAsync: ssm.onUnlockedUser-0_com.android.server.ConnectivityServiceInitializer took to complete: 0ms
04-01 08:46:49.774 612 653 D SystemServerTimingAsync: ssm.onUnlockedUser-0_com.android.server.notification.NotificationManagerService
04-01 08:46:49.775 612 645 W OptProp : Cannot read opt property android.window.PROPERTY_COMPAT_ALLOW_MIN_ASPECT_RATIO_OVERRIDE
04-01 08:46:49.776 612 1232 D ShortcutService: Package com.android.providers.contacts has 0 manifest shortcut(s), and 0 share target(s)
04-01 08:46:49.777 612 1232 D ShortcutService: Found updated package com.android.bluetooth updateTime=41241
04-01 08:46:49.777 612 1232 D ShortcutService: rescanPackageIfNeeded 0@com.android.bluetooth, forceRescan=true , isNewApp=true
04-01 08:46:49.777 612 645 V GrammaticalInflectionUtils: AttributionSource: AttributionSource { uid = 10066, packageName = null, attributionTag = null, token = android.os.Binder@4baf5bf, deviceId = 0, next = null } does not have READ_SYSTEM_GRAMMATICAL_GENDER permission.
04-01 08:46:49.778 612 1232 D ShortcutService: Package com.android.bluetooth has 0 manifest shortcut(s), and 0 share target(s)
04-01 08:46:49.778 612 1232 D ShortcutService: Found updated package com.android.ondevicepersonalization.services updateTime=41291
04-01 08:46:49.778 612 1232 D ShortcutService: rescanPackageIfNeeded 0@com.android.ondevicepersonalization.services, forceRescan=true , isNewApp=true
04-01 08:46:49.779 612 645 D CompatChangeReporter: Compat change id reported: 306666082; UID 10066; state: ENABLED
04-01 08:46:49.783 612 645 E CellBroadcastUtils: getDefaultCellBroadcastReceiverPackageName: no package found
04-01 08:46:49.793 612 1232 D ShortcutService: Package com.android.ondevicepersonalization.services has 0 manifest shortcut(s), and 0 share target(s)
04-01 08:46:49.793 612 644 D GrammaticalInflection: User 0 doesn't have the grammatical gender file.
04-01 08:46:49.799 612 645 W OptProp : Cannot read opt property android.window.PROPERTY_COMPAT_ALLOW_ORIENTATION_OVERRIDE
04-01 08:46:49.800 478 575 D AHAL_StreamPrimary: transfer: skipping transfer (4096 frames)
04-01 08:46:49.807 612 653 V SystemServerTimingAsync: ssm.onUnlockedUser-0_com.android.server.notification.NotificationManagerService took to complete: 33ms
04-01 08:46:49.807 612 653 D SystemServerTimingAsync: ssm.onUnlockedUser-0_com.android.server.storage.DeviceStorageMonitorService
04-01 08:46:49.807 612 653 V SystemServerTimingAsync: ssm.onUnlockedUser-0_com.android.server.storage.DeviceStorageMonitorService took to complete: 1ms
04-01 08:46:49.807 612 653 D SystemServerTimingAsync: ssm.onUnlockedUser-0_com.android.server.timedetector.TimeDetectorService$Lifecycle
04-01 08:46:49.808 612 653 V SystemServerTimingAsync: ssm.onUnlockedUser-0_com.android.server.timedetector.TimeDetectorService$Lifecycle took to complete: 0ms
04-01 08:46:49.808 612 653 D SystemServerTimingAsync: ssm.onUnlockedUser-0_com.android.server.location.LocationManagerService$Lifecycle
04-01 08:46:49.808 612 653 V SystemServerTimingAsync: ssm.onUnlockedUser-0_com.android.server.location.LocationManagerService$Lifecycle took to complete: 0ms
04-01 08:46:49.808 612 653 D SystemServerTimingAsync: ssm.onUnlockedUser-0_com.android.server.timezonedetector.TimeZoneDetectorService$Lifecycle
04-01 08:46:49.808 612 653 V SystemServerTimingAsync: ssm.onUnlockedUser-0_com.android.server.timezonedetector.TimeZoneDetectorService$Lifecycle took to complete: 0ms
04-01 08:46:49.808 612 653 D SystemServerTimingAsync: ssm.onUnlockedUser-0_com.android.server.location.altitude.AltitudeService$Lifecycle
04-01 08:46:49.808 612 653 V SystemServerTimingAsync: ssm.onUnlockedUser-0_com.android.server.location.altitude.AltitudeService$Lifecycle took to complete: 0ms
04-01 08:46:49.808 612 653 D SystemServerTimingAsync: ssm.onUnlockedUser-0_com.android.server.timezonedetector.location.LocationTimeZoneManagerService$Lifecycle
04-01 08:46:49.808 612 653 V SystemServerTimingAsync: ssm.onUnlockedUser-0_com.android.server.timezonedetector.location.LocationTimeZoneManagerService$Lifecycle took to complete: 0ms
04-01 08:46:49.808 612 653 D SystemServerTimingAsync: ssm.onUnlockedUser-0_com.android.server.search.SearchManagerService$Lifecycle
04-01 08:46:49.808 612 653 V SystemServerTimingAsync: ssm.onUnlockedUser-0_com.android.server.search.SearchManagerService$Lifecycle took to complete: 0ms
04-01 08:46:49.808 612 653 D SystemServerTimingAsync: ssm.onUnlockedUser-0_com.android.server.wallpaper.WallpaperManagerService$Lifecycle
04-01 08:46:49.808 612 653 V SystemServerTimingAsync: ssm.onUnlockedUser-0_com.android.server.wallpaper.WallpaperManagerService$Lifecycle took to complete: 0ms
04-01 08:46:49.808 612 653 D SystemServerTimingAsync: ssm.onUnlockedUser-0_com.android.server.audio.AudioService$Lifecycle
04-01 08:46:49.808 612 653 V SystemServerTimingAsync: ssm.onUnlockedUser-0_com.android.server.audio.AudioService$Lifecycle took to complete: 0ms
04-01 08:46:49.808 612 653 D SystemServerTimingAsync: ssm.onUnlockedUser-0_com.android.server.soundtrigger_middleware.SoundTriggerMiddlewareService$Lifecycle
04-01 08:46:49.808 612 653 V SystemServerTimingAsync: ssm.onUnlockedUser-0_com.android.server.soundtrigger_middleware.SoundTriggerMiddlewareService$Lifecycle took to complete: 0ms
04-01 08:46:49.808 612 653 D SystemServerTimingAsync: ssm.onUnlockedUser-0_com.android.server.DockObserver
04-01 08:46:49.808 612 653 V SystemServerTimingAsync: ssm.onUnlockedUser-0_com.android.server.DockObserver took to complete: 0ms
04-01 08:46:49.808 612 653 D SystemServerTimingAsync: ssm.onUnlockedUser-0_com.android.server.adb.AdbService$Lifecycle
04-01 08:46:49.808 612 653 V SystemServerTimingAsync: ssm.onUnlockedUser-0_com.android.server.adb.AdbService$Lifecycle took to complete: 0ms
04-01 08:46:49.808 612 653 D SystemServerTimingAsync: ssm.onUnlockedUser-0_com.android.server.usb.UsbService$Lifecycle
04-01 08:46:49.808 612 653 V SystemServerTimingAsync: ssm.onUnlockedUser-0_com.android.server.usb.UsbService$Lifecycle took to complete: 0ms
04-01 08:46:49.808 612 653 D SystemServerTimingAsync: ssm.onUnlockedUser-0_com.android.server.SerialService$Lifecycle
04-01 08:46:49.808 612 653 V SystemServerTimingAsync: ssm.onUnlockedUser-0_com.android.server.SerialService$Lifecycle took to complete: 0ms
04-01 08:46:49.808 612 653 D SystemServerTimingAsync: ssm.onUnlockedUser-0_com.android.server.twilight.TwilightService
04-01 08:46:49.808 612 653 V SystemServerTimingAsync: ssm.onUnlockedUser-0_com.android.server.twilight.TwilightService took to complete: 0ms
04-01 08:46:49.808 612 653 D SystemServerTimingAsync: ssm.onUnlockedUser-0_com.android.server.display.color.ColorDisplayService
04-01 08:46:49.808 612 653 V SystemServerTimingAsync: ssm.onUnlockedUser-0_com.android.server.display.color.ColorDisplayService took to complete: 0ms
04-01 08:46:49.808 612 653 D SystemServerTimingAsync: ssm.onUnlockedUser-0_com.android.server.job.JobSchedulerService
04-01 08:46:49.808 612 653 V SystemServerTimingAsync: ssm.onUnlockedUser-0_com.android.server.job.JobSchedulerService took to complete: 0ms
04-01 08:46:49.808 612 653 D SystemServerTimingAsync: ssm.onUnlockedUser-0_com.android.server.soundtrigger.SoundTriggerService
04-01 08:46:49.809 612 653 V SystemServerTimingAsync: ssm.onUnlockedUser-0_com.android.server.soundtrigger.SoundTriggerService took to complete: 0ms
04-01 08:46:49.809 612 653 D SystemServerTimingAsync: ssm.onUnlockedUser-0_com.android.server.trust.TrustManagerService
04-01 08:46:49.809 612 653 V SystemServerTimingAsync: ssm.onUnlockedUser-0_com.android.server.trust.TrustManagerService took to complete: 0ms
04-01 08:46:49.809 612 653 D SystemServerTimingAsync: ssm.onUnlockedUser-0_com.android.server.backup.BackupManagerService$Lifecycle
04-01 08:46:49.809 612 653 V SystemServerTimingAsync: ssm.onUnlockedUser-0_com.android.server.backup.BackupManagerService$Lifecycle took to complete: 0ms
04-01 08:46:49.809 612 653 D SystemServerTimingAsync: ssm.onUnlockedUser-0_com.android.server.appwidget.AppWidgetService
04-01 08:46:49.809 612 653 V SystemServerTimingAsync: ssm.onUnlockedUser-0_com.android.server.appwidget.AppWidgetService took to complete: 0ms
04-01 08:46:49.809 612 653 D SystemServerTimingAsync: ssm.onUnlockedUser-0_com.android.server.voiceinteraction.VoiceInteractionManagerService
04-01 08:46:49.809 612 653 V SystemServerTimingAsync: ssm.onUnlockedUser-0_com.android.server.voiceinteraction.VoiceInteractionManagerService took to complete: 0ms
04-01 08:46:49.809 612 653 D SystemServerTimingAsync: ssm.onUnlockedUser-0_com.android.server.GestureLauncherService
04-01 08:46:49.809 612 653 V SystemServerTimingAsync: ssm.onUnlockedUser-0_com.android.server.GestureLauncherService took to complete: 0ms
04-01 08:46:49.809 612 653 D SystemServerTimingAsync: ssm.onUnlockedUser-0_com.android.server.SensorNotificationService
04-01 08:46:49.809 612 653 V SystemServerTimingAsync: ssm.onUnlockedUser-0_com.android.server.SensorNotificationService took to complete: 0ms
04-01 08:46:49.809 612 653 D SystemServerTimingAsync: ssm.onUnlockedUser-0_com.android.server.emergency.EmergencyAffordanceService
04-01 08:46:49.809 612 653 V SystemServerTimingAsync: ssm.onUnlockedUser-0_com.android.server.emergency.EmergencyAffordanceService took to complete: 0ms
04-01 08:46:49.809 612 653 D SystemServerTimingAsync: ssm.onUnlockedUser-0_com.android.server.blob.BlobStoreManagerService
04-01 08:46:49.809 612 653 V SystemServerTimingAsync: ssm.onUnlockedUser-0_com.android.server.blob.BlobStoreManagerService took to complete: 0ms
04-01 08:46:49.809 612 653 D SystemServerTimingAsync: ssm.onUnlockedUser-0_com.android.server.dreams.DreamManagerService
04-01 08:46:49.809 612 653 V SystemServerTimingAsync: ssm.onUnlockedUser-0_com.android.server.dreams.DreamManagerService took to complete: 0ms
04-01 08:46:49.809 612 653 D SystemServerTimingAsync: ssm.onUnlockedUser-0_com.android.server.print.PrintManagerService
04-01 08:46:49.809 612 653 V SystemServerTimingAsync: ssm.onUnlockedUser-0_com.android.server.print.PrintManagerService took to complete: 0ms
04-01 08:46:49.809 612 653 D SystemServerTimingAsync: ssm.onUnlockedUser-0_com.android.server.security.AttestationVerificationManagerService
04-01 08:46:49.809 612 653 V SystemServerTimingAsync: ssm.onUnlockedUser-0_com.android.server.security.AttestationVerificationManagerService took to complete: 0ms
04-01 08:46:49.809 612 653 D SystemServerTimingAsync: ssm.onUnlockedUser-0_com.android.server.companion.CompanionDeviceManagerService
04-01 08:46:49.809 612 653 I CDM_CompanionDeviceManagerService: onUserUnlocked() user=0
04-01 08:46:49.810 612 653 V SystemServerTimingAsync: ssm.onUnlockedUser-0_com.android.server.companion.CompanionDeviceManagerService took to complete: 1ms
04-01 08:46:49.810 612 653 D SystemServerTimingAsync: ssm.onUnlockedUser-0_com.android.server.companion.virtual.VirtualDeviceManagerService
04-01 08:46:49.810 612 653 V SystemServerTimingAsync: ssm.onUnlockedUser-0_com.android.server.companion.virtual.VirtualDeviceManagerService took to complete: 0ms
04-01 08:46:49.810 612 653 D SystemServerTimingAsync: ssm.onUnlockedUser-0_com.android.server.restrictions.RestrictionsManagerService
04-01 08:46:49.810 612 653 V SystemServerTimingAsync: ssm.onUnlockedUser-0_com.android.server.restrictions.RestrictionsManagerService took to complete: 0ms
04-01 08:46:49.810 612 653 D SystemServerTimingAsync: ssm.onUnlockedUser-0_com.android.server.media.MediaSessionService
04-01 08:46:49.810 612 653 V SystemServerTimingAsync: ssm.onUnlockedUser-0_com.android.server.media.MediaSessionService took to complete: 0ms
04-01 08:46:49.810 612 653 D SystemServerTimingAsync: ssm.onUnlockedUser-0_com.android.server.biometrics.BiometricService
04-01 08:46:49.810 612 653 V SystemServerTimingAsync: ssm.onUnlockedUser-0_com.android.server.biometrics.BiometricService took to complete: 0ms
04-01 08:46:49.810 612 653 D SystemServerTimingAsync: ssm.onUnlockedUser-0_com.android.server.biometrics.AuthService
04-01 08:46:49.810 612 653 V SystemServerTimingAsync: ssm.onUnlockedUser-0_com.android.server.biometrics.AuthService took to complete: 0ms
04-01 08:46:49.810 612 653 D SystemServerTimingAsync: ssm.onUnlockedUser-0_com.android.server.adaptiveauth.AdaptiveAuthService
04-01 08:46:49.810 612 653 V SystemServerTimingAsync: ssm.onUnlockedUser-0_com.android.server.adaptiveauth.AdaptiveAuthService took to complete: 0ms
04-01 08:46:49.810 612 653 D SystemServerTimingAsync: ssm.onUnlockedUser-0_com.android.server.pm.ShortcutService$Lifecycle
04-01 08:46:49.810 612 653 V SystemServerTimingAsync: ssm.onUnlockedUser-0_com.android.server.pm.ShortcutService$Lifecycle took to complete: 0ms
04-01 08:46:49.839 612 653 D SystemServerTimingAsync: ssm.onUnlockedUser-0_com.android.server.pm.LauncherAppsService
04-01 08:46:49.840 612 653 V SystemServerTimingAsync: ssm.onUnlockedUser-0_com.android.server.pm.LauncherAppsService took to complete: 0ms
04-01 08:46:49.840 612 653 D SystemServerTimingAsync: ssm.onUnlockedUser-0_com.android.server.pm.CrossProfileAppsService
04-01 08:46:49.840 612 653 V SystemServerTimingAsync: ssm.onUnlockedUser-0_com.android.server.pm.CrossProfileAppsService took to complete: 0ms
04-01 08:46:49.840 612 653 D SystemServerTimingAsync: ssm.onUnlockedUser-0_com.android.server.people.PeopleService
04-01 08:46:49.841 612 612 I NotificationHistory: Attempted to unlock gone/disabled user 0
04-01 08:46:49.841 612 1232 D ShortcutService: Found updated package com.android.traceur updateTime=40306
04-01 08:46:49.841 612 645 I ActivityTaskManager: START u0 {act=android.intent.action.MAIN cat=[android.intent.category.HOME] flg=0x10000100 cmp=com.android.launcher3/.uioverrides.QuickstepLauncher (has extras)} with LAUNCH_SINGLE_TASK from uid 0 (BAL_ALLOW_ALLOWLISTED_UID) result code=0
04-01 08:46:49.843 612 651 V GrammaticalInflectionUtils: AttributionSource: AttributionSource { uid = 10039, packageName = null, attributionTag = null, token = android.os.Binder@4baf5bf, deviceId = 0, next = null } does not have READ_SYSTEM_GRAMMATICAL_GENDER permission.
04-01 08:46:49.843 612 1232 D ShortcutService: rescanPackageIfNeeded 0@com.android.traceur, forceRescan=true , isNewApp=true
04-01 08:46:49.843 612 651 D CompatChangeReporter: Compat change id reported: 151861875; UID 10039; state: ENABLED
04-01 08:46:49.844 612 651 W ActivityManager: Slow operation: 129ms so far, now at startProcess: done creating new process record
04-01 08:46:49.844 612 651 W ActivityManager: Slow operation: 129ms so far, now at startProcess: stepping in to startProcess
04-01 08:46:49.844 612 1232 D ShortcutService: Package com.android.traceur has 0 manifest shortcut(s), and 0 share target(s)
04-01 08:46:49.844 612 1232 D ShortcutService: Found updated package com.android.permissioncontroller updateTime=41193
04-01 08:46:49.844 612 1232 D ShortcutService: rescanPackageIfNeeded 0@com.android.permissioncontroller, forceRescan=true , isNewApp=true
04-01 08:46:49.845 612 1232 D ShortcutService: Package com.android.permissioncontroller has 0 manifest shortcut(s), and 0 share target(s)
04-01 08:46:49.845 612 1232 D ShortcutService: Found updated package com.android.bluetoothmidiservice updateTime=40357
04-01 08:46:49.845 612 1232 D ShortcutService: rescanPackageIfNeeded 0@com.android.bluetoothmidiservice, forceRescan=true , isNewApp=true
04-01 08:46:49.846 612 651 W ActivityManager: Slow operation: 131ms so far, now at startProcess: done starting proc!
04-01 08:46:49.867 256 256 I BpBinder: onLastStrongRef automatically unlinking death recipients:
04-01 08:46:49.871 838 874 W Looper : Slow dispatch took 150ms wmshell.main h=android.os.Handler c=com.android.wm.shell.transition.Transitions$TransitionPlayerImpl$$ExternalSyntheticLambda1@485124d m=0
04-01 08:46:49.879 612 677 W system_server: Long monitor contention with owner android.bg (651) at int com.android.server.am.ActivityManagerService.bindServiceInstance(android.app.IApplicationThread, android.os.IBinder, android.content.Intent, java.lang.String, android.app.IServiceConnection, long, java.lang.String, boolean, int, java.lang.String, android.app.IApplicationThread, java.lang.String, int)(ActivityManagerService.java:13865) waiters=0 in void com.android.server.am.ActivityManagerService$LocalService.updateDeviceIdleTempAllowlist(int[], int, boolean, long, int, int, java.lang.String, int) for 125ms
04-01 08:46:49.881 612 1247 E TaskPersister: File error accessing recents directory (directory doesn't exist?).
04-01 08:46:49.886 612 1096 W com.android.internal.protolog.LogcatOnlyProtoLogImpl: ProtoLog message not processed. Failed to log it to proto. Logging it below to logcat instead.
04-01 08:46:49.886 612 1096 V WindowManager: Binding proc com.android.providers.media.module with config {1.0 ?mcc0mnc [en_US] ldltr sw720dp w1280dp h720dp 240dpi xlrg long land -touch qwerty/v/v -nav/h winConfig={ mBounds=Rect(0, 0 - 1920, 1080) mAppBounds=Rect(0, 0 - 1920, 1080) mMaxBounds=Rect(0, 0 - 1920, 1080) mDisplayRotation=ROTATION_0 mWindowingMode=fullscreen mActivityType=undefined mAlwaysOnTop=undefined mRotation=ROTATION_0} s.6 fontWeightAdjustment=0}
04-01 08:46:49.891 612 642 D AppWidgetServiceImpl: Unable to load widget provider info from xml for ComponentInfo{com.android.gallery3d/com.android.gallery3d.gadget.PhotoAppWidgetProvider}
04-01 08:46:49.895 612 1232 D ShortcutService: Package com.android.bluetoothmidiservice has 0 manifest shortcut(s), and 0 share target(s)
04-01 08:46:49.895 612 1232 D ShortcutService: Found updated package com.android.systemui updateTime=40845
04-01 08:46:49.895 612 1232 D ShortcutService: rescanPackageIfNeeded 0@com.android.systemui, forceRescan=true , isNewApp=true
04-01 08:46:49.896 612 1232 D ShortcutService: Package com.android.systemui has 0 manifest shortcut(s), and 0 share target(s)
04-01 08:46:49.896 612 1232 D ShortcutService: Found updated package com.android.deskclock updateTime=40556
04-01 08:46:49.896 612 1232 D ShortcutService: rescanPackageIfNeeded 0@com.android.deskclock, forceRescan=true , isNewApp=true
04-01 08:46:49.897 452 452 D Zygote : Forked child process 1249
04-01 08:46:49.899 612 654 W ActivityManager: Slow operation: 55ms so far, now at startProcess: returned from zygote!
04-01 08:46:49.913 612 1232 D ShortcutService: Package com.android.deskclock has 0 manifest shortcut(s), and 0 share target(s)
04-01 08:46:49.913 612 1232 D ShortcutService: Found updated package com.android.location.fused updateTime=39781
04-01 08:46:49.913 612 1232 D ShortcutService: rescanPackageIfNeeded 0@com.android.location.fused, forceRescan=true , isNewApp=true
04-01 08:46:49.914 612 1232 D ShortcutService: Package com.android.location.fused has 0 manifest shortcut(s), and 0 share target(s)
04-01 08:46:49.928 838 874 E SingleInstanceRemoteListener: Failed remote call on null listener
04-01 08:46:49.914 612 1232 D ShortcutService: Found updated package com.android.internal.systemui.navbar.gestural updateTime=39460
04-01 08:46:49.943 612 1232 D ShortcutService: rescanPackageIfNeeded 0@com.android.internal.systemui.navbar.gestural, forceRescan=true , isNewApp=true
04-01 08:46:49.945 612 871 D CompatChangeReporter: Compat change id reported: 324203798; UID 10066; state: ENABLED
04-01 08:46:49.948 492 576 D AudioFlinger: mixer(0xb400007f7331e880) throttle end: throttle time(103)
04-01 08:46:49.949 478 575 D AHAL_StreamPrimary: transfer: skipping transfer (4096 frames)
04-01 08:46:49.956 612 642 I AppWidgetServiceImpl: addWidgetLocked() AppWidgetId{2:Host{HostId{user:0, app:10066, hostId:1026, pkg:com.android.launcher3}}:Provider{ProviderId{user:0, app:10056, cmp:ComponentInfo{com.android.quicksearchbox/com.android.quicksearchbox.SearchWidgetProvider}}}}
04-01 08:46:49.958 612 642 I AppWidgetServiceImpl: Widget update scheduled on unlock AppWidgetId{2:Host{HostId{user:0, app:10066, hostId:1026, pkg:com.android.launcher3}}:Provider{ProviderId{user:0, app:10056, cmp:ComponentInfo{com.android.quicksearchbox/com.android.quicksearchbox.SearchWidgetProvider}}}}
04-01 08:46:49.959 612 1232 D ShortcutService: Package com.android.internal.systemui.navbar.gestural has 0 manifest shortcut(s), and 0 share target(s)
04-01 08:46:49.959 612 1232 D ShortcutService: Found updated package com.android.companiondevicemanager.auto_generated_characteristics_rro updateTime=39391
04-01 08:46:49.959 612 1232 D ShortcutService: rescanPackageIfNeeded 0@com.android.companiondevicemanager.auto_generated_characteristics_rro, forceRescan=true , isNewApp=true
04-01 08:46:49.960 612 1232 D ShortcutService: Package com.android.companiondevicemanager.auto_generated_characteristics_rro has 0 manifest shortcut(s), and 0 share target(s)
04-01 08:46:49.960 612 1232 D ShortcutService: Found updated package com.android.hotspot2.osulogin updateTime=42018
04-01 08:46:49.960 612 1232 D ShortcutService: rescanPackageIfNeeded 0@com.android.hotspot2.osulogin, forceRescan=true , isNewApp=true
04-01 08:46:49.961 612 1232 D ShortcutService: Package com.android.hotspot2.osulogin has 0 manifest shortcut(s), and 0 share target(s)
04-01 08:46:49.961 612 1232 D ShortcutService: Found updated package com.android.providers.media.module updateTime=42084
04-01 08:46:49.961 612 1232 D ShortcutService: rescanPackageIfNeeded 0@com.android.providers.media.module, forceRescan=true , isNewApp=true
04-01 08:46:49.962 612 1232 D ShortcutService: Package com.android.providers.media.module has 0 manifest shortcut(s), and 0 share target(s)
04-01 08:46:49.964 1249 1249 I id.printspooler: Using CollectorTypeCMC GC.
04-01 08:46:49.974 612 793 E BackupPasswordManager: Unable to read saved backup pw hash
04-01 08:46:49.979 612 1232 D ShortcutService: Found updated package com.android.providers.userdictionary updateTime=40103
04-01 08:46:49.979 612 1232 D ShortcutService: rescanPackageIfNeeded 0@com.android.providers.userdictionary, forceRescan=true , isNewApp=true
04-01 08:46:49.980 612 1232 D ShortcutService: Package com.android.providers.userdictionary has 0 manifest shortcut(s), and 0 share target(s)
04-01 08:46:49.980 612 1232 D ShortcutService: Found updated package com.android.providers.blockednumber updateTime=39728
04-01 08:46:49.980 612 1232 D ShortcutService: rescanPackageIfNeeded 0@com.android.providers.blockednumber, forceRescan=true , isNewApp=true
04-01 08:46:49.981 612 1232 D ShortcutService: Package com.android.providers.blockednumber has 0 manifest shortcut(s), and 0 share target(s)
04-01 08:46:49.981 612 1232 D ShortcutService: Found updated package com.android.wallpaperbackup updateTime=40296
04-01 08:46:49.981 612 1232 D ShortcutService: rescanPackageIfNeeded 0@com.android.wallpaperbackup, forceRescan=true , isNewApp=true
04-01 08:46:49.995 1249 1249 E id.printspooler: Not starting debugger since process cannot load the jdwp agent.
04-01 08:46:49.996 1093 1253 D vulkan : searching for layers in '/system/lib64'
04-01 08:46:49.997 612 1233 D nativeloader: Load libicing.so using ns clns-shared-7 from class loader (caller=/apex/com.android.appsearch/javalib/service-appsearch.jar): ok
04-01 08:46:50.012 612 1232 D ShortcutService: Package com.android.wallpaperbackup has 0 manifest shortcut(s), and 0 share target(s)
04-01 08:46:50.028 612 1232 D ShortcutService: Found updated package com.android.sdksandbox updateTime=41939
04-01 08:46:50.045 612 1232 D ShortcutService: rescanPackageIfNeeded 0@com.android.sdksandbox, forceRescan=true , isNewApp=true
04-01 08:46:50.054 612 1232 D ShortcutService: Package com.android.sdksandbox has 0 manifest shortcut(s), and 0 share target(s)
04-01 08:46:50.054 612 1232 D ShortcutService: Found updated package com.android.shell updateTime=40035
04-01 08:46:50.055 612 1232 D ShortcutService: rescanPackageIfNeeded 0@com.android.shell, forceRescan=true , isNewApp=true
04-01 08:46:50.057 612 1232 D ShortcutService: Package com.android.shell has 0 manifest shortcut(s), and 0 share target(s)
04-01 08:46:50.058 612 1232 D ShortcutService: Found updated package com.android.phone updateTime=40149
04-01 08:46:50.058 612 1232 D ShortcutService: rescanPackageIfNeeded 0@com.android.phone, forceRescan=true , isNewApp=true
04-01 08:46:50.059 612 1232 D ShortcutService: Package com.android.phone has 0 manifest shortcut(s), and 0 share target(s)
04-01 08:46:50.059 612 1232 D ShortcutService: Found updated package com.android.music updateTime=40627
04-01 08:46:50.059 612 1232 D ShortcutService: rescanPackageIfNeeded 0@com.android.music, forceRescan=true , isNewApp=true
04-01 08:46:50.060 612 1232 D ShortcutService: Package com.android.music has 0 manifest shortcut(s), and 0 share target(s)
04-01 08:46:50.060 612 1232 D ShortcutService: Found updated package com.android.vpndialogs updateTime=39795
04-01 08:46:50.061 612 1232 D ShortcutService: rescanPackageIfNeeded 0@com.android.vpndialogs, forceRescan=true , isNewApp=true
04-01 08:46:50.061 612 1232 D ShortcutService: Package com.android.vpndialogs has 0 manifest shortcut(s), and 0 share target(s)
04-01 08:46:50.061 612 1232 D ShortcutService: Found updated package com.android.microdroid.empty_payload updateTime=41334
04-01 08:46:50.062 612 1232 D ShortcutService: rescanPackageIfNeeded 0@com.android.microdroid.empty_payload, forceRescan=true , isNewApp=true
04-01 08:46:50.062 612 1232 D ShortcutService: Package com.android.microdroid.empty_payload has 0 manifest shortcut(s), and 0 share target(s)
04-01 08:46:50.062 612 1232 D ShortcutService: Found updated package com.android.wallpaper updateTime=40752
04-01 08:46:50.062 612 1232 D ShortcutService: rescanPackageIfNeeded 0@com.android.wallpaper, forceRescan=true , isNewApp=true
04-01 08:46:50.063 612 1232 D ShortcutService: Package com.android.wallpaper has 0 manifest shortcut(s), and 0 share target(s)
04-01 08:46:50.064 612 1232 D ShortcutService: Found updated package com.example.android.systemupdatersample updateTime=40374
04-01 08:46:50.064 612 1232 D ShortcutService: rescanPackageIfNeeded 0@com.example.android.systemupdatersample, forceRescan=true , isNewApp=true
04-01 08:46:50.071 612 1232 D ShortcutService: Package com.example.android.systemupdatersample has 0 manifest shortcut(s), and 0 share target(s)
04-01 08:46:50.071 612 1232 D ShortcutService: Found updated package com.android.cts.ctsshim updateTime=42173
04-01 08:46:50.072 612 1232 D ShortcutService: rescanPackageIfNeeded 0@com.android.cts.ctsshim, forceRescan=true , isNewApp=true
04-01 08:46:50.074 612 1232 D ShortcutService: Package com.android.cts.ctsshim has 0 manifest shortcut(s), and 0 share target(s)
04-01 08:46:50.078 612 1232 D ShortcutService: Found updated package com.android.networkstack.tethering.am62overlay updateTime=39505
04-01 08:46:50.078 612 1232 D ShortcutService: rescanPackageIfNeeded 0@com.android.networkstack.tethering.am62overlay, forceRescan=true , isNewApp=true
04-01 08:46:50.079 612 1232 D ShortcutService: Package com.android.networkstack.tethering.am62overlay has 0 manifest shortcut(s), and 0 share target(s)
04-01 08:46:50.079 612 1232 D ShortcutService: Found updated package com.android.settings updateTime=41043
04-01 08:46:50.079 612 1232 D ShortcutService: rescanPackageIfNeeded 0@com.android.settings, forceRescan=true , isNewApp=false
04-01 08:46:50.096 612 1096 W system_server: Long monitor contention with owner binder:612_8 (871) at void com.android.server.wm.ActivityClientController.activityPaused(android.os.IBinder)(ActivityClientController.java:233) waiters=2 in com.android.server.wm.ActivityTaskManagerInternal$PreBindInfo com.android.server.wm.ActivityTaskManagerService$LocalService.preBindApplication(com.android.server.wm.WindowProcessController, android.content.pm.ApplicationInfo) for 210ms
04-01 08:46:50.103 612 1232 E system_server: No package ID 7f found for resource ID 0x7f0802c5.
04-01 08:46:50.107 612 1232 E system_server: No package ID 7f found for resource ID 0x7f1418ba.
04-01 08:46:50.108 612 1232 E system_server: No package ID 7f found for resource ID 0x7f0802c4.
04-01 08:46:50.109 612 1232 E system_server: No package ID 7f found for resource ID 0x7f05004c.
04-01 08:46:50.109 612 1232 E system_server: No package ID 7f found for resource ID 0x7f1407b9.
04-01 08:46:50.109 612 1232 E ShortcutService: Ignoring excessive intent tag.
04-01 08:46:50.109 612 1232 E system_server: No package ID 7f found for resource ID 0x7f0802c3.
04-01 08:46:50.109 612 1232 E system_server: No package ID 7f found for resource ID 0x7f14106e.
04-01 08:46:50.110 612 1232 D ShortcutService: Package com.android.settings has 3 manifest shortcut(s), and 0 share target(s)
04-01 08:46:50.110 612 1232 D ShortcutService: Package com.android.settings updated, version 35 -> 35
04-01 08:46:50.116 612 1232 D ShortcutService: Package com.android.settings: publishing manifest shortcuts
04-01 08:46:50.120 242 242 I hwservicemanager: getTransport: Cannot find entry android.hardware.configstore@1.0::ISurfaceFlingerConfigs/default in either framework or device VINTF manifest.
04-01 08:46:50.126 478 575 D AHAL_StreamPrimary: transfer: skipping transfer (4096 frames)
04-01 08:46:50.151 612 1232 D ShortcutService: Found updated package com.android.bookmarkprovider updateTime=40332
04-01 08:46:50.151 612 1232 D ShortcutService: rescanPackageIfNeeded 0@com.android.bookmarkprovider, forceRescan=true , isNewApp=true
04-01 08:46:50.152 612 1232 D ShortcutService: Package com.android.bookmarkprovider has 0 manifest shortcut(s), and 0 share target(s)
04-01 08:46:50.153 612 1232 D ShortcutService: Found updated package com.android.storagemanager updateTime=40765
04-01 08:46:50.153 612 1232 D ShortcutService: rescanPackageIfNeeded 0@com.android.storagemanager, forceRescan=true , isNewApp=true
04-01 08:46:50.154 612 1232 D ShortcutService: Package com.android.storagemanager has 0 manifest shortcut(s), and 0 share target(s)
04-01 08:46:50.154 612 1232 D ShortcutService: Found updated package com.android.providers.settings.am62 updateTime=39512
04-01 08:46:50.154 612 1232 D ShortcutService: rescanPackageIfNeeded 0@com.android.providers.settings.am62, forceRescan=true , isNewApp=true
04-01 08:46:50.163 612 1096 W ActivityManager: Slow operation: 282ms so far, now at attachApplicationLocked: immediately after bindApplication
04-01 08:46:50.164 612 1096 W ActivityManager: Slow operation: 283ms so far, now at attachApplicationLocked: after updateLruProcessLocked
04-01 08:46:50.181 612 1232 D ShortcutService: Package com.android.providers.settings.am62 has 0 manifest shortcut(s), and 0 share target(s)
04-01 08:46:50.181 612 1232 D ShortcutService: Found updated package com.android.appsearch.apk updateTime=41616
04-01 08:46:50.181 612 1232 D ShortcutService: rescanPackageIfNeeded 0@com.android.appsearch.apk, forceRescan=true , isNewApp=true
04-01 08:46:50.192 612 1096 W ActivityManager: Slow operation: 311ms so far, now at attachApplicationLocked: after updateOomAdjLocked
04-01 08:46:50.200 1249 1249 D nativeloader: Load libframework-connectivity-tiramisu-jni.so using APEX ns com_android_tethering for caller /apex/com.android.tethering/javalib/framework-connectivity-t.jar: ok
04-01 08:46:50.194 612 1232 D ShortcutService: Package com.android.appsearch.apk has 0 manifest shortcut(s), and 0 share target(s)
04-01 08:46:50.219 612 1232 D ShortcutService: Found updated package com.android.wallpaper.livepicker updateTime=39930
04-01 08:46:50.219 612 1232 D ShortcutService: rescanPackageIfNeeded 0@com.android.wallpaper.livepicker, forceRescan=true , isNewApp=true
04-01 08:46:50.220 612 654 W system_server: Long monitor contention with owner binder:612_A (1096) at void com.android.server.am.ActivityManagerService.attachApplication(android.app.IApplicationThread, long)(ActivityManagerService.java:4801) waiters=0 in void com.android.server.am.ProcessList.lambda$handleProcessStart$1(com.android.server.am.ProcessRecord, java.lang.String, int[], int, int, int, java.lang.String, java.lang.String, java.lang.String, long) for 304ms
04-01 08:46:50.220 612 1232 D ShortcutService: Package com.android.wallpaper.livepicker has 0 manifest shortcut(s), and 0 share target(s)
04-01 08:46:50.220 612 1232 D ShortcutService: Found updated package com.android.role.notes.enabled updateTime=39476
04-01 08:46:50.220 612 1232 D ShortcutService: rescanPackageIfNeeded 0@com.android.role.notes.enabled, forceRescan=true , isNewApp=true
04-01 08:46:50.221 612 1232 D ShortcutService: Package com.android.role.notes.enabled has 0 manifest shortcut(s), and 0 share target(s)
04-01 08:46:50.221 612 1232 D ShortcutService: Found updated package com.android.smspush updateTime=41078
04-01 08:46:50.221 612 1232 D ShortcutService: rescanPackageIfNeeded 0@com.android.smspush, forceRescan=true , isNewApp=true
04-01 08:46:50.222 612 1232 D ShortcutService: Package com.android.smspush has 0 manifest shortcut(s), and 0 share target(s)
04-01 08:46:50.222 612 1232 D ShortcutService: Found updated package com.example.demo updateTime=40207
04-01 08:46:50.222 612 1232 D ShortcutService: rescanPackageIfNeeded 0@com.example.demo, forceRescan=true , isNewApp=true
04-01 08:46:50.223 612 654 W ActivityManager: Slow operation: 379ms so far, now at startProcess: done updating battery stats
04-01 08:46:50.223 612 654 W ActivityManager: Slow operation: 379ms so far, now at startProcess: building log message
04-01 08:46:50.223 612 654 I ActivityManager: Start proc 1249:com.android.printspooler/u0a39 for service {com.android.printspooler/com.android.printspooler.model.PrintSpoolerService}
04-01 08:46:50.223 612 654 W ActivityManager: Slow operation: 379ms so far, now at startProcess: starting to update pids map
04-01 08:46:50.223 612 654 W ActivityManager: Slow operation: 379ms so far, now at startProcess: done updating pids map
04-01 08:46:50.224 612 645 W system_server: Long monitor contention with owner binder:612_A (1096) at void com.android.server.am.ActivityManagerService.attachApplication(android.app.IApplicationThread, long)(ActivityManagerService.java:4801) waiters=1 in void com.android.server.am.ActivityManagerService$2.onActivityLaunched(long, android.content.ComponentName, int, int) for 319ms
04-01 08:46:50.226 612 642 W system_server: Long monitor contention with owner binder:612_A (1096) at void com.android.server.am.ActivityManagerService.attachApplication(android.app.IApplicationThread, long)(ActivityManagerService.java:4801) waiters=3 in int com.android.server.am.BroadcastController.broadcastIntentWithFeature(android.app.IApplicationThread, java.lang.String, android.content.Intent, java.lang.String, android.content.IIntentReceiver, int, java.lang.String, android.os.Bundle, java.lang.String[], java.lang.String[], java.lang.String[], int, android.os.Bundle, boolean, boolean, int) for 261ms
04-01 08:46:50.234 1093 1253 E ion : open /dev/ion failed: No such file or directory
04-01 08:46:50.236 612 1232 D ShortcutService: Package com.example.demo has 0 manifest shortcut(s), and 0 share target(s)
04-01 08:46:50.236 612 1232 D ShortcutService: Found updated package com.android.dreams.phototable updateTime=40488
04-01 08:46:50.236 612 1232 D ShortcutService: rescanPackageIfNeeded 0@com.android.dreams.phototable, forceRescan=true , isNewApp=true
04-01 08:46:50.237 612 1232 D ShortcutService: Package com.android.dreams.phototable has 0 manifest shortcut(s), and 0 share target(s)
04-01 08:46:50.238 612 1232 D ShortcutService: Found updated package com.android.soundpicker updateTime=40129
04-01 08:46:50.238 612 1232 D ShortcutService: rescanPackageIfNeeded 0@com.android.soundpicker, forceRescan=true , isNewApp=true
04-01 08:46:50.254 612 1232 D ShortcutService: Package com.android.soundpicker has 0 manifest shortcut(s), and 0 share target(s)
04-01 08:46:50.271 612 1232 D ShortcutService: Found updated package com.android.networkstack.tethering updateTime=41406
04-01 08:46:50.271 612 1232 D ShortcutService: rescanPackageIfNeeded 0@com.android.networkstack.tethering, forceRescan=true , isNewApp=true
04-01 08:46:50.280 612 1232 D ShortcutService: Package com.android.networkstack.tethering has 0 manifest shortcut(s), and 0 share target(s)
04-01 08:46:50.280 612 1232 D ShortcutService: Found updated package com.android.managedprovisioning updateTime=39918
04-01 08:46:50.280 612 1232 D ShortcutService: rescanPackageIfNeeded 0@com.android.managedprovisioning, forceRescan=true , isNewApp=true
04-01 08:46:50.281 612 1232 D ShortcutService: Package com.android.managedprovisioning has 0 manifest shortcut(s), and 0 share target(s)
04-01 08:46:50.281 612 1232 D ShortcutService: Found updated package org.chromium.webview_shell updateTime=40579
04-01 08:46:50.281 612 1232 D ShortcutService: rescanPackageIfNeeded 0@org.chromium.webview_shell, forceRescan=true , isNewApp=true
04-01 08:46:50.284 612 1232 D ShortcutService: Package org.chromium.webview_shell has 0 manifest shortcut(s), and 0 share target(s)
04-01 08:46:50.284 612 1232 D ShortcutService: Found updated package com.android.providers.contactkeys updateTime=39982
04-01 08:46:50.284 612 1232 D ShortcutService: rescanPackageIfNeeded 0@com.android.providers.contactkeys, forceRescan=true , isNewApp=true
04-01 08:46:50.292 612 1232 D ShortcutService: Package com.android.providers.contactkeys has 0 manifest shortcut(s), and 0 share target(s)
04-01 08:46:50.292 612 1232 D ShortcutService: Found updated package com.android.internal.systemui.navbar.transparent updateTime=39451
04-01 08:46:50.293 612 1232 D ShortcutService: rescanPackageIfNeeded 0@com.android.internal.systemui.navbar.transparent, forceRescan=true , isNewApp=true
