04-01 08:46:54.598 1424 1424 D nativeloader: Load libframework-connectivity-tiramisu-jni.so using APEX ns com_android_tethering for caller /apex/com.android.tethering/javalib/framework-connectivity-t.jar: ok
04-01 08:46:54.485 1 1 I libprocessgroup: Removed cgroup /sys/fs/cgroup/uid_0/pid_336
04-01 08:46:54.621 1093 1113 D LoaderTask: sanitizeData
04-01 08:46:54.650 612 1246 D BackupTransportManager: [UserID:0] Transport com.android.localtransport/.LocalTransportService registered
04-01 08:46:54.650 612 1246 D BackupManagerService: [UserID:0] Transport com.android.localtransport/.LocalTransport registered 4115ms after first request (delay = 3000ms)
04-01 08:46:54.654 1093 1113 D LoaderTask: bindWorkspace
04-01 08:46:54.663 1093 1093 D CellLayout: Adding view to ShortcutsAndWidgetsContainer: com.android.launcher3.qsb.QsbContainerView{220407c V.E...... ......ID 0,0-737,152 #7f0902b9 app:id/search_container_workspace}
04-01 08:46:54.664 1093 1093 D ModelCallbacks: startBinding: hotseat layout was vertical: false and is setting to false
04-01 08:46:54.680 1093 1113 D LoaderTask: sendFirstScreenBroadcast
04-01 08:46:54.694 1093 1093 D Launcher.Workspace: addInScreenFromBind: hotseat inflation with x = 1 and y = 0
04-01 08:46:54.696 612 1246 I BackupManagerService: [UserID:0] Found 9 stale backup journal(s), scheduling.
04-01 08:46:54.697 612 645 W BLASTSyncEngine: Sync group 2 timeout
04-01 08:46:54.698 1093 1093 D CellLayout: Adding view to ShortcutsAndWidgetsContainer: com.android.launcher3.views.DoubleShadowBubbleTextView{14dac65 VFED..C.. ......ID 0,0-0,0 #1}
04-01 08:46:54.698 1093 1093 D Launcher.Workspace: addInScreenFromBind: hotseat inflation with x = 2 and y = 0
04-01 08:46:54.699 1093 1093 D CellLayout: Adding view to ShortcutsAndWidgetsContainer: com.android.launcher3.views.DoubleShadowBubbleTextView{3b75d3a VFED..C.. ......ID 0,0-0,0 #2}
04-01 08:46:54.699 1093 1093 D Launcher.Workspace: addInScreenFromBind: hotseat inflation with x = 4 and y = 0
04-01 08:46:54.699 1093 1093 D CellLayout: Adding view to ShortcutsAndWidgetsContainer: com.android.launcher3.views.DoubleShadowBubbleTextView{8568deb VFED..C.. ......ID 0,0-0,0 #3}
04-01 08:46:54.699 1093 1093 D Launcher.Workspace: addInScreenFromBind: hotseat inflation with x = 5 and y = 0
04-01 08:46:54.700 1093 1093 E Launcher.Workspace: Failed to add to item at (5,0) to CellLayout
04-01 08:46:54.703 612 645 I BLASTSyncEngine: Unfinished container: Task{f31ec2f #19 type=home I=com.android.launcher3/.uioverrides.QuickstepLauncher isResizeable=true minWidth=-1 minHeight=-1}
04-01 08:46:54.704 612 645 I BLASTSyncEngine: Window{d819e91 u0 InputMethod} NO_SURFACE
04-01 08:46:54.704 612 645 I BLASTSyncEngine: Window{6db2060 u0 com.android.launcher3/com.android.launcher3.uioverrides.QuickstepLauncher} DRAW_PENDING
04-01 08:46:54.704 612 645 I BLASTSyncEngine: Unfinished container: ActivityRecord{eeffa0e u0 com.android.launcher3/.uioverrides.QuickstepLauncher t19}
04-01 08:46:54.704 612 645 I BLASTSyncEngine: Window{d819e91 u0 InputMethod} NO_SURFACE
04-01 08:46:54.704 612 645 I BLASTSyncEngine: Window{6db2060 u0 com.android.launcher3/com.android.launcher3.uioverrides.QuickstepLauncher} DRAW_PENDING
04-01 08:46:54.710 612 1002 D BufferPoolAccessor2.0: evictor expired: 6, evicted: 0
04-01 08:46:54.712 925 925 I VvmSimStateTracker: android.intent.action.BOOT_COMPLETED
04-01 08:46:54.712 925 925 I VvmSimStateTracker: onReceive: ACTION_BOOT_COMPLETED
04-01 08:46:54.715 612 806 D ShortcutService: Saving package item com.android.launcher3 to /data/system_ce/0/shortcut_service/launchers/com.android.launcher30.xml
04-01 08:46:54.731 612 1096 W com.android.internal.protolog.LogcatOnlyProtoLogImpl: ProtoLog message not processed. Failed to log it to proto. Logging it below to logcat instead.
04-01 08:46:54.732 612 1096 V WindowManager: Binding proc com.android.photopicker with config {1.0 ?mcc0mnc [en_US] ldltr sw720dp w1280dp h720dp 240dpi xlrg long land -touch qwerty/v/v -nav/h winConfig={ mBounds=Rect(0, 0 - 1920, 1080) mAppBounds=Rect(0, 0 - 1920, 1080) mMaxBounds=Rect(0, 0 - 1920, 1080) mDisplayRotation=ROTATION_0 mWindowingMode=fullscreen mActivityType=undefined mAlwaysOnTop=undefined mRotation=ROTATION_0} s.6 fontWeightAdjustment=0}
04-01 08:46:54.749 612 612 I DevicePolicyManager: Finished calculating hasIncompatibleAccountsTask
04-01 08:46:54.751 612 642 V WindowManager: Sent Transition (#2) createdAt=04-01 08:46:49.697 via request=TransitionRequestInfo { type = CLOSE, triggerTask = TaskInfo{userId=0 taskId=2 effectiveUid=1000 displayId=0 isRunning=false baseIntent=Intent { act=android.intent.action.MAIN cat=[android.intent.category.HOME] flg=0x10800100 cmp=com.android.settings/.FallbackHome } baseActivity=null topActivity=null origActivity=null realActivity=ComponentInfo{com.android.settings/com.android.settings.FallbackHome} numActivities=0 lastActiveTime=35809 supportsMultiWindow=true resizeMode=0 isResizeable=false minWidth=-1 minHeight=-1 defaultMinSize=220 token=WCT{RemoteToken{d098bfb Task{cd4e2d #2 type=home A=1000:com.android.settings.FallbackHome isResizeable=false minWidth=-1 minHeight=-1}}} topActivityType=2 pictureInPictureParams=null shouldDockBigOverlays=false launchIntoPipHostTaskId=-1 lastParentTaskIdBeforePip=-1 displayCutoutSafeInsets=Rect(0, 0 - 0, 0) topActivityInfo=null launchCookies=[] positionInParent=Point(0, 0) parentTaskId=-1 isFocused=true isVisible=true isVisibleRequested=true isSleeping=false locusId=null displayAreaFeatureId=1 isTopActivityTransparent=false isTopActivityStyleFloating=false lastNonFullscreenBounds=Rect(680, 41 - 1240, 1039) capturedLink=null capturedLinkTimestamp=0 appCompatTaskInfo=AppCompatTaskInfo { topActivityInSizeCompat=false eligibleForLetterboxEducation= false isLetterboxEducationEnabled= false isLetterboxDoubleTapEnabled= false eligibleForUserAspectRatioButton= false topActivityBoundsLetterboxed= false isFromLetterboxDoubleTap= false topActivityLetterboxVerticalPosition= -1 topActivityLetterboxHorizontalPosition= -1 topActivityLetterboxWidth=-1 topActivityLetterboxHeight=-1 topActivityLetterboxAppWidth=-1 topActivityLetterboxAppHeight=-1 isUserFullscreenOverrideEnabled=false isSystemFullscreenOverrideEnabled=false hasMinAspectRatioOverride=false cameraCompatTaskInfo=CameraCompatTaskInfo { freeformCameraCompatMode=inactive}}}, pipTask = null, remoteTransition = null, displayChange = null, flags = 0, debugId = 2 }
04-01 08:46:54.751 612 642 V WindowManager: startWCT=WindowContainerTransaction { changes = {} hops = [] errorCallbackToken=null taskFragmentOrganizer=null }
04-01 08:46:54.752 612 642 V WindowManager: info={id=2 t=CLOSE f=0x0 trk=0 r=[0@Point(0, 0)] c=[
04-01 08:46:54.752 612 642 V WindowManager: {WCT{RemoteToken{4d94418 Task{f31ec2f #19 type=home I=com.android.launcher3/.uioverrides.QuickstepLauncher isResizeable=true minWidth=-1 minHeight=-1}}} m=OPEN f=SHOW_WALLPAPER|MOVE_TO_TOP leash=Surface(name=Task=19)/@0x3e3412c sb=Rect(0, 0 - 1920, 1080) eb=Rect(0, 0 - 1920, 1080) epz=Point(1920, 1080) d=0 taskParent=-1},
04-01 08:46:54.752 612 642 V WindowManager: {WCT{RemoteToken{d098bfb Task{cd4e2d #2 type=home A=1000:com.android.settings.FallbackHome isResizeable=false minWidth=-1 minHeight=-1}}} m=CLOSE f=SHOW_WALLPAPER leash=Surface(name=Task=2)/@0x2bfc0df sb=Rect(0, 0 - 1920, 1080) eb=Rect(0, 0 - 1920, 1080) epz=Point(1920, 1080) d=0 taskParent=-1}
04-01 08:46:54.752 612 642 V WindowManager: ]}
04-01 08:46:54.763 612 1443 I RecoverySystem: No recovery log file
04-01 08:46:54.781 612 1096 W ActivityManager: Slow operation: 51ms so far, now at attachApplicationLocked: after updateOomAdjLocked
04-01 08:46:54.782 1093 1093 D BaseDepthController: setSurface:
04-01 08:46:54.782 1093 1093 D BaseDepthController: mWaitingOnSurfaceValidity: false
04-01 08:46:54.782 1093 1093 D BaseDepthController: mSurface: Surface(name=com.android.launcher3/com.android.launcher3.uioverrides.QuickstepLauncher)/@0xf41178f
04-01 08:46:54.784 838 1148 V WindowManagerShell: UNKNOWN MESSAGE (6541979577719206723) 2628519985441
04-01 08:46:54.788 838 874 V WindowManagerShell: UNKNOWN MESSAGE (1354476626241269833) 2 android.os.BinderProxy@e09afa {id=2 t=CLOSE f=0x0 trk=0 r=[0@Point(0, 0)] c=[{WCT{android.window.IWindowContainerToken$Stub$Proxy@2572780} m=OPEN f=SHOW_WALLPAPER|MOVE_TO_TOP leash=Surface(name=Task=19)/@0xa0a3e14 sb=Rect(0, 0 - 1920, 1080) eb=Rect(0, 0 - 1920, 1080) epz=Point(1920, 1080) d=0 taskParent=-1},{WCT{android.window.IWindowContainerToken$Stub$Proxy@a2501b9} m=CLOSE f=SHOW_WALLPAPER leash=Surface(name=Task=2)/@0xc0f94b2 sb=Rect(0, 0 - 1920, 1080) eb=Rect(0, 0 - 1920, 1080) epz=Point(1920, 1080) d=0 taskParent=-1}]}
04-01 08:46:54.793 612 1233 W AppSearchIcing: icing-search-engine.cc:328: Error: 5, Message: Document (VS#Pkg$VS#AndroidVDb/androidVOverlay, android$contacts/builtin:ContactPoint) not found.
04-01 08:46:54.796 838 874 V WindowManagerShell: UNKNOWN MESSAGE (7933815964243868580) (#2) android.os.BinderProxy@e09afa@0
04-01 08:46:54.797 838 874 V WindowManagerShell: UNKNOWN MESSAGE (2316055606185049262) com.android.wm.shell.transition.DefaultMixedHandler@925155f
04-01 08:46:54.797 838 874 V WindowManagerShell: UNKNOWN MESSAGE (2316055606185049262) com.android.wm.shell.keyguard.KeyguardTransitionHandler@7c73bac
04-01 08:46:54.797 838 874 V WindowManagerShell: UNKNOWN MESSAGE (2316055606185049262) com.android.wm.shell.pip.PipTransition@70b0075
04-01 08:46:54.798 838 874 V WindowManagerShell: UNKNOWN MESSAGE (2316055606185049262) com.android.wm.shell.activityembedding.ActivityEmbeddingController@951080a
04-01 08:46:54.798 838 874 V WindowManagerShell: UNKNOWN MESSAGE (2316055606185049262) com.android.wm.shell.recents.RecentsTransitionHandler@9afa87b
04-01 08:46:54.798 838 874 V ShellRecents: UNKNOWN MESSAGE (9121280089055901232)
04-01 08:46:54.798 838 874 V WindowManagerShell: UNKNOWN MESSAGE (2316055606185049262) com.android.wm.shell.splitscreen.StageCoordinator@f426698
04-01 08:46:54.798 838 874 V WindowManagerShell: UNKNOWN MESSAGE (2316055606185049262) com.android.wm.shell.back.BackAnimationController$BackTransitionHandler@c182ef1
04-01 08:46:54.803 612 1443 I DropBoxManagerService: add tag=SYSTEM_BOOT isTagEnabled=true flags=0x2
04-01 08:46:54.808 612 1233 W AppSearchIcing: icing-search-engine.cc:328: Error: 5, Message: Document (VS#Pkg$VS#AndroidVDb/androidVOverlay, android$contacts/builtin:Person) not found.
04-01 08:46:54.808 612 1443 I BootReceiver: Copying audit failures to DropBox
04-01 08:46:54.809 838 874 V WindowManagerShell: UNKNOWN MESSAGE (2316055606185049262) com.android.wm.shell.transition.RemoteTransitionHandler@3ff9ad6
04-01 08:46:54.809 838 874 V WindowManagerShell: UNKNOWN MESSAGE (-9146248499991136778) {id=2 t=CLOSE f=0x0 trk=0 r=[0@Point(0, 0)] c=[{WCT{android.window.IWindowContainerToken$Stub$Proxy@2572780} m=OPEN f=SHOW_WALLPAPER|MOVE_TO_TOP leash=Surface(name=Task=19)/@0xa0a3e14 sb=Rect(0, 0 - 1920, 1080) eb=Rect(0, 0 - 1920, 1080) epz=Point(1920, 1080) d=0 taskParent=-1},{WCT{android.window.IWindowContainerToken$Stub$Proxy@a2501b9} m=CLOSE f=SHOW_WALLPAPER leash=Surface(name=Task=2)/@0xc0f94b2 sb=Rect(0, 0 - 1920, 1080) eb=Rect(0, 0 - 1920, 1080) epz=Point(1920, 1080) d=0 taskParent=-1}]}
04-01 08:46:54.810 838 874 V WindowManagerShell: UNKNOWN MESSAGE (7551344402092077994) Pair{{types=[] flags=0x0] notFlags=0x100 checks=[{atype=home independent=true modes=[OPEN,TO_FRONT] flags=NONE mustBeTask=false order=TOP topActivity=ComponentInfo{com.android.launcher3/com.android.launcher3.uioverrides.QuickstepLauncher} launchCookie=null},{atype=standard independent=true modes=[CLOSE,TO_BACK] flags=NONE mustBeTask=false order=ANY topActivity=null launchCookie=null},{NOT atype=undefined independent=true modes=[] flags=NONE mustBeTask=true order=ANY topActivity=null launchCookie=null customAnim=true}]} RemoteTransition { remoteTransition = android.window.IRemoteTransition$Stub$Proxy@c865157, appThread = android.app.IApplicationThread$Stub$Proxy@2435444, debugName = QuickstepLaunchHome }}
04-01 08:46:54.810 612 1443 I BootReceiver: Checking for fsck errors
04-01 08:46:54.810 838 874 V WindowManagerShell: UNKNOWN MESSAGE (-957464960872531856) 2 null
04-01 08:46:54.810 838 874 V WindowManagerShell: UNKNOWN MESSAGE (2316055606185049262) com.android.wm.shell.transition.DefaultTransitionHandler@aefc92d
04-01 08:46:54.811 838 874 V WindowManagerShell: UNKNOWN MESSAGE (-1860574116773740964) {id=2 t=CLOSE f=0x0 trk=0 r=[0@Point(0, 0)] c=[{WCT{android.window.IWindowContainerToken$Stub$Proxy@2572780} m=OPEN f=SHOW_WALLPAPER|MOVE_TO_TOP leash=Surface(name=Task=19)/@0xa0a3e14 sb=Rect(0, 0 - 1920, 1080) eb=Rect(0, 0 - 1920, 1080) epz=Point(1920, 1080) d=0 taskParent=-1},{WCT{android.window.IWindowContainerToken$Stub$Proxy@a2501b9} m=CLOSE f=SHOW_WALLPAPER leash=Surface(name=Task=2)/@0xc0f94b2 sb=Rect(0, 0 - 1920, 1080) eb=Rect(0, 0 - 1920, 1080) epz=Point(1920, 1080) d=0 taskParent=-1}]}
04-01 08:46:54.811 1321 1321 I CheckInBootCompletedReceiver: Received boot completed intent
04-01 08:46:54.812 1156 1156 I SystemBroadcastReceiver: Boot has been completed
04-01 08:46:54.812 1156 1156 I SystemBroadcastReceiver: toggleAppIcon() : FLAG_SYSTEM = true
04-01 08:46:54.820 612 1443 I BootReceiver: fs_stat, partition:userdata stat:0x0
04-01 08:46:54.878 838 874 V WindowManagerShell: UNKNOWN MESSAGE (-5172949229302105239) android.view.animation.AnimationSet@22ccb29 23 CLOSE false
04-01 08:46:54.879 1093 1093 D TestEventsEmitterProduction: Event sent WORKSPACE_FINISH_LOADING
04-01 08:46:54.898 1321 1445 I DeviceLockControllerSchedulerImpl: Successfully called notifyNeedRescheduleCheckIn
04-01 08:46:54.899 1424 1424 D ApplicationLoaders: Returning zygote-cached class loader: /system_ext/framework/androidx.window.extensions.jar
04-01 08:46:54.899 1424 1424 D ApplicationLoaders: Returning zygote-cached class loader: /system_ext/framework/androidx.window.sidecar.jar
04-01 08:46:54.901 838 874 V WindowManagerShell: UNKNOWN MESSAGE (-5172949229302105239) android.view.animation.AnimationSet@8e6e7dc 22 CLOSE true
04-01 08:46:54.908 612 1443 V GrammaticalInflectionUtils: AttributionSource: AttributionSource { uid = 10019, packageName = null, attributionTag = null, token = android.os.Binder@4baf5bf, deviceId = 0, next = null } does not have READ_SYSTEM_GRAMMATICAL_GENDER permission.
04-01 08:46:54.908 612 1443 D CompatChangeReporter: Compat change id reported: 151861875; UID 10019; state: ENABLED
04-01 08:46:54.911 928 928 D BootBroadcastReceiver: refresh periodic job from action=android.intent.action.BOOT_COMPLETED
04-01 08:46:54.912 838 874 V WindowManagerShell: UNKNOWN MESSAGE (5292399587644158186) com.android.wm.shell.transition.DefaultTransitionHandler@aefc92d
04-01 08:46:54.925 1093 1113 D LoaderTask: step 1 complete
04-01 08:46:54.939 838 874 W Looper : Slow dispatch took 153ms wmshell.main h=android.os.Handler c=com.android.wm.shell.transition.Transitions$TransitionPlayerImpl$$ExternalSyntheticLambda0@1e8a5c8 m=0
04-01 08:46:54.942 612 1233 E AppSearchManagerService: Unable to schedule fully persist job for 0
04-01 08:46:54.942 612 1233 E AppSearchManagerService: java.lang.IllegalArgumentException: Tried to schedule job for non-existent component: ComponentInfo{android/com.android.server.appsearch.AppSearchMaintenanceService}
04-01 08:46:54.942 612 1233 E AppSearchManagerService: at com.android.server.job.JobSchedulerService$JobSchedulerStub.enforceValidJobRequest(JobSchedulerService.java:4771)
04-01 08:46:54.942 612 1233 E AppSearchManagerService: at com.android.server.job.JobSchedulerService$JobSchedulerStub.schedule(JobSchedulerService.java:4984)
04-01 08:46:54.942 612 1233 E AppSearchManagerService: at android.app.JobSchedulerImpl.schedule(JobSchedulerImpl.java:87)
04-01 08:46:54.942 612 1233 E AppSearchManagerService: at com.android.server.appsearch.AppSearchMaintenanceService.scheduleFullyPersistJob(AppSearchMaintenanceService.java:91)
04-01 08:46:54.942 612 1233 E AppSearchManagerService: at com.android.server.appsearch.AppSearchManagerService.lambda$onUserUnlocking$1(AppSearchManagerService.java:386)
04-01 08:46:54.942 612 1233 E AppSearchManagerService: at com.android.server.appsearch.AppSearchManagerService.$r8$lambda$7li-QUZvrsDk5ZvsFzpgCXuGV7s(AppSearchManagerService.java:0)
04-01 08:46:54.942 612 1233 E AppSearchManagerService: at com.android.server.appsearch.AppSearchManagerService$$ExternalSyntheticLambda3.run(R8$$SyntheticClass:0)
04-01 08:46:54.942 612 1233 E AppSearchManagerService: at java.util.concurrent.ThreadPoolExecutor.runWorker(ThreadPoolExecutor.java:1145)
04-01 08:46:54.942 612 1233 E AppSearchManagerService: at java.util.concurrent.ThreadPoolExecutor$Worker.run(ThreadPoolExecutor.java:644)
04-01 08:46:54.942 612 1233 E AppSearchManagerService: at java.lang.Thread.run(Thread.java:1117)
04-01 08:46:54.947 612 1443 W ContentProviderHelper: Slow operation: 66ms so far, now at getContentProviderImpl: after start process
04-01 08:46:54.948 612 1443 W ContentProviderHelper: Slow operation: 67ms so far, now at getContentProviderImpl: updating data structures
04-01 08:46:54.948 612 1443 W ContentProviderHelper: Slow operation: 67ms so far, now at getContentProviderImpl: done!
04-01 08:46:54.967 1424 1424 D nativeloader: Configuring clns-shared-7 for other apk /apex/com.android.mediaprovider/priv-app/Photopicker@AP4A.250105.002.A1/Photopicker.apk. target_sdk_version=35, uses_libraries=, library_path=/apex/com.android.mediaprovider/priv-app/Photopicker@AP4A.250105.002.A1/lib/arm64:/system/lib64, permitted_path=/data:/mnt/expand:/data/user/0/com.android.photopicker:/apex/com.android.mediaprovider/priv-app/Photopicker@AP4A.250105.002.A1:/system/lib64
04-01 08:46:54.969 1321 1321 D WM-RescheduleReceiver: Received intent Intent { act=android.intent.action.BOOT_COMPLETED flg=0x89000010 cmp=com.android.devicelockcontroller/androidx.work.impl.background.systemalarm.RescheduleReceiver (has extras) }
04-01 08:46:54.971 612 642 I ActivityTaskManager: Displayed com.android.launcher3/.uioverrides.QuickstepLauncher for user 0: +5s98ms
04-01 08:46:54.971 612 642 W Looper : Slow dispatch took 116ms android.fg h=android.os.Handler c=com.android.server.wm.ActivityMetricsLogger$$ExternalSyntheticLambda0@62fe8c1 m=0
04-01 08:46:54.982 1424 1424 D nativeloader: InitApexLibraries:
04-01 08:46:54.982 1424 1424 D nativeloader: com_android_adservices: libhpke_jni.so:libtflite_support_classifiers_native.so
04-01 08:46:54.982 1424 1424 D nativeloader: com_android_appsearch: libicing.so
04-01 08:46:54.982 1424 1424 D nativeloader: com_android_art: libartservice.so
04-01 08:46:54.982 1424 1424 D nativeloader: com_android_btservices: libbluetooth_jni.so
04-01 08:46:54.982 1424 1424 D nativeloader: com_android_conscrypt: libjavacrypto.so
04-01 08:46:54.982 1424 1424 D nativeloader: com_android_extservices: libtflite_support_classifiers_native.so
04-01 08:46:54.982 1424 1424 D nativeloader: com_android_mediaprovider: libpdfclient.so
04-01 08:46:54.982 1424 1424 D nativeloader: com_android_nfcservices: libnfc_nci_jni.so
04-01 08:46:54.982 1424 1424 D nativeloader: com_android_ondevicepersonalization: libfcp_cpp_dep_jni.so:libfcp_hpke_jni.so
04-01 08:46:54.982 1424 1424 D nativeloader: com_android_os_statsd: libstats_jni.so
04-01 08:46:54.982 1424 1424 D nativeloader: com_android_tethering: libandroid_net_connectivity_com_android_net_module_util_jni.so:libcrypto.so:libframework-connectivity-jni.so:libframework-connectivity-tiramisu-jni.so:libmainlinecronet.126.0.6423.0.so:libservice-connectivity.so:libservice-thread-jni.so:libssl.so
04-01 08:46:54.982 1424 1424 D nativeloader: com_android_uwb: libuwb_uci_jni_rust.so
04-01 08:46:54.982 1424 1424 D nativeloader: com_android_virt: libvirtualizationservice_jni.so:libvirtualmachine_jni.so
04-01 08:46:54.994 612 1246 I BackupManagerService: [UserID:0] Stale backup journals: Scheduled 11 package(s) total
04-01 08:46:54.997 452 452 D Zygote : Forked child process 1447
04-01 08:46:54.997 612 654 W ActivityManager: Slow operation: 88ms so far, now at startProcess: returned from zygote!
04-01 08:46:54.998 612 654 W ActivityManager: Slow operation: 89ms so far, now at startProcess: done updating battery stats
04-01 08:46:54.999 612 654 W ActivityManager: Slow operation: 90ms so far, now at startProcess: building log message
04-01 08:46:54.999 612 654 I ActivityManager: Start proc 1447:android.process.media/u0a19 for content provider {com.android.providers.downloads/com.android.providers.downloads.DownloadProvider}
04-01 08:46:54.999 612 654 W ActivityManager: Slow operation: 90ms so far, now at startProcess: starting to update pids map
04-01 08:46:55.015 612 726 I ImeTracker: com.android.launcher3:5e8794c6: onRequestHide at ORIGIN_SERVER reason HIDE_UNSPECIFIED_WINDOW fromUser false
04-01 08:46:55.016 612 726 I ImeTracker: com.android.launcher3:5e8794c6: onCancelled at PHASE_SERVER_SHOULD_HIDE
04-01 08:46:55.020 612 654 W ActivityManager: Slow operation: 111ms so far, now at startProcess: done updating pids map
04-01 08:46:55.021 838 843 W ndroid.systemui: Missing inline cache for void com.android.systemui.shared.condition.Monitor$SubscriptionState.update(com.android.systemui.shared.condition.Monitor)
04-01 08:46:55.043 1424 1424 D CompatChangeReporter: Compat change id reported: 202956589; UID 10093; state: ENABLED
04-01 08:46:55.054 928 928 D PeriodicJobManager: schedule next alarm job at Apr 01, 2025, 10:00:00
04-01 08:46:55.057 1234 1398 I FuseDaemon: Leveldb connection established for :internal
04-01 08:46:55.057 1234 1398 E FuseDaemon: Leveldb setup is missing for: external_primary
04-01 08:46:55.061 612 1233 W AppSearchIcing: icing-search-engine.cc:328: Error: 5, Message: Failed to delete Document. namespace: VS#Pkg$VS#AndroidVDb/androidVOverlay, uri: android$contacts/builtin:ContactPoint;Failed to find DocumentId by key: VS#Pkg$VS#AndroidVDb/androidVOverlay, android$contacts/builtin:ContactPoint;Key not found VS#Pkg$VS#AndroidVDb/androidVOverlay in DynamicTrieKeyMapper /data/system_ce/0/appsearch/icing/document_dir/namespace_mapper/key_mapper_dir/key_mapper.
04-01 08:46:55.062 612 1233 W AppSearchIcing: icing-search-engine.cc:328: Error: 5, Message: Failed to delete Document. namespace: VS#Pkg$VS#AndroidVDb/androidVOverlay, uri: android$contacts/builtin:Person;Failed to find DocumentId by key: VS#Pkg$VS#AndroidVDb/androidVOverlay, android$contacts/builtin:Person;Key not found VS#Pkg$VS#AndroidVDb/androidVOverlay in DynamicTrieKeyMapper /data/system_ce/0/appsearch/icing/document_dir/namespace_mapper/key_mapper_dir/key_mapper.
04-01 08:46:55.067 1447 1447 I d.process.media: Using CollectorTypeCMC GC.
04-01 08:46:55.071 1424 1424 V GraphicsEnvironment: Currently set values for:
04-01 08:46:55.071 1424 1424 V GraphicsEnvironment: angle_gl_driver_selection_pkgs=[]
04-01 08:46:55.071 1424 1424 V GraphicsEnvironment: angle_gl_driver_selection_values=[]
04-01 08:46:55.071 1424 1424 V GraphicsEnvironment: Global.Settings values are invalid: number of packages: 0, number of values: 0
04-01 08:46:55.078 1424 1424 V GraphicsEnvironment: Neither updatable production driver nor prerelease driver is supported.
04-01 08:46:55.085 1447 1447 E d.process.media: Not starting debugger since process cannot load the jdwp agent.
04-01 08:46:55.110 1447 1447 D nativeloader: Load libframework-connectivity-tiramisu-jni.so using APEX ns com_android_tethering for caller /apex/com.android.tethering/javalib/framework-connectivity-t.jar: ok
04-01 08:46:55.112 838 914 W Looper : Slow delivery took 35ms wmshell.anim h=android.view.Choreographer$FrameHandler c=android.view.Choreographer$FrameDisplayEventReceiver@8926586 m=0
04-01 08:46:55.112 1031 1031 D CompatChangeReporter: Compat change id reported: 311402873; UID 10074; state: ENABLED
04-01 08:46:55.113 1031 1031 D CompatChangeReporter: Compat change id reported: 323349338; UID 10074; state: ENABLED
04-01 08:46:55.119 612 1096 D CompatChangeReporter: Compat change id reported: 311402873; UID 10074; state: ENABLED
04-01 08:46:55.119 612 1096 D CompatChangeReporter: Compat change id reported: 323349338; UID 10074; state: ENABLED
04-01 08:46:55.145 838 914 W Looper : Drained
04-01 08:46:55.231 612 1235 V GrammaticalInflectionUtils: AttributionSource: AttributionSource { uid = 10018, packageName = null, attributionTag = null, token = android.os.Binder@4baf5bf, deviceId = 0, next = null } does not have READ_SYSTEM_GRAMMATICAL_GENDER permission.
04-01 08:46:55.236 612 1235 D CompatChangeReporter: Compat change id reported: 151861875; UID 10018; state: ENABLED
04-01 08:46:55.242 838 874 V WindowManagerShell: UNKNOWN MESSAGE (5216177164274512366) false (#2) android.os.BinderProxy@e09afa@0
04-01 08:46:55.252 612 642 V WindowManager: Finish Transition (#2): created at
04-01 08:46:49.697 collect-started=0.254ms request-sent=2.148ms started=152.55ms ready=306.208ms sent=5050.058ms finished=5551.891ms
04-01 08:46:55.266 612 692 W com.android.internal.protolog.LogcatOnlyProtoLogImpl: ProtoLog message not processed. Failed to log it to proto. Logging it below to logcat instead.
04-01 08:46:55.267 612 692 V WindowManager: Binding proc android.process.media with config {1.0 ?mcc0mnc [en_US] ldltr sw720dp w1280dp h720dp 240dpi xlrg long land -touch qwerty/v/v -nav/h winConfig={ mBounds=Rect(0, 0 - 1920, 1080) mAppBounds=Rect(0, 0 - 1920, 1080) mMaxBounds=Rect(0, 0 - 1920, 1080) mDisplayRotation=ROTATION_0 mWindowingMode=fullscreen mActivityType=undefined mAlwaysOnTop=undefined mRotation=ROTATION_0} s.6 fontWeightAdjustment=0}
04-01 08:46:55.276 452 452 D Zygote : Forked child process 1461
04-01 08:46:55.277 838 874 V WindowManagerShell: UNKNOWN MESSAGE (-1071245984949193362) 0
04-01 08:46:55.277 838 874 V WindowManagerShell: UNKNOWN MESSAGE (5665710760068723116)
04-01 08:46:55.277 838 874 W Looper : Slow dispatch took 38ms wmshell.main h=android.os.Handler c=com.android.wm.shell.transition.DefaultTransitionHandler$$ExternalSyntheticLambda11@b82579d m=0
04-01 08:46:55.282 612 1096 I AppWidgetServiceImpl: getInstalledProvidersForProfiles() 0
04-01 08:46:55.284 612 806 D ShortcutService: Saving package item com.android.systemui to /data/system_ce/0/shortcut_service/launchers/com.android.systemui0.xml
04-01 08:46:55.291 612 1096 I AppWidgetServiceImpl: setWidgetPreview() 0
04-01 08:46:55.295 612 794 D AppWidgetServiceImpl: Trying to notify widget providers changed
04-01 08:46:55.296 612 794 D AppWidgetServiceImpl: Trying to notify widget providers changed
04-01 08:46:55.310 838 838 I Choreographer: Skipped 70 frames! The application may be doing too much work on its main thread.
04-01 08:46:55.317 612 871 I AppWidgetServiceImpl: getInstalledProvidersForProfiles() 0
04-01 08:46:55.319 1093 1093 D b/267448330: provider: ComponentInfo{com.android.quicksearchbox/com.android.quicksearchbox.SearchWidgetProvider}, paddedSizes: [621.3333x108.0, 621.3333x108.0, 1045.3334x101.333336, 1045.3334x101.333336], getMinMaxSizes: Rect(621, 101 - 1045, 108)
04-01 08:46:55.320 612 871 I AppWidgetServiceImpl: getAppWidgetInfo() 0
04-01 08:46:55.323 612 693 I AppWidgetServiceImpl: getAppWidgetViews() 0
04-01 08:46:55.330 612 693 I AppWidgetServiceImpl: getAppWidgetOptions() 0
04-01 08:46:55.335 612 806 D ShortcutService: Saving package item com.android.documentsui to /data/system_ce/0/shortcut_service/packages/com.android.documentsui.xml
04-01 08:46:55.343 1342 1342 D WM-DelayedWorkTracker: Scheduling work fc1dc498-db50-4404-8414-deac9fddf49a
04-01 08:46:55.343 1342 1342 D WM-GreedyScheduler: Starting tracking for fc1dc498-db50-4404-8414-deac9fddf49a
04-01 08:46:55.356 1461 1461 I d.process.acore: Using CollectorTypeCMC GC.
04-01 08:46:55.369 1461 1461 E d.process.acore: Not starting debugger since process cannot load the jdwp agent.
04-01 08:46:55.362 612 692 W ActivityManager: Slow operation: 97ms so far, now at attachApplicationLocked: immediately after bindApplication
04-01 08:46:55.371 612 692 W ActivityManager: Slow operation: 106ms so far, now at attachApplicationLocked: after updateLruProcessLocked
04-01 08:46:55.373 612 692 W ActivityManager: Slow operation: 108ms so far, now at attachApplicationLocked: after updateOomAdjLocked
04-01 08:46:55.385 612 654 W ActivityManager: Slow operation: 148ms so far, now at startProcess: done updating battery stats
04-01 08:46:55.385 612 654 W ActivityManager: Slow operation: 148ms so far, now at startProcess: building log message
04-01 08:46:55.385 612 654 I ActivityManager: Start proc 1461:android.process.acore/u0a18 for content provider {com.android.providers.contacts/com.android.providers.contacts.ContactsProvider2}
04-01 08:46:55.385 612 654 W ActivityManager: Slow operation: 149ms so far, now at startProcess: starting to update pids map
04-01 08:46:55.386 612 654 W ActivityManager: Slow operation: 149ms so far, now at startProcess: done updating pids map
04-01 08:46:55.387 1461 1461 D nativeloader: Load libframework-connectivity-tiramisu-jni.so using APEX ns com_android_tethering for caller /apex/com.android.tethering/javalib/framework-connectivity-t.jar: ok
04-01 08:46:55.412 1321 1321 D WM-PackageManagerHelper: Skipping component enablement for androidx.work.impl.background.systemjob.SystemJobService
04-01 08:46:55.412 1321 1321 D WM-Schedulers: Created SystemJobScheduler and enabled SystemJobService
04-01 08:46:55.424 612 806 D ShortcutService: Persisting shortcuts from 0@com.android.documentsui
04-01 08:46:55.424 612 806 D ShortcutService: content://com.android.providers.media.documents/root/images_root [ImManIc-rStr]
04-01 08:46:55.438 449 476 I netd : tetherGetStats() -> {[]} <6.37ms>
04-01 08:46:55.453 1424 1424 D PhotopickerDeviceConfigReceiver: onReceive: will evaluate Photopicker components with new DeviceConfig.
04-01 08:46:55.460 1321 1473 D WM-ForceStopRunnable: The default process name was not specified.
04-01 08:46:55.461 1234 1398 I FuseDaemon: Leveldb connection established for :external_primary
04-01 08:46:55.461 1234 1398 E FuseDaemon: Leveldb setup is missing for: ownership
04-01 08:46:55.462 1321 1473 D WM-ForceStopRunnable: Performing cleanup operations.
04-01 08:46:55.468 612 869 W com.android.internal.protolog.LogcatOnlyProtoLogImpl: ProtoLog message not processed. Failed to log it to proto. Logging it below to logcat instead.
04-01 08:46:55.469 612 869 V WindowManager: Binding proc android.process.acore with config {1.0 ?mcc0mnc [en_US] ldltr sw720dp w1280dp h720dp 240dpi xlrg long land -touch qwerty/v/v -nav/h winConfig={ mBounds=Rect(0, 0 - 1920, 1080) mAppBounds=Rect(0, 0 - 1920, 1080) mMaxBounds=Rect(0, 0 - 1920, 1080) mDisplayRotation=ROTATION_0 mWindowingMode=fullscreen mActivityType=undefined mAlwaysOnTop=undefined mRotation=ROTATION_0} s.6 fontWeightAdjustment=0}
04-01 08:46:55.480 1031 1083 D AccessibilitySourceService: enabled a11y services count 0
04-01 08:46:55.480 1031 1083 D AccessibilitySourceService: a11y source sending 0 issue to sc
04-01 08:46:55.487 612 692 D SafetySourceDataValidat: No cert check requested for package com.android.permissioncontroller
04-01 08:46:55.492 1093 1113 D AlphabeticIndexCompat: computeSectionName: cs: Calendar sectionName: C
04-01 08:46:55.493 1093 1113 D AlphabeticIndexCompat: computeSectionName: cs: Camera sectionName: C
04-01 08:46:55.495 1093 1113 D AlphabeticIndexCompat: computeSectionName: cs: Contacts sectionName: C
04-01 08:46:55.496 1093 1113 D AlphabeticIndexCompat: computeSectionName: cs: Clock sectionName: C
04-01 08:46:55.498 1093 1113 D AlphabeticIndexCompat: computeSectionName: cs: Gallery sectionName: G
04-01 08:46:55.500 1093 1113 D AlphabeticIndexCompat: computeSectionName: cs: Settings sectionName: S
04-01 08:46:55.502 1093 1113 D AlphabeticIndexCompat: computeSectionName: cs: Files sectionName: F
04-01 08:46:55.503 1093 1113 D AlphabeticIndexCompat: computeSectionName: cs: Search sectionName: S
04-01 08:46:55.504 1093 1113 D AlphabeticIndexCompat: computeSectionName: cs: SystemUpdaterSample sectionName: S
04-01 08:46:55.506 1093 1113 D AlphabeticIndexCompat: computeSectionName: cs: demo sectionName: D
04-01 08:46:55.507 612 693 D SafetySourceDataValidat: No cert check requested for package com.android.permissioncontroller
04-01 08:46:55.508 1093 1113 D AlphabeticIndexCompat: computeSectionName: cs: WebView Browser Tester sectionName: W
04-01 08:46:55.511 1093 1113 D LoaderTask: loadAllApps
04-01 08:46:55.513 1093 1113 D LoaderTask: bindAllApps
04-01 08:46:55.514 1093 1093 D StatsLog: LAUNCHER_ALLAPPS_COUNT
04-01 08:46:55.514 1093 1093 D AlphabeticalAppsList: Clearing FastScrollerSections.
04-01 08:46:55.515 612 1096 D SafetySourceDataValidat: No cert check requested for package com.android.permissioncontroller
04-01 08:46:55.518 1093 1093 D AlphabeticalAppsList: Adding apps with sections. HasPrivateApps: false
04-01 08:46:55.518 1447 1447 D nativeloader: Configuring clns-shared-7 for other apk /system/priv-app/DownloadProvider/DownloadProvider.apk. target_sdk_version=35, uses_libraries=, library_path=/system/priv-app/DownloadProvider/lib/arm64:/system/lib64, permitted_path=/data:/mnt/expand:/data/user/0/com.android.providers.downloads:/system/priv-app/DownloadProvider:/system/lib64
04-01 08:46:55.518 1093 1093 D AlphabeticalAppsList: addAppsWithSections: adding sectionName: C with appInfoTitle: Calendar
04-01 08:46:55.519 1093 1093 D AlphabeticalAppsList: addAppsWithSections: adding sectionName: D with appInfoTitle: demo
04-01 08:46:55.519 1093 1093 D AlphabeticalAppsList: addAppsWithSections: adding sectionName: F with appInfoTitle: Files
04-01 08:46:55.519 1093 1093 D AlphabeticalAppsList: addAppsWithSections: adding sectionName: G with appInfoTitle: Gallery
04-01 08:46:55.519 1093 1093 D AlphabeticalAppsList: addAppsWithSections: adding sectionName: S with appInfoTitle: Search
04-01 08:46:55.519 1093 1093 D AlphabeticalAppsList: addAppsWithSections: adding sectionName: W with appInfoTitle: WebView Browser Tester
04-01 08:46:55.519 1093 1093 D AlphabeticalAppsList: Adding FastScrollSection duplicate to scroll to the bottom.
04-01 08:46:55.521 1093 1093 D AlphabeticalAppsList: Clearing FastScrollerSections.
04-01 08:46:55.521 1093 1093 D AlphabeticalAppsList: Adding apps with sections. HasPrivateApps: false
04-01 08:46:55.521 1093 1093 D AlphabeticalAppsList: addAppsWithSections: adding sectionName: C with appInfoTitle: Calendar
04-01 08:46:55.521 1093 1093 D AlphabeticalAppsList: addAppsWithSections: adding sectionName: D with appInfoTitle: demo
04-01 08:46:55.521 1093 1093 D AlphabeticalAppsList: addAppsWithSections: adding sectionName: F with appInfoTitle: Files
04-01 08:46:55.521 1093 1093 D AlphabeticalAppsList: addAppsWithSections: adding sectionName: G with appInfoTitle: Gallery
04-01 08:46:55.521 1093 1093 D AlphabeticalAppsList: addAppsWithSections: adding sectionName: S with appInfoTitle: Search
04-01 08:46:55.521 1093 1093 D AlphabeticalAppsList: addAppsWithSections: adding sectionName: W with appInfoTitle: WebView Browser Tester
04-01 08:46:55.521 1093 1093 D AlphabeticalAppsList: Adding FastScrollSection duplicate to scroll to the bottom.
04-01 08:46:55.524 1447 1447 D CompatChangeReporter: Compat change id reported: 202956589; UID 10019; state: ENABLED
04-01 08:46:55.528 838 838 D ZenModeController: Added callback class com.android.systemui.qs.tiles.DndTile$3
04-01 08:46:55.553 1447 1447 V GraphicsEnvironment: Currently set values for:
04-01 08:46:55.553 1447 1447 V GraphicsEnvironment: angle_gl_driver_selection_pkgs=[]
04-01 08:46:55.553 1447 1447 V GraphicsEnvironment: angle_gl_driver_selection_values=[]
04-01 08:46:55.553 1447 1447 V GraphicsEnvironment: Global.Settings values are invalid: number of packages: 0, number of values: 0
04-01 08:46:55.553 1447 1447 V GraphicsEnvironment: Neither updatable production driver nor prerelease driver is supported.
04-01 08:46:55.555 612 693 D SafetySourceDataValidat: No cert check requested for package com.android.permissioncontroller
04-01 08:46:55.571 612 871 D SafetySourceDataValidat: No cert check requested for package com.android.permissioncontroller
04-01 08:46:55.587 1031 1031 D SafetyLabelChangesJobService: Received broadcast with intent action 'android.intent.action.BOOT_COMPLETED'
04-01 08:46:55.590 1031 1031 I SafetyLabelChangesJobService: Detect updates job scheduled successfully.
04-01 08:46:55.599 1031 1031 I SafetyLabelChangesJobService: Not scheduling notification job: already scheduled.
04-01 08:46:55.606 1093 1113 D LoaderTask: update icon cache
04-01 08:46:55.606 1093 1113 D LoaderTask: save shortcuts in icon cache
04-01 08:46:55.606 1093 1113 D LoaderTask: step 2 complete
04-01 08:46:55.609 612 638 D ShortcutService: Getting shortcuts for launcher= com.android.launcher3userId=0 pkg=null
04-01 08:46:55.627 928 928 W WindowOnBackDispatcher: sendCancelIfRunning: isInProgress=false callback=android.app.Activity$$ExternalSyntheticLambda0@549f0f4
04-01 08:46:55.628 612 868 D CoreBackPreview: Window{6a1513a u0 com.android.settings/com.android.settings.FallbackHome}: Setting back callback null
04-01 08:46:55.648 1447 1447 D nativeloader: Configuring clns-shared-8 for other apk /system/priv-app/MtpService/MtpService.apk. target_sdk_version=35, uses_libraries=, library_path=/system/priv-app/MtpService/lib/arm64:/system/lib64, permitted_path=/data:/mnt/expand:/data/user/0/com.android.mtp:/system/priv-app/MtpService:/system/lib64
04-01 08:46:55.662 1461 1461 D nativeloader: Configuring clns-shared-7 for other apk /system/priv-app/ContactsProvider/ContactsProvider.apk. target_sdk_version=35, uses_libraries=, library_path=/system/priv-app/ContactsProvider/lib/arm64:/system/lib64, permitted_path=/data:/mnt/expand:/data/user/0/com.android.providers.contacts:/system/priv-app/ContactsProvider:/system/lib64
04-01 08:46:55.665 1461 1461 D CompatChangeReporter: Compat change id reported: 202956589; UID 10018; state: ENABLED
04-01 08:46:55.671 612 871 W UserManagerService: Requested status bar icon for non-badged user 0
04-01 08:46:55.684 1461 1461 V GraphicsEnvironment: Currently set values for:
04-01 08:46:55.684 1461 1461 V GraphicsEnvironment: angle_gl_driver_selection_pkgs=[]
04-01 08:46:55.684 1461 1461 V GraphicsEnvironment: angle_gl_driver_selection_values=[]
04-01 08:46:55.684 1461 1461 V GraphicsEnvironment: Global.Settings values are invalid: number of packages: 0, number of values: 0
04-01 08:46:55.684 1461 1461 V GraphicsEnvironment: Neither updatable production driver nor prerelease driver is supported.
04-01 08:46:55.716 1093 1093 D RecentsView: onTaskRemoved: 2, not handling task stack changes
04-01 08:46:55.719 928 928 D BatterySettingsMigrateChecker: onReceive: Intent { act=android.intent.action.BOOT_COMPLETED flg=0x89000010 cmp=com.android.settings/.fuelgauge.BatterySettingsMigrateChecker (has extras) } owner: true
04-01 08:46:55.719 928 928 D BatterySettingsMigrateChecker: invoke verifySaverConfiguration()
04-01 08:46:55.714 1321 1473 D WM-SystemJobScheduler: Reconciling jobs
04-01 08:46:55.731 1093 1093 D RecentsView: onTaskRemoved: 2, not handling task stack changes
04-01 08:46:55.735 1424 1424 D PhotopickerDeviceConfigReceiver: Setting false state for com.android.photopicker.MainActivity
04-01 08:46:55.735 1461 1461 D nativeloader: Configuring clns-shared-8 for other apk /system/priv-app/UserDictionaryProvider/UserDictionaryProvider.apk. target_sdk_version=35, uses_libraries=, library_path=/system/priv-app/UserDictionaryProvider/lib/arm64:/system/lib64, permitted_path=/data:/mnt/expand:/data/user/0/com.android.providers.userdictionary:/system/priv-app/UserDictionaryProvider:/system/lib64
04-01 08:46:55.738 1342 1423 D WM-SystemJobScheduler: Scheduling work ID d72f00aa-59fb-4319-9337-9689cb1d344eJob ID 18
04-01 08:46:55.745 928 928 D BatterySettingsMigrateChecker: invoke verifyOptimizationModes()
04-01 08:46:55.761 1321 1473 D WM-ForceStopRunnable: Found unfinished work, scheduling it.
04-01 08:46:55.764 1424 1424 D PhotopickerDeviceConfigReceiver: Setting false state for com.android.photopicker.PhotopickerGetContentActivity
04-01 08:46:55.769 1424 1424 D PhotopickerDeviceConfigReceiver: Setting false state for com.android.photopicker.PhotopickerUserSelectActivity
04-01 08:46:55.785 612 653 V GrammaticalInflectionUtils: AttributionSource: AttributionSource { uid = 10084, packageName = null, attributionTag = null, token = android.os.Binder@4baf5bf, deviceId = 0, next = null } does not have READ_SYSTEM_GRAMMATICAL_GENDER permission.
04-01 08:46:55.794 1461 1461 D nativeloader: Configuring clns-shared-9 for other apk /system/priv-app/BlockedNumberProvider/BlockedNumberProvider.apk. target_sdk_version=35, uses_libraries=, library_path=/system/priv-app/BlockedNumberProvider/lib/arm64:/system/lib64, permitted_path=/data:/mnt/expand:/data/user_de/0/com.android.providers.blockednumber:/system/priv-app/BlockedNumberProvider:/system/lib64
04-01 08:46:55.803 1342 1423 D WM-GreedyScheduler: Starting tracking for fc1dc498-db50-4404-8414-deac9fddf49a,d72f00aa-59fb-4319-9337-9689cb1d344e
04-01 08:46:55.813 452 452 D Zygote : Forked child process 1478
04-01 08:46:55.818 1321 1473 D CompatChangeReporter: Compat change id reported: 311402873; UID 10085; state: ENABLED
04-01 08:46:55.818 1321 1473 D CompatChangeReporter: Compat change id reported: 323349338; UID 10085; state: ENABLED
04-01 08:46:55.819 612 654 I ActivityManager: Start proc 1478:.adservices/u0a84 for broadcast {android.ext.services/com.android.adservices.service.common.AdExtBootCompletedReceiver}
04-01 08:46:55.823 1461 1461 I ContactsPerf: VoicemailContentProvider.onCreate start
04-01 08:46:55.829 1321 1473 D WM-SystemJobScheduler: Scheduling work ID be35e7ea-051b-4496-8d85-56b7cfbb86b3Job ID 0
04-01 08:46:55.832 612 869 D CompatChangeReporter: Compat change id reported: 311402873; UID 10085; state: ENABLED
04-01 08:46:55.832 612 869 D CompatChangeReporter: Compat change id reported: 323349338; UID 10085; state: ENABLED
04-01 08:46:55.834 612 869 D ConnectivityService: requestNetwork for uid/pid:1000/612 asUid: 10085 activeRequest: null callbackRequest: 37 [NetworkRequest [ REQUEST id=38, [ Capabilities: INTERNET&NOT_RESTRICTED&TRUSTED&NOT_VCN_MANAGED&NOT_BANDWIDTH_CONSTRAINED Uid: 10085 RequestorUid: 1000 RequestorPkg: android UnderlyingNetworks: Null] ]] callback flags: 0 order: 2147483647 isUidTracked: false declaredMethods: ALL
04-01 08:46:55.840 612 768 D ConnectivityService: NetReassign [no changes] [c 1] [a 0] [i 1]
04-01 08:46:55.840 612 752 D WifiNetworkFactory: got request NetworkRequest [ REQUEST id=38, [ Capabilities: INTERNET&NOT_RESTRICTED&TRUSTED&NOT_VCN_MANAGED&NOT_BANDWIDTH_CONSTRAINED Uid: 10085 RequestorUid: 1000 RequestorPkg: android UnderlyingNetworks: Null] ]
04-01 08:46:55.840 612 752 D UntrustedWifiNetworkFactory: got request NetworkRequest [ REQUEST id=38, [ Capabilities: INTERNET&NOT_RESTRICTED&TRUSTED&NOT_VCN_MANAGED&NOT_BANDWIDTH_CONSTRAINED Uid: 10085 RequestorUid: 1000 RequestorPkg: android UnderlyingNetworks: Null] ]
04-01 08:46:55.841 612 752 D OemPaidWifiNetworkFactory: got request NetworkRequest [ REQUEST id=38, [ Capabilities: INTERNET&NOT_RESTRICTED&TRUSTED&NOT_VCN_MANAGED&NOT_BANDWIDTH_CONSTRAINED Uid: 10085 RequestorUid: 1000 RequestorPkg: android UnderlyingNetworks: Null] ]
04-01 08:46:55.841 612 752 D MultiInternetWifiNetworkFactory: got request NetworkRequest [ REQUEST id=38, [ Capabilities: INTERNET&NOT_RESTRICTED&TRUSTED&NOT_VCN_MANAGED&NOT_BANDWIDTH_CONSTRAINED Uid: 10085 RequestorUid: 1000 RequestorPkg: android UnderlyingNetworks: Null] ]
04-01 08:46:55.852 1342 1421 D WM-ConstraintTracker: NetworkStateTracker24: initial state = NetworkState(isConnected=false, isValidated=false, isMetered=true, isNotRoaming=false)
04-01 08:46:55.852 1342 1421 D WM-NetworkStateTracker: Registering network callback
04-01 08:46:55.859 1031 1031 I PermissionEventCleanupJobService: Job already scheduled.
04-01 08:46:55.871 1478 1478 I .adservices: Using CollectorTypeCMC GC.
04-01 08:46:55.871 928 928 I DynamicDenylistManager: syncPolicyIfNeeded() ignore synced manual denylist
04-01 08:46:55.877 928 928 W DynamicDenylistManager: resetDenylistIfNeeded: there is no valid UIDs
04-01 08:46:55.877 928 928 I DynamicDenylistManager: clearSharedPreferences()
04-01 08:46:55.880 1234 1398 I FuseDaemon: Leveldb connection established for :ownership
04-01 08:46:55.881 1478 1478 E .adservices: Not starting debugger since process cannot load the jdwp agent.
04-01 08:46:55.881 1234 1398 I MediaProvider: Backup and recovery setup time taken in milliseconds:1506
04-01 08:46:55.881 1234 1398 I MediaProvider: Successfully set up backup and recovery for volume: external_primary
04-01 08:46:55.885 1447 1447 D nativeloader: Configuring clns-shared-9 for other apk /system/priv-app/MediaProviderLegacy/MediaProviderLegacy.apk. target_sdk_version=35, uses_libraries=, library_path=/system/priv-app/MediaProviderLegacy/lib/arm64:/system/lib64, permitted_path=/data:/mnt/expand:/data/user/0/com.android.providers.media:/system/priv-app/MediaProviderLegacy:/system/lib64
04-01 08:46:55.886 1461 1461 I ContactsPerf: VoicemailContentProvider.onCreate finish
04-01 08:46:55.887 612 871 W JobInfo : Job 'com.android.providers.media.module/com.android.providers.media.MediaService#-300' has a deadline with no functional constraints. The deadline won't improve job execution latency. Consider removing the deadline.
04-01 08:46:55.891 612 692 D ConnectivityService: requestNetwork for uid/pid:10033/1342 activeRequest: null callbackRequest: 39 [NetworkRequest [ REQUEST id=40, [ Capabilities: INTERNET&NOT_RESTRICTED&TRUSTED&NOT_VCN_MANAGED&NOT_BANDWIDTH_CONSTRAINED Uid: 10033 RequestorUid: 10033 RequestorPkg: com.android.statementservice UnderlyingNetworks: Null] ]] callback flags: 0 order: 2147483647 isUidTracked: false declaredMethods: ALL
04-01 08:46:55.895 1031 1031 D PermissionStorageTimeChangeReceiver: systemTimeSnapshot set to 1743497215895
04-01 08:46:55.896 1031 1031 D PermissionStorageTimeChangeReceiver: realtimeSnapshot set to 48964
04-01 08:46:55.905 1234 1398 V MediaStore: Examining volume emulated;0 with name external_primary and state mounted
04-01 08:46:55.908 612 768 D ConnectivityService: NetReassign [no changes] [c 0] [a 0] [i 10]
04-01 08:46:55.910 612 752 D WifiNetworkFactory: got request NetworkRequest [ REQUEST id=40, [ Capabilities: INTERNET&NOT_RESTRICTED&TRUSTED&NOT_VCN_MANAGED&NOT_BANDWIDTH_CONSTRAINED Uid: 10033 RequestorUid: 10033 RequestorPkg: com.android.statementservice UnderlyingNetworks: Null] ]
04-01 08:46:55.911 612 752 D UntrustedWifiNetworkFactory: got request NetworkRequest [ REQUEST id=40, [ Capabilities: INTERNET&NOT_RESTRICTED&TRUSTED&NOT_VCN_MANAGED&NOT_BANDWIDTH_CONSTRAINED Uid: 10033 RequestorUid: 10033 RequestorPkg: com.android.statementservice UnderlyingNetworks: Null] ]
04-01 08:46:55.911 612 752 D OemPaidWifiNetworkFactory: got request NetworkRequest [ REQUEST id=40, [ Capabilities: INTERNET&NOT_RESTRICTED&TRUSTED&NOT_VCN_MANAGED&NOT_BANDWIDTH_CONSTRAINED Uid: 10033 RequestorUid: 10033 RequestorPkg: com.android.statementservice UnderlyingNetworks: Null] ]
04-01 08:46:55.921 612 752 D MultiInternetWifiNetworkFactory: got request NetworkRequest [ REQUEST id=40, [ Capabilities: INTERNET&NOT_RESTRICTED&TRUSTED&NOT_VCN_MANAGED&NOT_BANDWIDTH_CONSTRAINED Uid: 10033 RequestorUid: 10033 RequestorPkg: com.android.statementservice UnderlyingNetworks: Null] ]
04-01 08:46:55.926 1478 1478 D nativeloader: Load libframework-connectivity-tiramisu-jni.so using APEX ns com_android_tethering for caller /apex/com.android.tethering/javalib/framework-connectivity-t.jar: ok
04-01 08:46:55.936 612 731 W BroadcastLoopers: Found previously unknown looper Thread[StorageManagerService,5,main]
04-01 08:46:55.940 1461 1461 D nativeloader: Configuring clns-shared-10 for other apk /system/priv-app/E2eeContactKeysProvider/E2eeContactKeysProvider.apk. target_sdk_version=35, uses_libraries=, library_path=/system/priv-app/E2eeContactKeysProvider/lib/arm64:/system/lib64, permitted_path=/data:/mnt/expand:/data/user/0/com.android.providers.contactkeys:/system/priv-app/E2eeContactKeysProvider:/system/lib64
04-01 08:46:55.944 521 534 D installd: Found quota mount /dev/block/dm-49 at /data
04-01 08:46:55.946 521 534 D installd: Found quota mount /dev/block/dm-49 at /data/user/0
04-01 08:46:55.951 1342 1423 D WM-PackageManagerHelper: Skipping component enablement for androidx.work.impl.background.systemalarm.RescheduleReceiver
04-01 08:46:55.953 521 534 D installd: Found quota mount /dev/block/dm-49 at /mnt/pass_through/0/emulated
04-01 08:46:55.955 521 534 D installd: Found storage mount /dev/block/dm-49 at /mnt/pass_through/0/emulated
04-01 08:46:55.955 521 534 D installd: Found storage mount at /mnt/pass_through/0/emulated
04-01 08:46:55.975 1461 1495 I PhoneAccountHandleMigrationUtils_CallLogDatabaseHelper: updatePhoneAccountHandleMigrationPendingStatus false
04-01 08:46:55.975 1234 1399 I MediaProvider: Begin Intent { act=com.android.providers.media.action.SCAN_VOLUME (has extras) }
04-01 08:46:55.976 1234 1399 V MediaProvider: attachVolume() called for internal with state:null
04-01 08:46:55.984 612 731 D StorageManagerService: Volume emulated;0 broadcasting checking to UserHandle{0}
04-01 08:46:55.985 1234 1234 V MediaStore: Examining volume emulated;0 with name external_primary and state mounted
04-01 08:46:55.987 1321 1473 D WM-PackageManagerHelper: Skipping component enablement for androidx.work.impl.background.systemalarm.RescheduleReceiver
04-01 08:46:55.992 1342 1421 D WM-GreedyScheduler: Constraints not met: Cancelling work ID WorkGenerationalId(workSpecId=94249158-486b-4211-973d-a71ddbd6aa3b, generation=0)
04-01 08:46:55.994 1342 1421 D WM-GreedyScheduler: Constraints not met: Cancelling work ID WorkGenerationalId(workSpecId=fc1dc498-db50-4404-8414-deac9fddf49a, generation=0)
04-01 08:46:56.004 612 731 D StorageManagerService: Volume emulated;0 broadcasting mounted to UserHandle{0}
