01-01 00:00:29.002 478 478 D AHAL_StreamSwitcher: setConnectedDevices: [AudioDevice{type: AudioDeviceDescription{type: OUT_SPEAKER, connection: }, address: AudioDeviceAddress{id: }}]
01-01 00:00:29.002 478 478 D AHAL_StreamPrimary: switchCurrentStream
01-01 00:00:29.003 478 478 D AHAL_StreamSwitcher: setConnectedDevices: connected devices changed, switching stream
01-01 00:00:29.003 478 478 D AHAL_Stream: prepareToClose
01-01 00:00:29.003 478 478 D AHAL_Stream: close
01-01 00:00:29.003 478 478 D AHAL_Stream: stopWorker: asking the worker to exit...
01-01 00:00:29.003 478 478 D AHAL_Stream: stopWorker: done
01-01 00:00:29.003 478 478 D AHAL_Stream: close: joining the worker thread...
01-01 00:00:29.003 478 573 D AHAL_Stream: cycle: received command Command{halReservedExit: 1416981016} in writer
01-01 00:00:29.003 478 478 D AHAL_Stream: close: worker thread joined
01-01 00:00:29.009 478 478 D AHAL_StreamSwitcher: getStreamCommonCommon: returning 0xb40000733fef11d0
01-01 00:00:29.010 492 492 D StreamHalAidl: [out|ioHandle:13] StreamHalAidl
01-01 00:00:29.010 492 492 D StreamHalAidl: [out|ioHandle:13] getAudioProperties
01-01 00:00:29.010 492 492 D StreamHalAidl: [out|ioHandle:13] getFrameSize
01-01 00:00:29.028 492 492 I AudioFlinger: operator(): Using 3000 ms as standby time
01-01 00:00:29.038 492 492 D StreamHalAidl: [out|ioHandle:13] getAudioProperties
01-01 00:00:29.038 492 492 D StreamHalAidl: [out|ioHandle:13] getAudioProperties
01-01 00:00:29.038 492 492 D StreamHalAidl: [out|ioHandle:13] getBufferSize
01-01 00:00:29.038 492 492 I StreamHalAidl: [out|ioHandle:13] getBufferSize: size: 32768
01-01 00:00:29.038 492 492 I AudioFlinger: HAL output buffer size 4096 frames, normal sink buffer size 4096 frames
01-01 00:00:29.048 492 492 I FactoryHal: hasAidlHalService android.hardware.audio.effect.IFactory/default: true, version AudioHalVersion{type: AIDL, major: 1, minor: 0}
01-01 00:00:29.050 241 241 I servicemanager: Caller(pid=492,uid=1041,sid=u:r:audioserver:s0) Found android.hardware.audio.effect.IFactory/default in device VINTF manifest.
01-01 00:00:29.053 241 241 I servicemanager: Caller(pid=492,uid=1041,sid=u:r:audioserver:s0) Found android.hardware.audio.core.IModule/default in device VINTF manifest.
01-01 00:00:29.054 492 492 I FactoryHal: hasAidlHalService android.hardware.audio.core.IModule/default: true, version AudioHalVersion{type: AIDL, major: 1, minor: 0}
01-01 00:00:29.077 492 492 I EffectsFactoryHalAidl: EffectsFactoryHalAidl with 2 nonProxyEffects and 0 proxyEffects
01-01 00:00:29.077 492 492 W BufferProvider: unable to find downmix effect
01-01 00:00:29.077 492 492 D StreamHalAidl: [out|ioHandle:13] getBufferSize
01-01 00:00:29.077 492 492 I StreamHalAidl: [out|ioHandle:13] getBufferSize: size: 32768
01-01 00:00:29.077 492 492 D StreamHalAidl: [out|ioHandle:13] getAudioProperties
01-01 00:00:29.079 478 478 D AHAL_Stream: getRecommendedLatencyModes
01-01 00:00:29.081 492 576 I AudioFlinger: AudioFlinger's thread 0xb400007f7331e880 tid=576 ready to run
01-01 00:00:29.086 492 492 E StreamHalAidl: Function: getRecommendedLatencyModes Line: 974 Failed
01-01 00:00:29.086 492 492 D AudioFlinger: updateHalSupportedLatencyModes_l: thread(13) status -38 supported latency modes: { }
01-01 00:00:29.086 492 576 D AudioFlinger: ro.audio.silent is ignored since no output device is set
01-01 00:00:29.086 492 576 W AudioFlinger: no wake lock to update, system not ready yet
01-01 00:00:29.088 492 576 D StreamHalAidl: [out|ioHandle:13] standby
01-01 00:00:29.089 492 492 D DeviceHalAidl: [default] getParameters: keys: "routing=2;supEncapsulationMetadataTypes=;supEncapsulationModes="
01-01 00:00:29.089 492 492 D DeviceHalAidl: [r_submix] getParameters: keys: "routing=2;supEncapsulationMetadataTypes=;supEncapsulationModes="
01-01 00:00:29.089 492 492 D DeviceHalAidl: [bluetooth] getParameters: keys: "routing=2;supEncapsulationMetadataTypes=;supEncapsulationModes="
01-01 00:00:29.091 492 492 V APM_AudioPolicyManager: isVolumeConsistentForCalls stream bt sco is replaced, no volume consistency check for calls
01-01 00:00:29.091 492 492 V APM_AudioPolicyManager: checkAndSetVolume if deviceTypes is change from none to device 0x2, need get index 0
01-01 00:00:29.091 492 492 V APM_AudioPolicyManager: computeVolume volume source 1, index 0, devices 0x2, compute internal 1
01-01 00:00:29.097 241 241 I servicemanager: Caller(pid=492,uid=1041,sid=u:r:audioserver:s0) Found android.system.suspend.ISystemSuspend/default in framework VINTF manifest.
01-01 00:00:29.106 492 576 W AudioFlinger: no wake lock to update, system not ready yet
01-01 00:00:29.106 492 576 D AudioFlinger: ro.audio.silent is ignored since no output device is set
01-01 00:00:29.106 492 492 V APM_AudioPolicyManager: isVolumeConsistentForCalls stream bt sco is replaced, no volume consistency check for calls
01-01 00:00:29.107 492 492 V APM_AudioPolicyManager: checkAndSetVolume if deviceTypes is change from none to device 0x2, need get index 0
01-01 00:00:29.107 492 492 V APM_AudioPolicyManager: computeVolume volume source 2, index 0, devices 0x2, compute internal 1
01-01 00:00:29.117 492 492 V APM_AudioPolicyManager: isVolumeConsistentForCalls stream bt sco is replaced, no volume consistency check for calls
01-01 00:00:29.117 492 492 V APM_AudioPolicyManager: checkAndSetVolume if deviceTypes is change from none to device 0x2, need get index 0
01-01 00:00:29.118 492 492 E APM_AudioPolicyManager: invalid volume index range in the curve:
01-01 00:00:29.118 492 492 E APM_AudioPolicyManager: Can be muted Index Min Index Max Index Cur [device : index]...
01-01 00:00:29.118 492 492 E APM_AudioPolicyManager: true -1 -1 40000000 : 00,
01-01 00:00:29.118 492 492 V APM_AudioPolicyManager: isVolumeConsistentForCalls stream bt sco is replaced, no volume consistency check for calls
01-01 00:00:29.118 492 492 V APM_AudioPolicyManager: checkAndSetVolume if deviceTypes is change from none to device 0x2, need get index 0
01-01 00:00:29.118 492 492 E APM_AudioPolicyManager: invalid volume index range in the curve:
01-01 00:00:29.118 492 492 E APM_AudioPolicyManager: Can be muted Index Min Index Max Index Cur [device : index]...
01-01 00:00:29.118 492 492 E APM_AudioPolicyManager: true -1 -1 40000000 : 00,
01-01 00:00:29.118 492 492 V APM_AudioPolicyManager: isVolumeConsistentForCalls stream bt sco is replaced, no volume consistency check for calls
01-01 00:00:29.118 492 492 V APM_AudioPolicyManager: checkAndSetVolume if deviceTypes is change from none to device 0x2, need get index 0
01-01 00:00:29.118 492 492 E APM_AudioPolicyManager: invalid volume index range in the curve:
01-01 00:00:29.118 492 492 E APM_AudioPolicyManager: Can be muted Index Min Index Max Index Cur [device : index]...
01-01 00:00:29.118 492 492 E APM_AudioPolicyManager: true -1 -1 40000000 : 00,
01-01 00:00:29.118 492 492 V APM_AudioPolicyManager: isVolumeConsistentForCalls stream bt sco is replaced, no volume consistency check for calls
01-01 00:00:29.118 492 492 V APM_AudioPolicyManager: checkAndSetVolume if deviceTypes is change from none to device 0x2, need get index 0
01-01 00:00:29.118 492 492 E APM_AudioPolicyManager: invalid volume index range in the curve:
01-01 00:00:29.118 492 492 E APM_AudioPolicyManager: Can be muted Index Min Index Max Index Cur [device : index]...
01-01 00:00:29.118 492 492 E APM_AudioPolicyManager: true -1 -1 40000000 : 00,
01-01 00:00:29.118 492 492 V APM_AudioPolicyManager: isVolumeConsistentForCalls stream bt sco is replaced, no volume consistency check for calls
01-01 00:00:29.118 492 492 V APM_AudioPolicyManager: checkAndSetVolume if deviceTypes is change from none to device 0x2, need get index 0
01-01 00:00:29.118 492 492 E APM_AudioPolicyManager: invalid volume index range in the curve:
01-01 00:00:29.118 492 492 E APM_AudioPolicyManager: Can be muted Index Min Index Max Index Cur [device : index]...
01-01 00:00:29.118 492 492 E APM_AudioPolicyManager: true -1 -1 40000000 : 00,
01-01 00:00:29.118 492 492 V APM_AudioPolicyManager: isVolumeConsistentForCalls stream bt sco is replaced, no volume consistency check for calls
01-01 00:00:29.118 492 492 V APM_AudioPolicyManager: checkAndSetVolume if deviceTypes is change from none to device 0x2, need get index 0
01-01 00:00:29.118 492 492 E APM_AudioPolicyManager: invalid volume index range in the curve:
01-01 00:00:29.118 492 492 E APM_AudioPolicyManager: Can be muted Index Min Index Max Index Cur [device : index]...
01-01 00:00:29.118 492 492 E APM_AudioPolicyManager: true -1 -1 40000000 : 00,
01-01 00:00:29.118 492 492 V APM_AudioPolicyManager: isVolumeConsistentForCalls stream bt sco is replaced, no volume consistency check for calls
01-01 00:00:29.118 492 492 V APM_AudioPolicyManager: checkAndSetVolume if deviceTypes is change from none to device 0x2, need get index 0
01-01 00:00:29.118 492 492 E APM_AudioPolicyManager: invalid volume index range in the curve:
01-01 00:00:29.118 492 492 E APM_AudioPolicyManager: Can be muted Index Min Index Max Index Cur [device : index]...
01-01 00:00:29.118 492 492 E APM_AudioPolicyManager: true -1 -1 40000000 : 00,
01-01 00:00:29.118 492 492 V APM_AudioPolicyManager: isVolumeConsistentForCalls stream bt sco is replaced, no volume consistency check for calls
01-01 00:00:29.118 492 492 V APM_AudioPolicyManager: checkAndSetVolume if deviceTypes is change from none to device 0x2, need get index 0
01-01 00:00:29.118 492 492 E APM_AudioPolicyManager: invalid volume index range in the curve:
01-01 00:00:29.118 492 492 E APM_AudioPolicyManager: Can be muted Index Min Index Max Index Cur [device : index]...
01-01 00:00:29.118 492 492 E APM_AudioPolicyManager: true -1 -1 40000000 : 00,
01-01 00:00:29.118 492 492 V APM_AudioPolicyManager: isVolumeConsistentForCalls stream bt sco is replaced, no volume consistency check for calls
01-01 00:00:29.118 492 492 V APM_AudioPolicyManager: checkAndSetVolume if deviceTypes is change from none to device 0x2, need get index 0
01-01 00:00:29.118 492 492 E APM_AudioPolicyManager: invalid volume index range in the curve:
01-01 00:00:29.118 492 492 E APM_AudioPolicyManager: Can be muted Index Min Index Max Index Cur [device : index]...
01-01 00:00:29.118 492 492 E APM_AudioPolicyManager: true -1 -1 40000000 : 00,
01-01 00:00:29.118 492 492 V APM_AudioPolicyManager: isVolumeConsistentForCalls stream bt sco is replaced, no volume consistency check for calls
01-01 00:00:29.119 492 492 V APM_AudioPolicyManager: checkAndSetVolume if deviceTypes is change from none to device 0x2, need get index 0
01-01 00:00:29.119 492 492 E APM_AudioPolicyManager: invalid volume index range in the curve:
01-01 00:00:29.119 492 492 E APM_AudioPolicyManager: Can be muted Index Min Index Max Index Cur [device : index]...
01-01 00:00:29.119 492 492 E APM_AudioPolicyManager: true -1 -1 40000000 : 00,
01-01 00:00:29.119 492 492 V APM_AudioPolicyManager: isVolumeConsistentForCalls stream bt sco is replaced, no volume consistency check for calls
01-01 00:00:29.119 492 492 V APM_AudioPolicyManager: checkAndSetVolume if deviceTypes is change from none to device 0x2, need get index 0
01-01 00:00:29.119 492 492 E APM_AudioPolicyManager: invalid volume index range in the curve:
01-01 00:00:29.119 492 492 E APM_AudioPolicyManager: Can be muted Index Min Index Max Index Cur [device : index]...
01-01 00:00:29.119 492 492 E APM_AudioPolicyManager: true -1 -1 40000000 : 00,
01-01 00:00:29.119 492 492 V APM_AudioPolicyManager: isVolumeConsistentForCalls stream bt sco is replaced, no volume consistency check for calls
01-01 00:00:29.119 492 492 V APM_AudioPolicyManager: checkAndSetVolume if deviceTypes is change from none to device 0x2, need get index 0
01-01 00:00:29.119 492 492 E APM_AudioPolicyManager: invalid volume index range in the curve:
01-01 00:00:29.119 492 492 E APM_AudioPolicyManager: Can be muted Index Min Index Max Index Cur [device : index]...
01-01 00:00:29.119 492 492 E APM_AudioPolicyManager: true -1 -1 40000000 : 00,
01-01 00:00:29.119 492 492 V APM_AudioPolicyManager: isVolumeConsistentForCalls stream bt sco is replaced, no volume consistency check for calls
01-01 00:00:29.119 492 492 V APM_AudioPolicyManager: checkAndSetVolume if deviceTypes is change from none to device 0x2, need get index 0
01-01 00:00:29.119 492 492 V APM_AudioPolicyManager: computeVolume volume source 15, index 0, devices 0x2, compute internal 1
01-01 00:00:29.141 492 492 W AudioFlinger: moveEffects() AUDIO_SESSION_OUTPUT_MIX not found in orphans, checking other mix
01-01 00:00:29.141 492 492 W AudioFlinger: moveEffects() bad srcIo 0
01-01 00:00:29.141 492 492 V APM_AudioPolicyManager: selectOutputForMusicEffects selected output 13
01-01 00:00:29.141 492 492 V APM_AudioPolicyManager: setOutputDevices caller onNewAudioModulesAvailableInt[[portId:1][io:13, primary output]] device {AUDIO_DEVICE_OUT_SPEAKER, @:} delayMs 0
01-01 00:00:29.141 492 492 V APM_AudioPolicyManager: setOutputDevices caller onNewAudioModulesAvailableInt[[portId:1][io:13, primary output]] prevDevice {AUDIO_DEVICE_OUT_SPEAKER, @:}
01-01 00:00:29.143 492 492 I APM::AudioPolicyEngine: getDevicesForStrategyInt no device found for strategy 7
01-01 00:00:29.143 492 492 W APM::AudioPolicyEngine: getDevicesForStrategyInt unknown strategy: 10
01-01 00:00:29.143 492 492 I APM::AudioPolicyEngine: getDevicesForStrategyInt no device found for strategy 10
01-01 00:00:29.143 492 492 V APM_AudioPolicyManager: setOutputDevices caller onNewAudioModulesAvailableInt[[portId:1][io:13, primary output]] changing device to {AUDIO_DEVICE_OUT_SPEAKER, @:}
01-01 00:00:29.186 492 576 D DeviceHalAidl: [default] createAudioPatch: sources: 1 sinks 1
01-01 00:00:29.187 492 576 D Hal2AidlMapper: [default] createOrUpdatePatch: patch ID: 0, [disregard IDs] sources: [AudioPortConfig{id: 1, portId: 0, sampleRate: Int{value: 44100}, channelMask: AudioChannelLayout{layoutMask: 3}, format: AudioFormatDescription{type: PCM, pcm: INT_32_BIT, encoding: }, gain: (null), flags: AudioIoFlags{output: 2}, ext: AudioPortExt{mix: AudioPortMixExt{handle: 13, usecase: AudioPortMixExtUseCase{stream: SYS_RESERVED_DEFAULT}, maxOpenStreamCount: 0, maxActiveStreamCount: 0, recommendedMuteDurationMs: 0}}}], sinks: [AudioPortConfig{id: 2, portId: 0, sampleRate: (null), channelMask: (null), format: (null), gain: (null), flags: (null), ext: AudioPortExt{device: AudioPortDeviceExt{device: AudioDevice{type: AudioDeviceDescription{type: OUT_SPEAKER, connection: }, address: AudioDeviceAddress{id: }}, flags: 0, encodedFormats: [], encapsulationModes: 0, encapsulationMetadataTypes: 0}}}]
01-01 00:00:29.187 492 576 D Hal2AidlMapper: [default] findOrCreatePortConfig: device port config does not have audio or gain config specified
01-01 00:00:29.187 492 576 I Hal2AidlMapper: [default] createOrUpdatePatch: Updating transient patch. Current: AudioPatch{id: 1, sourcePortConfigIds: [6], sinkPortConfigIds: [5], minimumStreamBufferSizeFrames: 4096, latenciesMs: [85]}, new: AudioPatch{id: 1, sourcePortConfigIds: [6], sinkPortConfigIds: [5], minimumStreamBufferSizeFrames: 0, latenciesMs: []}
01-01 00:00:29.188 478 478 D AHAL_Module: setAudioPatch: default: requested patch AudioPatch{id: 1, sourcePortConfigIds: [6], sinkPortConfigIds: [5], minimumStreamBufferSizeFrames: 0, latenciesMs: []}
01-01 00:00:29.188 478 478 D AHAL_Module: setAudioPatch: default: updated patch AudioPatch{id: 1, sourcePortConfigIds: [6], sinkPortConfigIds: [5], minimumStreamBufferSizeFrames: 4096, latenciesMs: [85]}
01-01 00:00:29.189 478 478 D AHAL_Stream: getRecommendedLatencyModes
01-01 00:00:29.190 492 576 E StreamHalAidl: Function: getRecommendedLatencyModes Line: 974 Failed
01-01 00:00:29.192 478 478 D AHAL_Stream: updateMetadataCommon
01-01 00:00:29.193 492 492 V APM_AudioPolicyManager: setOutputDevices() AF::createAudioPatch returned 0 patchHandle 12 num_sources 1 num_sinks 1
01-01 00:00:29.200 492 492 V APM_AudioPolicyManager: isVolumeConsistentForCalls stream bt sco is replaced, no volume consistency check for calls
01-01 00:00:29.200 492 492 V APM_AudioPolicyManager: computeVolume volume source 1, index 0, devices 0x2, compute internal 1
01-01 00:00:29.200 492 492 V APM_AudioPolicyManager: isVolumeConsistentForCalls stream bt sco is replaced, no volume consistency check for calls
01-01 00:00:29.200 492 492 V APM_AudioPolicyManager: computeVolume volume source 2, index 0, devices 0x2, compute internal 1
01-01 00:00:29.200 492 492 V APM_AudioPolicyManager: isVolumeConsistentForCalls stream bt sco is replaced, no volume consistency check for calls
01-01 00:00:29.200 492 492 V APM_AudioPolicyManager: isVolumeConsistentForCalls stream bt sco is replaced, no volume consistency check for calls
01-01 00:00:29.210 492 492 V APM_AudioPolicyManager: isVolumeConsistentForCalls stream bt sco is replaced, no volume consistency check for calls
01-01 00:00:29.210 492 492 V APM_AudioPolicyManager: isVolumeConsistentForCalls stream bt sco is replaced, no volume consistency check for calls
01-01 00:00:29.210 492 492 V APM_AudioPolicyManager: isVolumeConsistentForCalls stream bt sco is replaced, no volume consistency check for calls
01-01 00:00:29.210 492 492 V APM_AudioPolicyManager: isVolumeConsistentForCalls stream bt sco is replaced, no volume consistency check for calls
01-01 00:00:29.210 492 492 V APM_AudioPolicyManager: isVolumeConsistentForCalls stream bt sco is replaced, no volume consistency check for calls
01-01 00:00:29.210 492 492 V APM_AudioPolicyManager: isVolumeConsistentForCalls stream bt sco is replaced, no volume consistency check for calls
01-01 00:00:29.210 492 492 V APM_AudioPolicyManager: isVolumeConsistentForCalls stream bt sco is replaced, no volume consistency check for calls
01-01 00:00:29.210 492 492 V APM_AudioPolicyManager: isVolumeConsistentForCalls stream bt sco is replaced, no volume consistency check for calls
01-01 00:00:29.210 492 492 V APM_AudioPolicyManager: isVolumeConsistentForCalls stream bt sco is replaced, no volume consistency check for calls
01-01 00:00:29.210 492 492 V APM_AudioPolicyManager: isVolumeConsistentForCalls stream bt sco is replaced, no volume consistency check for calls
01-01 00:00:29.210 492 492 V APM_AudioPolicyManager: isVolumeConsistentForCalls stream bt sco is replaced, no volume consistency check for calls
01-01 00:00:29.210 492 492 V APM_AudioPolicyManager: computeVolume volume source 15, index 0, devices 0x2, compute internal 1
01-01 00:00:29.211 492 492 D DeviceHalAidl: [default] openInputStream: handle: 14 devices 80000004 flags 0
01-01 00:00:29.211 492 492 D Hal2AidlMapper: [default] prepareToOpenStream: handle 14, device AudioDevice{type: AudioDeviceDescription{type: IN_MICROPHONE, connection: }, address: AudioDeviceAddress{id: bottom}}, flags AudioIoFlags{input: 0}, source MIC, config AudioConfig{base: AudioConfigBase{sampleRate: 44100, channelMask: AudioChannelLayout{layoutMask: 3}, format: AudioFormatDescription{type: PCM, pcm: INT_32_BIT, encoding: }}, offloadInfo: AudioOffloadInfo{base: AudioConfigBase{sampleRate: 0, channelMask: AudioChannelLayout{none: 0}, format: AudioFormatDescription{type: DEFAULT, pcm: DEFAULT, encoding: }}, streamType: VOICE_CALL, bitRatePerSecond: 0, durationUs: 0, hasVideo: false, isStreaming: false, bitWidth: 16, offloadBufferSize: 0, usage: UNKNOWN, encapsulationMode: NONE, contentId: 0, syncId: 0}, frameCount: 0}, mixport config AudioPortConfig{id: 0, portId: 0, sampleRate: (null), channelMask: (null), format: (null), gain: (null), flags: (null), ext: AudioPortExt{unspecified: false}}
01-01 00:00:29.211 478 478 D AHAL_Module: setAudioPortConfigImpl: default: requested AudioPortConfig{id: 0, portId: 2, sampleRate: Int{value: 44100}, channelMask: AudioChannelLayout{layoutMask: 3}, format: AudioFormatDescription{type: PCM, pcm: INT_32_BIT, encoding: }, gain: (null), flags: (null), ext: AudioPortExt{unspecified: false}}
01-01 00:00:29.212 478 478 D AHAL_Module: setAudioPortConfigImpl: default: not applied; existing config ? 0; requested is valid? 1, fully specified? 0
01-01 00:00:29.213 452 452 I zygote64: Initializing ART runtime metrics
01-01 00:00:29.218 478 478 D AHAL_Module: setAudioPortConfigImpl: default: requested AudioPortConfig{id: 0, portId: 2, sampleRate: Int{value: 44100}, channelMask: AudioChannelLayout{layoutMask: 3}, format: AudioFormatDescription{type: PCM, pcm: INT_32_BIT, encoding: }, gain: (null), flags: AudioIoFlags{input: 0}, ext: AudioPortExt{device: AudioPortDeviceExt{device: AudioDevice{type: AudioDeviceDescription{type: IN_MICROPHONE, connection: }, address: AudioDeviceAddress{id: bottom}}, flags: 1, encodedFormats: [], encapsulationModes: 0, encapsulationMetadataTypes: 0}}}
01-01 00:00:29.219 478 478 D AHAL_Module: setAudioPortConfigImpl: default: created new port config AudioPortConfig{id: 7, portId: 2, sampleRate: Int{value: 44100}, channelMask: AudioChannelLayout{layoutMask: 3}, format: AudioFormatDescription{type: PCM, pcm: INT_32_BIT, encoding: }, gain: (null), flags: AudioIoFlags{input: 0}, ext: AudioPortExt{device: AudioPortDeviceExt{device: AudioDevice{type: AudioDeviceDescription{type: IN_MICROPHONE, connection: }, address: AudioDeviceAddress{id: bottom}}, flags: 1, encodedFormats: [], encapsulationModes: 0, encapsulationMetadataTypes: 0}}}
01-01 00:00:29.226 478 478 D AHAL_Module: setAudioPortConfigImpl: default: requested AudioPortConfig{id: 0, portId: 4, sampleRate: Int{value: 44100}, channelMask: AudioChannelLayout{layoutMask: 3}, format: AudioFormatDescription{type: PCM, pcm: INT_32_BIT, encoding: }, gain: (null), flags: AudioIoFlags{input: 0}, ext: AudioPortExt{mix: AudioPortMixExt{handle: 14, usecase: AudioPortMixExtUseCase{source: MIC}, maxOpenStreamCount: 0, maxActiveStreamCount: 0, recommendedMuteDurationMs: 0}}}
01-01 00:00:29.226 478 478 D AHAL_Module: setAudioPortConfigImpl: default: created new port config AudioPortConfig{id: 8, portId: 4, sampleRate: Int{value: 44100}, channelMask: AudioChannelLayout{layoutMask: 3}, format: AudioFormatDescription{type: PCM, pcm: INT_32_BIT, encoding: }, gain: (null), flags: AudioIoFlags{input: 0}, ext: AudioPortExt{mix: AudioPortMixExt{handle: 14, usecase: AudioPortMixExtUseCase{source: MIC}, maxOpenStreamCount: 0, maxActiveStreamCount: 1, recommendedMuteDurationMs: 0}}}
01-01 00:00:29.228 478 478 D AHAL_Module: setAudioPatch: default: requested patch AudioPatch{id: 0, sourcePortConfigIds: [7], sinkPortConfigIds: [8], minimumStreamBufferSizeFrames: 0, latenciesMs: []}
01-01 00:00:29.228 478 478 D AHAL_Module: setAudioPatch: default: created patch AudioPatch{id: 2, sourcePortConfigIds: [7], sinkPortConfigIds: [8], minimumStreamBufferSizeFrames: 4096, latenciesMs: [85]}
01-01 00:00:29.229 478 478 D AHAL_Module: openInputStream: default: port config id 8, buffer size 4096 frames
01-01 00:00:29.230 478 478 D AHAL_Module: createStreamContext: default: frame size 8 bytes
01-01 00:00:29.230 478 478 D AHAL_Module: getSoundDose: default: returning instance of ISoundDose: 0xb40000725fe8a210
01-01 00:00:29.231 478 478 D AHAL_Stream: StreamIn
01-01 00:00:29.238 478 478 D AHAL_StreamSwitcher: setConnectedDevices: [AudioDevice{type: AudioDeviceDescription{type: IN_MICROPHONE, connection: }, address: AudioDeviceAddress{id: bottom}}]
01-01 00:00:29.238 478 478 D AHAL_StreamPrimary: switchCurrentStream
01-01 00:00:29.239 478 478 D AHAL_StreamSwitcher: setConnectedDevices: connected devices changed, switching stream
01-01 00:00:29.239 478 478 D AHAL_Stream: prepareToClose
01-01 00:00:29.239 452 452 D nativeloader: InitDefaultPublicLibraries for_preload=1: libandroid.so:libaaudio.so:libamidi.so:libbinder_ndk.so:libc.so:libcamera2ndk.so:libdl.so:libEGL.so:libGLESv1_CM.so:libGLESv2.so:libGLESv3.so:libicu.so:libicui18n.so:libicuuc.so:libjnigraphics.so:liblog.so:libmediandk.so:libm.so:libnativehelper.so:libnativewindow.so:libOpenMAXAL.so:libOpenSLES.so:libRS.so:libstdc++.so:libsync.so:libvulkan.so:libwebviewchromium_plat_support.so:libz.so
01-01 00:00:29.240 478 478 D AHAL_Stream: close
01-01 00:00:29.240 478 478 D AHAL_Stream: stopWorker: asking the worker to exit...
01-01 00:00:29.240 478 478 D AHAL_Stream: stopWorker: done
01-01 00:00:29.240 478 579 D AHAL_Stream: cycle: received command Command{halReservedExit: 290760920} in reader
01-01 00:00:29.241 478 478 D AHAL_Stream: close: joining the worker thread...
01-01 00:00:29.241 478 478 D AHAL_Stream: close: worker thread joined
01-01 00:00:29.247 478 478 D AHAL_StreamSwitcher: getStreamCommonCommon: returning 0xb40000733fef2190
01-01 00:00:29.254 492 492 D StreamHalAidl: [in|ioHandle:14] StreamHalAidl
01-01 00:00:29.258 492 492 D StreamHalAidl: [in|ioHandle:14] getAudioProperties
01-01 00:00:29.258 492 492 D StreamHalAidl: [in|ioHandle:14] getFrameSize
01-01 00:00:29.259 492 492 D StreamHalAidl: [in|ioHandle:14] getAudioProperties
01-01 00:00:29.260 492 492 D StreamHalAidl: [in|ioHandle:14] getAudioProperties
01-01 00:00:29.260 492 492 D StreamHalAidl: [in|ioHandle:14] getBufferSize
01-01 00:00:29.260 492 492 I StreamHalAidl: [in|ioHandle:14] getBufferSize: size: 32768
01-01 00:00:29.260 492 492 D StreamHalAidl: [in|ioHandle:14] getBufferSize
01-01 00:00:29.260 492 492 I StreamHalAidl: [in|ioHandle:14] getBufferSize: size: 32768
01-01 00:00:29.260 492 492 D StreamHalAidl: [in|ioHandle:14] getAudioProperties
01-01 00:00:29.275 492 581 I AudioFlinger: AudioFlinger's thread 0xb400007f730cbb18 tid=581 ready to run
01-01 00:00:29.275 492 581 D StreamHalAidl: [in|ioHandle:14] standby
01-01 00:00:29.275 492 581 W AudioFlinger: no wake lock to update, system not ready yet
01-01 00:00:29.275 492 581 D StreamHalAidl: [in|ioHandle:14] standby
01-01 00:00:29.276 492 492 D StreamHalAidl: [in|ioHandle:14] dump
01-01 00:00:29.284 492 581 W AudioFlinger: no wake lock to update, system not ready yet
01-01 00:00:29.285 492 492 D StreamHalAidl: [in|ioHandle:14] ~StreamHalAidl
01-01 00:00:29.285 478 478 D AHAL_Stream: prepareToClose
01-01 00:00:29.285 478 478 D AHAL_Stream: close
01-01 00:00:29.285 478 478 D AHAL_Stream: stopWorker: asking the worker to exit...
01-01 00:00:29.285 478 478 D AHAL_Stream: stopWorker: done
01-01 00:00:29.285 478 478 D AHAL_Stream: close: joining the worker thread...
01-01 00:00:29.285 478 580 D AHAL_Stream: cycle: received command Command{halReservedExit: 290760927} in reader
01-01 00:00:29.285 478 478 D AHAL_Stream: close: worker thread joined
01-01 00:00:29.288 492 492 D DeviceHalAidl: [r_submix] openInputStream: handle: 22 devices 80000100 flags 0
01-01 00:00:29.288 492 492 D Hal2AidlMapper: [r_submix] prepareToOpenStream: handle 22, device AudioDevice{type: AudioDeviceDescription{type: IN_SUBMIX, connection: virtual}, address: AudioDeviceAddress{id: 0}}, flags AudioIoFlags{input: 0}, source MIC, config AudioConfig{base: AudioConfigBase{sampleRate: 48000, channelMask: AudioChannelLayout{layoutMask: 3}, format: AudioFormatDescription{type: PCM, pcm: INT_16_BIT, encoding: }}, offloadInfo: AudioOffloadInfo{base: AudioConfigBase{sampleRate: 0, channelMask: AudioChannelLayout{none: 0}, format: AudioFormatDescription{type: DEFAULT, pcm: DEFAULT, encoding: }}, streamType: VOICE_CALL, bitRatePerSecond: 0, durationUs: 0, hasVideo: false, isStreaming: false, bitWidth: 16, offloadBufferSize: 0, usage: UNKNOWN, encapsulationMode: NONE, contentId: 0, syncId: 0}, frameCount: 0}, mixport config AudioPortConfig{id: 0, portId: 0, sampleRate: (null), channelMask: (null), format: (null), gain: (null), flags: (null), ext: AudioPortExt{unspecified: false}}
01-01 00:00:29.288 478 478 D AHAL_Module: setAudioPortConfigImpl: r_submix: requested AudioPortConfig{id: 0, portId: 5, sampleRate: Int{value: 48000}, channelMask: AudioChannelLayout{layoutMask: 3}, format: AudioFormatDescription{type: PCM, pcm: INT_16_BIT, encoding: }, gain: (null), flags: (null), ext: AudioPortExt{unspecified: false}}
01-01 00:00:29.288 478 478 D AHAL_Module: setAudioPortConfigImpl: r_submix: not applied; existing config ? 0; requested is valid? 1, fully specified? 0
01-01 00:00:29.289 478 478 D AHAL_Module: setAudioPortConfigImpl: r_submix: requested AudioPortConfig{id: 0, portId: 5, sampleRate: Int{value: 48000}, channelMask: AudioChannelLayout{layoutMask: 3}, format: AudioFormatDescription{type: PCM, pcm: INT_16_BIT, encoding: }, gain: (null), flags: AudioIoFlags{input: 0}, ext: AudioPortExt{device: AudioPortDeviceExt{device: AudioDevice{type: AudioDeviceDescription{type: IN_SUBMIX, connection: virtual}, address: AudioDeviceAddress{id: 0}}, flags: 0, encodedFormats: [], encapsulationModes: 0, encapsulationMetadataTypes: 0}}}
01-01 00:00:29.289 478 478 D AHAL_Module: setAudioPortConfigImpl: r_submix: created new port config AudioPortConfig{id: 7, portId: 5, sampleRate: Int{value: 48000}, channelMask: AudioChannelLayout{layoutMask: 3}, format: AudioFormatDescription{type: PCM, pcm: INT_16_BIT, encoding: }, gain: (null), flags: AudioIoFlags{input: 0}, ext: AudioPortExt{device: AudioPortDeviceExt{device: AudioDevice{type: AudioDeviceDescription{type: IN_SUBMIX, connection: virtual}, address: AudioDeviceAddress{id: 0}}, flags: 0, encodedFormats: [], encapsulationModes: 0, encapsulationMetadataTypes: 0}}}
01-01 00:00:29.290 478 478 D AHAL_Module: setAudioPortConfigImpl: r_submix: requested AudioPortConfig{id: 0, portId: 4, sampleRate: Int{value: 48000}, channelMask: AudioChannelLayout{layoutMask: 3}, format: AudioFormatDescription{type: PCM, pcm: INT_16_BIT, encoding: }, gain: (null), flags: AudioIoFlags{input: 0}, ext: AudioPortExt{mix: AudioPortMixExt{handle: 22, usecase: AudioPortMixExtUseCase{source: MIC}, maxOpenStreamCount: 0, maxActiveStreamCount: 0, recommendedMuteDurationMs: 0}}}
01-01 00:00:29.290 478 478 D AHAL_Module: setAudioPortConfigImpl: r_submix: created new port config AudioPortConfig{id: 8, portId: 4, sampleRate: Int{value: 48000}, channelMask: AudioChannelLayout{layoutMask: 3}, format: AudioFormatDescription{type: PCM, pcm: INT_16_BIT, encoding: }, gain: (null), flags: AudioIoFlags{input: 0}, ext: AudioPortExt{mix: AudioPortMixExt{handle: 22, usecase: AudioPortMixExtUseCase{source: MIC}, maxOpenStreamCount: 10, maxActiveStreamCount: 10, recommendedMuteDurationMs: 0}}}
01-01 00:00:29.291 478 478 D AHAL_Module: setAudioPatch: r_submix: requested patch AudioPatch{id: 0, sourcePortConfigIds: [7], sinkPortConfigIds: [8], minimumStreamBufferSizeFrames: 0, latenciesMs: []}
01-01 00:00:29.291 478 478 D AHAL_Module: setAudioPatch: r_submix: created patch AudioPatch{id: 1, sourcePortConfigIds: [7], sinkPortConfigIds: [8], minimumStreamBufferSizeFrames: 1024, latenciesMs: [21]}
01-01 00:00:29.291 478 478 D AHAL_Module: openInputStream: r_submix: port config id 8, buffer size 1024 frames
01-01 00:00:29.291 478 478 D AHAL_Module: createStreamContext: r_submix: frame size 4 bytes
01-01 00:00:29.291 478 478 D AHAL_Module: getSoundDose: r_submix: returning instance of ISoundDose: 0xb40000725fe88c10
01-01 00:00:29.293 478 478 D AHAL_Stream: StreamIn
01-01 00:00:29.294 478 478 D AHAL_StreamSwitcher: setConnectedDevices: [AudioDevice{type: AudioDeviceDescription{type: IN_SUBMIX, connection: virtual}, address: AudioDeviceAddress{id: 0}}]
01-01 00:00:29.294 478 478 D AHAL_StreamSwitcher: setConnectedDevices: connected devices changed, switching stream
01-01 00:00:29.294 478 478 D AHAL_Stream: prepareToClose
01-01 00:00:29.294 478 478 D AHAL_Stream: close
01-01 00:00:29.294 478 478 D AHAL_Stream: stopWorker: asking the worker to exit...
01-01 00:00:29.294 478 478 D AHAL_Stream: stopWorker: done
01-01 00:00:29.294 478 478 D AHAL_Stream: close: joining the worker thread...
01-01 00:00:29.298 478 583 D AHAL_Stream: cycle: received command Command{halReservedExit: 326932794} in reader
01-01 00:00:29.299 478 478 D AHAL_Stream: close: worker thread joined
01-01 00:00:29.303 478 478 D AHAL_StreamSwitcher: getStreamCommonCommon: returning 0xb40000733fef1380
01-01 00:00:29.303 492 492 D StreamHalAidl: [in|ioHandle:22] StreamHalAidl
01-01 00:00:29.303 492 492 D StreamHalAidl: [in|ioHandle:22] getAudioProperties
01-01 00:00:29.304 492 492 D StreamHalAidl: [in|ioHandle:22] getFrameSize
01-01 00:00:29.304 492 492 D StreamHalAidl: [in|ioHandle:22] getAudioProperties
01-01 00:00:29.304 492 492 D StreamHalAidl: [in|ioHandle:22] getAudioProperties
01-01 00:00:29.304 492 492 D StreamHalAidl: [in|ioHandle:22] getBufferSize
01-01 00:00:29.304 492 492 I StreamHalAidl: [in|ioHandle:22] getBufferSize: size: 4096
01-01 00:00:29.305 492 492 D StreamHalAidl: [in|ioHandle:22] getBufferSize
01-01 00:00:29.305 492 492 I StreamHalAidl: [in|ioHandle:22] getBufferSize: size: 4096
01-01 00:00:29.305 492 492 D StreamHalAidl: [in|ioHandle:22] getAudioProperties
01-01 00:00:29.306 492 492 D StreamHalAidl: [in|ioHandle:22] dump
01-01 00:00:29.310 492 585 I AudioFlinger: AudioFlinger's thread 0xb400007f730cbb18 tid=585 ready to run
01-01 00:00:29.310 492 585 D StreamHalAidl: [in|ioHandle:22] standby
01-01 00:00:29.310 492 585 W AudioFlinger: no wake lock to update, system not ready yet
01-01 00:00:29.310 492 585 D StreamHalAidl: [in|ioHandle:22] standby
01-01 00:00:29.311 492 585 W AudioFlinger: no wake lock to update, system not ready yet
01-01 00:00:29.318 492 492 D StreamHalAidl: [in|ioHandle:22] ~StreamHalAidl
01-01 00:00:29.319 478 478 D AHAL_Stream: close
01-01 00:00:29.319 478 478 D AHAL_Stream: stopWorker: asking the worker to exit...
01-01 00:00:29.319 478 478 D AHAL_Stream: stopWorker: done
01-01 00:00:29.319 478 478 D AHAL_Stream: close: joining the worker thread...
01-01 00:00:29.319 478 584 D AHAL_Stream: cycle: received command Command{halReservedExit: 326932789} in reader
01-01 00:00:29.319 478 584 D AHAL_StreamRemoteSubmix: shutdown: pipe destroyed
01-01 00:00:29.322 478 478 D AHAL_Stream: close: worker thread joined
01-01 00:00:29.335 525 525 I mediaserver: ServiceManager: 0xb400007777796200
01-01 00:00:29.341 492 492 I APM::AudioPolicyEngine: getDevicesForStrategyInt no device found for strategy 7
01-01 00:00:29.342 492 492 W APM::AudioPolicyEngine: getDevicesForStrategyInt unknown strategy: 10
01-01 00:00:29.342 492 492 I APM::AudioPolicyEngine: getDevicesForStrategyInt no device found for strategy 10
01-01 00:00:29.352 241 241 I servicemanager: Caller(pid=492,uid=1041,sid=u:r:audioserver:s0) Found android.hardware.audio.effect.IFactory/default in device VINTF manifest.
01-01 00:00:29.350 492 492 I FactoryHal: hasAidlHalService android.hardware.audio.effect.IFactory/default: true, version AudioHalVersion{type: AIDL, major: 1, minor: 0}
01-01 00:00:29.356 241 241 I servicemanager: Caller(pid=492,uid=1041,sid=u:r:audioserver:s0) Found android.hardware.audio.core.IModule/default in device VINTF manifest.
01-01 00:00:29.354 492 492 I FactoryHal: hasAidlHalService android.hardware.audio.core.IModule/default: true, version AudioHalVersion{type: AIDL, major: 1, minor: 0}
01-01 00:00:29.358 525 525 W BatteryNotifier: batterystats service unavailable!
01-01 00:00:29.361 492 492 I EffectsFactoryHalAidl: EffectsFactoryHalAidl with 2 nonProxyEffects and 0 proxyEffects
01-01 00:00:29.361 492 492 E AudioPolicyEffects: loadAudioEffectConfig_ll Null processings with 0 skipped elements
01-01 00:00:29.361 492 492 W AudioPolicyEffects: Failed to query effect configuration, fallback to load .conf
01-01 00:00:29.366 241 241 I servicemanager: Caller(pid=492,uid=1041,sid=u:r:audioserver:s0) Since 'activity' could not be found trying to start it as a lazy AIDL service. (if it's not configured to be a lazy service, it may be stuck starting or still starting).
01-01 00:00:29.369 1 1 E init : Control message: Could not find 'aidl/activity' for ctl.interface_start from pid: 241 (/system/bin/servicemanager)
01-01 00:00:29.370 525 525 W BatteryNotifier: batterystats service unavailable!
01-01 00:00:29.378 241 587 W libc : Unable to set property "ctl.interface_start" to "aidl/activity": PROP_ERROR_HANDLE_CONTROL_MESSAGE (0x20)
01-01 00:00:29.382 587 587 I servicemanager: Caller(pid=492,uid=1041,sid=u:r:audioserver:s0) Tried to start aidl service activity as a lazy service, but was unable to. Usually this happens when a service is not installed, but if the service is intended to be used as a lazy service, then it may be configured incorrectly.
01-01 00:00:29.445 515 515 I cameraserver: ServiceManager: 0xb40000722df970b0
01-01 00:00:29.448 515 515 I CameraService: CameraService started (pid=515)
01-01 00:00:29.448 515 515 I CameraService: CameraService process starting
01-01 00:00:29.450 515 515 W BatteryNotifier: batterystats service unavailable!
01-01 00:00:29.451 515 515 W cameraserver[515]: memfd_create() called without MFD_EXEC or MFD_NOEXEC_SEAL set
01-01 00:00:29.451 515 515 W BatteryNotifier: batterystats service unavailable!
01-01 00:00:29.452 452 452 D nativeloader: Load libicu_jni.so using APEX ns com_android_art for caller /apex/com.android.art/javalib/core-oj.jar: ok
01-01 00:00:29.464 515 515 I cameraserver: Connecting to new camera provider: android.hardware.camera.provider.ICameraProvider/external/0, isRemote? 1
01-01 00:00:29.469 515 515 W cameraserver: AIBinder_linkToDeath is being called with a non-null cookie and no onUnlink callback set. This might not be intended. AIBinder_DeathRecipient_setOnUnlinked should be called first.
01-01 00:00:29.469 515 515 W BpBinder: Linking to death on android.hardware.camera.provider.ICameraProvider but there are no threads (yet?) listening to incoming transactions. See ProcessState::startThreadPool and ProcessState::setThreadPoolMaxThreadCount. Generally you should setup the binder threadpool before other initialization steps.
01-01 00:00:29.471 515 515 I CameraProviderManager: Camera provider android.hardware.camera.provider.ICameraProvider/external/0 ready with 0 camera devices
01-01 00:00:29.473 452 452 D zygote64: u_setTimeZoneFilesDirectory("/apex/com.android.tzdata/etc/tz/versioned/8/icu") succeeded.
01-01 00:00:29.474 515 515 I cameraserver: Connecting to new camera provider: android.hardware.camera.provider.ICameraProvider/libcamera/0, isRemote? 1
01-01 00:00:29.475 515 515 W cameraserver: AIBinder_linkToDeath is being called with a non-null cookie and no onUnlink callback set. This might not be intended. AIBinder_DeathRecipient_setOnUnlinked should be called first.
01-01 00:00:29.475 515 515 W BpBinder: Linking to death on android.hardware.camera.provider.ICameraProvider but there are no threads (yet?) listening to incoming transactions. See ProcessState::startThreadPool and ProcessState::setThreadPoolMaxThreadCount. Generally you should setup the binder threadpool before other initialization steps.
01-01 00:00:29.476 480 480 D LibcameraProvider: notifyDeviceStateChange: New device state: 0x0
01-01 00:00:29.476 452 452 D zygote64: I18n APEX ICU file found: /apex/com.android.i18n/etc/icu/icudt75l.dat
01-01 00:00:29.476 480 480 I CamComm1.0-CamModule: notifyDeviceStateChange: calling notify_device_state_change with state 0
01-01 00:00:29.477 515 515 I CameraProviderManager: Camera provider android.hardware.camera.provider.ICameraProvider/libcamera/0 ready with 0 camera devices
01-01 00:00:29.481 515 515 D CameraProviderManager: tryGetService: AIDL Camera provider HAL 'android.hardware.camera.provider.ICameraProvider/virtual/0' is not actually available
01-01 00:00:29.481 515 515 W CameraProviderManager: tryToInitializeAidlProviderLocked: AIDL Camera provider HAL 'android.hardware.camera.provider.ICameraProvider/virtual/0' is not actually available
01-01 00:00:29.490 242 242 I hwservicemanager: getTransport: Cannot find entry android.frameworks.cameraservice.service@2.2::ICameraService/default in either framework or device VINTF manifest.
01-01 00:00:29.490 515 515 E HidlServiceManagement: Service android.frameworks.cameraservice.service@2.2::ICameraService/default must be in VINTF manifest in order to register/get.
01-01 00:00:29.491 515 515 W CameraService: onFirstRef: Did not register default android.frameworks.cameraservice.service@2.2
01-01 00:00:29.495 241 241 I servicemanager: Caller(pid=515,uid=1047,sid=u:r:cameraserver:s0) Found android.frameworks.cameraservice.service.ICameraService/default in framework VINTF manifest.
01-01 00:00:29.495 515 515 I CameraService: CameraService pinged cameraservice proxy
01-01 00:00:29.497 515 515 I cameraserver: ServiceManager: 0xb40000722df970b0 done instantiate
01-01 00:00:29.498 241 241 I servicemanager: Caller(pid=515,uid=1047,sid=u:r:cameraserver:s0) Found android.frameworks.cameraservice.service.ICameraService/default in framework VINTF manifest.
01-01 00:00:29.498 515 515 W CameraProviderManager: addAidlProviderLocked: Camera provider HAL with name 'android.hardware.camera.provider.ICameraProvider/external/0' already registered
01-01 00:00:29.498 515 515 W CameraProviderManager: addAidlProviderLocked: Camera provider HAL with name 'android.hardware.camera.provider.ICameraProvider/libcamera/0' already registered
01-01 00:00:29.509 452 452 D nativeloader: Load libjavacore.so using APEX ns com_android_art for caller /apex/com.android.art/javalib/core-oj.jar: ok
01-01 00:00:29.546 452 452 D nativeloader: Load libopenjdk.so using APEX ns com_android_art for caller /apex/com.android.art/javalib/core-oj.jar: ok
01-01 00:00:29.592 452 452 I zygote64: Using memfd for future sealing
01-01 00:00:29.660 492 563 D AudioSystem: getService: waiting for media.audio_policy
01-01 00:00:29.762 545 545 I adbd : UsbFfs: already offline
01-01 00:00:29.762 545 545 I adbd : authentication not required
01-01 00:00:29.988 452 452 D nativeloader: Load libstats_jni.so using APEX ns com_android_os_statsd for caller /apex/com.android.os.statsd/javalib/framework-statsd.jar: ok
01-01 00:00:29.989 452 452 D Zygote : begin preload
01-01 00:00:29.989 452 452 I Zygote : Calling ZygoteHooks.beginPreload()
01-01 00:00:30.099 452 594 I zygote64: Background verification of 156 classes from boot classpath took 337.735ms
01-01 00:00:30.329 452 452 I Zygote : Preloading classes...
01-01 00:00:30.332 452 452 W Zygote : Class not found for preloading: android.accounts.AccountManager$AmsTask$Response-IA
01-01 00:00:30.333 452 452 W Zygote : Class not found for preloading: android.animation.AnimationHandler$MyFrameCallbackProvider-IA
01-01 00:00:30.334 452 452 W Zygote : Class not found for preloading: android.animation.AnimatorInflater$PathDataEvaluator-IA
01-01 00:00:30.335 452 452 W Zygote : Class not found for preloading: android.animation.AnimatorSet$SeekState-IA
01-01 00:00:30.337 452 452 W Zygote : Class not found for preloading: android.animation.PathKeyframes$SimpleKeyframes-IA
01-01 00:00:30.337 452 452 W Zygote : Class not found for preloading: android.animation.StateListAnimator$Tuple-IA
01-01 00:00:30.339 452 452 W Zygote : Class not found for preloading: android.app.Activity$ManagedDialog-IA
01-01 00:00:30.339 452 452 W Zygote : Class not found for preloading: android.app.ActivityClient$ActivityClientControllerSingleton-IA
01-01 00:00:30.340 452 452 W Zygote : Class not found for preloading: android.app.ActivityManager$RecentTaskInfo-IA
01-01 00:00:30.341 452 452 W Zygote : Class not found for preloading: android.app.ActivityManager$RunningAppProcessInfo-IA
01-01 00:00:30.341 452 452 W Zygote : Class not found for preloading: android.app.ActivityManager$RunningServiceInfo-IA
01-01 00:00:30.342 452 452 W Zygote : Class not found for preloading: android.app.ActivityManager$RunningTaskInfo-IA
01-01 00:00:30.342 452 452 W Zygote : Class not found for preloading: android.app.ActivityManager$TaskDescription-IA
01-01 00:00:30.344 452 452 W Zygote : Class not found for preloading: android.app.ActivityThread$ApplicationThread-IA
01-01 00:00:30.345 452 452 W Zygote : Class not found for preloading: android.app.ActivityThread$Idler-IA
01-01 00:00:30.360 452 452 W Zygote : Class not found for preloading: android.app.ApplicationLoaders$CachedClassLoader-IA
01-01 00:00:30.367 492 492 W ServiceManagerCppClient: Waited one second for activity (is service started? Number of threads started in the threadpool: 16. Are binder threads started and available?)
01-01 00:00:30.377 452 452 W Zygote : Class not found for preloading: android.app.ICompatCameraControlCallback
01-01 00:00:30.382 452 452 W Zygote : Class not found for preloading: android.app.LoadedApk$ServiceDispatcher$ConnectionInfo-IA
01-01 00:00:30.371 241 241 I servicemanager: Caller(pid=492,uid=1041,sid=u:r:audioserver:s0) Since 'activity' could not be found trying to start it as a lazy AIDL service. (if it's not configured to be a lazy service, it may be stuck starting or still starting).
01-01 00:00:30.373 1 1 E init : Control message: Could not find 'aidl/activity' for ctl.interface_start from pid: 241 (/system/bin/servicemanager)
01-01 00:00:30.383 452 452 W Zygote : Class not found for preloading: android.app.LoadedApk$WarningContextClassLoader-IA
01-01 00:00:30.383 241 599 W libc : Unable to set property "ctl.interface_start" to "aidl/activity": PROP_ERROR_HANDLE_CONTROL_MESSAGE (0x20)
01-01 00:00:30.384 452 452 W Zygote : Class not found for preloading: android.app.Notification$Action-IA
01-01 00:00:30.384 452 452 W Zygote : Class not found for preloading: android.app.Notification$BubbleMetadata-IA
01-01 00:00:30.388 452 452 W Zygote : Class not found for preloading: android.app.Notification$StandardTemplateParams-IA
01-01 00:00:30.388 599 599 I servicemanager: Caller(pid=492,uid=1041,sid=u:r:audioserver:s0) Tried to start aidl service activity as a lazy service, but was unable to. Usually this happens when a service is not installed, but if the service is intended to be used as a lazy service, then it may be configured incorrectly.
01-01 00:00:30.391 452 452 W Zygote : Class not found for preloading: android.app.PendingIntent$$ExternalSyntheticLambda3
01-01 00:00:30.392 452 452 W Zygote : Class not found for preloading: android.app.Person$Builder-IA
01-01 00:00:30.396 452 452 W Zygote : Class not found for preloading: android.app.ResourcesManager$ActivityResource-IA
01-01 00:00:30.396 452 452 W Zygote : Class not found for preloading: android.app.ResourcesManager$ActivityResources-IA
01-01 00:00:30.397 452 452 W Zygote : Class not found for preloading: android.app.ResourcesManager$UpdateHandler-IA
01-01 00:00:30.398 452 452 W Zygote : Class not found for preloading: android.app.SharedPreferencesImpl$MemoryCommitResult-IA
01-01 00:00:30.457 452 452 W Zygote : Class not found for preloading: android.app.UiModeManager$OnProjectionStateChangedListenerResourceManager-IA
01-01 00:00:30.465 452 452 W Zygote : Class not found for preloading: android.app.backup.BackupAgent$BackupServiceBinder-IA
01-01 00:00:30.465 452 452 W Zygote : Class not found for preloading: android.app.backup.BackupHelperDispatcher$Header-IA
01-01 00:00:30.468 452 452 W Zygote : Class not found for preloading: android.app.job.JobInfo$TriggerContentUri-IA
01-01 00:00:30.474 452 452 W Zygote : Class not found for preloading: android.app.servertransaction.ObjectPool
01-01 00:00:30.475 452 452 W Zygote : Class not found for preloading: android.app.servertransaction.ObjectPoolItem
01-01 00:00:30.483 452 452 W Zygote : Class not found for preloading: android.content.AbstractThreadedSyncAdapter$ISyncAdapterImpl-IA
01-01 00:00:30.484 452 452 W Zygote : Class not found for preloading: android.content.AbstractThreadedSyncAdapter$SyncThread-IA
01-01 00:00:30.487 452 452 W Zygote : Class not found for preloading: android.content.ClipData$Item-IA
01-01 00:00:30.491 452 452 W Zygote : Class not found for preloading: android.content.ContentProviderClient$NotRespondingRunnable-IA
01-01 00:00:30.491 452 452 W Zygote : Class not found for preloading: android.content.ContentProviderOperation$Builder-IA
01-01 00:00:30.492 452 452 W Zygote : Class not found for preloading: android.content.ContentResolver$ResultListener-IA
01-01 00:00:30.492 452 452 W Zygote : Class not found for preloading: android.content.ContentResolver$StringResultListener-IA
01-01 00:00:30.519 452 452 D nativeloader: Load libjavacrypto.so using APEX ns com_android_conscrypt for caller /apex/com.android.conscrypt/javalib/conscrypt.jar: ok
01-01 00:00:30.565 452 452 W Zygote : Class not found for preloading: android.content.pm.LauncherApps$CallbackMessageHandler$CallbackInfo-IA
01-01 00:00:30.571 452 452 W Zygote : Class not found for preloading: android.content.pm.PackageParser$Activity-IA
01-01 00:00:30.572 452 452 W Zygote : Class not found for preloading: android.content.pm.PackageParser$Permission-IA
01-01 00:00:30.573 452 452 W Zygote : Class not found for preloading: android.content.pm.PackageParser$Provider-IA
01-01 00:00:30.573 452 452 W Zygote : Class not found for preloading: android.content.pm.PackageParser$Service-IA
01-01 00:00:30.586 452 452 W Zygote : Class not found for preloading: android.content.res.AssetManager$AssetInputStream-IA
01-01 00:00:30.589 452 452 W Zygote : Class not found for preloading: android.content.res.Resources$Theme-IA
01-01 00:00:30.589 452 452 W Zygote : Class not found for preloading: android.content.res.ResourcesImpl$LookupStack-IA
01-01 00:00:30.593 452 452 W Zygote : Class not found for preloading: android.database.sqlite.SQLiteConnection$Operation-IA
01-01 00:00:30.600 452 452 W Zygote : Class not found for preloading: android.database.sqlite.SQLiteConnectionPool$ConnectionWaiter-IA
01-01 00:00:30.601 452 452 W Zygote : Class not found for preloading: android.database.sqlite.SQLiteDatabase$OpenParams-IA
01-01 00:00:30.604 452 452 W Zygote : Class not found for preloading: android.database.sqlite.SQLiteSession$Transaction-IA
01-01 00:00:30.604 452 452 W Zygote : Class not found for preloading: android.ddm.DdmHandleAppName$Names-IA
01-01 00:00:30.606 452 452 W Zygote : Class not found for preloading: android.graphics.ColorSpace$Rgb-IA
01-01 00:00:30.610 452 452 W Zygote : Class not found for preloading: android.graphics.HardwareRenderer$FrameRenderRequest-IA
01-01 00:00:30.611 452 452 W Zygote : Class not found for preloading: android.graphics.ImageDecoder$ImageInfo-IA
