04-01 08:46:45.317 612 871 I MR2ServiceImpl: registerManager | callerUid: 10070, callerPid: 838, callerPackage: com.android.systemui, targetPackageName: null, targetUserId: UserHandle{0}, hasMediaRoutingControl: false
04-01 08:46:45.348 838 838 D vol.VolumeDialogImpl: initDialog: called!
04-01 08:46:45.357 838 838 D CompatChangeReporter: Compat change id reported: 309578419; UID 10070; state: ENABLED
04-01 08:46:45.451 838 1126 I vol.Events: writeEvent level_changed STREAM_VOICE_CALL 3
04-01 08:46:45.458 838 1126 I vol.Events: writeEvent level_changed STREAM_SYSTEM 5
04-01 08:46:45.460 838 1126 I vol.Events: writeEvent level_changed STREAM_RING 5
04-01 08:46:45.461 838 1126 I vol.Events: writeEvent level_changed STREAM_MUSIC 5
04-01 08:46:45.464 838 1126 I vol.Events: writeEvent level_changed STREAM_ALARM 6
04-01 08:46:45.475 838 1126 I vol.Events: writeEvent external_ringer_mode_changed unknown
04-01 08:46:45.476 838 1126 I vol.Events: writeEvent zen_mode_config_changed [disallowAlarms=false disallowMedia=false disallowSystem=true disallowRinger=false]
04-01 08:46:45.485 838 838 I TetheringManager: registerTetheringEventCallback:com.android.systemui
04-01 08:46:45.486 838 838 I TetheringManager: registerTetheringEventCallback caller:com.android.systemui
04-01 08:46:45.491 838 838 E BluetoothAdapter: Bluetooth service is null
04-01 08:46:45.543 838 838 V SystemUIBootTiming: StartServices com.android.systemui.communal.CommunalSceneStartable took to complete: 258ms
04-01 08:46:45.545 838 838 V SystemUIBootTiming: StartServices com.android.systemui.communal.domain.interactor.CommunalSceneTransitionInteractor took to complete: 2ms
04-01 08:46:45.546 838 838 V SystemUIBootTiming: StartServices com.android.systemui.communal.log.CommunalLoggerStartable took to complete: 1ms
04-01 08:46:45.548 838 838 V SystemUIBootTiming: StartServices com.android.systemui.communal.widgets.CommunalAppWidgetHostStartable took to complete: 2ms
04-01 08:46:45.556 838 838 V SystemUIBootTiming: StartServices com.android.systemui.controls.start.ControlsStartable took to complete: 8ms
04-01 08:46:45.557 838 838 V SystemUIBootTiming: StartServices com.android.systemui.deviceentry.domain.interactor.DeviceEntryFaceAuthInteractor took to complete: 0ms
04-01 08:46:45.558 838 838 V SystemUIBootTiming: StartServices com.android.systemui.deviceentry.ui.binder.LiftToRunFaceAuthBinder took to complete: 1ms
04-01 08:46:45.562 838 838 D enabledDisplayIds: newValue: [0]
04-01 08:46:45.563 838 838 D ignoredDisplayIds: newValue: []
04-01 08:46:45.564 838 838 V SystemUIBootTiming: StartServices com.android.systemui.display.ui.viewmodel.ConnectingDisplayViewModel took to complete: 6ms
04-01 08:46:45.574 838 994 D DisplayRepository: getInitialConnectedDisplays: [0]
04-01 08:46:45.578 838 992 D connectedDisplayIds: newValue: [0]
04-01 08:46:45.591 838 838 V SystemUIBootTiming: StartServices com.android.systemui.dreams.AssistantAttentionMonitor took to complete: 27ms
04-01 08:46:45.593 838 838 V SystemUIBootTiming: StartServices com.android.systemui.dreams.DreamMonitor took to complete: 1ms
04-01 08:46:45.595 838 838 V SystemUIBootTiming: StartServices com.android.systemui.dreams.homecontrols.HomeControlsDreamStartable took to complete: 2ms
04-01 08:46:45.595 838 838 V SystemUIBootTiming: StartServices com.android.systemui.education.domain.interactor.ContextualEducationInteractor took to complete: 0ms
04-01 08:46:45.595 838 838 V SystemUIBootTiming: StartServices com.android.systemui.education.domain.interactor.KeyboardTouchpadEduInteractor took to complete: 0ms
04-01 08:46:45.595 838 838 V SystemUIBootTiming: StartServices com.android.systemui.education.ui.view.ContextualEduUiCoordinator took to complete: 0ms
04-01 08:46:45.602 838 838 V SystemUIBootTiming: StartServices com.android.systemui.flags.FeatureFlagsDebugStartable took to complete: 7ms
04-01 08:46:45.605 838 838 V SystemUIBootTiming: StartServices com.android.systemui.flags.FlagDependencies took to complete: 3ms
04-01 08:46:45.615 838 838 V SystemUIBootTiming: StartServices com.android.systemui.globalactions.GlobalActionsComponent took to complete: 10ms
04-01 08:46:45.615 838 838 V SystemUIBootTiming: StartServices com.android.systemui.inputdevice.tutorial.KeyboardTouchpadTutorialCoreStartable took to complete: 0ms
04-01 08:46:45.617 838 838 V SystemUIBootTiming: StartServices com.android.systemui.keyboard.KeyboardUI took to complete: 3ms
04-01 08:46:45.629 838 838 V SystemUIBootTiming: StartServices com.android.systemui.keyboard.PhysicalKeyboardCoreStartable took to complete: 11ms
04-01 08:46:45.630 838 838 V SystemUIBootTiming: StartServices com.android.systemui.keyboard.shortcut.data.repository.ShortcutHelperStateRepository took to complete: 0ms
04-01 08:46:45.630 838 838 V SystemUIBootTiming: StartServices com.android.systemui.keyboard.shortcut.ui.ShortcutHelperActivityStarter took to complete: 0ms
04-01 08:46:45.640 838 838 V SystemUIBootTiming: StartServices com.android.systemui.keyguard.KeyguardViewConfigurator took to complete: 10ms
04-01 08:46:45.647 838 1072 D KeyguardViewMediator: updateActivityLockScreenState(false, false, setupLocked - keyguard service enabled)
04-01 08:46:45.666 838 838 V SystemUIBootTiming: StartServices com.android.systemui.keyguard.KeyguardViewMediator took to complete: 25ms
04-01 08:46:45.667 838 838 D ResourceTrimmer: Resource trimmer registered.
04-01 08:46:45.667 838 838 V SystemUIBootTiming: StartServices com.android.systemui.keyguard.ResourceTrimmer took to complete: 1ms
04-01 08:46:45.678 838 1129 D MediaCodecList: codecHandlesFormat: no format, so no extra checks
04-01 08:46:45.682 838 1131 D CCodec : allocate(c2.android.vorbis.decoder)
04-01 08:46:45.689 838 838 D CompatChangeReporter: Compat change id reported: 303742236; UID 10070; state: ENABLED
04-01 08:46:45.692 838 1131 I Codec2Client: Available Codec2 services: "default" "software"
04-01 08:46:45.696 838 1130 D MediaCodecList: codecHandlesFormat: no format, so no extra checks
04-01 08:46:45.697 838 1131 I CCodec : setting up 'default' as default (vendor) store
04-01 08:46:45.703 474 507 I ComponentStore: createComponent(): Invalid component name: c2.android.vorbis.decoder
04-01 08:46:45.703 838 1133 D CCodec : allocate(c2.android.vorbis.decoder)
04-01 08:46:45.706 838 1133 I CCodec : setting up 'default' as default (vendor) store
04-01 08:46:45.707 474 507 I ComponentStore: createComponent(): Invalid component name: c2.android.vorbis.decoder
04-01 08:46:45.717 838 1131 I CCodec : Created component [c2.android.vorbis.decoder]
04-01 08:46:45.717 838 1133 I CCodec : Created component [c2.android.vorbis.decoder]
04-01 08:46:45.718 838 1131 D CCodecConfig: read media type: audio/vorbis
04-01 08:46:45.718 838 1133 D CCodecConfig: read media type: audio/vorbis
04-01 08:46:45.727 838 838 V SystemUIBootTiming: StartServices com.android.systemui.keyguard.data.quickaffordance.MuteQuickAffordanceCoreStartable took to complete: 60ms
04-01 08:46:45.729 838 1131 D ReflectedParamUpdater: extent() != 1 for single value type: algo.buffers.max-count.values
04-01 08:46:45.730 838 1131 D ReflectedParamUpdater: extent() != 1 for single value type: output.subscribed-indices.values
04-01 08:46:45.731 838 1131 D ReflectedParamUpdater: extent() != 1 for single value type: input.buffers.allocator-ids.values
04-01 08:46:45.731 838 1131 D ReflectedParamUpdater: extent() != 1 for single value type: output.buffers.allocator-ids.values
04-01 08:46:45.731 838 1131 D ReflectedParamUpdater: extent() != 1 for single value type: algo.buffers.allocator-ids.values
04-01 08:46:45.732 838 1131 D ReflectedParamUpdater: extent() != 1 for single value type: output.buffers.pool-ids.values
04-01 08:46:45.735 838 1133 D ReflectedParamUpdater: extent() != 1 for single value type: algo.buffers.max-count.values
04-01 08:46:45.736 838 1133 D ReflectedParamUpdater: extent() != 1 for single value type: output.subscribed-indices.values
04-01 08:46:45.736 838 1131 D ReflectedParamUpdater: extent() != 1 for single value type: algo.buffers.pool-ids.values
04-01 08:46:45.737 838 1133 D ReflectedParamUpdater: extent() != 1 for single value type: input.buffers.allocator-ids.values
04-01 08:46:45.737 838 1133 D ReflectedParamUpdater: extent() != 1 for single value type: output.buffers.allocator-ids.values
04-01 08:46:45.737 838 838 V SystemUIBootTiming: StartServices com.android.systemui.keyguard.domain.interactor.KeyguardBlueprintInteractor took to complete: 10ms
04-01 08:46:45.738 838 1133 D ReflectedParamUpdater: extent() != 1 for single value type: algo.buffers.allocator-ids.values
04-01 08:46:45.738 838 1133 D ReflectedParamUpdater: extent() != 1 for single value type: output.buffers.pool-ids.values
04-01 08:46:45.739 838 1133 D ReflectedParamUpdater: extent() != 1 for single value type: algo.buffers.pool-ids.values
04-01 08:46:45.742 838 838 D BiometricsRepositoryImpl: currentUser authFlags changed, new value: AuthenticationFlags(userId=0, flag=1)
04-01 08:46:45.746 838 1131 I CCodecConfig: query failed after returning 8 values (BAD_INDEX)
04-01 08:46:45.746 838 1131 D CCodecConfig: c2 config diff is Dict {
04-01 08:46:45.746 838 1131 D CCodecConfig: c2::u32 coded.bitrate.value = 64000
04-01 08:46:45.746 838 1131 D CCodecConfig: c2::u32 input.buffers.max-size.value = 32768
04-01 08:46:45.746 838 1131 D CCodecConfig: c2::u32 input.delay.value = 0
04-01 08:46:45.746 838 1131 D CCodecConfig: string input.media-type.value = "audio/vorbis"
04-01 08:46:45.746 838 1131 D CCodecConfig: c2::u32 output.large-frame.max-size = 0
04-01 08:46:45.746 838 1131 D CCodecConfig: c2::u32 output.large-frame.threshold-size = 0
04-01 08:46:45.746 838 1131 D CCodecConfig: string output.media-type.value = "audio/raw"
04-01 08:46:45.746 838 1131 D CCodecConfig: c2::u32 raw.channel-count.value = 1
04-01 08:46:45.746 838 1131 D CCodecConfig: c2::u32 raw.sample-rate.value = 48000
04-01 08:46:45.746 838 1131 D CCodecConfig: }
04-01 08:46:45.748 838 1133 I CCodecConfig: query failed after returning 8 values (BAD_INDEX)
04-01 08:46:45.748 838 1133 D CCodecConfig: c2 config diff is Dict {
04-01 08:46:45.748 838 1133 D CCodecConfig: c2::u32 coded.bitrate.value = 64000
04-01 08:46:45.748 838 1133 D CCodecConfig: c2::u32 input.buffers.max-size.value = 32768
04-01 08:46:45.748 838 1133 D CCodecConfig: c2::u32 input.delay.value = 0
04-01 08:46:45.748 838 1133 D CCodecConfig: string input.media-type.value = "audio/vorbis"
04-01 08:46:45.748 838 1133 D CCodecConfig: c2::u32 output.large-frame.max-size = 0
04-01 08:46:45.748 838 1133 D CCodecConfig: c2::u32 output.large-frame.threshold-size = 0
04-01 08:46:45.748 838 1133 D CCodecConfig: string output.media-type.value = "audio/raw"
04-01 08:46:45.748 838 1133 D CCodecConfig: c2::u32 raw.channel-count.value = 1
04-01 08:46:45.748 838 1133 D CCodecConfig: c2::u32 raw.sample-rate.value = 48000
04-01 08:46:45.748 838 1133 D CCodecConfig: }
04-01 08:46:45.752 838 1133 D CCodec : [c2.android.vorbis.decoder] buffers are bound to CCodec for this session
04-01 08:46:45.753 838 1133 D CCodecConfig: no c2 equivalents for durationUs
04-01 08:46:45.753 838 1133 D CCodecConfig: no c2 equivalents for track-id
04-01 08:46:45.753 838 1133 D CCodecConfig: no c2 equivalents for csd-1
04-01 08:46:45.753 838 1133 D CCodecConfig: no c2 equivalents for flags
04-01 08:46:45.755 838 1133 D CCodecConfig: c2 config diff is c2::u32 coded.bitrate.value = 160000
04-01 08:46:45.755 838 1133 D CCodecConfig: c2::u32 raw.channel-count.value = 2
04-01 08:46:45.755 838 1133 D CCodecConfig: c2::u32 raw.sample-rate.value = 44100
04-01 08:46:45.757 838 1133 W Codec2Client: query -- param skipped: index = 1107298332.
04-01 08:46:45.757 838 1133 D CCodec : encoding statistics level = 0
04-01 08:46:45.757 838 1133 D CCodec : setup formats input: AMessage(what = 0x00000000) = {
04-01 08:46:45.757 838 1133 D CCodec : int32_t bitrate = 160000
04-01 08:46:45.757 838 1133 D CCodec : int32_t channel-count = 2
04-01 08:46:45.757 838 1133 D CCodec : int32_t max-input-size = 32768
04-01 08:46:45.757 838 1133 D CCodec : string mime = "audio/vorbis"
04-01 08:46:45.757 838 1133 D CCodec : int32_t sample-rate = 44100
04-01 08:46:45.757 838 1133 D CCodec : }
04-01 08:46:45.757 838 1133 D CCodec : setup formats output: AMessage(what = 0x00000000) = {
04-01 08:46:45.757 838 1133 D CCodec : int32_t buffer-batch-max-output-size = 0
04-01 08:46:45.757 838 1133 D CCodec : int32_t buffer-batch-threshold-output-size = 0
04-01 08:46:45.757 838 1133 D CCodec : int32_t channel-count = 2
04-01 08:46:45.757 838 1133 D CCodec : string mime = "audio/raw"
04-01 08:46:45.757 838 1133 D CCodec : int32_t sample-rate = 44100
04-01 08:46:45.757 838 1133 D CCodec : int32_t channel-mask = 3
04-01 08:46:45.757 838 1133 D CCodec : int32_t android._config-pcm-encoding = 2
04-01 08:46:45.757 838 1133 D CCodec : }
04-01 08:46:45.758 838 1133 I CCodecConfig: query failed after returning 8 values (BAD_INDEX)
04-01 08:46:45.759 838 1131 D CCodec : [c2.android.vorbis.decoder] buffers are bound to CCodec for this session
04-01 08:46:45.759 838 1131 D CCodecConfig: no c2 equivalents for durationUs
04-01 08:46:45.759 838 1131 D CCodecConfig: no c2 equivalents for track-id
04-01 08:46:45.759 838 1131 D CCodecConfig: no c2 equivalents for csd-1
04-01 08:46:45.759 838 1131 D CCodecConfig: no c2 equivalents for flags
04-01 08:46:45.760 838 1133 W Codec2Client: query -- param skipped: index = 1342179345.
04-01 08:46:45.760 838 1133 W Codec2Client: query -- param skipped: index = 2415921170.
04-01 08:46:45.761 838 1133 D C2Store : Using DMABUF Heaps
04-01 08:46:45.761 838 1131 D CCodecConfig: c2 config diff is c2::u32 coded.bitrate.value = 160000
04-01 08:46:45.761 838 1131 D CCodecConfig: c2::u32 raw.channel-count.value = 2
04-01 08:46:45.761 838 1131 D CCodecConfig: c2::u32 raw.sample-rate.value = 44100
04-01 08:46:45.762 838 1131 W Codec2Client: query -- param skipped: index = 1107298332.
04-01 08:46:45.763 838 1131 D CCodec : encoding statistics level = 0
04-01 08:46:45.763 838 1131 D CCodec : setup formats input: AMessage(what = 0x00000000) = {
04-01 08:46:45.763 838 1131 D CCodec : int32_t bitrate = 160000
04-01 08:46:45.763 838 1131 D CCodec : int32_t channel-count = 2
04-01 08:46:45.763 838 1131 D CCodec : int32_t max-input-size = 32768
04-01 08:46:45.763 838 1131 D CCodec : string mime = "audio/vorbis"
04-01 08:46:45.763 838 1131 D CCodec : int32_t sample-rate = 44100
04-01 08:46:45.763 838 1131 D CCodec : }
04-01 08:46:45.763 838 1131 D CCodec : setup formats output: AMessage(what = 0x00000000) = {
04-01 08:46:45.763 838 1131 D CCodec : int32_t buffer-batch-max-output-size = 0
04-01 08:46:45.763 838 1131 D CCodec : int32_t buffer-batch-threshold-output-size = 0
04-01 08:46:45.763 838 1131 D CCodec : int32_t channel-count = 2
04-01 08:46:45.763 838 1131 D CCodec : string mime = "audio/raw"
04-01 08:46:45.763 838 1131 D CCodec : int32_t sample-rate = 44100
04-01 08:46:45.763 838 1131 D CCodec : int32_t channel-mask = 3
04-01 08:46:45.763 838 1131 D CCodec : int32_t android._config-pcm-encoding = 2
04-01 08:46:45.763 838 1131 D CCodec : }
04-01 08:46:45.763 838 1131 I CCodecConfig: query failed after returning 8 values (BAD_INDEX)
04-01 08:46:45.763 838 838 D KeyguardTransitionCoreStartable: Started com.android.systemui.keyguard.domain.interactor.FromPrimaryBouncerTransitionInteractor@7a35523
04-01 08:46:45.764 838 1133 D CCodecBufferChannel: [c2.android.vorbis.decoder#539] Created input block pool with allocatorID 16 => poolID 17 - OK (0)
04-01 08:46:45.767 838 1133 I CCodecBufferChannel: [c2.android.vorbis.decoder#539] Created output block pool with allocatorID 16 => poolID 31 - OK
04-01 08:46:45.767 838 1131 W Codec2Client: query -- param skipped: index = 1342179345.
04-01 08:46:45.767 838 1131 W Codec2Client: query -- param skipped: index = 2415921170.
04-01 08:46:45.768 838 1133 D CCodecBufferChannel: [c2.android.vorbis.decoder#539] Configured output block pool ids 31 => OK
04-01 08:46:45.768 528 1075 E Codec2-ComponentInterface: We have a failed config
04-01 08:46:45.769 838 838 D KeyguardTransitionCoreStartable: Started com.android.systemui.keyguard.domain.interactor.FromGoneTransitionInteractor@21c0d9e
04-01 08:46:45.771 838 1133 I DMABUFHEAPS: Using DMA-BUF heap named: system
04-01 08:46:45.772 838 838 D KeyguardTransitionCoreStartable: Started com.android.systemui.keyguard.domain.interactor.FromDreamingTransitionInteractor@84c207f
04-01 08:46:45.773 838 1131 D CCodecBufferChannel: [c2.android.vorbis.decoder#886] Created input block pool with allocatorID 16 => poolID 18 - OK (0)
04-01 08:46:45.775 838 838 D KeyguardTransitionCoreStartable: Started com.android.systemui.keyguard.domain.interactor.FromDreamingLockscreenHostedTransitionInteractor@b8ab84c
04-01 08:46:45.777 838 838 D KeyguardTransitionCoreStartable: Started com.android.systemui.keyguard.domain.interactor.FromAlternateBouncerTransitionInteractor@c8c459b
04-01 08:46:45.777 528 1137 D SimpleC2Component: Using output block pool with poolID 31 => got 31 - 0
04-01 08:46:45.778 838 1131 I CCodecBufferChannel: [c2.android.vorbis.decoder#886] Created output block pool with allocatorID 16 => poolID 32 - OK
04-01 08:46:45.778 838 838 D KeyguardTransitionCoreStartable: Started com.android.systemui.keyguard.domain.interactor.FromGlanceableHubTransitionInteractor@5d10d38
04-01 08:46:45.778 838 838 D KeyguardTransitionCoreStartable: Started com.android.systemui.keyguard.domain.interactor.FromOccludedTransitionInteractor@4ffd095
04-01 08:46:45.780 838 1131 D CCodecBufferChannel: [c2.android.vorbis.decoder#886] Configured output block pool ids 32 => OK
04-01 08:46:45.780 838 838 D KeyguardTransitionCoreStartable: Started com.android.systemui.keyguard.domain.interactor.FromDozingTransitionInteractor@ab765aa
04-01 08:46:45.781 528 571 E Codec2-ComponentInterface: We have a failed config
04-01 08:46:45.781 838 838 D KeyguardTransitionCoreStartable: Started com.android.systemui.keyguard.domain.interactor.FromLockscreenTransitionInteractor@8e1a20
04-01 08:46:45.784 838 838 D KeyguardTransitionCoreStartable: Started com.android.systemui.keyguard.domain.interactor.FromAodTransitionInteractor@d370fd9
04-01 08:46:45.792 528 1138 D SimpleC2Component: Using output block pool with poolID 32 => got 32 - 0
04-01 08:46:45.797 838 838 V SystemUIBootTiming: StartServices com.android.systemui.keyguard.domain.interactor.KeyguardTransitionCoreStartable took to complete: 59ms
04-01 08:46:45.799 838 838 V SystemUIBootTiming: StartServices com.android.systemui.keyguard.domain.interactor.scenetransition.LockscreenSceneTransitionInteractor took to complete: 2ms
04-01 08:46:45.801 838 838 D AlternateBouncerViewBinder: alternateBouncerWindowRequired=false
04-01 08:46:45.807 838 838 V SystemUIBootTiming: StartServices com.android.systemui.keyguard.ui.binder.AlternateBouncerViewBinder took to complete: 8ms
04-01 08:46:45.808 838 838 V SystemUIBootTiming: StartServices com.android.systemui.keyguard.ui.binder.KeyguardDismissActionBinder took to complete: 0ms
04-01 08:46:45.810 838 838 V SystemUIBootTiming: StartServices com.android.systemui.keyguard.ui.binder.KeyguardDismissBinder took to complete: 2ms
04-01 08:46:45.813 838 838 D BiometricStatusRepositoryImpl: authenticationState updated: Idle(biometricSourceType=null, requestReason=NotRunning)
04-01 08:46:45.816 838 838 V SystemUIBootTiming: StartServices com.android.systemui.keyguard.ui.binder.SideFpsProgressBarViewBinder took to complete: 6ms
04-01 08:46:45.817 838 838 V SystemUIBootTiming: StartServices com.android.systemui.keyguard.ui.view.layout.KeyguardBlueprintCommandListener took to complete: 0ms
04-01 08:46:45.818 838 838 V SystemUIBootTiming: StartServices com.android.systemui.log.SessionTracker took to complete: 1ms
04-01 08:46:45.826 838 838 V SystemUIBootTiming: StartServices com.android.systemui.media.RingtonePlayer took to complete: 8ms
04-01 08:46:45.826 838 838 V SystemUIBootTiming: StartServices com.android.systemui.media.controls.domain.pipeline.MediaDataProcessor took to complete: 0ms
04-01 08:46:45.826 838 838 V SystemUIBootTiming: StartServices com.android.systemui.media.controls.domain.pipeline.interactor.MediaCarouselInteractor took to complete: 0ms
04-01 08:46:45.827 838 838 V SystemUIBootTiming: StartServices com.android.systemui.media.dialog.MediaOutputSwitcherDialogUI took to complete: 1ms
04-01 08:46:45.827 838 838 V SystemUIBootTiming: StartServices com.android.systemui.media.muteawait.MediaMuteAwaitConnectionCli took to complete: 0ms
04-01 08:46:45.831 838 838 V SystemUIBootTiming: StartServices com.android.systemui.media.nearby.NearbyMediaDevicesManager took to complete: 3ms
04-01 08:46:45.832 838 838 V SystemUIBootTiming: StartServices com.android.systemui.media.taptotransfer.MediaTttCommandLineHelper took to complete: 2ms
04-01 08:46:45.847 838 838 V SystemUIBootTiming: StartServices com.android.systemui.media.taptotransfer.receiver.MediaTttChipControllerReceiver took to complete: 14ms
04-01 08:46:45.850 838 838 V SystemUIBootTiming: StartServices com.android.systemui.media.taptotransfer.sender.MediaTttSenderCoordinator took to complete: 3ms
04-01 08:46:45.850 838 838 V SystemUIBootTiming: StartServices com.android.systemui.mediaprojection.taskswitcher.MediaProjectionTaskSwitcherCoreStartable took to complete: 0ms
04-01 08:46:45.857 838 838 V SystemUIBootTiming: StartServices com.android.systemui.motiontool.MotionToolStartable took to complete: 6ms
04-01 08:46:45.900 838 1131 I hw-BpHwBinder: onLastStrongRef automatically unlinking death recipients
04-01 08:46:45.901 528 1009 I hw-BpHwBinder: onLastStrongRef automatically unlinking death recipients
04-01 08:46:45.902 838 838 V SystemUIBootTiming: StartServices com.android.systemui.power.PowerUI took to complete: 44ms
04-01 08:46:45.903 838 1133 D CCodecBufferChannel: [c2.android.vorbis.decoder#539] MediaCodec discarded an unknown buffer
04-01 08:46:45.903 838 1133 D CCodecBufferChannel: [c2.android.vorbis.decoder#539] MediaCodec discarded an unknown buffer
04-01 08:46:45.905 528 1009 D BufferPoolAccessor2.0: Destruction - bufferpool2 0xb400007a92e811b8 cached: 0/0M, 0/0% in use; allocs: 0, 0% recycled; transfers: 0, 0% unfetched
04-01 08:46:45.906 838 838 V SystemUIBootTiming: StartServices com.android.systemui.qs.QSFragmentStartable took to complete: 3ms
04-01 08:46:45.908 838 1133 I hw-BpHwBinder: onLastStrongRef automatically unlinking death recipients
04-01 08:46:45.908 528 571 I hw-BpHwBinder: onLastStrongRef automatically unlinking death recipients
04-01 08:46:45.909 528 571 I hw-BpHwBinder: onLastStrongRef automatically unlinking death recipients
04-01 08:46:45.913 528 571 D BufferPoolAccessor2.0: Destruction - bufferpool2 0xb400007a92e7ff38 cached: 0/0M, 0/0% in use; allocs: 0, 0% recycled; transfers: 0, 0% unfetched
04-01 08:46:45.935 838 838 V SystemUIBootTiming: StartServices com.android.systemui.qs.pipeline.domain.startable.QSPipelineCoreStartable took to complete: 29ms
04-01 08:46:45.938 838 838 V SystemUIBootTiming: StartServices com.android.systemui.reardisplay.RearDisplayDialogController took to complete: 1ms
04-01 08:46:45.938 838 838 V SystemUIBootTiming: StartServices com.android.systemui.recents.Recents took to complete: 0ms
04-01 08:46:45.939 838 838 V SystemUIBootTiming: StartServices com.android.systemui.recents.ScreenPinningRequest took to complete: 0ms
04-01 08:46:45.940 838 838 V SystemUIBootTiming: StartServices com.android.systemui.scene.domain.interactor.WindowRootViewVisibilityInteractor took to complete: 1ms
04-01 08:46:45.942 838 838 V SystemUIBootTiming: StartServices com.android.systemui.scene.domain.startable.KeyguardStateCallbackStartable took to complete: 0ms
04-01 08:46:45.953 838 1129 D MediaCodecList: codecHandlesFormat: no format, so no extra checks
04-01 08:46:45.956 838 1144 D CCodec : allocate(c2.android.vorbis.decoder)
04-01 08:46:45.959 838 1144 I CCodec : setting up 'default' as default (vendor) store
04-01 08:46:45.960 838 838 W SceneFramework: Scene framework is disabled
04-01 08:46:45.960 838 838 W SceneFramework: [NOT MET] com.android.systemui.scene_container
04-01 08:46:45.960 838 838 W SceneFramework: [MET] com.android.systemui.keyguard_bottom_area_refactor
04-01 08:46:45.960 838 838 W SceneFramework: [NOT MET] com.android.systemui.keyguard_wm_state_refactor
04-01 08:46:45.960 838 838 W SceneFramework: [MET] com.android.systemui.migrate_clocks_to_blueprint
04-01 08:46:45.960 838 838 W SceneFramework: [NOT MET] com.android.systemui.notification_avalanche_throttle_hun
04-01 08:46:45.960 838 838 W SceneFramework: [MET] com.android.systemui.predictive_back_sysui
04-01 08:46:45.960 838 838 W SceneFramework: [MET] com.android.systemui.device_entry_udfps_refactor
04-01 08:46:45.960 838 838 V SystemUIBootTiming: StartServices com.android.systemui.scene.domain.startable.SceneContainerStartable took to complete: 17ms
04-01 08:46:45.961 838 838 V SystemUIBootTiming: StartServices com.android.systemui.scene.domain.startable.ScrimStartable took to complete: 1ms
04-01 08:46:45.961 838 838 V SystemUIBootTiming: StartServices com.android.systemui.scene.domain.startable.StatusBarStartable took to complete: 1ms
04-01 08:46:45.962 838 838 V SystemUIBootTiming: StartServices com.android.systemui.settings.UserFileManagerImpl took to complete: 0ms
04-01 08:46:45.963 838 838 V SystemUIBootTiming: StartServices com.android.systemui.shade.ShadeController took to complete: 1ms
04-01 08:46:45.967 838 1144 I CCodec : Created component [c2.android.vorbis.decoder]
04-01 08:46:45.968 838 1144 D CCodecConfig: read media type: audio/vorbis
04-01 08:46:45.969 838 838 V SystemUIBootTiming: StartServices com.android.systemui.shade.domain.startable.ShadeStartable took to complete: 6ms
04-01 08:46:45.972 838 838 V SystemUIBootTiming: StartServices com.android.systemui.shared.notifications.data.repository.NotificationSettingsRepository took to complete: 3ms
04-01 08:46:45.975 838 838 V SystemUIBootTiming: StartServices com.android.systemui.shortcut.ShortcutKeyDispatcher took to complete: 3ms
04-01 08:46:45.977 838 1144 D ReflectedParamUpdater: extent() != 1 for single value type: algo.buffers.max-count.values
04-01 08:46:45.978 838 1144 D ReflectedParamUpdater: extent() != 1 for single value type: output.subscribed-indices.values
04-01 08:46:45.979 838 1144 D ReflectedParamUpdater: extent() != 1 for single value type: input.buffers.allocator-ids.values
04-01 08:46:45.979 838 1144 D ReflectedParamUpdater: extent() != 1 for single value type: output.buffers.allocator-ids.values
04-01 08:46:45.979 838 1144 D ReflectedParamUpdater: extent() != 1 for single value type: algo.buffers.allocator-ids.values
04-01 08:46:45.980 838 1144 D ReflectedParamUpdater: extent() != 1 for single value type: output.buffers.pool-ids.values
04-01 08:46:45.980 838 838 V SystemUIBootTiming: StartServices com.android.systemui.statusbar.ImmersiveModeConfirmation took to complete: 5ms
04-01 08:46:45.981 838 838 V SystemUIBootTiming: StartServices com.android.systemui.statusbar.NotificationRemoteInputManager took to complete: 0ms
04-01 08:46:45.981 838 1144 D ReflectedParamUpdater: extent() != 1 for single value type: algo.buffers.pool-ids.values
04-01 08:46:45.983 838 838 V SystemUIBootTiming: StartServices com.android.systemui.statusbar.chips.ron.demo.ui.viewmodel.DemoRonChipViewModel took to complete: 1ms
04-01 08:46:45.983 838 838 V SystemUIBootTiming: StartServices com.android.systemui.statusbar.data.repository.StatusBarModeRepositoryImpl took to complete: 0ms
04-01 08:46:45.984 838 838 V SystemUIBootTiming: StartServices com.android.systemui.statusbar.gesture.GesturePointerEventListener took to complete: 1ms
04-01 08:46:45.986 838 838 V SystemUIBootTiming: StartServices com.android.systemui.statusbar.notification.InstantAppNotifier took to complete: 2ms
04-01 08:46:45.986 838 838 V SystemUIBootTiming: StartServices com.android.systemui.statusbar.notification.icon.ui.viewbinder.StatusBarIconViewBindingFailureTracker took to complete: 0ms
04-01 08:46:45.987 838 1144 I CCodecConfig: query failed after returning 8 values (BAD_INDEX)
04-01 08:46:45.987 838 1144 D CCodecConfig: c2 config diff is Dict {
04-01 08:46:45.987 838 1144 D CCodecConfig: c2::u32 coded.bitrate.value = 64000
04-01 08:46:45.987 838 1144 D CCodecConfig: c2::u32 input.buffers.max-size.value = 32768
04-01 08:46:45.987 838 1144 D CCodecConfig: c2::u32 input.delay.value = 0
04-01 08:46:45.987 838 1144 D CCodecConfig: string input.media-type.value = "audio/vorbis"
04-01 08:46:45.987 838 1144 D CCodecConfig: c2::u32 output.large-frame.max-size = 0
04-01 08:46:45.987 838 1144 D CCodecConfig: c2::u32 output.large-frame.threshold-size = 0
04-01 08:46:45.987 838 1144 D CCodecConfig: string output.media-type.value = "audio/raw"
04-01 08:46:45.987 838 1144 D CCodecConfig: c2::u32 raw.channel-count.value = 1
04-01 08:46:45.987 838 1144 D CCodecConfig: c2::u32 raw.sample-rate.value = 48000
04-01 08:46:45.987 838 1144 D CCodecConfig: }
04-01 08:46:45.991 838 1144 D CCodec : [c2.android.vorbis.decoder] buffers are bound to CCodec for this session
04-01 08:46:45.991 838 1144 D CCodecConfig: no c2 equivalents for durationUs
04-01 08:46:45.991 838 1144 D CCodecConfig: no c2 equivalents for track-id
04-01 08:46:45.991 838 1144 D CCodecConfig: no c2 equivalents for csd-1
04-01 08:46:45.991 838 1144 D CCodecConfig: no c2 equivalents for flags
04-01 08:46:45.992 838 1144 D CCodecConfig: c2 config diff is c2::u32 coded.bitrate.value = 160000
04-01 08:46:45.992 838 1144 D CCodecConfig: c2::u32 raw.channel-count.value = 2
04-01 08:46:45.994 838 1144 W Codec2Client: query -- param skipped: index = 1107298332.
04-01 08:46:45.994 838 1144 D CCodec : encoding statistics level = 0
04-01 08:46:45.994 838 1144 D CCodec : setup formats input: AMessage(what = 0x00000000) = {
04-01 08:46:45.994 838 1144 D CCodec : int32_t bitrate = 160000
04-01 08:46:45.994 838 1144 D CCodec : int32_t channel-count = 2
04-01 08:46:45.994 838 1144 D CCodec : int32_t max-input-size = 32768
04-01 08:46:45.994 838 1144 D CCodec : string mime = "audio/vorbis"
04-01 08:46:45.994 838 1144 D CCodec : int32_t sample-rate = 48000
04-01 08:46:45.994 838 1144 D CCodec : }
04-01 08:46:45.994 838 1144 D CCodec : setup formats output: AMessage(what = 0x00000000) = {
04-01 08:46:45.994 838 1144 D CCodec : int32_t buffer-batch-max-output-size = 0
04-01 08:46:45.994 838 1144 D CCodec : int32_t buffer-batch-threshold-output-size = 0
04-01 08:46:45.994 838 1144 D CCodec : int32_t channel-count = 2
04-01 08:46:45.994 838 1144 D CCodec : string mime = "audio/raw"
04-01 08:46:45.994 838 1144 D CCodec : int32_t sample-rate = 48000
04-01 08:46:45.994 838 1144 D CCodec : int32_t channel-mask = 3
04-01 08:46:45.994 838 1144 D CCodec : int32_t android._config-pcm-encoding = 2
04-01 08:46:45.994 838 1144 D CCodec : }
04-01 08:46:45.994 838 1144 I CCodecConfig: query failed after returning 8 values (BAD_INDEX)
04-01 08:46:45.996 838 1144 W Codec2Client: query -- param skipped: index = 1342179345.
04-01 08:46:45.997 838 1144 W Codec2Client: query -- param skipped: index = 2415921170.
04-01 08:46:46.000 838 838 V SystemUIBootTiming: StartServices com.android.systemui.statusbar.notification.interruption.KeyguardNotificationVisibilityProviderImpl took to complete: 14ms
04-01 08:46:46.000 838 1144 D CCodecBufferChannel: [c2.android.vorbis.decoder#805] Created input block pool with allocatorID 16 => poolID 19 - OK (0)
04-01 08:46:46.003 838 1144 I CCodecBufferChannel: [c2.android.vorbis.decoder#805] Created output block pool with allocatorID 16 => poolID 34 - OK
04-01 08:46:46.003 838 1144 D CCodecBufferChannel: [c2.android.vorbis.decoder#805] Configured output block pool ids 34 => OK
04-01 08:46:46.004 528 1009 E Codec2-ComponentInterface: We have a failed config
04-01 08:46:46.007 528 1145 D SimpleC2Component: Using output block pool with poolID 34 => got 34 - 0
04-01 08:46:46.009 838 838 V SystemUIBootTiming: StartServices com.android.systemui.statusbar.notification.interruption.VisualInterruptionDecisionProvider took to complete: 9ms
04-01 08:46:46.010 838 838 V SystemUIBootTiming: StartServices com.android.systemui.statusbar.notification.logging.NotificationLogger took to complete: 0ms
04-01 08:46:46.011 838 838 D NotificationMemory: NotificationMemoryMonitor initialized.
04-01 08:46:46.011 838 838 I NotificationMemory: Registered dumpable.
04-01 08:46:46.013 838 838 V SystemUIBootTiming: StartServices com.android.systemui.statusbar.notification.logging.NotificationMemoryMonitor took to complete: 3ms
04-01 08:46:46.014 838 838 V SystemUIBootTiming: StartServices com.android.systemui.statusbar.notification.row.NotificationGutsManager took to complete: 0ms
04-01 08:46:46.014 612 868 W Binder : Caught a RuntimeException from the binder stub implementation.
04-01 08:46:46.014 612 868 W Binder : java.lang.SecurityException: Need REGISTER_STATS_PULL_ATOM permission.: Neither user 10070 nor current process has android.permission.REGISTER_STATS_PULL_ATOM.
04-01 08:46:46.014 612 868 W Binder : at android.app.ContextImpl.enforce(ContextImpl.java:2448)
04-01 08:46:46.014 612 868 W Binder : at android.app.ContextImpl.enforceCallingOrSelfPermission(ContextImpl.java:2476)
04-01 08:46:46.014 612 868 W Binder : at com.android.server.stats.StatsManagerService.enforceRegisterStatsPullAtomPermission(StatsManagerService.java:678)
04-01 08:46:46.014 612 868 W Binder : at com.android.server.stats.StatsManagerService.registerPullAtomCallback(StatsManagerService.java:219)
04-01 08:46:46.014 612 868 W Binder : at android.os.IStatsManagerService$Stub.onTransact(IStatsManagerService.java:430)
04-01 08:46:46.014 612 868 W Binder : at android.os.Binder.execTransactInternal(Binder.java:1396)
04-01 08:46:46.014 612 868 W Binder : at android.os.Binder.execTransact(Binder.java:1335)
04-01 08:46:46.031 612 868 I StatusBarManagerService: registerStatusBar bar=com.android.internal.statusbar.IStatusBar$Stub$Proxy@6df0f6d
04-01 08:46:46.040 838 1144 D CCodecBufferChannel: [c2.android.vorbis.decoder#805] MediaCodec discarded an unknown buffer
04-01 08:46:46.040 838 1144 D CCodecBufferChannel: [c2.android.vorbis.decoder#805] MediaCodec discarded an unknown buffer
04-01 08:46:46.043 838 1144 I hw-BpHwBinder: onLastStrongRef automatically unlinking death recipients
04-01 08:46:46.043 528 1075 I hw-BpHwBinder: onLastStrongRef automatically unlinking death recipients
04-01 08:46:46.043 528 1075 I hw-BpHwBinder: onLastStrongRef automatically unlinking death recipients
04-01 08:46:46.044 528 1075 D BufferPoolAccessor2.0: Destruction - bufferpool2 0xb400007a92e7ca08 cached: 0/0M, 0/0% in use; allocs: 0, 0% recycled; transfers: 0, 0% unfetched
04-01 08:46:46.063 838 838 I KeyguardSecurityView: Switching mode from Uninitialized to Default
04-01 08:46:46.130 838 838 E OverviewProxyService: Failed to get overview proxy for disable flags.
04-01 08:46:46.130 838 838 D NavigationModeController: getCurrentInteractionMode: mode=0 contextUser=0
04-01 08:46:46.130 838 838 D NavigationModeController: getCurrentUserContext: contextUser=0 currentUser=0
04-01 08:46:46.159 838 838 E OverviewProxyService: Failed to get overview proxy for disable flags.
04-01 08:46:46.161 838 838 E OverviewProxyService: Failed to get overview proxy to update nav buttons dark intensity
04-01 08:46:46.167 838 838 E OverviewProxyService: Failed to get overview proxy to update nav buttons dark intensity
04-01 08:46:46.172 838 838 E OverviewProxyService: Failed to get overview proxy to update nav buttons dark intensity
04-01 08:46:46.173 612 868 D OomAdjuster: Not killing cached processes
04-01 08:46:46.203 449 476 I netd : tetherGetStats() -> {[]} <3.30ms>
04-01 08:46:46.213 838 838 D CentralSurfaces: mUserSetupObserver - DeviceProvisionedListener called for current user
04-01 08:46:46.213 838 1024 D HWUI : profile bars disabled
04-01 08:46:46.218 838 1024 D HWUI : ambientRatio = 1.50
04-01 08:46:46.223 838 838 E ViewRootImpl: SensitiveContentProtectionService shouldn't be null
04-01 08:46:46.239 838 838 E ViewRootImpl: SensitiveContentProtectionService shouldn't be null
04-01 08:46:46.247 612 693 E WindowManager: Display reconfigured outside of a transition: Display{#0 state=ON size=1920x1080 ROTATION_0}
04-01 08:46:46.262 838 843 I ndroid.systemui: JIT allocated 56KB for compiled code of java.lang.Object com.android.systemui.dagger.DaggerReferenceGlobalRootComponent$ReferenceSysUIComponentImpl$SwitchingProvider.get10()
04-01 08:46:46.263 838 843 I ndroid.systemui: Compiler allocated 4917KB to compile java.lang.Object com.android.systemui.dagger.DaggerReferenceGlobalRootComponent$ReferenceSysUIComponentImpl$SwitchingProvider.get10()
04-01 08:46:46.308 838 838 D DebugModeFilterProvider: Registered notif-filter command
04-01 08:46:46.324 838 838 D NotifPipeline: Notif pipeline initialized. rendering=true
04-01 08:46:46.343 612 868 W UserManagerService: Requested status bar icon for non-badged user 0
04-01 08:46:46.345 838 838 D ZenModeController: Added callback class com.android.systemui.statusbar.phone.PhoneStatusBarPolicy$1
04-01 08:46:46.345 838 838 V WifiManager: registerSoftApCallback: callback=com.android.systemui.statusbar.policy.HotspotControllerImpl@61324a3, executor=android.os.HandlerExecutor@46273a0
04-01 08:46:46.348 838 1054 V WifiManager: SoftApCallbackProxy on mode 1, send InfoChanged, newInfo: SoftApInfo{bandwidth= 0, frequency= 0, wifiStandard= 0, mApInstanceIdentifier= null, mIdleShutdownTimeoutMillis= 0, mVendorData= []}
04-01 08:46:46.349 838 1054 V WifiManager: SoftApCallbackProxy on mode 1, send InfoChanged, changedInfoList: []
04-01 08:46:46.349 838 1054 V WifiManager: SoftApCallbackProxy on mode 1, send onConnectedClientsChanged(clients): []
04-01 08:46:46.357 838 838 D NavigationModeController: getCurrentInteractionMode: mode=0 contextUser=0
04-01 08:46:46.358 838 838 D StatusBarKeyguardViewManager: canShowAlternateBouncer turned false, maybe try hiding the alternate bouncer if it is already visible
04-01 08:46:46.359 838 838 D AlternateBouncerInteractor: canShowAlternateBouncer changed to false
04-01 08:46:46.361 838 994 D enabledDisplays: newValue: [Display id 0: DisplayInfo{"Built-in Screen", displayId 0, displayGroupId 0, FLAG_SECURE, FLAG_SUPPORTS_PROTECTED_BUFFERS, FLAG_TRUSTED, real 1920 x 1080, largest app 1920 x 1920, smallest app 1080 x 1080, appVsyncOff 1000000, presDeadline 16666667, mode 1, renderFrameRate 60.0, defaultMode 1, userPreferredModeId -1, supportedModes [{id=1, width=1920, height=1080, fps=60.0, vsync=60.0, synthetic=false, alternativeRefreshRates=[], supportedHdrTypes=[]}, {id=2, width=1920, height=1080, fps=59.940205, vsync=59.940205, synthetic=false, alternativeRefreshRates=[], supportedHdrTypes=[]}, {id=3, width=1920, height=1080, fps=50.0, vsync=50.0, synthetic=false, alternativeRefreshRates=[], supportedHdrTypes=[]}, {id=4, width=1680, height=1050, fps=59.883255, vsync=59.883255, synthetic=false, alternativeRefreshRates=[], supportedHdrTypes=[]}, {id=5, width=1600, height=900, fps=60.0, vsync=60.0, synthetic=false, alternativeRefreshRates=[], supportedHdrTypes=[]}, {id=6, width=1280, height=1024, fps=60.01974, vsync=60.01974, synthetic=false, alternativeRefreshRates=[], supportedHdrTypes=[]}, {id=7, width=1440, height=900, fps=59.901463, vsync=59.901463, synthetic=false, alternativeRefreshRates=[], supportedHdrTypes=[]}, {id=8, width=1280, height=800, fps=59.90955, vsync=59.90955, synthetic=false, alternativeRefreshRates=[], supportedHdrTypes=[]}, {id=9, width=1280, height=720, fps=60.0, vsync=60.0, synthetic=false, alternativeRefreshRates=[], supportedHdrTypes=[]}, {id=10, width=1280, height=720, fps=59.940205, vsync=59.940205, synthetic=false, alternativeRefreshRates=[], supportedHdrTypes=[]}, {id=11, width=1280, height=720, fps=50.0, vsync=50.0, synthetic=false, alternativeRefreshRates=[], supportedHdrTypes=[]}, {id=12, width=1024, height=768, fps=60.00384, vsync=60.00384, synthetic=false, alternativeRefreshRates=[], supportedHdrTypes=[]}, {id=13, width=800, height=600, fps=60.316544, vsync=60.316544, synthetic=false, alternativeRefreshRates=[], supportedHdrTypes=[]}, {id=14, width=720, height=576, fps=50.0, vsync=50.0, synthetic=false, alternativeRefreshRates=[], supportedHdrTypes=[]}, {id=15, width=720, height=480, fps=60.0, vsync=60.0, synthetic=false, alternativeRefreshRates=[], supportedHdrTypes=[]}, {id=16, width=720, height=480, fps=59.940063, vsync=59.940063, synthetic=false, alternativeRefreshRates=[], supportedHdrTypes=[]}, {id=17, width=640, height=480, fps=60.0, vsync=60.0, synthetic=false, alternativeRefreshRates=[], supportedHdrTypes=[]}, {id=18, width=640, height=480, fps=59.94048, vsync=59.94048, synthetic=false, alternativeRefreshRates=[], supportedHdrTypes=[]}, {id=19, width=720, height=400, fps=70.08167, vsync=70.08167, synthetic=false, alternativeRefreshRates=[], supportedHdrTypes=[]}], appsSupportedModes [{id=1, width=1920, height=1080, fps=60.0, vsync=60.0, synthetic=false, alternativeRefreshRates=[], supportedHdrTypes=[]}, {id=2, width=1920, height=1080, fps=59.940205, vsync=59.940205, synthetic=false, alternativeRefreshRates=[], supportedHdrTypes=[]}, {id=3, width=1920, height=1080, fps=50.0, vsync=50.0, synthetic=false, alternativeRefreshRates=[], supportedHdrTypes=[]}, {id=4, width=1680, height=1050, fps=59.883255, vsync=59.883255, synthetic=false, alternativeRefreshRates=[], supportedHdrTypes=[]}, {id=5, width=1600, height=900, fps=60.0, vsync=60.0, synthetic=false, alternativeRefreshRates=[], supportedHdrTypes=[]}, {id=6, width=1280, height=1024, fps=60.01974, vsync=60.01974, synthetic=false, alternativeRefreshRates=[], supportedHdrTypes=[]}, {id=7, width=1440, height=900, fps=59.901463, vsync=59.901463, synthetic=false, alternativeRefreshRates=[], supportedHdrTypes=[]}, {id=8, width=1280, height=800, fps=59.90955, vsync=59.90955, synthetic=false, alternativeRefreshRates=[], supportedHdrTypes=[]}, {id=9, width=1280, height=720, fps=60.0, vsync=60.0, synthetic=false, alternativeRefreshRates=[], supportedHdrTypes=[]}, {id=10, width=1280, height=720, fps=59.940205, vsync=59.940205, synthetic=false, alternativeRefreshRates=[], supportedHdrTypes=[]}, {id=1
04-01 08:46:46.373 838 1076 W ActivityThread: Failed to find provider info for com.android.contacts (user not unlocked)
04-01 08:46:46.374 838 838 V SystemUIBootTiming: StartServices com.android.systemui.statusbar.phone.CentralSurfaces took to complete: 359ms
04-01 08:46:46.377 838 838 V SystemUIBootTiming: StartServices com.android.systemui.statusbar.phone.ConfigurationControllerStartable took to complete: 3ms
04-01 08:46:46.377 838 838 V SystemUIBootTiming: StartServices com.android.systemui.statusbar.phone.LetterboxBackgroundProvider took to complete: 0ms
04-01 08:46:46.378 838 838 V SystemUIBootTiming: StartServices com.android.systemui.statusbar.phone.LightBarController took to complete: 0ms
04-01 08:46:46.379 838 838 V SystemUIBootTiming: StartServices com.android.systemui.statusbar.phone.ScrimController took to complete: 0ms
04-01 08:46:46.379 838 838 V SystemUIBootTiming: StartServices com.android.systemui.statusbar.phone.StatusBarHeadsUpChangeListener took to complete: 0ms
04-01 08:46:46.380 838 838 V SystemUIBootTiming: StartServices com.android.systemui.statusbar.phone.StatusBarSignalPolicy took to complete: 0ms
04-01 08:46:46.380 838 838 V SystemUIBootTiming: StartServices com.android.systemui.statusbar.phone.fragment.CollapsedStatusBarFragmentStartable took to complete: 0ms
04-01 08:46:46.382 838 838 V SystemUIBootTiming: StartServices com.android.systemui.statusbar.phone.ongoingcall.OngoingCallController took to complete: 2ms
04-01 08:46:46.386 838 838 V SystemUIBootTiming: StartServices com.android.systemui.statusbar.pipeline.mobile.data.repository.CarrierConfigCoreStartable took to complete: 4ms
04-01 08:46:46.390 838 838 V SystemUIBootTiming: StartServices com.android.systemui.statusbar.pipeline.mobile.ui.MobileUiAdapter took to complete: 4ms
04-01 08:46:46.390 838 838 V SystemUIBootTiming: StartServices com.android.systemui.statusbar.policy.BatteryControllerStartable took to complete: 0ms
04-01 08:46:46.396 838 838 V SystemUIBootTiming: StartServices com.android.systemui.stylus.StylusUsiPowerStartable took to complete: 5ms
04-01 08:46:46.396 838 838 V SystemUIBootTiming: StartServices com.android.systemui.temporarydisplay.chipbar.ChipbarCoordinator took to complete: 1ms
04-01 08:46:46.408 838 838 D ThemeOverlayController: Start
04-01 08:46:46.411 838 838 V SystemUIBootTiming: StartServices com.android.systemui.theme.ThemeOverlayController took to complete: 14ms
04-01 08:46:46.412 838 838 V SystemUIBootTiming: StartServices com.android.systemui.toast.ToastUI took to complete: 1ms
04-01 08:46:46.414 838 838 V SystemUIBootTiming: StartServices com.android.systemui.unfold.DisplaySwitchLatencyTracker took to complete: 2ms
04-01 08:46:46.416 838 838 V SystemUIBootTiming: StartServices com.android.systemui.unfold.UnfoldInitializationStartable took to complete: 1ms
04-01 08:46:46.417 838 838 V SystemUIBootTiming: StartServices com.android.systemui.unfold.UnfoldTraceLogger took to complete: 1ms
04-01 08:46:46.424 838 838 D StorageNotification: Notifying about private volume: VolumeInfo{private}:
04-01 08:46:46.424 838 838 D StorageNotification: type=PRIVATE diskId=null partGuid=null mountFlags=0 mountUserId=-10000
04-01 08:46:46.424 838 838 D StorageNotification: state=MOUNTED
04-01 08:46:46.424 838 838 D StorageNotification: fsType=null fsUuid=null fsLabel=null
04-01 08:46:46.424 838 838 D StorageNotification: path=/data internalPath=null
04-01 08:46:46.428 838 838 V SystemUIBootTiming: StartServices com.android.systemui.usb.StorageNotification took to complete: 11ms
04-01 08:46:46.429 838 838 V SystemUIBootTiming: StartServices com.android.systemui.user.ui.dialog.UserSwitcherDialogCoordinator took to complete: 1ms
04-01 08:46:46.433 838 838 V SystemUIBootTiming: StartServices com.android.systemui.util.BinderLogger took to complete: 3ms
04-01 08:46:46.440 838 838 V SystemUIBootTiming: StartServices com.android.systemui.util.NotificationChannels took to complete: 7ms
04-01 08:46:46.447 838 838 V SystemUIBootTiming: StartServices com.android.systemui.volume.VolumeUI took to complete: 7ms
04-01 08:46:46.459 838 838 D NoteTaskInitializer: initialize: isEnabled=false, hasBubbles=false
04-01 08:46:46.459 838 838 V SystemUIBootTiming: StartServices com.android.systemui.wmshell.WMShell took to complete: 12ms
04-01 08:46:46.460 838 838 V SystemUIBootTiming: StartServices com.android.systemui.statusbar.SysuiStatusBarStateController took to complete: 1ms
04-01 08:46:46.460 838 838 I SystemUIService: Topological CoreStartables completed in 2 iterations
04-01 08:46:46.460 838 838 V SystemUIBootTiming: Topologically start Core Startables took to complete: 2507ms
04-01 08:46:46.461 838 838 V SystemUIBootTiming: StartServices com.android.systemui.VendorServices took to complete: 0ms
04-01 08:46:46.464 838 838 E OverviewProxyService: Failed to get overview proxy for disable flags.
04-01 08:46:46.469 838 838 V SystemUIBootTiming: StartServices took to complete: 2516ms
04-01 08:46:46.495 838 838 W KeyguardUpdateMonitorLog: invalid subId in handleServiceStateChange()
04-01 08:46:46.508 838 1072 D Bubbles : handleKeyguardOrDreamChange isUnlockedShade=true keyguardShowing=false dreamingOrInPreview=false
04-01 08:46:46.514 612 868 W UserManagerService: Requested status bar icon for non-badged user 0
04-01 08:46:46.530 838 838 D OverviewProxyService: Overview proxy service connected
04-01 08:46:46.536 838 838 D OverviewProxyService: OverviewProxyService connected, initializing overview proxy
04-01 08:46:46.553 838 874 E SingleInstanceRemoteListener: Failed remote call on null listener
04-01 08:46:46.554 838 874 E SingleInstanceRemoteListener: Failed remote call on null listener
04-01 08:46:46.555 838 838 D CompatChangeReporter: Compat change id reported: 270674727; UID 10070; state: ENABLED
04-01 08:46:46.558 1093 1093 D TouchInteractionService: disposeEventHandlers: Reason: Initializing input monitor due to: TISBinder#onInitialize()
04-01 08:46:46.574 838 838 D connectedExternalDisplayIds: newValue: []
04-01 08:46:46.575 838 838 D DisplayRepository: combining enabled=[0], connectedExternalDisplayIds=[], ignored=[]
04-01 08:46:46.575 838 838 D allPendingDisplayIds: newValue: []
04-01 08:46:46.576 838 838 D pendingDisplayId: newValue: null
04-01 08:46:46.576 838 838 D pendingDisplay: newValue: null
04-01 08:46:46.611 258 258 E drmhwc : Internal error: populate layer data called without active slot
04-01 08:46:46.612 255 255 D BootAnimation: BootAnimationStopTiming start time: 39682ms
04-01 08:46:46.617 838 838 I KeyguardTransitionRepository: STARTED transition: TransitionStep(from=OFF, to=GONE, value=0.0, transitionState=STARTED, ownerName=KeyguardTransitionRepository(boot))
04-01 08:46:46.621 241 241 I servicemanager: Caller(pid=256,uid=1000,sid=u:r:surfaceflinger:s0) Found android.hardware.power.IPower/default in device VINTF manifest.
04-01 08:46:46.620 256 256 I PowerHalLoader: Successfully connected to Power HAL AIDL service.
04-01 08:46:46.620 483 483 I android.hardware.power-service.example: Power isModeSupported: 6
04-01 08:46:46.622 838 838 I KeyguardTransitionRepository: FINISHED transition: TransitionStep(from=OFF, to=GONE, value=1.0, transitionState=FINISHED, ownerName=KeyguardTransitionRepository(boot))
04-01 08:46:46.631 838 973 D ResourceTrimmer: Sending TRIM_MEMORY_UI_HIDDEN.
04-01 08:46:46.653 838 843 I ndroid.systemui: JIT allocated 54KB for compiled code of java.lang.Object com.android.systemui.dagger.DaggerReferenceGlobalRootComponent$ReferenceSysUIComponentImpl$SwitchingProvider.get11()
04-01 08:46:46.654 838 843 I ndroid.systemui: Compiler allocated 4398KB to compile java.lang.Object com.android.systemui.dagger.DaggerReferenceGlobalRootComponent$ReferenceSysUIComponentImpl$SwitchingProvider.get11()
