04-01 08:46:46.730 1 1 I init : Service 'bootanim' (pid 255) exited with status 0 oneshot service took 32.230000 seconds in background
04-01 08:46:46.730 1 1 I init : Sending signal 9 to service 'bootanim' (pid 255) process group...
04-01 08:46:46.731 1 1 I libprocessgroup: Removed cgroup /sys/fs/cgroup/uid_1003/pid_255
04-01 08:46:46.780 256 267 I SurfaceFlinger: Boot is finished (31036 ms)
04-01 08:46:46.793 256 256 D SurfaceFlinger: Power hint is disabled
04-01 08:46:46.794 612 645 D ActivityManagerTiming: FinishBooting
04-01 08:46:46.795 452 452 W Zygote : forkRepeatedly terminated due to non-simple command
04-01 08:46:46.795 452 452 D Zygote : mbuffer starts with 1 , nice name is , mEnd = 19, mNext = 19, mLinesLeft = 0, mFd = 5
04-01 08:46:46.801 483 483 I android.hardware.power-service.example: Power isBoostSupported: 1
04-01 08:46:46.803 612 645 I ActivityManager: About to commit checkpoint
04-01 08:46:46.809 612 645 I SystemServiceManager: Starting phase 1000
04-01 08:46:46.809 612 645 D ActivityManagerTiming: OnBootPhase_1000
04-01 08:46:46.809 612 645 D ActivityManagerTiming: OnBootPhase_1000_com.android.server.security.FileIntegrityService
04-01 08:46:46.809 612 645 V ActivityManagerTiming: OnBootPhase_1000_com.android.server.security.FileIntegrityService took to complete: 0ms
04-01 08:46:46.810 612 645 D ActivityManagerTiming: OnBootPhase_1000_com.android.server.pm.Installer
04-01 08:46:46.810 612 645 V ActivityManagerTiming: OnBootPhase_1000_com.android.server.pm.Installer took to complete: 0ms
04-01 08:46:46.810 612 645 D ActivityManagerTiming: OnBootPhase_1000_com.android.server.os.DeviceIdentifiersPolicyService
04-01 08:46:46.810 612 645 V ActivityManagerTiming: OnBootPhase_1000_com.android.server.os.DeviceIdentifiersPolicyService took to complete: 0ms
04-01 08:46:46.810 612 645 D ActivityManagerTiming: OnBootPhase_1000_com.android.server.flags.FeatureFlagsService
04-01 08:46:46.810 612 645 V ActivityManagerTiming: OnBootPhase_1000_com.android.server.flags.FeatureFlagsService took to complete: 0ms
04-01 08:46:46.810 612 645 D ActivityManagerTiming: OnBootPhase_1000_com.android.server.uri.UriGrantsManagerService$Lifecycle
04-01 08:46:46.810 612 645 V ActivityManagerTiming: OnBootPhase_1000_com.android.server.uri.UriGrantsManagerService$Lifecycle took to complete: 0ms
04-01 08:46:46.810 612 645 D ActivityManagerTiming: OnBootPhase_1000_com.android.server.powerstats.PowerStatsService
04-01 08:46:46.810 612 868 E InputDispatcher: Received out of order window infos update. Last update vsync id: 73746847655067648, current update vsync id: 2166
04-01 08:46:46.839 612 726 I ImeTracker: com.android.settings:a4f60a81: onRequestHide at ORIGIN_SERVER reason HIDE_UNSPECIFIED_WINDOW fromUser false
04-01 08:46:46.845 612 726 I ImeTracker: com.android.settings:a4f60a81: onCancelled at PHASE_SERVER_SHOULD_HIDE
04-01 08:46:46.846 612 645 V ActivityManagerTiming: OnBootPhase_1000_com.android.server.powerstats.PowerStatsService took to complete: 36ms
04-01 08:46:46.846 612 645 D ActivityManagerTiming: OnBootPhase_1000_com.android.server.permission.access.AccessCheckingService
04-01 08:46:46.846 612 645 V ActivityManagerTiming: OnBootPhase_1000_com.android.server.permission.access.AccessCheckingService took to complete: 0ms
04-01 08:46:46.846 612 645 D ActivityManagerTiming: OnBootPhase_1000_com.android.server.wm.ActivityTaskManagerService$Lifecycle
04-01 08:46:46.846 612 645 V ActivityManagerTiming: OnBootPhase_1000_com.android.server.wm.ActivityTaskManagerService$Lifecycle took to complete: 0ms
04-01 08:46:46.846 612 645 D ActivityManagerTiming: OnBootPhase_1000_com.android.server.am.ActivityManagerService$Lifecycle
04-01 08:46:46.846 612 645 V ActivityManagerTiming: OnBootPhase_1000_com.android.server.am.ActivityManagerService$Lifecycle took to complete: 0ms
04-01 08:46:46.846 612 645 D ActivityManagerTiming: OnBootPhase_1000_com.android.server.pm.DataLoaderManagerService
04-01 08:46:46.846 612 645 V ActivityManagerTiming: OnBootPhase_1000_com.android.server.pm.DataLoaderManagerService took to complete: 0ms
04-01 08:46:46.846 612 645 D ActivityManagerTiming: OnBootPhase_1000_com.android.server.power.PowerManagerService
04-01 08:46:46.861 612 672 I DisplayBrightnessStrategySelector: Changing the DisplayBrightnessStrategy from OverrideBrightnessStrategy to FallbackBrightnessStrategy for display 0
04-01 08:46:46.861 612 672 V DisplayPowerController[0]: Brightness [0.39763778] reason changing to: 'manual', previous reason: 'override'.
04-01 08:46:46.862 612 672 I DisplayPowerController[0]: BrightnessEvent: brt=0.39763778 (83.0%), nits= -1.0, lux=-1.0, reason=manual, strat=FallbackBrightnessStrategy, state=ON, stateReason=DEFAULT_POLICY, policy=BRIGHT, flags=, initBrt=0.39763778, rcmdBrt=NaN, preBrt=NaN, preLux=0.0, wasShortTermModelActive=false, autoBrightness=false (default), unclampedBrt=0.39763778, hbmMax=1.0, hbmMode=off, thrmMax=1.0, rbcStrength=0, powerFactor=1.0, physDisp=Built-in Screen(local:4621271769366227712), logicalId=0
04-01 08:46:46.863 612 645 V ActivityManagerTiming: OnBootPhase_1000_com.android.server.power.PowerManagerService took to complete: 17ms
04-01 08:46:46.863 612 645 D ActivityManagerTiming: OnBootPhase_1000_com.android.server.power.ThermalManagerService
04-01 08:46:46.864 612 645 V ActivityManagerTiming: OnBootPhase_1000_com.android.server.power.ThermalManagerService took to complete: 0ms
04-01 08:46:46.865 612 645 D ActivityManagerTiming: OnBootPhase_1000_com.android.server.recoverysystem.RecoverySystemService$Lifecycle
04-01 08:46:46.865 612 645 V ActivityManagerTiming: OnBootPhase_1000_com.android.server.recoverysystem.RecoverySystemService$Lifecycle took to complete: 0ms
04-01 08:46:46.865 612 645 D ActivityManagerTiming: OnBootPhase_1000_com.android.server.lights.LightsService
04-01 08:46:46.865 612 645 V ActivityManagerTiming: OnBootPhase_1000_com.android.server.lights.LightsService took to complete: 0ms
04-01 08:46:46.865 612 645 D ActivityManagerTiming: OnBootPhase_1000_com.android.server.display.DisplayManagerService
04-01 08:46:46.866 612 645 I LogicalDisplayMapper: Requesting Transition to state: 0, from state=-1, interactive=true, mBootCompleted=true
04-01 08:46:46.867 612 645 I LogicalDisplayMapper: Applying layout: [{dispId: 0(ON), displayGroupName: , addr: {port=0, model=0x40220e308f9d6b}, mThermalBrightnessThrottlingMapId: null, mRefreshRateZoneId: null, mLeadDisplayId: -1, mLeadDisplayAddress: null, mThermalRefreshRateThrottlingMapId: null, mPowerThrottlingMapId: null}], Previous layout: [{dispId: 0(ON), displayGroupName: , addr: {port=0, model=0x40220e308f9d6b}, mThermalBrightnessThrottlingMapId: null, mRefreshRateZoneId: null, mLeadDisplayId: -1, mLeadDisplayAddress: null, mThermalRefreshRateThrottlingMapId: null, mPowerThrottlingMapId: null}]
04-01 08:46:46.880 838 838 I Choreographer: Skipped 41 frames! The application may be doing too much work on its main thread.
04-01 08:46:46.883 838 838 I WallpaperController: Won't set zoom. Window not attached com.android.systemui.shade.NotificationShadeWindowView{904bf0d I.E...... ......I. 0,0-0,0 #7f0a041e app:id/legacy_window_root}
04-01 08:46:46.885 612 726 V GrammaticalInflectionUtils: AttributionSource: AttributionSource { uid = 10063, packageName = null, attributionTag = null, token = android.os.Binder@4baf5bf, deviceId = 0, next = null } does not have READ_SYSTEM_GRAMMATICAL_GENDER permission.
04-01 08:46:46.889 612 645 V ActivityManagerTiming: OnBootPhase_1000_com.android.server.display.DisplayManagerService took to complete: 24ms
04-01 08:46:46.889 612 645 D ActivityManagerTiming: OnBootPhase_1000_com.android.server.pm.verify.domain.DomainVerificationService
04-01 08:46:46.890 612 645 V ActivityManagerTiming: OnBootPhase_1000_com.android.server.pm.verify.domain.DomainVerificationService took to complete: 1ms
04-01 08:46:46.897 612 645 D ActivityManagerTiming: OnBootPhase_1000_com.android.server.pm.PackageInstallerService$Lifecycle
04-01 08:46:46.897 612 645 V ActivityManagerTiming: OnBootPhase_1000_com.android.server.pm.PackageInstallerService$Lifecycle took to complete: 0ms
04-01 08:46:46.897 612 645 D ActivityManagerTiming: OnBootPhase_1000_com.android.server.pm.UserManagerService$LifeCycle
04-01 08:46:46.897 612 645 V ActivityManagerTiming: OnBootPhase_1000_com.android.server.pm.UserManagerService$LifeCycle took to complete: 1ms
04-01 08:46:46.897 612 645 D ActivityManagerTiming: OnBootPhase_1000_com.android.server.om.OverlayManagerService
04-01 08:46:46.898 612 645 V ActivityManagerTiming: OnBootPhase_1000_com.android.server.om.OverlayManagerService took to complete: 0ms
04-01 08:46:46.898 612 645 D ActivityManagerTiming: OnBootPhase_1000_com.android.server.resources.ResourcesManagerService
04-01 08:46:46.898 612 645 V ActivityManagerTiming: OnBootPhase_1000_com.android.server.resources.ResourcesManagerService took to complete: 0ms
04-01 08:46:46.898 612 645 D ActivityManagerTiming: OnBootPhase_1000_com.android.server.sensorprivacy.SensorPrivacyService
04-01 08:46:46.898 612 645 V ActivityManagerTiming: OnBootPhase_1000_com.android.server.sensorprivacy.SensorPrivacyService took to complete: 0ms
04-01 08:46:46.898 612 645 D ActivityManagerTiming: OnBootPhase_1000_com.android.server.sensors.SensorService
04-01 08:46:46.898 612 645 V ActivityManagerTiming: OnBootPhase_1000_com.android.server.sensors.SensorService took to complete: 0ms
04-01 08:46:46.898 612 645 D ActivityManagerTiming: OnBootPhase_1000_com.android.server.SystemConfigService
04-01 08:46:46.898 612 645 V ActivityManagerTiming: OnBootPhase_1000_com.android.server.SystemConfigService took to complete: 0ms
04-01 08:46:46.898 612 645 D ActivityManagerTiming: OnBootPhase_1000_com.android.server.BatteryService
04-01 08:46:46.898 612 645 V ActivityManagerTiming: OnBootPhase_1000_com.android.server.BatteryService took to complete: 0ms
04-01 08:46:46.898 612 645 D ActivityManagerTiming: OnBootPhase_1000_com.android.server.usage.UsageStatsService
04-01 08:46:46.900 612 726 D CompatChangeReporter: Compat change id reported: 135754954; UID 10063; state: ENABLED
04-01 08:46:46.903 612 645 V ActivityManagerTiming: OnBootPhase_1000_com.android.server.usage.UsageStatsService took to complete: 5ms
04-01 08:46:46.903 612 645 D ActivityManagerTiming: OnBootPhase_1000_com.android.server.webkit.WebViewUpdateService
04-01 08:46:46.905 612 654 D CompatChangeReporter: Compat change id reported: 143937733; UID 10063; state: ENABLED
04-01 08:46:46.909 612 645 V ActivityManagerTiming: OnBootPhase_1000_com.android.server.webkit.WebViewUpdateService took to complete: 0ms
04-01 08:46:46.909 612 645 D ActivityManagerTiming: OnBootPhase_1000_com.android.server.CachedDeviceStateService
04-01 08:46:46.910 612 645 V ActivityManagerTiming: OnBootPhase_1000_com.android.server.CachedDeviceStateService took to complete: 0ms
04-01 08:46:46.910 612 645 D ActivityManagerTiming: OnBootPhase_1000_com.android.server.BinderCallsStatsService$LifeCycle
04-01 08:46:46.912 612 645 V ActivityManagerTiming: OnBootPhase_1000_com.android.server.BinderCallsStatsService$LifeCycle took to complete: 0ms
04-01 08:46:46.912 612 645 D ActivityManagerTiming: OnBootPhase_1000_com.android.server.LooperStatsService$Lifecycle
04-01 08:46:46.912 612 645 V ActivityManagerTiming: OnBootPhase_1000_com.android.server.LooperStatsService$Lifecycle took to complete: 0ms
04-01 08:46:46.912 612 645 D ActivityManagerTiming: OnBootPhase_1000_com.android.server.rollback.RollbackManagerService
04-01 08:46:46.927 452 452 I Zygote : Entering forkRepeatedly native zygote loop
04-01 08:46:46.931 612 645 V ActivityManagerTiming: OnBootPhase_1000_com.android.server.rollback.RollbackManagerService took to complete: 19ms
04-01 08:46:46.931 612 645 D ActivityManagerTiming: OnBootPhase_1000_com.android.server.os.NativeTombstoneManagerService
04-01 08:46:46.931 612 645 V ActivityManagerTiming: OnBootPhase_1000_com.android.server.os.NativeTombstoneManagerService took to complete: 0ms
04-01 08:46:46.931 612 645 D ActivityManagerTiming: OnBootPhase_1000_com.android.server.os.BugreportManagerService
04-01 08:46:46.931 612 645 V ActivityManagerTiming: OnBootPhase_1000_com.android.server.os.BugreportManagerService took to complete: 0ms
04-01 08:46:46.931 612 645 D ActivityManagerTiming: OnBootPhase_1000_com.android.server.gpu.GpuService
04-01 08:46:46.931 612 645 V ActivityManagerTiming: OnBootPhase_1000_com.android.server.gpu.GpuService took to complete: 0ms
04-01 08:46:46.931 612 645 D ActivityManagerTiming: OnBootPhase_1000_com.android.server.security.rkp.RemoteProvisioningService
04-01 08:46:46.931 612 645 V ActivityManagerTiming: OnBootPhase_1000_com.android.server.security.rkp.RemoteProvisioningService took to complete: 0ms
04-01 08:46:46.931 612 645 D ActivityManagerTiming: OnBootPhase_1000_com.android.server.cpu.CpuMonitorService
04-01 08:46:46.931 612 645 I CpuMonitorService: Stopping periodic cpuset reading on boot complete
04-01 08:46:46.937 612 705 D RollbackManager: mRollbackLifetimeDurationInMillis=1209600000
04-01 08:46:46.943 612 645 V ActivityManagerTiming: OnBootPhase_1000_com.android.server.cpu.CpuMonitorService took to complete: 12ms
04-01 08:46:46.944 612 645 D ActivityManagerTiming: OnBootPhase_1000_com.android.server.security.KeyChainSystemService
04-01 08:46:46.944 612 645 V ActivityManagerTiming: OnBootPhase_1000_com.android.server.security.KeyChainSystemService took to complete: 0ms
04-01 08:46:46.944 612 645 D ActivityManagerTiming: OnBootPhase_1000_com.android.server.BinaryTransparencyService
04-01 08:46:46.944 612 645 I TransparencyService: Boot completed. Getting boot integrity data.
04-01 08:46:46.944 612 645 D TransparencyService: VBMeta Digest: ecd1a915a85c337d1dd9941a22953b646b1838f1a77399116aad21e0a3bcccb8
04-01 08:46:46.959 612 645 I TransparencyService: Boot completed. Collecting biometric system properties.
04-01 08:46:46.960 452 452 D Zygote : Forked child process 1156
04-01 08:46:46.961 612 645 I TransparencyService: Scheduling measurements to be taken.
04-01 08:46:46.962 612 654 W ActivityManager: Slow operation: 70ms so far, now at startProcess: returned from zygote!
04-01 08:46:46.962 612 677 W BroadcastLoopers: Found previously unknown looper Thread[PackageManager,5,main]
04-01 08:46:46.965 838 843 I ndroid.systemui: JIT allocated 53KB for compiled code of java.lang.Object com.android.systemui.dagger.DaggerReferenceGlobalRootComponent$ReferenceSysUIComponentImpl$SwitchingProvider.get1()
04-01 08:46:46.966 838 843 I ndroid.systemui: Compiler allocated 4663KB to compile java.lang.Object com.android.systemui.dagger.DaggerReferenceGlobalRootComponent$ReferenceSysUIComponentImpl$SwitchingProvider.get1()
04-01 08:46:46.967 612 645 I TransparencyService: Scheduling binary content-digest computation job
04-01 08:46:46.970 612 645 D CompatChangeReporter: Compat change id reported: 311402873; UID 1000; state: ENABLED
04-01 08:46:46.979 612 645 D CompatChangeReporter: Compat change id reported: 323349338; UID 1000; state: ENABLED
04-01 08:46:46.982 612 654 W ActivityManager: Slow operation: 90ms so far, now at startProcess: done updating battery stats
04-01 08:46:46.983 612 654 W ActivityManager: Slow operation: 91ms so far, now at startProcess: building log message
04-01 08:46:46.983 612 654 I ActivityManager: Start proc 1156:com.android.inputmethod.latin/u0a63 for service {com.android.inputmethod.latin/com.android.inputmethod.latin.LatinIME}
04-01 08:46:46.983 612 654 W ActivityManager: Slow operation: 91ms so far, now at startProcess: starting to update pids map
04-01 08:46:46.983 612 654 W ActivityManager: Slow operation: 91ms so far, now at startProcess: done updating pids map
04-01 08:46:46.987 612 644 D TransparencyService: sepolicy hash: 85d4536599f0b3525ef23036e36eeb44b2b637b3f22bab6f1708d3620c8bac21
04-01 08:46:46.989 612 701 D AppStandbyController: Loaded headless system app cache in 14 ms: appIdleEnabled=false
04-01 08:46:46.992 612 645 D TransparencyService: Job 1740526926 to measure binaries was scheduled successfully.
04-01 08:46:46.993 612 645 D TransparencyService: Registering APK & Non-Staged APEX updates...
04-01 08:46:46.994 612 645 D TransparencyService: Registering APEX updates...
04-01 08:46:46.996 612 645 W SystemServiceManager: Service com.android.server.BinaryTransparencyService took 52 ms in onBootPhase
04-01 08:46:46.997 612 645 V ActivityManagerTiming: OnBootPhase_1000_com.android.server.BinaryTransparencyService took to complete: 53ms
04-01 08:46:46.997 612 645 D ActivityManagerTiming: OnBootPhase_1000_com.android.server.accounts.AccountManagerService$Lifecycle
04-01 08:46:46.997 612 645 V ActivityManagerTiming: OnBootPhase_1000_com.android.server.accounts.AccountManagerService$Lifecycle took to complete: 0ms
04-01 08:46:46.997 612 645 D ActivityManagerTiming: OnBootPhase_1000_com.android.server.content.ContentService$Lifecycle
04-01 08:46:46.997 612 645 V ActivityManagerTiming: OnBootPhase_1000_com.android.server.content.ContentService$Lifecycle took to complete: 0ms
04-01 08:46:46.997 612 645 D ActivityManagerTiming: OnBootPhase_1000_com.android.server.deviceconfig.DeviceConfigInit$Lifecycle
04-01 08:46:46.998 612 645 V ActivityManagerTiming: OnBootPhase_1000_com.android.server.deviceconfig.DeviceConfigInit$Lifecycle took to complete: 0ms
04-01 08:46:46.998 612 645 D ActivityManagerTiming: OnBootPhase_1000_com.android.server.DropBoxManagerService
04-01 08:46:46.999 612 645 V ActivityManagerTiming: OnBootPhase_1000_com.android.server.DropBoxManagerService took to complete: 0ms
04-01 08:46:46.999 612 645 D ActivityManagerTiming: OnBootPhase_1000_com.android.ecm.EnhancedConfirmationService
04-01 08:46:46.999 612 645 V ActivityManagerTiming: OnBootPhase_1000_com.android.ecm.EnhancedConfirmationService took to complete: 0ms
04-01 08:46:46.999 612 645 D ActivityManagerTiming: OnBootPhase_1000_com.android.server.power.hint.HintManagerService
04-01 08:46:47.001 612 645 V ActivityManagerTiming: OnBootPhase_1000_com.android.server.power.hint.HintManagerService took to complete: 1ms
04-01 08:46:47.007 612 645 D ActivityManagerTiming: OnBootPhase_1000_com.android.role.RoleService
04-01 08:46:47.008 612 645 V ActivityManagerTiming: OnBootPhase_1000_com.android.role.RoleService took to complete: 0ms
04-01 08:46:47.008 612 645 D ActivityManagerTiming: OnBootPhase_1000_com.android.server.vibrator.VibratorManagerService$Lifecycle
04-01 08:46:47.009 612 645 V ActivityManagerTiming: OnBootPhase_1000_com.android.server.vibrator.VibratorManagerService$Lifecycle took to complete: 0ms
04-01 08:46:47.009 612 645 D ActivityManagerTiming: OnBootPhase_1000_com.android.server.alarm.AlarmManagerService
04-01 08:46:47.009 612 645 V ActivityManagerTiming: OnBootPhase_1000_com.android.server.alarm.AlarmManagerService took to complete: 0ms
04-01 08:46:47.010 612 645 D ActivityManagerTiming: OnBootPhase_1000_com.android.server.devicestate.DeviceStateManagerService
04-01 08:46:47.010 612 645 V ActivityManagerTiming: OnBootPhase_1000_com.android.server.devicestate.DeviceStateManagerService took to complete: 0ms
04-01 08:46:47.010 612 645 D ActivityManagerTiming: OnBootPhase_1000_com.android.server.camera.CameraServiceProxy
04-01 08:46:47.018 612 645 V ActivityManagerTiming: OnBootPhase_1000_com.android.server.camera.CameraServiceProxy took to complete: 8ms
04-01 08:46:47.022 612 645 D ActivityManagerTiming: OnBootPhase_1000_com.android.server.connectivity.IpConnectivityMetrics
04-01 08:46:47.022 612 645 V ActivityManagerTiming: OnBootPhase_1000_com.android.server.connectivity.IpConnectivityMetrics took to complete: 0ms
04-01 08:46:47.022 612 645 D ActivityManagerTiming: OnBootPhase_1000_com.android.server.net.watchlist.NetworkWatchlistService$Lifecycle
04-01 08:46:47.022 612 645 V ActivityManagerTiming: OnBootPhase_1000_com.android.server.net.watchlist.NetworkWatchlistService$Lifecycle took to complete: 0ms
04-01 08:46:47.022 612 645 D ActivityManagerTiming: OnBootPhase_1000_com.android.server.PinnerService
04-01 08:46:47.022 612 645 V ActivityManagerTiming: OnBootPhase_1000_com.android.server.PinnerService took to complete: 0ms
04-01 08:46:47.022 612 645 D ActivityManagerTiming: OnBootPhase_1000_com.android.server.integrity.AppIntegrityManagerService
04-01 08:46:47.022 612 645 V ActivityManagerTiming: OnBootPhase_1000_com.android.server.integrity.AppIntegrityManagerService took to complete: 0ms
04-01 08:46:47.022 612 645 D ActivityManagerTiming: OnBootPhase_1000_com.android.server.logcat.LogcatManagerService
04-01 08:46:47.022 612 645 V ActivityManagerTiming: OnBootPhase_1000_com.android.server.logcat.LogcatManagerService took to complete: 0ms
04-01 08:46:47.022 612 645 D ActivityManagerTiming: OnBootPhase_1000_com.android.server.inputmethod.InputMethodManagerService$Lifecycle
04-01 08:46:47.022 612 645 V ActivityManagerTiming: OnBootPhase_1000_com.android.server.inputmethod.InputMethodManagerService$Lifecycle took to complete: 0ms
04-01 08:46:47.022 612 645 D ActivityManagerTiming: OnBootPhase_1000_com.android.server.accessibility.AccessibilityManagerService$Lifecycle
04-01 08:46:47.023 612 645 V ActivityManagerTiming: OnBootPhase_1000_com.android.server.accessibility.AccessibilityManagerService$Lifecycle took to complete: 1ms
04-01 08:46:47.024 612 645 D ActivityManagerTiming: OnBootPhase_1000_com.android.server.StorageManagerService$Lifecycle
04-01 08:46:47.024 612 645 V ActivityManagerTiming: OnBootPhase_1000_com.android.server.StorageManagerService$Lifecycle took to complete: 0ms
04-01 08:46:47.024 612 645 D ActivityManagerTiming: OnBootPhase_1000_com.android.server.usage.StorageStatsService$Lifecycle
04-01 08:46:47.024 612 645 V ActivityManagerTiming: OnBootPhase_1000_com.android.server.usage.StorageStatsService$Lifecycle took to complete: 0ms
04-01 08:46:47.024 612 645 D ActivityManagerTiming: OnBootPhase_1000_com.android.server.UiModeManagerService
04-01 08:46:47.024 612 645 V ActivityManagerTiming: OnBootPhase_1000_com.android.server.UiModeManagerService took to complete: 0ms
04-01 08:46:47.024 612 645 D ActivityManagerTiming: OnBootPhase_1000_com.android.server.locales.LocaleManagerService
04-01 08:46:47.024 612 645 V ActivityManagerTiming: OnBootPhase_1000_com.android.server.locales.LocaleManagerService took to complete: 0ms
04-01 08:46:47.024 612 645 D ActivityManagerTiming: OnBootPhase_1000_com.android.server.grammaticalinflection.GrammaticalInflectionService
04-01 08:46:47.024 612 645 V ActivityManagerTiming: OnBootPhase_1000_com.android.server.grammaticalinflection.GrammaticalInflectionService took to complete: 0ms
04-01 08:46:47.024 612 645 D ActivityManagerTiming: OnBootPhase_1000_com.android.server.apphibernation.AppHibernationService
04-01 08:46:47.026 612 645 V ActivityManagerTiming: OnBootPhase_1000_com.android.server.apphibernation.AppHibernationService took to complete: 2ms
04-01 08:46:47.026 612 645 D ActivityManagerTiming: OnBootPhase_1000_com.android.server.locksettings.LockSettingsService$Lifecycle
04-01 08:46:47.027 612 645 I RebootEscrowManager: No reboot escrow data found for users, skipping loading escrow data
04-01 08:46:47.031 612 731 D StorageManagerService: Thinking about reset, mBootCompleted=true, mDaemonConnected=true
04-01 08:46:47.032 612 731 I Watchdog: Pausing of HandlerChecker: monitor thread for reason: #onReset might be slow. Pause end time: 60101
04-01 08:46:47.033 612 731 I StorageSessionController: Started resetting external storage service...
04-01 08:46:47.034 612 731 I StorageSessionController: Finished resetting external storage service
04-01 08:46:47.034 612 731 I StorageManagerService: Resetting vold...
04-01 08:46:47.034 1156 1156 I putmethod.latin: Using CollectorTypeCMC GC.
04-01 08:46:47.035 612 1157 I HibernationStateDiskStore: No hibernation file on disk for file /data/system/hibernation/states
04-01 08:46:47.038 612 731 I StorageManagerService: Reset vold
04-01 08:46:47.041 254 254 I vold : onUserAdded: 0
04-01 08:46:47.042 612 645 V ActivityManagerTiming: OnBootPhase_1000_com.android.server.locksettings.LockSettingsService$Lifecycle took to complete: 14ms
04-01 08:46:47.043 612 645 D ActivityManagerTiming: OnBootPhase_1000_com.android.server.pdb.PersistentDataBlockService
04-01 08:46:47.043 612 645 V ActivityManagerTiming: OnBootPhase_1000_com.android.server.pdb.PersistentDataBlockService took to complete: 0ms
04-01 08:46:47.043 612 645 D ActivityManagerTiming: OnBootPhase_1000_com.android.server.testharness.TestHarnessModeService
04-01 08:46:47.043 612 645 D TestHarnessModeService: Completing Test Harness Mode setup.
04-01 08:46:47.052 1156 1156 E putmethod.latin: Not starting debugger since process cannot load the jdwp agent.
04-01 08:46:47.061 612 645 V ActivityManagerTiming: OnBootPhase_1000_com.android.server.testharness.TestHarnessModeService took to complete: 18ms
04-01 08:46:47.061 612 645 D ActivityManagerTiming: OnBootPhase_1000_com.android.server.oemlock.OemLockService
04-01 08:46:47.061 612 645 V ActivityManagerTiming: OnBootPhase_1000_com.android.server.oemlock.OemLockService took to complete: 0ms
04-01 08:46:47.061 612 645 D ActivityManagerTiming: OnBootPhase_1000_com.android.server.DeviceIdleController
04-01 08:46:47.061 612 645 V ActivityManagerTiming: OnBootPhase_1000_com.android.server.DeviceIdleController took to complete: 0ms
04-01 08:46:47.061 612 645 D ActivityManagerTiming: OnBootPhase_1000_com.android.server.devicepolicy.DevicePolicyManagerService$Lifecycle
04-01 08:46:47.062 612 645 V ActivityManagerTiming: OnBootPhase_1000_com.android.server.devicepolicy.DevicePolicyManagerService$Lifecycle took to complete: 0ms
04-01 08:46:47.062 612 645 D ActivityManagerTiming: OnBootPhase_1000_com.android.server.texttospeech.TextToSpeechManagerService
04-01 08:46:47.062 612 645 V ActivityManagerTiming: OnBootPhase_1000_com.android.server.texttospeech.TextToSpeechManagerService took to complete: 0ms
04-01 08:46:47.062 612 645 D ActivityManagerTiming: OnBootPhase_1000_com.android.server.wearable.WearableSensingManagerService
04-01 08:46:47.062 612 645 V ActivityManagerTiming: OnBootPhase_1000_com.android.server.wearable.WearableSensingManagerService took to complete: 0ms
04-01 08:46:47.062 612 645 D ActivityManagerTiming: OnBootPhase_1000_com.android.server.ondeviceintelligence.OnDeviceIntelligenceManagerService
04-01 08:46:47.062 612 645 V ActivityManagerTiming: OnBootPhase_1000_com.android.server.ondeviceintelligence.OnDeviceIntelligenceManagerService took to complete: 0ms
04-01 08:46:47.062 612 645 D ActivityManagerTiming: OnBootPhase_1000_com.android.server.speech.SpeechRecognitionManagerService
04-01 08:46:47.062 612 645 V ActivityManagerTiming: OnBootPhase_1000_com.android.server.speech.SpeechRecognitionManagerService took to complete: 0ms
04-01 08:46:47.062 612 645 D ActivityManagerTiming: OnBootPhase_1000_com.android.server.graphics.fonts.FontManagerService$Lifecycle
04-01 08:46:47.062 612 645 V ActivityManagerTiming: OnBootPhase_1000_com.android.server.graphics.fonts.FontManagerService$Lifecycle took to complete: 0ms
04-01 08:46:47.062 612 645 D ActivityManagerTiming: OnBootPhase_1000_com.android.server.textservices.TextServicesManagerService$Lifecycle
04-01 08:46:47.062 612 645 V ActivityManagerTiming: OnBootPhase_1000_com.android.server.textservices.TextServicesManagerService$Lifecycle took to complete: 0ms
04-01 08:46:47.062 612 645 D ActivityManagerTiming: OnBootPhase_1000_com.android.server.textclassifier.TextClassificationManagerService$Lifecycle
04-01 08:46:47.062 612 645 V ActivityManagerTiming: OnBootPhase_1000_com.android.server.textclassifier.TextClassificationManagerService$Lifecycle took to complete: 0ms
04-01 08:46:47.062 612 645 D ActivityManagerTiming: OnBootPhase_1000_com.android.server.NetworkScoreService$Lifecycle
04-01 08:46:47.062 612 645 V ActivityManagerTiming: OnBootPhase_1000_com.android.server.NetworkScoreService$Lifecycle took to complete: 0ms
04-01 08:46:47.062 612 645 D ActivityManagerTiming: OnBootPhase_1000_com.android.server.NetworkStatsServiceInitializer
04-01 08:46:47.062 612 645 V ActivityManagerTiming: OnBootPhase_1000_com.android.server.NetworkStatsServiceInitializer took to complete: 0ms
04-01 08:46:47.062 612 645 D ActivityManagerTiming: OnBootPhase_1000_com.android.server.wifi.WifiService
04-01 08:46:47.064 612 645 V ActivityManagerTiming: OnBootPhase_1000_com.android.server.wifi.WifiService took to complete: 2ms
04-01 08:46:47.064 612 645 D ActivityManagerTiming: OnBootPhase_1000_com.android.server.wifi.scanner.WifiScanningService
04-01 08:46:47.065 612 645 V ActivityManagerTiming: OnBootPhase_1000_com.android.server.wifi.scanner.WifiScanningService took to complete: 0ms
04-01 08:46:47.065 612 645 D ActivityManagerTiming: OnBootPhase_1000_com.android.server.wifi.p2p.WifiP2pService
04-01 08:46:47.065 612 645 V ActivityManagerTiming: OnBootPhase_1000_com.android.server.wifi.p2p.WifiP2pService took to complete: 0ms
04-01 08:46:47.065 612 645 D ActivityManagerTiming: OnBootPhase_1000_com.android.server.ConnectivityServiceInitializer
04-01 08:46:47.066 612 645 E NearbyService: BluetoothAdapter is null.
04-01 08:46:47.068 612 645 V ActivityManagerTiming: OnBootPhase_1000_com.android.server.ConnectivityServiceInitializer took to complete: 2ms
04-01 08:46:47.068 612 645 D ActivityManagerTiming: OnBootPhase_1000_com.android.server.notification.NotificationManagerService
04-01 08:46:47.074 838 838 W ConstraintSet: Unknown attribute 0x39 0
04-01 08:46:47.079 838 838 W ConstraintSet: Unknown attribute 0x39 0
04-01 08:46:47.080 612 645 V ActivityManagerTiming: OnBootPhase_1000_com.android.server.notification.NotificationManagerService took to complete: 13ms
04-01 08:46:47.081 612 645 D ActivityManagerTiming: OnBootPhase_1000_com.android.server.storage.DeviceStorageMonitorService
04-01 08:46:47.081 612 645 V ActivityManagerTiming: OnBootPhase_1000_com.android.server.storage.DeviceStorageMonitorService took to complete: 0ms
04-01 08:46:47.081 612 645 D ActivityManagerTiming: OnBootPhase_1000_com.android.server.timedetector.TimeDetectorService$Lifecycle
04-01 08:46:47.081 612 645 V ActivityManagerTiming: OnBootPhase_1000_com.android.server.timedetector.TimeDetectorService$Lifecycle took to complete: 0ms
04-01 08:46:47.081 612 645 D ActivityManagerTiming: OnBootPhase_1000_com.android.server.location.LocationManagerService$Lifecycle
04-01 08:46:47.081 612 645 V ActivityManagerTiming: OnBootPhase_1000_com.android.server.location.LocationManagerService$Lifecycle took to complete: 0ms
04-01 08:46:47.081 612 645 D ActivityManagerTiming: OnBootPhase_1000_com.android.server.timezonedetector.TimeZoneDetectorService$Lifecycle
04-01 08:46:47.081 612 645 V ActivityManagerTiming: OnBootPhase_1000_com.android.server.timezonedetector.TimeZoneDetectorService$Lifecycle took to complete: 0ms
04-01 08:46:47.081 612 645 D ActivityManagerTiming: OnBootPhase_1000_com.android.server.location.altitude.AltitudeService$Lifecycle
04-01 08:46:47.081 612 645 V ActivityManagerTiming: OnBootPhase_1000_com.android.server.location.altitude.AltitudeService$Lifecycle took to complete: 0ms
04-01 08:46:47.081 612 645 D ActivityManagerTiming: OnBootPhase_1000_com.android.server.timezonedetector.location.LocationTimeZoneManagerService$Lifecycle
04-01 08:46:47.082 612 645 V ActivityManagerTiming: OnBootPhase_1000_com.android.server.timezonedetector.location.LocationTimeZoneManagerService$Lifecycle took to complete: 1ms
04-01 08:46:47.082 612 645 D ActivityManagerTiming: OnBootPhase_1000_com.android.server.search.SearchManagerService$Lifecycle
04-01 08:46:47.082 612 645 V ActivityManagerTiming: OnBootPhase_1000_com.android.server.search.SearchManagerService$Lifecycle took to complete: 0ms
04-01 08:46:47.082 612 645 D ActivityManagerTiming: OnBootPhase_1000_com.android.server.wallpaper.WallpaperManagerService$Lifecycle
04-01 08:46:47.084 612 645 V ActivityManagerTiming: OnBootPhase_1000_com.android.server.wallpaper.WallpaperManagerService$Lifecycle took to complete: 2ms
04-01 08:46:47.084 612 645 D ActivityManagerTiming: OnBootPhase_1000_com.android.server.audio.AudioService$Lifecycle
04-01 08:46:47.084 612 645 V ActivityManagerTiming: OnBootPhase_1000_com.android.server.audio.AudioService$Lifecycle took to complete: 0ms
04-01 08:46:47.084 612 645 D ActivityManagerTiming: OnBootPhase_1000_com.android.server.soundtrigger_middleware.SoundTriggerMiddlewareService$Lifecycle
04-01 08:46:47.084 612 645 V ActivityManagerTiming: OnBootPhase_1000_com.android.server.soundtrigger_middleware.SoundTriggerMiddlewareService$Lifecycle took to complete: 0ms
04-01 08:46:47.085 612 645 D ActivityManagerTiming: OnBootPhase_1000_com.android.server.DockObserver
04-01 08:46:47.085 612 645 V ActivityManagerTiming: OnBootPhase_1000_com.android.server.DockObserver took to complete: 0ms
04-01 08:46:47.085 612 645 D ActivityManagerTiming: OnBootPhase_1000_com.android.server.adb.AdbService$Lifecycle
04-01 08:46:47.085 612 645 V ActivityManagerTiming: OnBootPhase_1000_com.android.server.adb.AdbService$Lifecycle took to complete: 1ms
04-01 08:46:47.086 612 645 D ActivityManagerTiming: OnBootPhase_1000_com.android.server.usb.UsbService$Lifecycle
04-01 08:46:47.088 838 838 W ConstraintSet: Unknown attribute 0x39 0
04-01 08:46:47.090 612 752 D WifiService: Handle boot completed
04-01 08:46:47.095 612 645 V ActivityManagerTiming: OnBootPhase_1000_com.android.server.usb.UsbService$Lifecycle took to complete: 9ms
04-01 08:46:47.096 612 645 D ActivityManagerTiming: OnBootPhase_1000_com.android.server.SerialService$Lifecycle
04-01 08:46:47.097 612 645 V ActivityManagerTiming: OnBootPhase_1000_com.android.server.SerialService$Lifecycle took to complete: 0ms
04-01 08:46:47.098 612 645 D ActivityManagerTiming: OnBootPhase_1000_com.android.server.twilight.TwilightService
04-01 08:46:47.101 612 645 V ActivityManagerTiming: OnBootPhase_1000_com.android.server.twilight.TwilightService took to complete: 3ms
04-01 08:46:47.101 612 645 D ActivityManagerTiming: OnBootPhase_1000_com.android.server.display.color.ColorDisplayService
04-01 08:46:47.101 612 645 V ActivityManagerTiming: OnBootPhase_1000_com.android.server.display.color.ColorDisplayService took to complete: 0ms
04-01 08:46:47.101 612 645 D ActivityManagerTiming: OnBootPhase_1000_com.android.server.job.JobSchedulerService
04-01 08:46:47.101 612 645 V ActivityManagerTiming: OnBootPhase_1000_com.android.server.job.JobSchedulerService took to complete: 0ms
04-01 08:46:47.102 612 645 D ActivityManagerTiming: OnBootPhase_1000_com.android.server.soundtrigger.SoundTriggerService
04-01 08:46:47.102 612 645 D SoundTriggerService: onBootPhase: 1000 : false
04-01 08:46:47.105 612 645 V ActivityManagerTiming: OnBootPhase_1000_com.android.server.soundtrigger.SoundTriggerService took to complete: 3ms
04-01 08:46:47.108 612 642 W PermissionService: getPermissionFlags: Unknown user -1
04-01 08:46:47.108 612 645 D ActivityManagerTiming: OnBootPhase_1000_com.android.server.trust.TrustManagerService
04-01 08:46:47.109 612 642 W PermissionService: getPermissionFlags: Unknown user -1
04-01 08:46:47.110 612 645 V ActivityManagerTiming: OnBootPhase_1000_com.android.server.trust.TrustManagerService took to complete: 1ms
04-01 08:46:47.110 612 645 D ActivityManagerTiming: OnBootPhase_1000_com.android.server.backup.BackupManagerService$Lifecycle
04-01 08:46:47.110 612 645 V ActivityManagerTiming: OnBootPhase_1000_com.android.server.backup.BackupManagerService$Lifecycle took to complete: 1ms
04-01 08:46:47.111 612 645 D ActivityManagerTiming: OnBootPhase_1000_com.android.server.appwidget.AppWidgetService
04-01 08:46:47.111 612 645 V ActivityManagerTiming: OnBootPhase_1000_com.android.server.appwidget.AppWidgetService took to complete: 0ms
04-01 08:46:47.111 612 645 D ActivityManagerTiming: OnBootPhase_1000_com.android.server.voiceinteraction.VoiceInteractionManagerService
04-01 08:46:47.111 612 645 V ActivityManagerTiming: OnBootPhase_1000_com.android.server.voiceinteraction.VoiceInteractionManagerService took to complete: 0ms
04-01 08:46:47.111 612 645 D ActivityManagerTiming: OnBootPhase_1000_com.android.server.GestureLauncherService
04-01 08:46:47.111 612 645 V ActivityManagerTiming: OnBootPhase_1000_com.android.server.GestureLauncherService took to complete: 0ms
04-01 08:46:47.111 612 645 D ActivityManagerTiming: OnBootPhase_1000_com.android.server.SensorNotificationService
04-01 08:46:47.119 838 854 D RingtonePlayer: playAsync(uri=content://settings/system/notification_sound, user=UserHandle{-1})
04-01 08:46:47.122 877 1008 I Tethering: USB bcast connected:true configured:true rndis:false ncm:false
04-01 08:46:47.127 612 612 D FlashNotifController: requestStartFlashNotification
04-01 08:46:47.127 612 612 I FlashNotifController: startFlashNotification: type=1, tag=android
04-01 08:46:47.127 612 612 D FlashNotifController: Flash notification is disabled
04-01 08:46:47.130 612 612 W NotificationHistory: Attempted to add notif for locked/gone/disabled user 0
04-01 08:46:47.133 545 552 I adbd : adbd_auth: received a new framework connection
04-01 08:46:47.135 545 552 I adbd : adbd_auth: received new framework fd 16 (current = -1)
04-01 08:46:47.136 838 854 D RingtonePlayer: play uri=content://settings/system/notification_sound
04-01 08:46:47.144 612 612 W PermissionService: getPermissionFlags: Unknown user -1
04-01 08:46:47.148 612 645 V ActivityManagerTiming: OnBootPhase_1000_com.android.server.SensorNotificationService took to complete: 37ms
04-01 08:46:47.148 612 645 D ActivityManagerTiming: OnBootPhase_1000_com.android.server.emergency.EmergencyAffordanceService
04-01 08:46:47.148 612 645 V ActivityManagerTiming: OnBootPhase_1000_com.android.server.emergency.EmergencyAffordanceService took to complete: 0ms
04-01 08:46:47.148 612 645 D ActivityManagerTiming: OnBootPhase_1000_com.android.server.blob.BlobStoreManagerService
04-01 08:46:47.151 1156 1156 D nativeloader: Load libframework-connectivity-tiramisu-jni.so using APEX ns com_android_tethering for caller /apex/com.android.tethering/javalib/framework-connectivity-t.jar: ok
04-01 08:46:47.155 612 645 V ActivityManagerTiming: OnBootPhase_1000_com.android.server.blob.BlobStoreManagerService took to complete: 7ms
04-01 08:46:47.156 612 645 D ActivityManagerTiming: OnBootPhase_1000_com.android.server.dreams.DreamManagerService
04-01 08:46:47.156 612 645 V ActivityManagerTiming: OnBootPhase_1000_com.android.server.dreams.DreamManagerService took to complete: 0ms
04-01 08:46:47.156 612 645 D ActivityManagerTiming: OnBootPhase_1000_com.android.server.print.PrintManagerService
04-01 08:46:47.156 612 645 V ActivityManagerTiming: OnBootPhase_1000_com.android.server.print.PrintManagerService took to complete: 0ms
04-01 08:46:47.156 612 645 D ActivityManagerTiming: OnBootPhase_1000_com.android.server.security.AttestationVerificationManagerService
04-01 08:46:47.156 612 645 V ActivityManagerTiming: OnBootPhase_1000_com.android.server.security.AttestationVerificationManagerService took to complete: 0ms
04-01 08:46:47.156 612 645 D ActivityManagerTiming: OnBootPhase_1000_com.android.server.companion.CompanionDeviceManagerService
04-01 08:46:47.159 612 645 W CDM_DevicePresenceProcessor: BluetoothAdapter is NOT available.
04-01 08:46:47.160 612 645 I CDM_InactiveAssociationsRemovalService: Scheduling the Association Removal job
04-01 08:46:47.162 612 645 V ActivityManagerTiming: OnBootPhase_1000_com.android.server.companion.CompanionDeviceManagerService took to complete: 6ms
04-01 08:46:47.163 612 645 D ActivityManagerTiming: OnBootPhase_1000_com.android.server.companion.virtual.VirtualDeviceManagerService
04-01 08:46:47.163 612 645 V ActivityManagerTiming: OnBootPhase_1000_com.android.server.companion.virtual.VirtualDeviceManagerService took to complete: 0ms
04-01 08:46:47.163 612 645 D ActivityManagerTiming: OnBootPhase_1000_com.android.server.restrictions.RestrictionsManagerService
04-01 08:46:47.163 612 645 V ActivityManagerTiming: OnBootPhase_1000_com.android.server.restrictions.RestrictionsManagerService took to complete: 0ms
04-01 08:46:47.163 612 645 D ActivityManagerTiming: OnBootPhase_1000_com.android.server.media.MediaSessionService
04-01 08:46:47.163 838 1167 D RingtonePlayer: RemoveFirst
04-01 08:46:47.163 838 1167 D RingtonePlayer: PLAY
04-01 08:46:47.163 838 1167 D RingtonePlayer: startSound()
04-01 08:46:47.165 612 752 I WifiScoreCard: Installing MemoryStore
04-01 08:46:47.165 612 752 I WifiHealthMonitor: Installing MemoryStore
04-01 08:46:47.168 612 645 V ActivityManagerTiming: OnBootPhase_1000_com.android.server.media.MediaSessionService took to complete: 5ms
04-01 08:46:47.168 612 645 D ActivityManagerTiming: OnBootPhase_1000_com.android.server.biometrics.BiometricService
04-01 08:46:47.168 612 645 V ActivityManagerTiming: OnBootPhase_1000_com.android.server.biometrics.BiometricService took to complete: 0ms
04-01 08:46:47.168 612 645 D ActivityManagerTiming: OnBootPhase_1000_com.android.server.biometrics.AuthService
04-01 08:46:47.168 612 645 V ActivityManagerTiming: OnBootPhase_1000_com.android.server.biometrics.AuthService took to complete: 0ms
04-01 08:46:47.168 612 645 D ActivityManagerTiming: OnBootPhase_1000_com.android.server.adaptiveauth.AdaptiveAuthService
04-01 08:46:47.168 612 645 V ActivityManagerTiming: OnBootPhase_1000_com.android.server.adaptiveauth.AdaptiveAuthService took to complete: 0ms
04-01 08:46:47.168 612 645 D ActivityManagerTiming: OnBootPhase_1000_com.android.server.pm.ShortcutService$Lifecycle
04-01 08:46:47.168 612 645 D ShortcutService: onBootPhase: 1000
04-01 08:46:47.168 612 645 V ActivityManagerTiming: OnBootPhase_1000_com.android.server.pm.ShortcutService$Lifecycle took to complete: 0ms
04-01 08:46:47.168 612 645 D ActivityManagerTiming: OnBootPhase_1000_com.android.server.pm.LauncherAppsService
04-01 08:46:47.168 612 645 V ActivityManagerTiming: OnBootPhase_1000_com.android.server.pm.LauncherAppsService took to complete: 0ms
04-01 08:46:47.168 612 645 D ActivityManagerTiming: OnBootPhase_1000_com.android.server.pm.CrossProfileAppsService
04-01 08:46:47.168 612 645 V ActivityManagerTiming: OnBootPhase_1000_com.android.server.pm.CrossProfileAppsService took to complete: 0ms
04-01 08:46:47.168 612 645 D ActivityManagerTiming: OnBootPhase_1000_com.android.server.people.PeopleService
04-01 08:46:47.168 612 645 V ActivityManagerTiming: OnBootPhase_1000_com.android.server.people.PeopleService took to complete: 0ms
04-01 08:46:47.168 612 645 D ActivityManagerTiming: OnBootPhase_1000_com.android.server.media.metrics.MediaMetricsManagerService
04-01 08:46:47.168 612 645 V ActivityManagerTiming: OnBootPhase_1000_com.android.server.media.metrics.MediaMetricsManagerService took to complete: 0ms
04-01 08:46:47.168 612 645 D ActivityManagerTiming: OnBootPhase_1000_com.android.server.pm.BackgroundInstallControlService
04-01 08:46:47.168 612 645 V ActivityManagerTiming: OnBootPhase_1000_com.android.server.pm.BackgroundInstallControlService took to complete: 0ms
04-01 08:46:47.168 612 645 D ActivityManagerTiming: OnBootPhase_1000_com.android.server.media.projection.MediaProjectionManagerService
04-01 08:46:47.168 612 645 V ActivityManagerTiming: OnBootPhase_1000_com.android.server.media.projection.MediaProjectionManagerService took to complete: 0ms
04-01 08:46:47.168 612 645 D ActivityManagerTiming: OnBootPhase_1000_com.android.server.slice.SliceManagerService$Lifecycle
04-01 08:46:47.168 612 645 V ActivityManagerTiming: OnBootPhase_1000_com.android.server.slice.SliceManagerService$Lifecycle took to complete: 0ms
04-01 08:46:47.168 612 645 D ActivityManagerTiming: OnBootPhase_1000_com.android.server.stats.StatsCompanion$Lifecycle
04-01 08:46:47.169 612 645 V ActivityManagerTiming: OnBootPhase_1000_com.android.server.stats.StatsCompanion$Lifecycle took to complete: 1ms
04-01 08:46:47.169 612 645 D ActivityManagerTiming: OnBootPhase_1000_com.android.server.scheduling.RebootReadinessManagerService$Lifecycle
04-01 08:46:47.169 612 645 V ActivityManagerTiming: OnBootPhase_1000_com.android.server.scheduling.RebootReadinessManagerService$Lifecycle took to complete: 0ms
04-01 08:46:47.169 612 645 D ActivityManagerTiming: OnBootPhase_1000_com.android.server.stats.pull.StatsPullAtomService
04-01 08:46:47.169 612 645 V ActivityManagerTiming: OnBootPhase_1000_com.android.server.stats.pull.StatsPullAtomService took to complete: 0ms
04-01 08:46:47.169 612 645 D ActivityManagerTiming: OnBootPhase_1000_com.android.server.stats.bootstrap.StatsBootstrapAtomService$Lifecycle
04-01 08:46:47.169 612 645 V ActivityManagerTiming: OnBootPhase_1000_com.android.server.stats.bootstrap.StatsBootstrapAtomService$Lifecycle took to complete: 0ms
04-01 08:46:47.169 612 645 D ActivityManagerTiming: OnBootPhase_1000_com.android.server.incident.IncidentCompanionService
04-01 08:46:47.169 612 645 V ActivityManagerTiming: OnBootPhase_1000_com.android.server.incident.IncidentCompanionService took to complete: 0ms
04-01 08:46:47.169 612 645 D ActivityManagerTiming: OnBootPhase_1000_com.android.server.sdksandbox.SdkSandboxManagerService$Lifecycle
04-01 08:46:47.177 241 241 I servicemanager: Notifying apexservice they do (previously: don't) have clients when service is guaranteed to be in use
04-01 08:46:47.169 612 645 V ActivityManagerTiming: OnBootPhase_1000_com.android.server.sdksandbox.SdkSandboxManagerService$Lifecycle took to complete: 0ms
04-01 08:46:47.169 612 645 D ActivityManagerTiming: OnBootPhase_1000_com.android.server.adservices.AdServicesManagerService$Lifecycle
04-01 08:46:47.169 612 645 V ActivityManagerTiming: OnBootPhase_1000_com.android.server.adservices.AdServicesManagerService$Lifecycle took to complete: 0ms
04-01 08:46:47.169 612 645 D ActivityManagerTiming: OnBootPhase_1000_com.android.server.ondevicepersonalization.OnDevicePersonalizationSystemService$Lifecycle
04-01 08:46:47.169 612 645 V ActivityManagerTiming: OnBootPhase_1000_com.android.server.ondevicepersonalization.OnDevicePersonalizationSystemService$Lifecycle took to complete: 0ms
04-01 08:46:47.169 612 645 D ActivityManagerTiming: OnBootPhase_1000_android.os.profiling.ProfilingService$Lifecycle
04-01 08:46:47.169 612 645 V ActivityManagerTiming: OnBootPhase_1000_android.os.profiling.ProfilingService$Lifecycle took to complete: 0ms
04-01 08:46:47.169 612 645 D ActivityManagerTiming: OnBootPhase_1000_com.android.server.autofill.AutofillManagerService
04-01 08:46:47.169 612 645 V ActivityManagerTiming: OnBootPhase_1000_com.android.server.autofill.AutofillManagerService took to complete: 0ms
04-01 08:46:47.169 612 645 D ActivityManagerTiming: OnBootPhase_1000_com.android.server.clipboard.ClipboardService
04-01 08:46:47.169 612 645 V ActivityManagerTiming: OnBootPhase_1000_com.android.server.clipboard.ClipboardService took to complete: 0ms
04-01 08:46:47.169 612 645 D ActivityManagerTiming: OnBootPhase_1000_com.android.server.appbinding.AppBindingService$Lifecycle
04-01 08:46:47.169 612 645 V ActivityManagerTiming: OnBootPhase_1000_com.android.server.appbinding.AppBindingService$Lifecycle took to complete: 0ms
04-01 08:46:47.169 612 645 D ActivityManagerTiming: OnBootPhase_1000_com.android.server.tracing.TracingServiceProxy
04-01 08:46:47.169 612 645 V ActivityManagerTiming: OnBootPhase_1000_com.android.server.tracing.TracingServiceProxy took to complete: 0ms
04-01 08:46:47.169 612 645 D ActivityManagerTiming: OnBootPhase_1000_com.android.server.policy.PermissionPolicyService
04-01 08:46:47.169 612 645 V ActivityManagerTiming: OnBootPhase_1000_com.android.server.policy.PermissionPolicyService took to complete: 0ms
04-01 08:46:47.170 612 645 D ActivityManagerTiming: OnBootPhase_1000_com.android.server.pm.StagingManager$Lifecycle
04-01 08:46:47.177 838 1169 D RingtonePlayer: in run: new looper Looper (Thread-8, tid 78) {3b7cf83}
04-01 08:46:47.180 429 429 I AidlLazyServiceRegistrar: Process has 1 (of 1 available) client(s) in use after notification apexservice has clients: 1
04-01 08:46:47.180 429 429 I AidlLazyServiceRegistrar: Shutdown prevented by forcePersist override flag.
04-01 08:46:47.182 429 429 I apexd : markBootCompleted() received by ApexService
04-01 08:46:47.179 612 645 V ActivityManagerTiming: OnBootPhase_1000_com.android.server.pm.StagingManager$Lifecycle took to complete: 9ms
04-01 08:46:47.179 612 645 D ActivityManagerTiming: OnBootPhase_1000_com.android.server.app.GameManagerService$Lifecycle
04-01 08:46:47.180 612 645 D GameManagerService: onBootCompleted
04-01 08:46:47.182 612 645 V GameManagerService: Game loading power mode OFF (game manager service start/restart)
04-01 08:46:47.185 483 483 I android.hardware.power-service.example: Power isModeSupported: 16
04-01 08:46:47.185 612 645 V GameManagerService: Game power mode OFF (game manager service start/restart)
04-01 08:46:47.185 483 483 I android.hardware.power-service.example: Power isModeSupported: 15
04-01 08:46:47.194 612 645 V GameManagerService: Game Default Frame Rate : 60.0
04-01 08:46:47.196 612 645 V ActivityManagerTiming: OnBootPhase_1000_com.android.server.app.GameManagerService$Lifecycle took to complete: 17ms
04-01 08:46:47.196 612 645 D ActivityManagerTiming: OnBootPhase_1000_com.android.safetycenter.SafetyCenterService
04-01 08:46:47.205 612 752 D WifiNetworkFactory: Registering NetworkFactory
04-01 08:46:47.214 612 645 I SafetyCenterService: Safety Center is enabled
04-01 08:46:47.215 612 645 V ActivityManagerTiming: OnBootPhase_1000_com.android.safetycenter.SafetyCenterService took to complete: 19ms
04-01 08:46:47.215 612 645 D ActivityManagerTiming: OnBootPhase_1000_com.android.server.appsearch.AppSearchModule$Lifecycle
04-01 08:46:47.216 612 645 V ActivityManagerTiming: OnBootPhase_1000_com.android.server.appsearch.AppSearchModule$Lifecycle took to complete: 0ms
04-01 08:46:47.217 612 645 D ActivityManagerTiming: OnBootPhase_1000_com.android.server.compos.IsolatedCompilationService
04-01 08:46:47.217 612 645 I com.android.server.compos.IsolatedCompilationService: Isolated compilation not supported, not scheduling job
