04-01 08:46:52.968 838 838 D MediaRouter: onRestoreRoute() : route=RouteInfo{ name=Tablet, description=null, status=null, category=RouteCategory{ name=System types=ROUTE_TYPE_LIVE_AUDIO ROUTE_TYPE_LIVE_VIDEO groupable=false }, supportedTypes=ROUTE_TYPE_LIVE_AUDIO ROUTE_TYPE_LIVE_VIDEO , presentationDisplay=null }
04-01 08:46:52.968 838 838 V MediaRouter: Selecting route: RouteInfo{ name=Tablet, description=null, status=null, category=RouteCategory{ name=System types=ROUTE_TYPE_LIVE_AUDIO ROUTE_TYPE_LIVE_VIDEO groupable=false }, supportedTypes=ROUTE_TYPE_LIVE_AUDIO ROUTE_TYPE_LIVE_VIDEO , presentationDisplay=null }
04-01 08:46:53.001 838 838 W NotifCollection: Collection missing 3 entries in ranking update. Just lost 3: -1|android|26|null|1000, -1|android|32|null|1000, -1|android|55|null|1000
04-01 08:46:53.010 1234 1234 D MediaCodecList: codecHandlesFormat: no format, so no extra checks
04-01 08:46:53.011 1234 1234 D MediaCodecList: codecHandlesFormat: no format, so no extra checks
04-01 08:46:53.024 1234 1369 D CCodec : allocate(c2.v4l2.hevc.decoder)
04-01 08:46:53.034 1321 1365 I DevicePolicyControllerImpl: Enforcing policies for provision state 0 and device state 0
04-01 08:46:53.044 1093 1093 D b/254119092: Set mActivity=com.android.launcher3.uioverrides.QuickstepLauncher@dfa7944
04-01 08:46:53.044 1093 1093 D b/254119092: mActivity and mContext device profiles have different values, add more logs.
04-01 08:46:53.044 1093 1093 D b/254119092: mActivity logs:
04-01 08:46:53.044 1093 1093 D b/254119092: mActivity=com.android.launcher3.uioverrides.QuickstepLauncher@dfa7944
04-01 08:46:53.044 1093 1093 D b/254119092: mActivity.getResources().getConfiguration()={1.0 ?mcc0mnc [en_US] ldltr sw720dp w1280dp h720dp 240dpi xlrg long land -touch qwerty/v/v -nav/h winConfig={ mBounds=Rect(0, 0 - 1920, 1080) mAppBounds=Rect(0, 0 - 1920, 1080) mMaxBounds=Rect(0, 0 - 1920, 1080) mDisplayRotation=ROTATION_0 mWindowingMode=fullscreen mActivityType=home mAlwaysOnTop=undefined mRotation=ROTATION_0} s.3 fontWeightAdjustment=0}
04-01 08:46:53.044 1093 1093 D b/254119092: mActivity.getDeviceProfile().isTaskbarPresent=true
04-01 08:46:53.044 1093 1093 D b/254119092: mContext logs:
04-01 08:46:53.044 1093 1093 D b/254119092: mContext=android.window.WindowContext@45bacc
04-01 08:46:53.044 1093 1093 D b/254119092: mContext.getResources().getConfiguration()={1.0 ?mcc0mnc [en_US] ldltr sw720dp w1280dp h720dp 240dpi xlrg long land -touch qwerty/v/v -nav/h winConfig={ mBounds=Rect(0, 0 - 1920, 1080) mAppBounds=Rect(0, 0 - 1920, 1080) mMaxBounds=Rect(0, 0 - 1920, 1080) mDisplayRotation=ROTATION_0 mWindowingMode=fullscreen mActivityType=undefined mAlwaysOnTop=undefined mRotation=ROTATION_0} s.6 fontWeightAdjustment=0}
04-01 08:46:53.044 1093 1093 D b/254119092: Couldn't get DeviceProfile because !mUserUnlocked
04-01 08:46:53.044 1093 1093 D b/254119092: registering activity lifecycle callbacks from setActivity().
04-01 08:46:53.044 1093 1093 D b/254119092: destroyExistingTaskbar: null
04-01 08:46:53.044 1093 1093 D b/254119092: mActivity and mContext agree taskbarIsPresent=true
04-01 08:46:53.045 1093 1093 D b/254119092: recreateTaskbar: isTaskbarEnabled=true [dp != null (i.e. mUserUnlocked)]=true FLAG_HIDE_NAVBAR_WINDOW=false dp.isTaskbarPresent=true
04-01 08:46:53.045 1093 1093 D b/254119092: mActivity and mContext agree taskbarIsPresent=true
04-01 08:46:53.049 612 644 I DropBoxManagerService: add tag=system_server_strictmode isTagEnabled=true flags=0x2
04-01 08:46:53.051 838 838 D BiometricsRepositoryImpl: currentUser authFlags changed, new value: AuthenticationFlags(userId=0, flag=0)
04-01 08:46:53.052 838 838 D BiometricsRepositoryImpl: currentUser authFlags changed, new value: AuthenticationFlags(userId=0, flag=0)
04-01 08:46:53.056 838 838 D BiometricsRepositoryImpl: currentUser authFlags changed, new value: AuthenticationFlags(userId=0, flag=0)
04-01 08:46:53.057 838 838 D BiometricsRepositoryImpl: currentUser authFlags changed, new value: AuthenticationFlags(userId=0, flag=0)
04-01 08:46:53.059 838 838 D BiometricsRepositoryImpl: onStrongAuthRequiredChanged for userId: 0, flag value: 0
04-01 08:46:53.061 1234 1369 I Codec2Client: Available Codec2 services: "default" "software"
04-01 08:46:53.067 1234 1369 I CCodec : setting up 'default' as default (vendor) store
04-01 08:46:53.077 838 1013 D BiometricsRepositoryImpl: currentUser authFlags changed, new value: AuthenticationFlags(userId=0, flag=0)
04-01 08:46:53.080 612 644 I DropBoxManagerService: add tag=system_server_strictmode isTagEnabled=true flags=0x2
04-01 08:46:53.083 612 612 W Looper : Slow dispatch took 115ms main h=android.app.ActivityThread$H c=android.app.LoadedApk$ReceiverDispatcher$Args$$ExternalSyntheticLambda0@a0d08fd m=0
04-01 08:46:53.094 838 1072 D Bubbles : handleKeyguardOrDreamChange isUnlockedShade=true keyguardShowing=false dreamingOrInPreview=false
04-01 08:46:53.098 838 973 D BiometricsRepositoryImpl: currentUser authFlags changed, new value: AuthenticationFlags(userId=0, flag=0)
04-01 08:46:53.100 478 575 D AHAL_StreamPrimary: transfer: skipping transfer (4096 frames)
04-01 08:46:53.101 1342 1342 D WM-WrkMgrInitializer: Initializing WorkManager with default configuration.
04-01 08:46:53.112 1321 1321 D SetupParametersService: onCreate
04-01 08:46:53.116 1234 1369 I CCodec : Created component [c2.v4l2.hevc.decoder]
04-01 08:46:53.117 612 692 W UserManagerService: Requested status bar icon for non-badged user 0
04-01 08:46:53.121 1234 1369 W Codec2Client: query -- param skipped: index = 2684356613.
04-01 08:46:53.121 1234 1369 D CCodecConfig: Query domain & kind failed => BAD_INDEX
04-01 08:46:53.123 1234 1369 D CCodecConfig: read media type: video/hevc
04-01 08:46:53.126 1234 1369 D CCodecConfig: read media type: video/hevc
04-01 08:46:53.130 1321 1371 I DlcClient: Binding com.android.devicelockcontroller/.storage.SetupParametersService
04-01 08:46:53.140 1321 1365 D PackagePolicyHandler: Kiosk package is not set
04-01 08:46:53.143 1234 1369 D ReflectedParamUpdater: extent() != 1 for single value type: input.buffers.allocator-ids.values
04-01 08:46:53.144 1234 1369 D ReflectedParamUpdater: extent() != 1 for single value type: output.buffers.allocator-ids.values
04-01 08:46:53.145 1234 1369 D ReflectedParamUpdater: extent() != 1 for single value type: output.buffers.pool-ids.values
04-01 08:46:53.147 1234 1369 D CCodecConfig: ignoring local param raw.size (0xd2001800) as it is already supported
04-01 08:46:53.147 1234 1369 D CCodecConfig: ignoring local param default.color (0x5200180b) as it is already supported
04-01 08:46:53.147 1234 1369 D ReflectedParamUpdater: ignored struct field raw.hdr-static-info.mastering
04-01 08:46:53.149 478 575 D AHAL_StreamPrimary: transfer: skipping transfer (4096 frames)
04-01 08:46:53.151 612 663 I BroadcastQueue: BOOT_COMPLETED_BROADCAST_COMPLETION_LATENCY_REPORTED action:android.intent.action.LOCKED_BOOT_COMPLETED dispatchLatency:257 completeLatency:5810 dispatchRealLatency:257 completeRealLatency:5810 receiversSize:4 userId:0 userType:android.os.usertype.full.SYSTEM
04-01 08:46:53.155 1234 1369 I CCodecConfig: query failed after returning 10 values (BAD_INDEX)
04-01 08:46:53.155 1234 1369 D CCodecConfig: c2 config diff is Dict {
04-01 08:46:53.155 1234 1369 D CCodecConfig: c2::u32 algo.delay.value = 3
04-01 08:46:53.155 1234 1369 D CCodecConfig: c2::u32 coded.pl.level = 24576
04-01 08:46:53.155 1234 1369 D CCodecConfig: c2::u32 coded.pl.profile = 24576
04-01 08:46:53.155 1234 1369 D CCodecConfig: c2::u32 coded.vui.color.matrix = 0
04-01 08:46:53.155 1234 1369 D CCodecConfig: c2::u32 coded.vui.color.primaries = 0
04-01 08:46:53.155 1234 1369 D CCodecConfig: c2::u32 coded.vui.color.range = 2
04-01 08:46:53.155 1234 1369 D CCodecConfig: c2::u32 coded.vui.color.transfer = 0
04-01 08:46:53.155 1234 1369 D CCodecConfig: c2::u32 default.color.matrix = 0
04-01 08:46:53.155 1234 1369 D CCodecConfig: c2::u32 default.color.primaries = 0
04-01 08:46:53.155 1234 1369 D CCodecConfig: c2::u32 default.color.range = 0
04-01 08:46:53.155 1234 1369 D CCodecConfig: c2::u32 default.color.transfer = 0
04-01 08:46:53.155 1234 1369 D CCodecConfig: c2::u32 input.buffers.max-size.value = 2097152
04-01 08:46:53.155 1234 1369 D CCodecConfig: string input.media-type.value = "video/hevc"
04-01 08:46:53.155 1234 1369 D CCodecConfig: c2::u32 output.delay.value = 16
04-01 08:46:53.155 1234 1369 D CCodecConfig: string output.media-type.value = "video/raw"
04-01 08:46:53.155 1234 1369 D CCodecConfig: c2::u32 raw.color.matrix = 0
04-01 08:46:53.155 1234 1369 D CCodecConfig: c2::u32 raw.color.primaries = 0
04-01 08:46:53.155 1234 1369 D CCodecConfig: c2::u32 raw.color.range = 2
04-01 08:46:53.155 1234 1369 D CCodecConfig: c2::u32 raw.color.transfer = 0
04-01 08:46:53.155 1234 1369 D CCodecConfig: c2::i32 raw.rotation.flip = 0
04-01 08:46:53.155 1234 1369 D CCodecConfig: c2::i32 raw.rotation.value = 0
04-01 08:46:53.155 1234 1369 D CCodecConfig: c2::u32 raw.sar.height = 1
04-01 08:46:53.155 1234 1369 D CCodecConfig: c2::u32 raw.sar.width = 1
04-01 08:46:53.155 1234 1369 D CCodecConfig: c2::u32 raw.size.height = 240
04-01 08:46:53.155 1234 1369 D CCodecConfig: c2::u32 raw.size.width = 320
04-01 08:46:53.155 1234 1369 D CCodecConfig: c2::u32 raw.surface-scaling.value = 1
04-01 08:46:53.155 1234 1369 D CCodecConfig: }
04-01 08:46:53.158 1234 1369 W ColorUtils: expected specified color aspects (2:0:0:0)
04-01 08:46:53.162 612 638 I DevicePolicyEngine: Couldn't find any receivers that handle ACTION_DEVICE_POLICY_SET_RESULT in package com.android.devicelockcontroller
04-01 08:46:53.162 612 638 D DevicePolicyEngine: Writing device policies to file.
04-01 08:46:53.162 612 638 D DevicePolicyEngine: Writing to /data/system/device_policy_state.xml
04-01 08:46:53.170 1234 1369 D CCodec : [c2.v4l2.hevc.decoder] buffers are bound to CCodec for this session
04-01 08:46:53.171 1234 1369 D CCodec : Client requested ByteBuffer mode decoder w/o color format set: using default planar color format
04-01 08:46:53.171 1234 1369 D CCodecConfig: no c2 equivalents for flags
04-01 08:46:53.172 1234 1369 D CCodecConfig: c2 config diff is c2::u32 raw.size.height = 1080
04-01 08:46:53.172 1234 1369 D CCodecConfig: c2::u32 raw.size.width = 1920
04-01 08:46:53.173 1234 1369 W ColorUtils: expected specified color aspects (2:0:0:0)
04-01 08:46:53.174 1234 1369 D CCodec : encoding statistics level = 0
04-01 08:46:53.174 1234 1369 D CCodec : setup formats input: AMessage(what = 0x00000000) = {
04-01 08:46:53.174 1234 1369 D CCodec : int32_t height = 1080
04-01 08:46:53.174 1234 1369 D CCodec : int32_t level = 1
04-01 08:46:53.174 1234 1369 D CCodec : int32_t max-input-size = 2097152
04-01 08:46:53.174 1234 1369 D CCodec : string mime = "video/hevc"
04-01 08:46:53.174 1234 1369 D CCodec : int32_t profile = 1
04-01 08:46:53.174 1234 1369 D CCodec : int32_t width = 1920
04-01 08:46:53.174 1234 1369 D CCodec : Rect crop(0, 0, 1919, 1079)
04-01 08:46:53.174 1234 1369 D CCodec : int64_t android._C2MemoryUsage = 4194304
04-01 08:46:53.174 1234 1369 D CCodec : int32_t color-transfer-request = 0
04-01 08:46:53.174 1234 1369 D CCodec : }
04-01 08:46:53.175 1234 1369 D CCodec : setup formats output: AMessage(what = 0x00000000) = {
04-01 08:46:53.175 1234 1369 D CCodec : int32_t android._video-scaling = 1
04-01 08:46:53.175 1234 1369 D CCodec : int32_t rotation-degrees = 0
04-01 08:46:53.175 1234 1369 D CCodec : int32_t color-standard = 0
04-01 08:46:53.175 1234 1369 D CCodec : int32_t color-range = 2
04-01 08:46:53.175 1234 1369 D CCodec : int32_t color-transfer = 0
04-01 08:46:53.175 1234 1369 D CCodec : int32_t sar-height = 1
04-01 08:46:53.175 1234 1369 D CCodec : int32_t sar-width = 1
04-01 08:46:53.175 1234 1369 D CCodec : Rect crop(0, 0, 1919, 1079)
04-01 08:46:53.175 1234 1369 D CCodec : int32_t width = 1920
04-01 08:46:53.175 1234 1369 D CCodec : int32_t height = 1080
04-01 08:46:53.175 1234 1369 D CCodec : string mime = "video/raw"
04-01 08:46:53.175 1234 1369 D CCodec : int32_t android._dataspace = 268435456
04-01 08:46:53.175 1234 1369 D CCodec : int32_t color-format = 19
04-01 08:46:53.175 1234 1369 D CCodec : }
04-01 08:46:53.175 1342 1342 D WM-PackageManagerHelper: Skipping component enablement for androidx.work.impl.background.systemjob.SystemJobService
04-01 08:46:53.175 1342 1342 D WM-Schedulers: Created SystemJobScheduler and enabled SystemJobService
04-01 08:46:53.175 1234 1369 I CCodecConfig: query failed after returning 10 values (BAD_INDEX)
04-01 08:46:53.177 525 983 W ResourceManagerMetrics: notifyClientStopped: Start Config is missing!
04-01 08:46:53.180 1234 1234 I TranscodeHelper: Device HDR Plugin is available: false
04-01 08:46:53.180 1234 1234 I TranscodeHelper: Empty transcode compat stale
04-01 08:46:53.181 1234 1234 I TranscodeHelper: Parsed 0 packages from resource
04-01 08:46:53.181 1234 1234 I TranscodeHelper: Empty device config transcode compat manifest
04-01 08:46:53.183 474 474 I hw-BpHwBinder: onLastStrongRef automatically unlinking death recipients
04-01 08:46:53.182 1234 1369 I hw-BpHwBinder: onLastStrongRef automatically unlinking death recipients
04-01 08:46:53.213 1342 1377 D WM-ForceStopRunnable: The default process name was not specified.
04-01 08:46:53.214 1342 1377 D WM-ForceStopRunnable: Performing cleanup operations.
04-01 08:46:53.240 612 653 V GrammaticalInflectionUtils: AttributionSource: AttributionSource { uid = 10042, packageName = null, attributionTag = null, token = android.os.Binder@4baf5bf, deviceId = 0, next = null } does not have READ_SYSTEM_GRAMMATICAL_GENDER permission.
04-01 08:46:53.259 838 838 I Choreographer: Skipped 44 frames! The application may be doing too much work on its main thread.
04-01 08:46:53.295 452 452 D Zygote : Forked child process 1384
04-01 08:46:53.299 1234 1234 D PickerSyncLockManager: Trying to acquire lock com.android.providers.media.photopicker.sync.CloseableReentrantLock@101d53b[Unlocked]. Lock Name = CLOUD_PROVIDER_LOCK. Threads that may be waiting to acquire this lock = []
04-01 08:46:53.299 1234 1234 D CloseableReentrantLock: Successfully acquired lock com.android.providers.media.photopicker.sync.CloseableReentrantLock@101d53b[Locked by thread main]. Lock Name = CLOUD_PROVIDER_LOCK. Threads that may be waiting to acquire this lock = []
04-01 08:46:53.299 1234 1234 D CloseableReentrantLock: Successfully released lock com.android.providers.media.photopicker.sync.CloseableReentrantLock@101d53b[Unlocked]. Lock Name = CLOUD_PROVIDER_LOCK. Threads that may be waiting to acquire this lock = []
04-01 08:46:53.311 1234 1234 D CompatChangeReporter: Compat change id reported: 312399441; UID 10094; state: ENABLED
04-01 08:46:53.312 612 654 W ActivityManager: Slow operation: 71ms so far, now at startProcess: returned from zygote!
04-01 08:46:53.319 612 654 W ActivityManager: Slow operation: 78ms so far, now at startProcess: done updating battery stats
04-01 08:46:53.319 612 654 W ActivityManager: Slow operation: 78ms so far, now at startProcess: building log message
04-01 08:46:53.319 612 654 I ActivityManager: Start proc 1384:com.android.traceur/u0a42 for broadcast {com.android.traceur/com.android.traceur.Receiver}
04-01 08:46:53.319 612 654 W ActivityManager: Slow operation: 78ms so far, now at startProcess: starting to update pids map
04-01 08:46:53.326 1234 1234 V MediaStore: Examining volume emulated;0 with name external_primary and state checking
04-01 08:46:53.327 612 654 W ActivityManager: Slow operation: 86ms so far, now at startProcess: done updating pids map
04-01 08:46:53.330 1234 1234 V MediaProvider: attachVolume() called for internal with state:null
04-01 08:46:53.335 612 987 I DeviceLockServiceImpl: User unlocked reported for: UserHandle{0}
04-01 08:46:53.350 1384 1384 I android.traceur: Using CollectorTypeCMC GC.
04-01 08:46:53.362 1384 1384 E android.traceur: Not starting debugger since process cannot load the jdwp agent.
04-01 08:46:53.374 478 575 D AHAL_StreamPrimary: transfer: skipping transfer (4096 frames)
04-01 08:46:53.379 1384 1384 D nativeloader: Load libframework-connectivity-tiramisu-jni.so using APEX ns com_android_tethering for caller /apex/com.android.tethering/javalib/framework-connectivity-t.jar: ok
04-01 08:46:53.411 612 1233 E AppSearchIcing: icing-flash-bitmap.cc:101: Flash bitmap /data/system_ce/0/appsearch/icing/index_dir/idx/lite.lexicon.prop.2 is dirty
04-01 08:46:53.411 612 1233 E AppSearchIcing: icing-dynamic-trie.cc:1275: Init of /data/system_ce/0/appsearch/icing/index_dir/idx/lite.lexicon.prop.2 failed
04-01 08:46:53.412 612 1233 E AppSearchIcing: icing-dynamic-trie.cc:1329: Open prop bitmap failed: /data/system_ce/0/appsearch/icing/index_dir/idx/lite.lexicon.prop.2
04-01 08:46:53.414 1093 1093 E Overrides: Bad overriden class
04-01 08:46:53.414 1093 1093 E Overrides: java.lang.NoSuchMethodException: com.android.launcher3.taskbar.TaskbarModelCallbacksFactory. [class android.content.Context]
04-01 08:46:53.414 1093 1093 E Overrides: at java.lang.Class.getConstructor0(Class.java:3395)
04-01 08:46:53.414 1093 1093 E Overrides: at java.lang.Class.getDeclaredConstructor(Class.java:3077)
04-01 08:46:53.414 1093 1093 E Overrides: at com.android.launcher3.util.ResourceBasedOverride$Overrides.getObject(ResourceBasedOverride.java:42)
04-01 08:46:53.414 1093 1093 E Overrides: at com.android.launcher3.taskbar.TaskbarModelCallbacksFactory$Companion.newInstance(TaskbarModelCallbacksFactory.kt:35)
04-01 08:46:53.414 1093 1093 E Overrides: at com.android.launcher3.taskbar.TaskbarModelCallbacksFactory.newInstance(TaskbarModelCallbacksFactory.kt:0)
04-01 08:46:53.414 1093 1093 E Overrides: at com.android.launcher3.taskbar.TaskbarViewController.(TaskbarViewController.java:194)
04-01 08:46:53.414 1093 1093 E Overrides: at com.android.launcher3.taskbar.TaskbarActivityContext.(TaskbarActivityContext.java:321)
04-01 08:46:53.414 1093 1093 E Overrides: at com.android.launcher3.taskbar.TaskbarManager.recreateTaskbar(TaskbarManager.java:477)
04-01 08:46:53.414 1093 1093 E Overrides: at com.android.launcher3.taskbar.TaskbarManager.onUserUnlocked(TaskbarManager.java:383)
04-01 08:46:53.414 1093 1093 E Overrides: at com.android.quickstep.TouchInteractionService$$ExternalSyntheticLambda2.run(R8$$SyntheticClass:0)
04-01 08:46:53.414 1093 1093 E Overrides: at com.android.launcher3.util.RunnableList.executeAllAndClear(RunnableList.java:68)
04-01 08:46:53.414 1093 1093 E Overrides: at com.android.launcher3.util.RunnableList.executeAllAndDestroy(RunnableList.java:56)
04-01 08:46:53.414 1093 1093 E Overrides: at com.android.launcher3.util.LockedUserState.notifyUserUnlocked(LockedUserState.kt:74)
04-01 08:46:53.414 1093 1093 E Overrides: at com.android.launcher3.util.LockedUserState.setUserUnlocked(LockedUserState.kt:32)
04-01 08:46:53.414 1093 1093 E Overrides: at com.android.launcher3.util.LockedUserState.access$setUserUnlocked(LockedUserState.kt:26)
04-01 08:46:53.414 1093 1093 E Overrides: at com.android.launcher3.util.LockedUserState$mUserUnlockedReceiver$1.accept(LockedUserState.kt:42)
04-01 08:46:53.414 1093 1093 E Overrides: at com.android.launcher3.util.LockedUserState$mUserUnlockedReceiver$1.accept(LockedUserState.kt:40)
04-01 08:46:53.414 1093 1093 E Overrides: at com.android.launcher3.util.SimpleBroadcastReceiver.onReceive(SimpleBroadcastReceiver.java:50)
04-01 08:46:53.414 1093 1093 E Overrides: at android.app.LoadedApk$ReceiverDispatcher$Args.lambda$getRunnable$0(LoadedApk.java:1814)
04-01 08:46:53.414 1093 1093 E Overrides: at android.app.LoadedApk$ReceiverDispatcher$Args.$r8$lambda$mcNAAl1SQ4MyJPyDg8TJ2x2h0Rk(Unknown Source:0)
04-01 08:46:53.414 1093 1093 E Overrides: at android.app.LoadedApk$ReceiverDispatcher$Args$$ExternalSyntheticLambda0.run(D8$$SyntheticClass:0)
04-01 08:46:53.414 1093 1093 E Overrides: at android.os.Handler.handleCallback(Handler.java:991)
04-01 08:46:53.414 1093 1093 E Overrides: at android.os.Handler.dispatchMessage(Handler.java:102)
04-01 08:46:53.414 1093 1093 E Overrides: at android.os.Looper.loopOnce(Looper.java:232)
04-01 08:46:53.414 1093 1093 E Overrides: at android.os.Looper.loop(Looper.java:317)
04-01 08:46:53.414 1093 1093 E Overrides: at android.app.ActivityThread.main(ActivityThread.java:8787)
04-01 08:46:53.414 1093 1093 E Overrides: at java.lang.reflect.Method.invoke(Native Method)
04-01 08:46:53.414 1093 1093 E Overrides: at com.android.internal.os.RuntimeInit$MethodAndArgsCaller.run(RuntimeInit.java:591)
04-01 08:46:53.414 1093 1093 E Overrides: at com.android.internal.os.ZygoteInit.main(ZygoteInit.java:871)
04-01 08:46:53.418 1234 1234 I MediaProvider: Changed PhotoPickerGetContentActivity component state to STATE_ENABLED ( 1 )
04-01 08:46:53.420 1234 1234 I MediaProvider: Changed PhotoPickerActivity component state to STATE_ENABLED ( 1 )
04-01 08:46:53.423 478 575 D AHAL_StreamPrimary: transfer: skipping transfer (4096 frames)
04-01 08:46:53.424 1234 1234 I MediaProvider: Changed PhotoPickerUserSelectActivity component state to STATE_ENABLED ( 1 )
04-01 08:46:53.432 1234 1234 D PulledMetrics: Registering callback with StatsManager
04-01 08:46:53.451 1234 1343 V MediaProvider: onConfigure() for external.db
04-01 08:46:53.464 612 1096 W com.android.internal.protolog.LogcatOnlyProtoLogImpl: ProtoLog message not processed. Failed to log it to proto. Logging it below to logcat instead.
04-01 08:46:53.464 612 1096 V WindowManager: Binding proc com.android.traceur with config {1.0 ?mcc0mnc [en_US] ldltr sw720dp w1280dp h720dp 240dpi xlrg long land -touch qwerty/v/v -nav/h winConfig={ mBounds=Rect(0, 0 - 1920, 1080) mAppBounds=Rect(0, 0 - 1920, 1080) mMaxBounds=Rect(0, 0 - 1920, 1080) mDisplayRotation=ROTATION_0 mWindowingMode=fullscreen mActivityType=undefined mAlwaysOnTop=undefined mRotation=ROTATION_0} s.6 fontWeightAdjustment=0}
04-01 08:46:53.514 1384 1384 D CompatChangeReporter: Compat change id reported: 242716250; UID 10042; state: ENABLED
04-01 08:46:53.515 1234 1343 V MediaProvider: onOpen() for external.db
04-01 08:46:53.517 1234 1343 W JobInfo : Job 'com.android.providers.media.module/com.android.providers.media.MediaService#-300' has a deadline with no functional constraints. The deadline won't improve job execution latency. Consider removing the deadline.
04-01 08:46:53.518 612 1096 W JobInfo : Job 'com.android.providers.media.module/com.android.providers.media.MediaService#-300' has a deadline with no functional constraints. The deadline won't improve job execution latency. Consider removing the deadline.
04-01 08:46:53.532 1234 1234 I MediaApplication: PhotoPickerSettingsActivity is now disabled.
04-01 08:46:53.584 838 851 I HWUI : Davey! duration=1041ms; Flags=0, FrameTimelineVsyncId=4594, IntendedVsync=45583992506, Vsync=46317324710, InputEventId=0, HandleInputStart=46329553310, AnimationStart=46329555530, PerformTraversalsStart=46337782195, DrawStart=46529224740, FrameDeadline=45884037462, FrameInterval=46328767805, FrameStartTime=16666641, SyncQueued=46530224475, SyncStart=46536181340, IssueDrawCommandsStart=46547690190, SwapBuffers=46620433710, FrameCompleted=46631659425, DequeueBufferDuration=43790, QueueBufferDuration=10737305, GpuCompleted=46620433710, SwapBuffersCompleted=46631659425, DisplayPresentTime=0, CommandSubmissionCompleted=46620433710,
04-01 08:46:53.590 1234 1343 I MediaProvider: No database change across sequential open calls for external.db.
04-01 08:46:53.593 1342 1377 D WM-SystemJobScheduler: Reconciling jobs
04-01 08:46:53.600 452 452 D Zygote : Forked child process 1397
04-01 08:46:53.603 612 638 W ActivityManager: Slow operation: 66ms so far, now at finishAttachApplicationInner: after mServices.attachApplicationLocked
04-01 08:46:53.605 612 654 W ActivityManager: Slow operation: 52ms so far, now at startProcess: returned from zygote!
04-01 08:46:53.609 612 638 W ActivityManager: Slow operation: 72ms so far, now at finishAttachApplicationInner: after dispatching broadcasts
04-01 08:46:53.611 612 654 W ActivityManager: Slow operation: 58ms so far, now at startProcess: done updating battery stats
04-01 08:46:53.611 612 654 W ActivityManager: Slow operation: 58ms so far, now at startProcess: building log message
04-01 08:46:53.611 612 654 I ActivityManager: Start proc 1397:com.android.localtransport/1000 for service {com.android.localtransport/com.android.localtransport.LocalTransportService}
04-01 08:46:53.611 612 654 W ActivityManager: Slow operation: 58ms so far, now at startProcess: starting to update pids map
04-01 08:46:53.618 1384 1384 D CompatChangeReporter: Compat change id reported: 3400644; UID 10042; state: ENABLED
04-01 08:46:53.620 1234 1343 D MediaProvider: xattr set to f58d015c-a383-4187-9b0a-53cf8ccc58a3 for key:user.extdbsessionid0 on path: /data/user/0/com.android.providers.media.module/databases/external.db.
04-01 08:46:53.629 612 654 W ActivityManager: Slow operation: 76ms so far, now at startProcess: done updating pids map
04-01 08:46:53.629 1093 1093 E Overrides: Bad overriden class
04-01 08:46:53.629 1093 1093 E Overrides: java.lang.NoSuchMethodException: com.android.launcher3.taskbar.TaskbarViewCallbacksFactory. [class android.content.Context]
04-01 08:46:53.629 1093 1093 E Overrides: at java.lang.Class.getConstructor0(Class.java:3395)
04-01 08:46:53.629 1093 1093 E Overrides: at java.lang.Class.getDeclaredConstructor(Class.java:3077)
04-01 08:46:53.629 1093 1093 E Overrides: at com.android.launcher3.util.ResourceBasedOverride$Overrides.getObject(ResourceBasedOverride.java:42)
04-01 08:46:53.629 1093 1093 E Overrides: at com.android.launcher3.taskbar.TaskbarViewCallbacksFactory$Companion.newInstance(TaskbarViewCallbacksFactory.kt:36)
04-01 08:46:53.629 1093 1093 E Overrides: at com.android.launcher3.taskbar.TaskbarViewCallbacksFactory.newInstance(TaskbarViewCallbacksFactory.kt:0)
04-01 08:46:53.629 1093 1093 E Overrides: at com.android.launcher3.taskbar.TaskbarViewController.init(TaskbarViewController.java:208)
04-01 08:46:53.629 1093 1093 E Overrides: at com.android.launcher3.taskbar.TaskbarControllers.init(TaskbarControllers.java:159)
04-01 08:46:53.629 1093 1093 E Overrides: at com.android.launcher3.taskbar.TaskbarActivityContext.init(TaskbarActivityContext.java:413)
04-01 08:46:53.629 1093 1093 E Overrides: at com.android.launcher3.taskbar.TaskbarManager.recreateTaskbar(TaskbarManager.java:486)
04-01 08:46:53.629 1093 1093 E Overrides: at com.android.launcher3.taskbar.TaskbarManager.onUserUnlocked(TaskbarManager.java:383)
04-01 08:46:53.629 1093 1093 E Overrides: at com.android.quickstep.TouchInteractionService$$ExternalSyntheticLambda2.run(R8$$SyntheticClass:0)
04-01 08:46:53.629 1093 1093 E Overrides: at com.android.launcher3.util.RunnableList.executeAllAndClear(RunnableList.java:68)
04-01 08:46:53.629 1093 1093 E Overrides: at com.android.launcher3.util.RunnableList.executeAllAndDestroy(RunnableList.java:56)
04-01 08:46:53.629 1093 1093 E Overrides: at com.android.launcher3.util.LockedUserState.notifyUserUnlocked(LockedUserState.kt:74)
04-01 08:46:53.629 1093 1093 E Overrides: at com.android.launcher3.util.LockedUserState.setUserUnlocked(LockedUserState.kt:32)
04-01 08:46:53.629 1093 1093 E Overrides: at com.android.launcher3.util.LockedUserState.access$setUserUnlocked(LockedUserState.kt:26)
04-01 08:46:53.629 1093 1093 E Overrides: at com.android.launcher3.util.LockedUserState$mUserUnlockedReceiver$1.accept(LockedUserState.kt:42)
04-01 08:46:53.629 1093 1093 E Overrides: at com.android.launcher3.util.LockedUserState$mUserUnlockedReceiver$1.accept(LockedUserState.kt:40)
04-01 08:46:53.629 1093 1093 E Overrides: at com.android.launcher3.util.SimpleBroadcastReceiver.onReceive(SimpleBroadcastReceiver.java:50)
04-01 08:46:53.629 1093 1093 E Overrides: at android.app.LoadedApk$ReceiverDispatcher$Args.lambda$getRunnable$0(LoadedApk.java:1814)
04-01 08:46:53.629 1093 1093 E Overrides: at android.app.LoadedApk$ReceiverDispatcher$Args.$r8$lambda$mcNAAl1SQ4MyJPyDg8TJ2x2h0Rk(Unknown Source:0)
04-01 08:46:53.629 1093 1093 E Overrides: at android.app.LoadedApk$ReceiverDispatcher$Args$$ExternalSyntheticLambda0.run(D8$$SyntheticClass:0)
04-01 08:46:53.629 1093 1093 E Overrides: at android.os.Handler.handleCallback(Handler.java:991)
04-01 08:46:53.629 1093 1093 E Overrides: at android.os.Handler.dispatchMessage(Handler.java:102)
04-01 08:46:53.629 1093 1093 E Overrides: at android.os.Looper.loopOnce(Looper.java:232)
04-01 08:46:53.629 1093 1093 E Overrides: at android.os.Looper.loop(Looper.java:317)
04-01 08:46:53.629 1093 1093 E Overrides: at android.app.ActivityThread.main(ActivityThread.java:8787)
04-01 08:46:53.629 1093 1093 E Overrides: at java.lang.reflect.Method.invoke(Native Method)
04-01 08:46:53.629 1093 1093 E Overrides: at com.android.internal.os.RuntimeInit$MethodAndArgsCaller.run(RuntimeInit.java:591)
04-01 08:46:53.629 1093 1093 E Overrides: at com.android.internal.os.ZygoteInit.main(ZygoteInit.java:871)
04-01 08:46:53.646 612 1230 I StorageUserConnection: Service: [ComponentInfo{com.android.providers.media.module/com.android.providers.media.fuse.ExternalStorageServiceImpl}] connected. User [0]
04-01 08:46:53.647 478 575 D AHAL_StreamPrimary: transfer: skipping transfer (4096 frames)
04-01 08:46:53.655 1384 1384 D ApplicationLoaders: Returning zygote-cached class loader: /system_ext/framework/androidx.window.extensions.jar
04-01 08:46:53.663 1384 1384 D ApplicationLoaders: Returning zygote-cached class loader: /system_ext/framework/androidx.window.sidecar.jar
04-01 08:46:53.679 1234 1343 D MediaProvider: xattr set to f58d015c-a383-4187-9b0a-53cf8ccc58a3 for key:user.extdbsessionid0 on path: /data/media/0.
04-01 08:46:53.679 1234 1343 I MediaProvider: SessionId set to f58d015c-a383-4187-9b0a-53cf8ccc58a3 on paths /data/user/0/com.android.providers.media.module/databases/external.db and /data/media/0.
04-01 08:46:53.679 1397 1397 I .localtransport: Using CollectorTypeCMC GC.
04-01 08:46:53.680 1234 1343 V MediaProvider: onOpen() finished for external.db
04-01 08:46:53.682 1342 1377 D WM-ForceStopRunnable: Found unfinished work, scheduling it.
04-01 08:46:53.686 1234 1399 I MediaProvider: Begin Intent { act=com.android.providers.media.action.RECOVER_PUBLIC_VOLUMES }
04-01 08:46:53.687 1234 1399 I MediaProvider: End Intent { act=com.android.providers.media.action.RECOVER_PUBLIC_VOLUMES }
04-01 08:46:53.694 1397 1397 E .localtransport: Not starting debugger since process cannot load the jdwp agent.
04-01 08:46:53.699 478 575 D AHAL_StreamPrimary: transfer: skipping transfer (4096 frames)
04-01 08:46:53.724 1397 1397 D nativeloader: Load libframework-connectivity-tiramisu-jni.so using APEX ns com_android_tethering for caller /apex/com.android.tethering/javalib/framework-connectivity-t.jar: ok
04-01 08:46:53.736 1384 1384 D nativeloader: Configuring clns-shared-7 for other apk /system/app/Traceur/Traceur.apk. target_sdk_version=34, uses_libraries=, library_path=/system/app/Traceur/lib/arm64:/system/lib64, permitted_path=/data:/mnt/expand:/data/user/0/com.android.traceur:/system/app/Traceur:/system/lib64
04-01 08:46:53.747 838 838 W NotifCollection: Ranking update is missing ranking for 2 entries (2 new): -1|android|2147483647|ranker_group|1000|ranker_group, -1|android|55|null|1000
04-01 08:46:53.750 612 638 D CompatChangeReporter: Compat change id reported: 311208629; UID 10094; state: ENABLED
04-01 08:46:53.833 612 638 W com.android.internal.protolog.LogcatOnlyProtoLogImpl: ProtoLog message not processed. Failed to log it to proto. Logging it below to logcat instead.
04-01 08:46:53.833 612 638 V WindowManager: Binding proc com.android.localtransport with config {0.0 ?mcc0mnc ?localeList ?layoutDir ?swdp ?wdp ?hdp ?density ?lsize ?long ?ldr ?wideColorGamut ?orien ?uimode ?night ?touch ?keyb/?/? ?nav/? winConfig={ mBounds=Rect(0, 0 - 0, 0) mAppBounds=null mMaxBounds=Rect(0, 0 - 0, 0) mDisplayRotation=undefined mWindowingMode=undefined mActivityType=undefined mAlwaysOnTop=undefined mRotation=undefined} ?fontWeightAdjustment}
04-01 08:46:53.838 1342 1377 D WM-SystemJobScheduler: Scheduling work ID 94249158-486b-4211-973d-a71ddbd6aa3bJob ID 16
04-01 08:46:53.843 1234 1398 I ExternalStorageServiceImpl: Starting session for id: emulated;0
04-01 08:46:53.843 612 638 D CompatChangeReporter: Compat change id reported: 151861875; UID 1000; state: ENABLED
04-01 08:46:53.844 1234 1398 V FuseDaemonThread: Waiting 100ms for FUSE start. Count 49
04-01 08:46:53.845 1234 1412 I FuseDaemonThread: Starting thread for emulated;0 ...
04-01 08:46:53.845 612 871 D ConnectivityService: requestNetwork for uid/pid:1000/612 asUid: 10033 activeRequest: null callbackRequest: 35 [NetworkRequest [ REQUEST id=36, [ Capabilities: INTERNET&NOT_RESTRICTED&TRUSTED&NOT_VCN_MANAGED&NOT_BANDWIDTH_CONSTRAINED Uid: 10033 RequestorUid: 1000 RequestorPkg: android UnderlyingNetworks: Null] ]] callback flags: 0 order: 2147483647 isUidTracked: false declaredMethods: ALL
04-01 08:46:53.846 1234 1412 I FuseDaemon: fuse-bpf is enabled because /sys/fs/fuse/features/fuse_bpf reads 'supported'
04-01 08:46:53.846 1234 1412 I FuseDaemon: Using FUSE BPF, BPF prog fd fetched
04-01 08:46:53.849 1234 1412 I FuseDaemon: Starting fuse...
04-01 08:46:53.854 612 768 D ConnectivityService: NetReassign [no changes] [c 0] [a 0] [i 1]
04-01 08:46:53.870 612 752 D WifiNetworkFactory: got request NetworkRequest [ REQUEST id=36, [ Capabilities: INTERNET&NOT_RESTRICTED&TRUSTED&NOT_VCN_MANAGED&NOT_BANDWIDTH_CONSTRAINED Uid: 10033 RequestorUid: 1000 RequestorPkg: android UnderlyingNetworks: Null] ]
04-01 08:46:53.870 612 752 D UntrustedWifiNetworkFactory: got request NetworkRequest [ REQUEST id=36, [ Capabilities: INTERNET&NOT_RESTRICTED&TRUSTED&NOT_VCN_MANAGED&NOT_BANDWIDTH_CONSTRAINED Uid: 10033 RequestorUid: 1000 RequestorPkg: android UnderlyingNetworks: Null] ]
04-01 08:46:53.887 612 752 D OemPaidWifiNetworkFactory: got request NetworkRequest [ REQUEST id=36, [ Capabilities: INTERNET&NOT_RESTRICTED&TRUSTED&NOT_VCN_MANAGED&NOT_BANDWIDTH_CONSTRAINED Uid: 10033 RequestorUid: 1000 RequestorPkg: android UnderlyingNetworks: Null] ]
04-01 08:46:53.887 612 752 D MultiInternetWifiNetworkFactory: got request NetworkRequest [ REQUEST id=36, [ Capabilities: INTERNET&NOT_RESTRICTED&TRUSTED&NOT_VCN_MANAGED&NOT_BANDWIDTH_CONSTRAINED Uid: 10033 RequestorUid: 1000 RequestorPkg: android UnderlyingNetworks: Null] ]
04-01 08:46:53.896 612 638 W ActivityManager: Slow operation: 63ms so far, now at attachApplicationLocked: after updateOomAdjLocked
04-01 08:46:53.912 1342 1377 D WM-SystemJobScheduler: Scheduling work ID fc1dc498-db50-4404-8414-deac9fddf49aJob ID 17
04-01 08:46:53.915 1384 1384 V GraphicsEnvironment: Currently set values for:
04-01 08:46:53.915 1384 1384 V GraphicsEnvironment: angle_gl_driver_selection_pkgs=[]
04-01 08:46:53.915 1384 1384 V GraphicsEnvironment: angle_gl_driver_selection_values=[]
04-01 08:46:53.915 1384 1384 V GraphicsEnvironment: Global.Settings values are invalid: number of packages: 0, number of values: 0
04-01 08:46:53.915 1384 1384 V GraphicsEnvironment: Neither updatable production driver nor prerelease driver is supported.
04-01 08:46:53.929 612 869 I AppWidgetServiceImpl: startListening() 0
04-01 08:46:53.930 478 575 D AHAL_StreamPrimary: transfer: skipping transfer (4096 frames)
04-01 08:46:53.948 1093 1093 D TISBindHelper: TIS service connected
04-01 08:46:53.962 612 693 I AppWidgetServiceImpl: startListening() 0
04-01 08:46:53.965 612 1233 W AppSearchIcing: integer-index.cc:215: Failed to persist integer index to disk while destructing /data/system_ce/0/appsearch/icing/integer_index_dir
04-01 08:46:53.970 494 500 I GpuWork : Initialized!
04-01 08:46:53.976 1342 1377 D WM-SystemJobScheduler: Scheduling work ID f266173e-4795-4c1d-9ca8-ca941ef6d2b5Job ID 0
04-01 08:46:53.978 1093 1093 D StatsLog: LAUNCHER_ONRESUME
04-01 08:46:53.981 492 576 D StreamHalAidl: [out|ioHandle:13] standby
04-01 08:46:53.981 492 576 D StreamHalAidl: [out|ioHandle:13] pause
04-01 08:46:53.981 478 575 D AHAL_Stream: cycle: received command Command{pause: Void{}} in writer
04-01 08:46:53.981 478 575 D AHAL_Stream: cycle: writing reply Reply{status: 0, fmqByteCount: 0, observable: Position{frames: 217088, timeNs: 47050914605}, hardware: Position{frames: -1, timeNs: -1}, latencyMs: 0, xrunFrames: 0, state: PAUSED}
04-01 08:46:53.981 492 576 D StreamHalAidl: [out|ioHandle:13] flush
04-01 08:46:53.982 478 575 D AHAL_Stream: cycle: received command Command{flush: Void{}} in writer
04-01 08:46:53.982 478 575 D AHAL_Stream: cycle: writing reply Reply{status: 0, fmqByteCount: 0, observable: Position{frames: 217088, timeNs: 47051172720}, hardware: Position{frames: -1, timeNs: -1}, latencyMs: 0, xrunFrames: 0, state: IDLE}
04-01 08:46:53.982 478 575 D AHAL_Stream: cycle: received command Command{standby: Void{}} in writer
04-01 08:46:53.982 478 575 D alsa_device_proxy: proxy_close() [pcm:0xb40000725fe89030]
04-01 08:46:53.983 1093 1093 I Choreographer: Skipped 78 frames! The application may be doing too much work on its main thread.
04-01 08:46:53.985 478 575 D AHAL_Stream: cycle: writing reply Reply{status: 0, fmqByteCount: 0, observable: Position{frames: 217088, timeNs: 47051330325}, hardware: Position{frames: -1, timeNs: -1}, latencyMs: 0, xrunFrames: 0, state: STANDBY}
04-01 08:46:53.993 254 254 I vold : fuse-bpf is enabled because /sys/fs/fuse/features/fuse_bpf reads 'supported'
04-01 08:46:53.997 612 1096 D CoreBackPreview: Window{6db2060 u0 com.android.launcher3/com.android.launcher3.uioverrides.QuickstepLauncher}: Setting back callback OnBackInvokedCallbackInfo{mCallback=android.window.IOnBackInvokedCallback$Stub$Proxy@c2fd499, mPriority=-1, mIsAnimationCallback=false}
04-01 08:46:53.997 254 254 I vold : Setting ro.fuse.bpf.is_running to true
04-01 08:46:53.998 612 1096 D CoreBackPreview: Window{6db2060 u0 com.android.launcher3/com.android.launcher3.uioverrides.QuickstepLauncher}: Setting back callback OnBackInvokedCallbackInfo{mCallback=android.window.IOnBackInvokedCallback$Stub$Proxy@a7a535e, mPriority=0, mIsAnimationCallback=true}
04-01 08:46:54.004 254 254 I vold : Configuring read_ahead of /mnt/user/0/emulated fuse filesystem to 256kb
04-01 08:46:54.005 254 254 I vold : Writing 256 to /sys/class/bdi/0:72/read_ahead_kb
04-01 08:46:54.005 254 254 I vold : Configuring max_ratio of /mnt/user/0/emulated fuse filesystem to 40
04-01 08:46:54.005 254 254 I vold : Writing 40 to /sys/class/bdi/0:72/max_ratio
04-01 08:46:54.012 1093 1113 D LoaderTask: loadWorkspace
04-01 08:46:54.013 1093 1113 D LoaderTask: Cancelled
04-01 08:46:54.013 612 731 I StorageManagerService: Mounted volume VolumeInfo{emulated;0}:
04-01 08:46:54.013 612 731 I StorageManagerService: type=EMULATED diskId=null partGuid= mountFlags=PRIMARY|VISIBLE_FOR_WRITE
04-01 08:46:54.013 612 731 I StorageManagerService: mountUserId=0 state=MOUNTED
04-01 08:46:54.013 612 731 I StorageManagerService: fsType=null fsUuid=null fsLabel=null
04-01 08:46:54.013 612 731 I StorageManagerService: path=/storage/emulated internalPath=/data/media
04-01 08:46:54.016 1093 1113 D LauncherProvider: migrateGridIfNeeded: no grid migration needed
04-01 08:46:54.016 1093 1113 D LoaderTask: loadWorkspace: loading default favorites
04-01 08:46:54.018 1093 1113 D LoaderTask: loadWorkspace: Packages with active install sessions: []
04-01 08:46:54.029 612 731 I StorageSessionController: Notifying volume state changed for session with id: emulated;0
04-01 08:46:54.034 1342 1377 D WM-SystemJobScheduler: Scheduling work ID 3fa4bbde-481c-4e6c-98f2-4c7f9f795806Job ID 1
04-01 08:46:54.038 1234 1398 V MediaProvider: detachVolume() received for external_primary
04-01 08:46:54.045 612 692 D ShortcutService: Getting shortcuts for launcher= com.android.launcher3userId=0 pkg=null
04-01 08:46:54.046 1093 1113 D LoaderTask: No pinned shortcuts found for user UserHandle{0}
04-01 08:46:54.049 1093 1093 D OverviewActionsView: updateActionButtonsVisibility() called: showSingleTaskActions = [true], showGroupActions = [false]
04-01 08:46:54.053 612 806 D ShortcutService: saveDirtyInfo
04-01 08:46:54.053 612 806 D ShortcutService: Saving to /data/system_ce/0/shortcut_service/shortcuts.xml
04-01 08:46:54.053 1397 1397 D nativeloader: Configuring clns-shared-7 for other apk /system/priv-app/LocalTransport/LocalTransport.apk. target_sdk_version=35, uses_libraries=, library_path=/system/priv-app/LocalTransport/lib/arm64:/system/priv-app/LocalTransport/LocalTransport.apk!/lib/arm64-v8a:/system/lib64, permitted_path=/data:/mnt/expand:/data/user/0/com.android.localtransport:/system/priv-app/LocalTransport:/system/lib64
04-01 08:46:54.060 1397 1397 D CompatChangeReporter: Compat change id reported: 202956589; UID 1000; state: ENABLED
04-01 08:46:54.076 1234 1398 V MediaStore: Examining volume emulated;0 with name external_primary and state mounted
04-01 08:46:54.092 838 838 I ThemeOverlayController: Wallpaper changed from background app, keep deferring color events. Accepting: true
04-01 08:46:54.101 612 871 D SystemServerTiming: getUserSwitchability-0
04-01 08:46:54.101 612 871 D SystemServerTiming: TM.isInCall
04-01 08:46:54.101 612 871 V SystemServerTiming: TM.isInCall took to complete: 1ms
04-01 08:46:54.102 612 871 D SystemServerTiming: hasUserRestriction-DISALLOW_USER_SWITCH
04-01 08:46:54.102 612 871 V SystemServerTiming: hasUserRestriction-DISALLOW_USER_SWITCH took to complete: 0ms
04-01 08:46:54.102 612 871 D SystemServerTiming: getInt-ALLOW_USER_SWITCHING_WHEN_SYSTEM_USER_LOCKED
04-01 08:46:54.102 612 871 V SystemServerTiming: getInt-ALLOW_USER_SWITCHING_WHEN_SYSTEM_USER_LOCKED took to complete: 0ms
04-01 08:46:54.102 612 871 D SystemServerTiming: isUserUnlocked-USER_SYSTEM
04-01 08:46:54.102 612 871 V SystemServerTiming: isUserUnlocked-USER_SYSTEM took to complete: 0ms
04-01 08:46:54.102 612 871 V SystemServerTiming: getUserSwitchability-0 took to complete: 1ms
04-01 08:46:54.104 838 838 D SbStateController: setIsDreaming:false
04-01 08:46:54.113 1342 1377 D WM-GreedyScheduler: Starting tracking for 94249158-486b-4211-973d-a71ddbd6aa3b
04-01 08:46:54.117 1397 1397 V GraphicsEnvironment: Currently set values for:
04-01 08:46:54.117 1397 1397 V GraphicsEnvironment: angle_gl_driver_selection_pkgs=[]
04-01 08:46:54.117 1397 1397 V GraphicsEnvironment: angle_gl_driver_selection_values=[]
04-01 08:46:54.117 1397 1397 V GraphicsEnvironment: Global.Settings values are invalid: number of packages: 0, number of values: 0
04-01 08:46:54.117 1397 1397 V GraphicsEnvironment: Neither updatable production driver nor prerelease driver is supported.
04-01 08:46:54.117 838 838 I Choreographer: Skipped 51 frames! The application may be doing too much work on its main thread.
04-01 08:46:54.166 256 266 W ServiceManagerCppClient: Permission failure: android.permission.ACCESS_SURFACE_FLINGER from uid=10066 pid=0
04-01 08:46:54.167 256 266 D PermissionCache: checking android.permission.ACCESS_SURFACE_FLINGER for uid=10066 => denied (942 us)
04-01 08:46:54.169 256 266 D PermissionCache: checking android.permission.ROTATE_SURFACE_FLINGER for uid=10066 => granted (2568 us)
04-01 08:46:54.171 256 266 D PermissionCache: checking android.permission.INTERNAL_SYSTEM_WINDOW for uid=10066 => granted (1371 us)
04-01 08:46:54.176 256 1094 W ServiceManagerCppClient: Permission failure: android.permission.ACCESS_SURFACE_FLINGER from uid=10066 pid=1093
04-01 08:46:54.176 256 1094 D PermissionCache: checking android.permission.ACCESS_SURFACE_FLINGER for uid=10066 => denied (9387 us)
04-01 08:46:54.178 612 731 I StorageSessionController: Notifying volume state changed for session with id: emulated;0
04-01 08:46:54.213 1234 1398 I ExternalStorageServiceImpl: Ignoring volume state for vol:external_primary. State: checking
04-01 08:46:54.251 1234 1398 V MediaStore: Examining volume emulated;0 with name external_primary and state mounted
04-01 08:46:54.278 449 476 I netd : tetherGetStats() -> {[]} <2.71ms>
04-01 08:46:54.323 1093 1113 D LoaderTask: loadWorkspace
04-01 08:46:54.327 612 869 I AppWidgetServiceImpl: getAppWidgetIdsForHost() 0
04-01 08:46:54.331 612 731 I StorageSessionController: Notifying volume state changed for session with id: emulated;0
04-01 08:46:54.345 612 653 V GrammaticalInflectionUtils: AttributionSource: AttributionSource { uid = 10093, packageName = null, attributionTag = null, token = android.os.Binder@4baf5bf, deviceId = 0, next = null } does not have READ_SYSTEM_GRAMMATICAL_GENDER permission.
04-01 08:46:54.345 612 653 D CompatChangeReporter: Compat change id reported: 151861875; UID 10093; state: ENABLED
04-01 08:46:54.352 612 612 I TransportConnection: LocalTransportService#0: Notifying [TransportManager.registerTransport()] transport = BackupTransportClient
04-01 08:46:54.364 1234 1398 V MediaProvider: attachVolume() called for external_primary with state:mounted
04-01 08:46:54.389 241 241 I servicemanager: Notifying apexservice they don't (previously: do) have clients when we now have no record of a client
04-01 08:46:54.419 336 336 I AidlLazyServiceRegistrar: Process has 0 (of 1 available) client(s) in use after notification apexservice has clients: 0
04-01 08:46:54.419 336 336 I AidlLazyServiceRegistrar: Trying to shut down the service. No clients in use for any service in process.
04-01 08:46:54.419 241 241 I servicemanager: Caller(pid=336,uid=0,sid=u:r:apexd:s0) Unregistering apexservice
04-01 08:46:54.419 241 241 I BpBinder: onLastStrongRef automatically unlinking death recipients:
04-01 08:46:54.420 336 336 I AidlLazyServiceRegistrar: Unregistered all clients and exiting
04-01 08:46:54.456 1 1 I init : Service 'apexd' (pid 336) exited with status 0 oneshot service took 37.500000 seconds in background
04-01 08:46:54.456 1 1 I init : Sending signal 9 to service 'apexd' (pid 336) process group...
04-01 08:46:54.378 612 653 W ActivityManager: Slow operation: 58ms so far, now at startProcess: done starting proc!
04-01 08:46:54.379 1093 1093 D BubbleBarView: BubbleBar RTL properties changed, new layoutDirection=0 previous layoutDirection=-1
04-01 08:46:54.387 1234 1398 D MediaProvider: Received db backup Fuse Daemon for: external_primary
04-01 08:46:54.389 1234 1398 E FuseDaemon: Leveldb setup is missing for: internal
04-01 08:46:54.397 838 959 W Looper : Slow dispatch took 1394ms SysUiBg h=android.os.Handler c=com.android.systemui.statusbar.policy.SecurityControllerImpl$$ExternalSyntheticLambda0@e770d69 m=0
04-01 08:46:54.414 452 452 D Zygote : Forked child process 1424
04-01 08:46:54.418 612 654 W ActivityManager: Slow operation: 72ms so far, now at startProcess: returned from zygote!
04-01 08:46:54.435 612 654 W ActivityManager: Slow operation: 89ms so far, now at startProcess: done updating battery stats
04-01 08:46:54.435 612 654 W ActivityManager: Slow operation: 89ms so far, now at startProcess: building log message
04-01 08:46:54.435 612 654 I ActivityManager: Start proc 1424:com.android.photopicker/u0a93 for broadcast {com.android.photopicker/com.android.photopicker.PhotopickerDeviceConfigReceiver}
04-01 08:46:54.435 612 654 W ActivityManager: Slow operation: 89ms so far, now at startProcess: starting to update pids map
04-01 08:46:54.446 612 654 W ActivityManager: Slow operation: 100ms so far, now at startProcess: done updating pids map
04-01 08:46:54.451 1384 1384 I Traceur : Received BOOT_COMPLETE
04-01 08:46:54.455 612 869 D CompatChangeReporter: Compat change id reported: 161145287; UID 10042; state: ENABLED
04-01 08:46:54.459 838 959 W Looper : Slow delivery took 1383ms SysUiBg h=android.os.Handler c=com.android.systemui.people.widget.PeopleSpaceWidgetManager$$ExternalSyntheticLambda12@4b982c6 m=0
04-01 08:46:54.490 1424 1424 I oid.photopicker: Using CollectorTypeCMC GC.
04-01 08:46:54.512 1424 1424 E oid.photopicker: Not starting debugger since process cannot load the jdwp agent.
04-01 08:46:54.529 612 692 W ServiceManagerCppClient: Permission failure: android.permission.ACCESS_SURFACE_FLINGER from uid=10066 pid=0
04-01 08:46:54.530 612 692 D PermissionCache: checking android.permission.ACCESS_SURFACE_FLINGER for uid=10066 => denied (542 us)
04-01 08:46:54.530 612 692 D PermissionCache: checking android.permission.ROTATE_SURFACE_FLINGER for uid=10066 => granted (224 us)
04-01 08:46:54.530 838 959 W Looper : Drained
04-01 08:46:54.530 612 692 D PermissionCache: checking android.permission.INTERNAL_SYSTEM_WINDOW for uid=10066 => granted (133 us)
04-01 08:46:54.533 1093 1093 I Choreographer: Skipped 32 frames! The application may be doing too much work on its main thread.
04-01 08:46:54.565 1093 1236 I HWUI : Davey! duration=1844ms; Flags=1, FrameTimelineVsyncId=4665, IntendedVsync=45750670661, Vsync=47050721777, InputEventId=0, HandleInputStart=47054159165, AnimationStart=47054163605, PerformTraversalsStart=47058004260, DrawStart=47551590925, FrameDeadline=45767337328, FrameInterval=47052555115, FrameStartTime=16666667, SyncQueued=47554232040, SyncStart=47556262300, IssueDrawCommandsStart=47564639640, SwapBuffers=47589451330, FrameCompleted=47596936195, DequeueBufferDuration=32795, QueueBufferDuration=7137800, GpuCompleted=47590843065, SwapBuffersCompleted=47596936195, DisplayPresentTime=0, CommandSubmissionCompleted=47589451330,
04-01 08:46:54.568 612 869 D ShortcutService: Getting shortcuts for launcher= com.android.launcher3userId=0 pkg=null
04-01 08:46:54.578 1342 1423 D WM-Processor: Processor cancelling 94249158-486b-4211-973d-a71ddbd6aa3b
04-01 08:46:54.578 1342 1423 D WM-Processor: WorkerWrapper could not be found for 94249158-486b-4211-973d-a71ddbd6aa3b
04-01 08:46:54.591 1342 1423 D WM-GreedyScheduler: Cancelling work ID 94249158-486b-4211-973d-a71ddbd6aa3b
04-01 08:46:54.595 1342 1423 D WM-Processor: Processor cancelling dd1f1cec-08bf-4182-8d63-baa03b050859
04-01 08:46:54.595 1342 1423 D WM-Processor: WorkerWrapper could not be found for dd1f1cec-08bf-4182-8d63-baa03b050859
04-01 08:46:54.597 1342 1423 D WM-GreedyScheduler: Cancelling work ID dd1f1cec-08bf-4182-8d63-baa03b050859
