01-01 00:00:27.444 452 452 I zygote64: option[21]=-XjdwpProvider:default
01-01 00:00:27.444 452 452 I zygote64: option[22]=-Xopaque-jni-ids:swapable
01-01 00:00:27.444 452 452 I zygote64: option[23]=-Xlockprofthreshold:500
01-01 00:00:27.444 452 452 I zygote64: option[24]=-Xcompiler-option
01-01 00:00:27.444 452 452 I zygote64: option[25]=--instruction-set-variant=cortex-a53
01-01 00:00:27.444 452 452 I zygote64: option[26]=-Xcompiler-option
01-01 00:00:27.444 452 452 I zygote64: option[27]=--instruction-set-features=default
01-01 00:00:27.444 452 452 I zygote64: option[28]=-Xcompiler-option
01-01 00:00:27.444 452 452 I zygote64: option[29]=--generate-mini-debug-info
01-01 00:00:27.444 452 452 I zygote64: option[30]=-Ximage-compiler-option
01-01 00:00:27.444 452 452 I zygote64: option[31]=--runtime-arg
01-01 00:00:27.444 452 452 I zygote64: option[32]=-Ximage-compiler-option
01-01 00:00:27.444 452 452 I zygote64: option[33]=-Xms64m
01-01 00:00:27.444 452 452 I zygote64: option[34]=-Ximage-compiler-option
01-01 00:00:27.444 452 452 I zygote64: option[35]=--runtime-arg
01-01 00:00:27.445 452 452 I zygote64: option[36]=-Ximage-compiler-option
01-01 00:00:27.445 452 452 I zygote64: option[37]=-Xmx64m
01-01 00:00:27.445 452 452 I zygote64: option[38]=-Ximage-compiler-option
01-01 00:00:27.445 452 452 I zygote64: option[39]=--dirty-image-objects=/system/etc/dirty-image-objects
01-01 00:00:27.445 452 452 I zygote64: option[40]=-Ximage-compiler-option
01-01 00:00:27.445 452 452 I zygote64: option[41]=--instruction-set-variant=cortex-a53
01-01 00:00:27.445 452 452 I zygote64: option[42]=-Ximage-compiler-option
01-01 00:00:27.445 452 452 I zygote64: option[43]=--instruction-set-features=default
01-01 00:00:27.445 452 452 I zygote64: option[44]=-Ximage-compiler-option
01-01 00:00:27.445 452 452 I zygote64: option[45]=--generate-mini-debug-info
01-01 00:00:27.445 452 452 I zygote64: option[46]=-Duser.locale=en-US
01-01 00:00:27.445 452 452 I zygote64: option[47]=--cpu-abilist=arm64-v8a
01-01 00:00:27.445 452 452 I zygote64: option[48]=-Xcore-platform-api-policy:just-warn
01-01 00:00:27.445 452 452 I zygote64: option[49]=-Xfingerprint:TI/am62p/am62p:15/AP4A.250105.002.A1/eng.root:userdebug/test-keys
01-01 00:00:27.448 1 1 I init : ... started service 'cameraserver' has pid 515
01-01 00:00:27.449 1 1 I init : starting service 'idmap2d'...
01-01 00:00:27.457 513 513 I perfetto: probes.cc:104 Starting /system/bin/traced_probes service
01-01 00:00:27.465 1 1 I init : ... started service 'idmap2d' has pid 516
01-01 00:00:27.466 513 513 I perfetto: probes_producer.cc:373 Disconnected from tracing service
01-01 00:00:27.468 452 452 W zygote64: ART APEX data files are untrusted.
01-01 00:00:27.469 1 1 I init : starting service 'incidentd'...
01-01 00:00:27.468 452 452 I zygote64: Core platform API reporting enabled, enforcing=false
01-01 00:00:27.471 452 452 I zygote64: Using CollectorTypeCMC GC.
01-01 00:00:27.487 1 1 I init : ... started service 'incidentd' has pid 519
01-01 00:00:27.487 1 1 I init : starting service 'installd'...
01-01 00:00:27.499 514 514 W perfetto: service.cc:232 Started traced, listening on /dev/socket/traced_producer /dev/socket/traced_consumer
01-01 00:00:27.506 1 1 I init : ... started service 'installd' has pid 521
01-01 00:00:27.507 1 1 I init : starting service 'mediaextractor'...
01-01 00:00:27.523 1 1 I init : ... started service 'mediaextractor' has pid 522
01-01 00:00:27.523 1 1 I init : starting service 'mediametrics'...
01-01 00:00:27.537 1 1 I init : ... started service 'mediametrics' has pid 524
01-01 00:00:27.538 1 1 I init : starting service 'media'...
01-01 00:00:27.550 1 1 I init : ... started service 'media' has pid 525
01-01 00:00:27.550 1 1 I init : service 'netd' requested start, but it is already running (flags: 4)
01-01 00:00:27.551 1 1 I init : starting service 'storaged'...
01-01 00:00:27.551 1 1 I init : Could not open file '/d/mmc0/mmc0:0001/ext_csd': Failed to open file '/d/mmc0/mmc0:0001/ext_csd': Permission denied
01-01 00:00:27.564 1 1 I init : ... started service 'storaged' has pid 526
01-01 00:00:27.565 1 1 I init : starting service 'wificond'...
01-01 00:00:27.581 1 1 I init : ... started service 'wificond' has pid 527
01-01 00:00:27.583 1 1 I init : starting service 'media.swcodec'...
01-01 00:00:27.603 478 478 I AHAL_Main: Init for Audio AIDL HAL
01-01 00:00:27.615 1 1 I init : ... started service 'media.swcodec' has pid 528
01-01 00:00:27.615 1 1 I init : service 'statsd' requested start, but it is already running (flags: 4)
01-01 00:00:27.616 1 1 I init : Command 'class_start main' action=nonencrypted (/system/etc/init/hw/init.rc:1258) took 183ms and succeeded
01-01 00:00:27.616 1 1 I init : Service 'exec 16 (/system/bin/bootstat --set_system_boot_reason)' (pid 508) exited with status 0 oneshot service took 0.522000 seconds in background
01-01 00:00:27.616 1 1 I init : Sending signal 9 to service 'exec 16 (/system/bin/bootstat --set_system_boot_reason)' (pid 508) process group...
01-01 00:00:27.617 1 1 I libprocessgroup: Removed cgroup /sys/fs/cgroup/uid_1000/pid_508
01-01 00:00:27.620 1 1 I init : starting service 'gatekeeperd'...
01-01 00:00:27.625 516 516 I idmap2d : Starting
01-01 00:00:27.671 1 1 I init : ... started service 'gatekeeperd' has pid 530
01-01 00:00:27.671 1 1 I init : service 'traced' requested start, but it is already running (flags: 132)
01-01 00:00:27.671 1 1 I init : service 'traced_probes' requested start, but it is already running (flags: 132)
01-01 00:00:27.672 1 1 I init : starting service 'update_engine'...
01-01 00:00:27.678 513 513 I perfetto: probes_producer.cc:332 Connected to the service
01-01 00:00:27.695 1 1 I init : ... started service 'update_engine' has pid 531
01-01 00:00:27.696 1 1 I init : starting service 'usbd'...
01-01 00:00:27.723 1 1 I init : ... started service 'usbd' has pid 535
01-01 00:00:27.724 1 1 I init : Command 'class_start late_start' action=nonencrypted (/system/etc/init/hw/init.rc:1259) took 104ms and succeeded
01-01 00:00:27.724 1 1 I init : processing action (load_persist_props_action) from (/system/etc/init/flags_health_check.rc:1)
01-01 00:00:27.730 1 1 I init : Verified that /data/server_configurable_flags has the encryption policy 30e84d2dce3eddcfc4cdc346717cef49 v2 modes 1/4 flags 0x2
01-01 00:00:27.731 1 1 I init : starting service 'exec 18 (/system/bin/flags_health_check BOOT_FAILURE)'...
01-01 00:00:27.749 1 1 I init : ... started service 'exec 18 (/system/bin/flags_health_check BOOT_FAILURE)' has pid 538
01-01 00:00:27.749 1 1 I init : SVC_EXEC service 'exec 18 (/system/bin/flags_health_check BOOT_FAILURE)' pid 538 (uid 1000 gid 1000+0 context default) started; waiting...
01-01 00:00:27.784 241 241 I servicemanager: Caller(pid=527,uid=1010,sid=u:r:wificond:s0) Could not find android.hardware.net.nlinterceptor.IInterceptor/default in the VINTF manifest. No alternative instances declared in VINTF.
01-01 00:00:27.789 530 530 I gatekeeperd: Starting gatekeeperd...
01-01 00:00:27.815 241 241 I servicemanager: Caller(pid=530,uid=1000,sid=u:r:gatekeeperd:s0) Could not find android.hardware.gatekeeper.IGatekeeper/default in the VINTF manifest. No alternative instances declared in VINTF.
01-01 00:00:27.830 538 538 I flags_health_check: ServerConfigurableFlagsReset reset_mode value: 0
01-01 00:00:27.831 538 538 I flags_health_check: ServerConfigurableFlagsReset attempted boot count is under threshold, skipping reset.
01-01 00:00:27.841 242 242 I hwservicemanager: Since android.hardware.gatekeeper@1.0::IGatekeeper/default is not registered, trying to start it as a lazy HAL (if it's not configured to be a lazy HAL, it may be stuck starting or still starting).
01-01 00:00:27.842 242 242 I hwservicemanager: getTransport: Cannot find entry android.hardware.atrace@1.0::IAtraceDevice/default in either framework or device VINTF manifest.
01-01 00:00:27.851 242 242 I hwservicemanager: Since android.hardware.gatekeeper@1.0::IGatekeeper/default is not registered, trying to start it as a lazy HAL (if it's not configured to be a lazy HAL, it may be stuck starting or still starting).
01-01 00:00:27.853 530 530 I HidlServiceManagement: getService: Trying again for android.hardware.gatekeeper@1.0::IGatekeeper/default...
01-01 00:00:27.858 535 535 I usbd : persistent prop is adb
01-01 00:00:27.911 1 1 I init : starting service 'vendor.gatekeeper-1-0-optee'...
01-01 00:00:27.947 1 1 I init : ... started service 'vendor.gatekeeper-1-0-optee' has pid 544
01-01 00:00:27.948 1 1 I init : Control message: Processed ctl.interface_start for 'android.hardware.gatekeeper@1.0::IGatekeeper/default' from pid: 242 (/system/system_ext/bin/hwservicemanager)
01-01 00:00:27.948 1 1 I init : Service 'exec 18 (/system/bin/flags_health_check BOOT_FAILURE)' (pid 538) exited with status 0 waiting took 0.202000 seconds
01-01 00:00:27.948 1 1 I init : Sending signal 9 to service 'exec 18 (/system/bin/flags_health_check BOOT_FAILURE)' (pid 538) process group...
01-01 00:00:27.949 1 1 I libprocessgroup: Removed cgroup /sys/fs/cgroup/uid_1000/pid_538
01-01 00:00:27.950 1 1 I init : service 'vendor.gatekeeper-1-0-optee' requested start, but it is already running (flags: 132)
01-01 00:00:27.950 1 1 I init : Control message: Processed ctl.interface_start for 'android.hardware.gatekeeper@1.0::IGatekeeper/default' from pid: 242 (/system/system_ext/bin/hwservicemanager)
01-01 00:00:27.950 1 1 I init : processing action (load_persist_props_action) from (/system/etc/init/logcatd.rc:29)
01-01 00:00:27.957 1 1 I init : starting service 'adbd'...
01-01 00:00:27.959 1 1 I init : Created socket '/dev/socket/adbd', mode 660, user 1000, group 1000
01-01 00:00:27.969 1 1 I init : ... started service 'adbd' has pid 545
01-01 00:00:27.969 1 1 I init : Control message: Processed ctl.start for 'adbd' from pid: 535 (/system/bin/usbd)
01-01 00:00:27.970 1 1 I init : processing action (llk.enable=0) from (/system/etc/init/llkd.rc:12)
01-01 00:00:27.974 241 241 I servicemanager: Caller(pid=535,uid=0,sid=u:r:usbd:s0) Found android.hardware.usb.gadget.IUsbGadget/default in device VINTF manifest.
01-01 00:00:27.976 1 1 I init : processing action (khungtask.enable=1) from (/system/etc/init/llkd.rc:18)
01-01 00:00:27.977 1 1 I init : processing action (llk.enable=0) from (/system/etc/init/llkd.rc:12)
01-01 00:00:27.978 1 1 I init : processing action (khungtask.enable=0) from (/system/etc/init/llkd.rc:21)
01-01 00:00:27.984 1 1 I init : processing action (logd.logpersistd=logcatd && logd.logpersistd.enable=true) from (/system/etc/init/logcatd.rc:32)
01-01 00:00:27.985 1 1 I init : starting service 'logcatd'...
01-01 00:00:27.981 535 535 I usbd : Usb AIDL HAL found.
01-01 00:00:27.984 486 486 I libusbconfigfs: setCurrentUsbFunctions None
01-01 00:00:27.985 486 486 I libusbconfigfs: Gadget cannot be pulled down
01-01 00:00:27.985 486 486 I android.hardware.usb.gadget-service.generic: mMonitor not running
01-01 00:00:27.985 486 486 I android.hardware.usb.gadget-service.generic: Returned from tearDown gadget
01-01 00:00:28.007 240 240 I lowmemorykiller: lmkd data connection established
01-01 00:00:28.021 1 1 I init : ... started service 'logcatd' has pid 546
01-01 00:00:28.021 1 1 I init : Service 'usbd' (pid 535) exited with status 0 oneshot service took 0.313000 seconds in background
01-01 00:00:28.021 1 1 I init : Sending signal 9 to service 'usbd' (pid 535) process group...
01-01 00:00:28.022 1 1 I libprocessgroup: Removed cgroup /sys/fs/cgroup/uid_0/pid_535
01-01 00:00:28.025 1 1 I init : processing action (init.svc.media=*) from (/system/etc/init/mediaserver.rc:1)
01-01 00:00:28.031 1 1 I init : processing action (logd.logpersistd=logcatd && logd.logpersistd.enable=true) from (/system/etc/init/logcatd.rc:32)
01-01 00:00:28.031 1 1 I init : service 'logcatd' requested start, but it is already running (flags: 132)
01-01 00:00:28.032 1 1 I init : processing action (khungtask.enable=true) from (/system/etc/init/llkd.rc:25)
01-01 00:00:28.036 1 1 I init : processing action (khungtask.enable=false) from (/system/etc/init/llkd.rc:31)
01-01 00:00:28.038 531 531 I update_engine: [INFO:main.cc(55)] Using temp dir /data/misc/update_engine/tmp
01-01 00:00:28.042 531 531 I update_engine: [INFO:main.cc(64)] A/B Update Engine starting
01-01 00:00:28.044 544 544 D android.hardware.gatekeeper@1.0-service.optee: Checking gk connection to optee_os
01-01 00:00:28.074 241 241 I servicemanager: Caller(pid=531,uid=0,sid=u:r:update_engine:s0) Found android.hardware.boot.IBootControl/default in device VINTF manifest.
01-01 00:00:28.075 531 531 I update_engine: [INFO:BootControlClient.cpp(338)] Using AIDL version of IBootControl
01-01 00:00:28.081 531 531 I update_engine: [INFO:boot_control_android.cc(64)] Loaded boot control hal.
01-01 00:00:28.085 531 531 I update_engine: [INFO:daemon_state_android.cc(44)] Booted in dev mode.
01-01 00:00:28.092 486 486 I libusbconfigfs: setCurrentUsbFunctions Adb
01-01 00:00:28.093 486 486 I libusbconfigfs: Service started
01-01 00:00:28.093 486 486 I android.hardware.usb.gadget-service.generic: Usb Gadget setcurrent functions called successfully
01-01 00:00:28.111 531 531 E update_engine: [ERROR:update_attempter_android.cc(1071)] prefs_->GetInt64(kPrefsPreviousSlot, &previous_slot) failed.
01-01 00:00:28.112 531 531 I update_engine: [INFO:update_attempter_android.cc(224)] OTAResult::NOT_ATTEMPTED
01-01 00:00:28.130 241 241 I servicemanager: Caller(pid=478,uid=1041,sid=u:r:hal_audio_default:s0) Found android.hardware.audio.core.IConfig/default in device VINTF manifest.
01-01 00:00:28.144 531 531 I update_engine: [INFO:update_attempter_android.cc(964)] Clearing update complete marker.
01-01 00:00:28.146 531 531 I update_engine: [INFO:update_attempter_android.cc(1443)] Scheduling CleanupPreviousUpdateAction.
01-01 00:00:28.162 531 531 I update_engine: [INFO:action_processor.cc(51)] ActionProcessor: starting CleanupPreviousUpdateAction
01-01 00:00:28.163 531 531 I update_engine: [INFO:cleanup_previous_update_action.cc(151)] Starting/resuming CleanupPreviousUpdateAction
01-01 00:00:28.167 544 544 D OpteeGateKeeper: getConnected 47 connected_ = 1
01-01 00:00:28.167 544 544 I android.hardware.gatekeeper@1.0-service.optee: Loading...
01-01 00:00:28.176 241 241 I BpBinder: onLastStrongRef automatically unlinking death recipients:
01-01 00:00:28.190 544 544 I HidlServiceManagement: Registered android.hardware.gatekeeper@1.0::IGatekeeper/default
01-01 00:00:28.191 544 544 I HidlServiceManagement: Removing namespace from process name android.hardware.gatekeeper@1.0-service.optee to gatekeeper@1.0-service.optee.
01-01 00:00:28.193 241 241 I servicemanager: Caller(pid=478,uid=1041,sid=u:r:hal_audio_default:s0) Found android.hardware.audio.core.IModule/default in device VINTF manifest.
01-01 00:00:28.199 241 241 I servicemanager: Caller(pid=478,uid=1041,sid=u:r:hal_audio_default:s0) Could not find android.hardware.audio.core.IModule/usb in the VINTF manifest. VINTF declared instances: bluetooth, default, r_submix.
01-01 00:00:28.202 478 478 E AHAL_Main: createModule: failed to register service for "android.hardware.audio.core.IModule/usb"
01-01 00:00:28.209 242 242 I hw-BpHwBinder: onLastStrongRef automatically unlinking death recipients
01-01 00:00:28.215 241 241 I servicemanager: Caller(pid=478,uid=1041,sid=u:r:hal_audio_default:s0) Found android.hardware.audio.core.IModule/r_submix in device VINTF manifest.
01-01 00:00:28.221 241 241 I servicemanager: Caller(pid=478,uid=1041,sid=u:r:hal_audio_default:s0) Found android.hardware.bluetooth.audio.IBluetoothAudioProviderFactory/default in device VINTF manifest.
01-01 00:00:28.222 241 241 I servicemanager: Caller(pid=478,uid=1041,sid=u:r:hal_audio_default:s0) Found android.hardware.audio.core.IModule/bluetooth in device VINTF manifest.
01-01 00:00:28.228 492 492 I FactoryHal: hasAidlHalService android.hardware.audio.effect.IFactory/default: true, version AudioHalVersion{type: AIDL, major: 1, minor: 0}
01-01 00:00:28.229 492 492 I FactoryHal: hasAidlHalService android.hardware.audio.core.IModule/default: true, version AudioHalVersion{type: AIDL, major: 1, minor: 0}
01-01 00:00:28.231 241 241 I servicemanager: Caller(pid=492,uid=1041,sid=u:r:audioserver:s0) Found android.hardware.audio.effect.IFactory/default in device VINTF manifest.
01-01 00:00:28.233 241 241 I servicemanager: Caller(pid=492,uid=1041,sid=u:r:audioserver:s0) Found android.hardware.audio.core.IModule/default in device VINTF manifest.
01-01 00:00:28.263 545 545 I adbd : persist.adb.watchdog set to ''
01-01 00:00:28.266 545 545 I adbd : persist.sys.test_harness set to ''
01-01 00:00:28.267 545 545 I adbd : adb watchdog timeout set to 600 seconds
01-01 00:00:28.271 545 551 I adbd : Waiting for persist.adb.tls_server.enable=1
01-01 00:00:28.274 545 545 I adbd : adbd started
01-01 00:00:28.276 545 553 I adbd : opening control endpoint /dev/usb-ffs/adb/ep0
01-01 00:00:28.277 486 547 I libusbconfigfs: event=1 on fd=8
01-01 00:00:28.279 545 553 I adbd : UsbFfsConnection constructed
01-01 00:00:28.280 553 553 I : read descriptors
01-01 00:00:28.280 553 553 W : bcdVersion must be 0x0100, stored in Little Endian order. Userspace driver should be fixed, accepting 0x0001 for compatibility.
01-01 00:00:28.280 553 553 W : bcdVersion must be 0x0100, stored in Little Endian order. Userspace driver should be fixed, accepting 0x0001 for compatibility.
01-01 00:00:28.280 553 553 I : read strings
01-01 00:00:28.287 547 547 W : bcdVersion must be 0x0100, stored in Little Endian order. Userspace driver should be fixed, accepting 0x0001 for compatibility.
01-01 00:00:28.287 547 547 W : bcdVersion must be 0x0100, stored in Little Endian order. Userspace driver should be fixed, accepting 0x0001 for compatibility.
01-01 00:00:28.283 545 555 I adbd : UsbFfs-monitor thread spawned
01-01 00:00:28.285 545 555 I adbd : USB event: FUNCTIONFS_BIND
01-01 00:00:28.292 486 547 I libusbconfigfs: GADGET pulled up
01-01 00:00:28.296 486 547 I libusbconfigfs: event=1 on fd=8
01-01 00:00:28.307 522 522 I main_extractorservice: enable media.extractor memory limits
01-01 00:00:28.314 522 522 V MediaUtils: physMem: 7510867968
01-01 00:00:28.314 522 522 V MediaUtils: requested limit: 1502173580
01-01 00:00:28.315 522 522 I libc : malloc_limit: Allocation limit enabled, max size 1502173580 bytes
01-01 00:00:28.329 492 492 I EffectsFactoryHalAidl: EffectsFactoryHalAidl with 2 nonProxyEffects and 0 proxyEffects
01-01 00:00:28.339 492 492 W BatteryNotifier: batterystats service unavailable!
01-01 00:00:28.341 522 522 W mediaextractor: Could not read additional policy file '/vendor/etc/seccomp_policy/mediaextractor.policy'
01-01 00:00:28.341 492 492 I ServiceManagerCppClient: Waiting for service 'media.metrics' on '/dev/binder'...
01-01 00:00:28.341 522 522 W mediaextractor: libminijail[522]: failed to get path of fd 4: No such file or directory
01-01 00:00:28.346 522 522 W mediaextractor: libminijail[522]: allowing syscall: connect
01-01 00:00:28.346 522 522 W mediaextractor: libminijail[522]: allowing syscall: fcntl
01-01 00:00:28.347 522 522 W mediaextractor: libminijail[522]: allowing syscall: sendto
01-01 00:00:28.347 522 522 W mediaextractor: libminijail[522]: allowing syscall: socket
01-01 00:00:28.347 522 522 W mediaextractor: libminijail[522]: allowing syscall: writev
01-01 00:00:28.350 522 522 W mediaextractor: libminijail[522]: compile_file: (42): syscall readlinkat redefined here
01-01 00:00:28.350 522 522 W mediaextractor: libminijail[522]: compile_file: (38): previous definition here
01-01 00:00:28.352 522 522 W mediaextractor: libminijail[522]: compile_file: /apex/com.android.media/etc/seccomp_policy/crash_dump.arm64.policy(1): syscall read redefined here
01-01 00:00:28.352 522 522 W mediaextractor: libminijail[522]: compile_file: (18): previous definition here
01-01 00:00:28.352 522 522 W mediaextractor: libminijail[522]: compile_file: /apex/com.android.media/etc/seccomp_policy/crash_dump.arm64.policy(2): syscall write redefined here
01-01 00:00:28.352 522 522 W mediaextractor: libminijail[522]: compile_file: (6): previous definition here
01-01 00:00:28.352 522 522 W mediaextractor: libminijail[522]: compile_file: /apex/com.android.media/etc/seccomp_policy/crash_dump.arm64.policy(3): syscall exit redefined here
01-01 00:00:28.353 522 522 W mediaextractor: libminijail[522]: compile_file: (27): previous definition here
01-01 00:00:28.353 522 522 W mediaextractor: libminijail[522]: compile_file: /apex/com.android.media/etc/seccomp_policy/crash_dump.arm64.policy(4): syscall rt_sigreturn redefined here
01-01 00:00:28.353 522 522 W mediaextractor: libminijail[522]: compile_file: (29): previous definition here
01-01 00:00:28.353 522 522 W mediaextractor: libminijail[522]: compile_file: /apex/com.android.media/etc/seccomp_policy/crash_dump.arm64.policy(5): syscall exit_group redefined here
01-01 00:00:28.353 522 522 W mediaextractor: libminijail[522]: compile_file: (28): previous definition here
01-01 00:00:28.353 522 522 W mediaextractor: libminijail[522]: compile_file: /apex/com.android.media/etc/seccomp_policy/crash_dump.arm64.policy(8): syscall futex redefined here
01-01 00:00:28.353 522 522 W mediaextractor: libminijail[522]: compile_file: (4): previous definition here
01-01 00:00:28.353 522 522 W mediaextractor: libminijail[522]: compile_file: /apex/com.android.media/etc/seccomp_policy/crash_dump.arm64.policy(9): syscall getrandom redefined here
01-01 00:00:28.353 522 522 W mediaextractor: libminijail[522]: compile_file: (32): previous definition here
01-01 00:00:28.353 522 522 W mediaextractor: libminijail[522]: compile_file: /apex/com.android.media/etc/seccomp_policy/crash_dump.arm64.policy(14): syscall openat redefined here
01-01 00:00:28.353 522 522 W mediaextractor: libminijail[522]: compile_file: (12): previous definition here
01-01 00:00:28.353 522 522 W mediaextractor: libminijail[522]: compile_file: /apex/com.android.media/etc/seccomp_policy/crash_dump.arm64.policy(15): syscall dup redefined here
01-01 00:00:28.353 522 522 W mediaextractor: libminijail[522]: compile_file: (9): previous definition here
01-01 00:00:28.354 522 522 W mediaextractor: libminijail[522]: compile_file: /apex/com.android.media/etc/seccomp_policy/crash_dump.arm64.policy(16): syscall close redefined here
01-01 00:00:28.354 522 522 W mediaextractor: libminijail[522]: compile_file: (8): previous definition here
01-01 00:00:28.355 522 522 W mediaextractor: libminijail[522]: compile_file: /apex/com.android.media/etc/seccomp_policy/crash_dump.arm64.policy(17): syscall lseek redefined here
01-01 00:00:28.355 522 522 W mediaextractor: libminijail[522]: compile_file: (23): previous definition here
01-01 00:00:28.355 522 522 W mediaextractor: libminijail[522]: compile_file: /apex/com.android.media/etc/seccomp_policy/crash_dump.arm64.policy(18): syscall getdents64 redefined here
01-01 00:00:28.355 522 522 W mediaextractor: libminijail[522]: compile_file: (41): previous definition here
01-01 00:00:28.355 522 522 W mediaextractor: libminijail[522]: compile_file: /apex/com.android.media/etc/seccomp_policy/crash_dump.arm64.policy(19): syscall faccessat redefined here
01-01 00:00:28.355 522 522 W mediaextractor: libminijail[522]: compile_file: (25): previous definition here
01-01 00:00:28.355 522 522 W mediaextractor: libminijail[522]: compile_file: /apex/com.android.media/etc/seccomp_policy/crash_dump.arm64.policy(22): syscall setsockopt redefined here
01-01 00:00:28.355 522 522 W mediaextractor: libminijail[522]: compile_file: (56): previous definition here
01-01 00:00:28.355 522 522 W mediaextractor: libminijail[522]: compile_file: /apex/com.android.media/etc/seccomp_policy/crash_dump.arm64.policy(29): syscall prctl redefined here
01-01 00:00:28.355 522 522 W mediaextractor: libminijail[522]: compile_file: (5): previous definition here
01-01 00:00:28.356 522 522 W mediaextractor: libminijail[522]: compile_file: /apex/com.android.media/etc/seccomp_policy/crash_dump.arm64.policy(30): syscall madvise redefined here
01-01 00:00:28.356 522 522 W mediaextractor: libminijail[522]: compile_file: (14): previous definition here
01-01 00:00:28.356 522 522 W mediaextractor: libminijail[522]: compile_file: /apex/com.android.media/etc/seccomp_policy/crash_dump.arm64.policy(31): syscall mprotect redefined here
01-01 00:00:28.356 522 522 W mediaextractor: libminijail[522]: compile_file: (13): previous definition here
01-01 00:00:28.357 522 522 W mediaextractor: libminijail[522]: compile_file: /apex/com.android.media/etc/seccomp_policy/crash_dump.arm64.policy(32): syscall munmap redefined here
01-01 00:00:28.357 522 522 W mediaextractor: libminijail[522]: compile_file: (11): previous definition here
01-01 00:00:28.357 522 522 W mediaextractor: libminijail[522]: compile_file: /apex/com.android.media/etc/seccomp_policy/crash_dump.arm64.policy(33): syscall getuid redefined here
01-01 00:00:28.357 522 522 W mediaextractor: libminijail[522]: compile_file: (15): previous definition here
01-01 00:00:28.357 522 522 W mediaextractor: libminijail[522]: compile_file: /apex/com.android.media/etc/seccomp_policy/crash_dump.arm64.policy(34): syscall fstat redefined here
01-01 00:00:28.357 522 522 W mediaextractor: libminijail[522]: compile_file: (16): previous definition here
01-01 00:00:28.357 522 522 W mediaextractor: libminijail[522]: compile_file: /apex/com.android.media/etc/seccomp_policy/crash_dump.arm64.policy(35): syscall mmap redefined here
01-01 00:00:28.364 522 522 W mediaextractor: libminijail[522]: compile_file: (10): previous definition here
01-01 00:00:28.376 522 522 W mediaextractor: libminijail[522]: logging seccomp filter failures
01-01 00:00:28.411 524 524 V MediaUtils: physMem: 7510867968
01-01 00:00:28.414 524 524 V MediaUtils: requested limit: 134217728
01-01 00:00:28.415 524 524 I libc : malloc_limit: Allocation limit enabled, max size 134217728 bytes
01-01 00:00:28.430 241 241 I servicemanager: Caller(pid=526,uid=0,sid=u:r:storaged:s0) Found android.hardware.health.IHealth/default in device VINTF manifest.
01-01 00:00:28.435 524 524 D AudioPowerUsage: AudioPowerUsage
01-01 00:00:28.435 524 524 D AudioAnalytics: AudioAnalytics
01-01 00:00:28.435 524 524 D MediaMetricsService: MediaMetricsService
01-01 00:00:28.506 526 526 I ServiceManagerCppClient: Waiting for service 'package_native' on '/dev/binder'...
01-01 00:00:28.563 251 251 I logd : logdr: UID=1036 GID=1007 PID=546 b tail=0 logMask=bf pid=0 start=0ns deadline=0ns
01-01 00:00:28.610 492 492 I ServiceManagerCppClient: Waiting for service 'media.metrics' on '/dev/binder' successful after waiting 269ms
01-01 00:00:28.617 480 480 I android.hardware.camera.provider-V1-libcamera-service: LibcameraProvider libcamera service is starting.
01-01 00:00:28.626 524 560 I ServiceManagerCppClient: Waiting for service 'package_native' on '/dev/binder'...
01-01 00:00:28.634 480 480 W libcamera: WARN IPAManager ipa_manager.cpp:154 No IPA found in '/vendor/lib64/libcamera'
01-01 00:00:28.641 480 480 I LibcameraProvider: Loaded "libcamera camera HALv3 module" camera module
01-01 00:00:28.654 241 241 I servicemanager: Caller(pid=480,uid=1047,sid=u:r:hal_camera_default:s0) Found android.hardware.camera.provider.ICameraProvider/libcamera/0 in device VINTF manifest.
01-01 00:00:28.659 492 563 D AudioSystem: getService: waiting for media.audio_policy
01-01 00:00:28.666 492 492 D audioserver: main: AudioFlinger created
01-01 00:00:28.678 478 478 W AHAL_ApmXmlConverter: Audio policy config does not have section, using default
01-01 00:00:28.679 478 478 D AHAL_Config: getSurroundSoundConfig: returning SurroundSoundConfig{formatFamilies: [SurroundFormatFamily{primaryFormat: AudioFormatDescription{type: DEFAULT, pcm: DEFAULT, encoding: audio/ac3}, subFormats: []}, SurroundFormatFamily{primaryFormat: AudioFormatDescription{type: DEFAULT, pcm: DEFAULT, encoding: audio/eac3}, subFormats: []}, SurroundFormatFamily{primaryFormat: AudioFormatDescription{type: DEFAULT, pcm: DEFAULT, encoding: audio/vnd.dts}, subFormats: []}, SurroundFormatFamily{primaryFormat: AudioFormatDescription{type: DEFAULT, pcm: DEFAULT, encoding: audio/vnd.dts.hd}, subFormats: []}, SurroundFormatFamily{primaryFormat: AudioFormatDescription{type: DEFAULT, pcm: DEFAULT, encoding: audio/vnd.dts.hd;profile=dtsma}, subFormats: []}, SurroundFormatFamily{primaryFormat: AudioFormatDescription{type: DEFAULT, pcm: DEFAULT, encoding: audio/vnd.dts.uhd;profile=p1}, subFormats: []}, SurroundFormatFamily{primaryFormat: AudioFormatDescription{type: DEFAULT, pcm: DEFAULT, encoding: audio/vnd.dts.uhd;profile=p2}, subFormats: []}, SurroundFormatFamily{primaryFormat: AudioFormatDescription{type: DEFAULT, pcm: DEFAULT, encoding: audio/vnd.dolby.mlp}, subFormats: []}, SurroundFormatFamily{primaryFormat: AudioFormatDescription{type: DEFAULT, pcm: DEFAULT, encoding: audio/eac3-joc}, subFormats: []}, SurroundFormatFamily{primaryFormat: AudioFormatDescription{type: DEFAULT, pcm: DEFAULT, encoding: audio/mp4a.40.02}, subFormats: [AudioFormatDescription{type: DEFAULT, pcm: DEFAULT, encoding: audio/mp4a.40.05}, AudioFormatDescription{type: DEFAULT, pcm: DEFAULT, encoding: audio/mp4a.40.29}, AudioFormatDescription{type: DEFAULT, pcm: DEFAULT, encoding: audio/mp4a.40.39}, AudioFormatDescription{type: DEFAULT, pcm: DEFAULT, encoding: audio/mp4a.40.42}]}, SurroundFormatFamily{primaryFormat: AudioFormatDescription{type: DEFAULT, pcm: DEFAULT, encoding: audio/ac4}, subFormats: []}]}
01-01 00:00:28.697 522 522 I MediaExtractorFactory: plugin directory not present (/system/lib64/extractors)
01-01 00:00:28.698 478 478 I AHAL_Config: getEngineConfig: No audio configuration files found
01-01 00:00:28.699 522 522 I MediaExtractorFactory: plugin directory not present (/system_ext/lib64/extractors)
01-01 00:00:28.699 478 478 D AHAL_Config: getEngineConfig: number of strategies parsed: 0, default strategy: -1, number of volume groups parsed: 14
01-01 00:00:28.737 478 478 D AHAL_ModulePrimary: getTelephony: returning instance of ITelephony: 0xb40000733fef3150
01-01 00:00:28.741 478 478 D AHAL_Module: getBluetooth: default: returning null
01-01 00:00:28.742 478 478 D AHAL_Module: getBluetoothA2dp: default: returning null
01-01 00:00:28.742 478 478 D AHAL_Module: getBluetoothLe: default: returning null
01-01 00:00:28.743 478 478 D audio_utils::mutex: get_enable_flag: mutex_priority_inheritance: true
01-01 00:00:28.743 478 478 D AHAL_Module: getSoundDose: default: returning instance of ISoundDose: 0xb40000725fe8a210
01-01 00:00:28.744 492 492 I DeviceHalAidl: [default] getSoundDoseInterface: using audio AIDL HAL sound dose interface
01-01 00:00:28.746 478 478 D AHAL_SoundDose: registerSoundDoseCallback: Registered sound dose callback
01-01 00:00:28.746 492 492 D DeviceHalAidl: [default] initCheck
01-01 00:00:28.747 486 547 I libusbconfigfs: event=1 on fd=8
01-01 00:00:28.750 545 555 I adbd : USB event: FUNCTIONFS_ENABLE
01-01 00:00:28.754 545 567 I adbd : UsbFfs-worker thread spawned
01-01 00:00:28.763 478 478 D AHAL_Module: getAudioPorts: default: returning 4 ports
01-01 00:00:28.763 492 492 I Hal2AidlMapper: [default] initialize: default port ids: input 2, output 1
01-01 00:00:28.775 478 478 D AHAL_Module: getAudioRoutes: default: returning 2 routes
01-01 00:00:28.790 478 478 D AHAL_Module: getAudioPortConfigs: default: returning 0 port configs
01-01 00:00:28.790 478 478 D AHAL_Module: getAudioPatches: default: returning 0 patches
01-01 00:00:28.791 492 492 D DeviceHalAidl: [default] getMasterVolume
01-01 00:00:28.791 478 478 D AHAL_Module: getMasterVolume: default: returning 1
01-01 00:00:28.791 492 492 D DeviceHalAidl: [default] getMasterMute
01-01 00:00:28.795 528 528 I mediaswcodec: media swcodec service starting
01-01 00:00:28.795 478 478 D AHAL_Module: getMasterMute: default: returning 0
01-01 00:00:28.799 528 528 W mediaswcodec: Could not read additional policy file '/vendor/etc/seccomp_policy/mediaswcodec.policy'
01-01 00:00:28.800 528 528 W mediaswcodec: libminijail[528]: failed to get path of fd 4: No such file or directory
01-01 00:00:28.800 528 528 W mediaswcodec: libminijail[528]: allowing syscall: connect
01-01 00:00:28.800 528 528 W mediaswcodec: libminijail[528]: allowing syscall: fcntl
01-01 00:00:28.800 528 528 W mediaswcodec: libminijail[528]: allowing syscall: sendto
01-01 00:00:28.800 528 528 W mediaswcodec: libminijail[528]: allowing syscall: socket
01-01 00:00:28.800 528 528 W mediaswcodec: libminijail[528]: allowing syscall: writev
01-01 00:00:28.802 528 528 W mediaswcodec: libminijail[528]: compile_file: (75): syscall munmap redefined here
01-01 00:00:28.802 528 528 W mediaswcodec: libminijail[528]: compile_file: (39): previous definition here
01-01 00:00:28.805 492 492 D DeviceHalAidl: [default] setMasterVolume: volume 1.000000
01-01 00:00:28.806 528 528 W mediaswcodec: libminijail[528]: logging seccomp filter failures
01-01 00:00:28.810 478 478 D AHAL_Module: setMasterVolume: default: 1
01-01 00:00:28.814 528 528 I CodecServiceRegistrant: Creating software Codec2 service...
01-01 00:00:28.815 528 528 D C2Store : Default ION heapmask = -1
01-01 00:00:28.815 528 528 D C2Store : Default ION flags = 0
01-01 00:00:28.815 528 528 D C2Store : Default ION align = 0
01-01 00:00:28.820 478 478 D AHAL_AlsaMixer: initializeMixerControls: available mixer control names=[HP Playback Switch,PCM Playback Volume,HP DAC Playback Volume,Left PGA Mixer Mic3L Switch,Right PGA Mixer Mic3L Switch,Left PGA Mixer Mic3R Switch,Right PGA Mixer Mic3R Switch,PGA Capture Volume]
01-01 00:00:28.825 492 492 D DeviceHalAidl: [default] setMasterMute: mute 0
01-01 00:00:28.825 241 241 I servicemanager: Caller(pid=528,uid=1046,sid=u:r:mediaswcodec:s0) Found android.hardware.media.c2.IComponentStore/software in framework VINTF manifest.
01-01 00:00:28.827 241 241 I servicemanager: Caller(pid=528,uid=1046,sid=u:r:mediaswcodec:s0) Found android.hardware.media.c2.IComponentStore/software in framework VINTF manifest.
01-01 00:00:28.827 478 478 D AHAL_Module: setMasterMute: default: 0
01-01 00:00:28.828 492 492 D DeviceHalAidl: [default] supportsBluetoothVariableLatency
01-01 00:00:28.828 478 478 D AHAL_Module: supportsVariableLatency: default
01-01 00:00:28.828 492 492 D DeviceHalAidl: [default] setMode: mode 0
01-01 00:00:28.829 478 478 D AHAL_Telephony: switchAudioMode: NORMAL
01-01 00:00:28.832 478 478 D AHAL_Module: updateAudioMode: default: NORMAL
01-01 00:00:28.842 528 528 I HidlServiceManagement: Registered android.hardware.media.c2@1.2::IComponentStore/software
01-01 00:00:28.843 492 492 D DeviceHalAidl: [default] getAAudioMixerBurstCount
01-01 00:00:28.843 478 478 D AHAL_Module: getMmapPolicyInfos: default: mmap policy type DEFAULT
01-01 00:00:28.843 478 478 D AHAL_Module: getAAudioMixerBurstCount: default: mmap is not supported
01-01 00:00:28.844 492 492 D DeviceHalAidl: [default] getAAudioHardwareBurstMinUsec
01-01 00:00:28.844 478 478 D AHAL_Module: getAAudioHardwareBurstMinUsec: default: mmap is not supported
01-01 00:00:28.844 492 492 I AudioFlinger: loadHwModule() Loaded primary audio interface, handle 10
01-01 00:00:28.846 492 492 D DeviceHalAidl: [default] getSupportedModes
01-01 00:00:28.846 478 478 D AHAL_Telephony: getSupportedAudioModes: returning [NORMAL, RINGTONE, IN_CALL, IN_COMMUNICATION]
01-01 00:00:28.854 478 478 D AHAL_Module: getTelephony: r_submix: returning null
01-01 00:00:28.855 478 478 D AHAL_Module: getBluetooth: r_submix: returning null
01-01 00:00:28.855 478 478 D AHAL_Module: getBluetoothA2dp: r_submix: returning null
01-01 00:00:28.856 478 478 D AHAL_Module: getBluetoothLe: r_submix: returning null
01-01 00:00:28.856 478 478 D AHAL_Module: getSoundDose: r_submix: returning instance of ISoundDose: 0xb40000725fe88c10
01-01 00:00:28.857 528 528 I CodecServiceRegistrant: Preferred Codec2 HIDL store is set to "default".
01-01 00:00:28.857 528 528 I CodecServiceRegistrant: Software Codec2 service created and registered.
01-01 00:00:28.866 492 492 I DeviceHalAidl: [r_submix] getSoundDoseInterface: using audio AIDL HAL sound dose interface
01-01 00:00:28.867 478 478 D AHAL_SoundDose: registerSoundDoseCallback: Registered sound dose callback
01-01 00:00:28.867 492 492 D DeviceHalAidl: [r_submix] initCheck
01-01 00:00:28.867 478 478 D AHAL_Module: getAudioPorts: r_submix: returning 4 ports
01-01 00:00:28.868 492 492 D Hal2AidlMapper: [r_submix] initialize: connecting remote submix input
01-01 00:00:28.868 478 478 D AHAL_Module: connectExternalDevice: r_submix: device port 2 device set to AudioDevice{type: AudioDeviceDescription{type: IN_SUBMIX, connection: virtual}, address: AudioDeviceAddress{id: 0}}
01-01 00:00:28.868 478 478 D AHAL_Module: getAudioPort: r_submix: returning port by id 4
01-01 00:00:28.868 478 478 D AHAL_ModuleRemoteSubmix: populateConnectedDevicePort: populated from the mix port as: AudioPort{id: 2, name: Remote Submix In, profiles: [AudioProfile{name: , format: AudioFormatDescription{type: PCM, pcm: INT_16_BIT, encoding: }, channelMasks: [AudioChannelLayout{layoutMask: 3}], sampleRates: [8000, 11025, 16000, 32000, 44100, 48000], encapsulationType: NONE}], flags: AudioIoFlags{input: 0}, extraAudioDescriptors: [], gains: [], ext: AudioPortExt{device: AudioPortDeviceExt{device: AudioDevice{type: AudioDeviceDescription{type: IN_SUBMIX, connection: virtual}, address: AudioDeviceAddress{id: 0}}, flags: 0, encodedFormats: [], encapsulationModes: 0, encapsulationMetadataTypes: 0}}}
01-01 00:00:28.869 478 478 D AHAL_Module: connectExternalDevice: r_submix: template port 2 external device connected, connected port ID 5
01-01 00:00:28.869 478 478 D AHAL_Module: onExternalDeviceConnectionChanged: r_submix: do nothing and return
01-01 00:00:28.869 492 492 D Hal2AidlMapper: [r_submix] initialize: temporarily connecting and disconnecting remote submix output
01-01 00:00:28.869 478 478 D AHAL_Module: connectExternalDevice: r_submix: device port 1 device set to AudioDevice{type: AudioDeviceDescription{type: OUT_SUBMIX, connection: virtual}, address: AudioDeviceAddress{id: 0}}
01-01 00:00:28.870 478 478 D AHAL_Module: getAudioPort: r_submix: returning port by id 3
01-01 00:00:28.870 478 478 D AHAL_ModuleRemoteSubmix: populateConnectedDevicePort: populated from the mix port as: AudioPort{id: 1, name: Remote Submix Out, profiles: [AudioProfile{name: , format: AudioFormatDescription{type: PCM, pcm: INT_16_BIT, encoding: }, channelMasks: [AudioChannelLayout{layoutMask: 3}], sampleRates: [8000, 11025, 16000, 32000, 44100, 48000], encapsulationType: NONE}], flags: AudioIoFlags{output: 0}, extraAudioDescriptors: [], gains: [], ext: AudioPortExt{device: AudioPortDeviceExt{device: AudioDevice{type: AudioDeviceDescription{type: OUT_SUBMIX, connection: virtual}, address: AudioDeviceAddress{id: 0}}, flags: 0, encodedFormats: [], encapsulationModes: 0, encapsulationMetadataTypes: 0}}}
01-01 00:00:28.870 478 478 D AHAL_Module: connectExternalDevice: r_submix: template port 1 external device connected, connected port ID 6
01-01 00:00:28.870 478 478 D AHAL_Module: onExternalDeviceConnectionChanged: r_submix: do nothing and return
01-01 00:00:28.871 478 478 D AHAL_Module: onExternalDeviceConnectionChanged: r_submix: do nothing and return
01-01 00:00:28.871 478 478 D AHAL_Module: disconnectExternalDevice: r_submix: connected device port 6 released
01-01 00:00:28.871 492 492 I Hal2AidlMapper: [r_submix] initialize: default port ids: input 5, output -1
01-01 00:00:28.871 478 478 D AHAL_Module: getAudioRoutes: r_submix: returning 2 routes
01-01 00:00:28.872 478 478 D AHAL_Module: getAudioPortConfigs: r_submix: returning 0 port configs
01-01 00:00:28.872 478 478 D AHAL_Module: getAudioPatches: r_submix: returning 0 patches
01-01 00:00:28.873 492 492 D DeviceHalAidl: [r_submix] setMasterVolume: volume 1.000000
01-01 00:00:28.873 478 478 D AHAL_Module: setMasterVolume: r_submix: 1
01-01 00:00:28.873 478 478 D AHAL_ModuleRemoteSubmix: onMasterVolumeChanged: is not supported
01-01 00:00:28.873 478 478 E AHAL_Module: setMasterVolume: r_submix: failed calling onMasterVolumeChanged(1), error=Status(-7, EX_UNSUPPORTED_OPERATION): ''
01-01 00:00:28.873 478 478 D AHAL_ModuleRemoteSubmix: onMasterVolumeChanged: is not supported
01-01 00:00:28.874 492 492 D DeviceHalAidl: [r_submix] setMasterMute: mute 0
01-01 00:00:28.874 478 478 D AHAL_Module: setMasterMute: r_submix: 0
01-01 00:00:28.874 478 478 D AHAL_ModuleRemoteSubmix: onMasterMuteChanged: is not supported
01-01 00:00:28.874 478 478 E AHAL_Module: setMasterMute: r_submix: failed calling onMasterMuteChanged(0), error=Status(-7, EX_UNSUPPORTED_OPERATION): ''
01-01 00:00:28.874 478 478 D AHAL_ModuleRemoteSubmix: onMasterMuteChanged: is not supported
01-01 00:00:28.875 492 492 D DeviceHalAidl: [r_submix] supportsBluetoothVariableLatency
01-01 00:00:28.875 478 478 D AHAL_Module: supportsVariableLatency: r_submix
01-01 00:00:28.875 492 492 D DeviceHalAidl: [r_submix] getAAudioMixerBurstCount
01-01 00:00:28.875 478 478 D AHAL_Module: getMmapPolicyInfos: r_submix: mmap policy type DEFAULT
01-01 00:00:28.876 478 478 D AHAL_Module: getAAudioMixerBurstCount: r_submix: mmap is not supported
01-01 00:00:28.876 492 492 D DeviceHalAidl: [r_submix] getAAudioHardwareBurstMinUsec
01-01 00:00:28.876 478 478 D AHAL_Module: getAAudioHardwareBurstMinUsec: r_submix: mmap is not supported
01-01 00:00:28.877 492 492 I AudioFlinger: loadHwModule() Loaded r_submix audio interface, handle 18
01-01 00:00:28.877 492 492 D DeviceHalAidl: [r_submix] getSupportedModes
01-01 00:00:28.877 492 492 E DeviceHalAidl: [r_submix] getSupportedModes: telephony not initialized
01-01 00:00:28.883 478 478 D AHAL_Module: getTelephony: bluetooth: returning null
01-01 00:00:28.883 478 478 D AHAL_Module: getBluetooth: bluetooth: returning null
01-01 00:00:28.890 478 478 D AHAL_ModuleBluetooth: getBluetoothA2dp: returning instance of IBluetoothA2dp: 0xb40000722fe83e50
01-01 00:00:28.894 478 478 D AHAL_ModuleBluetooth: getBluetoothLe: returning instance of IBluetoothLe: 0xb40000722fe83fb0
01-01 00:00:28.895 478 478 D AHAL_Module: getSoundDose: bluetooth: returning instance of ISoundDose: 0xb40000725fe87a30
01-01 00:00:28.896 492 492 I DeviceHalAidl: [bluetooth] getSoundDoseInterface: using audio AIDL HAL sound dose interface
01-01 00:00:28.897 478 478 D AHAL_SoundDose: registerSoundDoseCallback: Registered sound dose callback
01-01 00:00:28.897 492 492 D DeviceHalAidl: [bluetooth] initCheck
01-01 00:00:28.897 478 478 D AHAL_Module: getAudioPorts: bluetooth: returning 6 ports
01-01 00:00:28.898 492 492 I Hal2AidlMapper: [bluetooth] initialize: default port ids: input -1, output -1
01-01 00:00:28.898 478 478 D AHAL_Module: getAudioRoutes: bluetooth: returning 4 routes
01-01 00:00:28.899 478 478 D AHAL_Module: getAudioPortConfigs: bluetooth: returning 0 port configs
01-01 00:00:28.899 478 478 D AHAL_Module: getAudioPatches: bluetooth: returning 0 patches
01-01 00:00:28.901 492 492 D DeviceHalAidl: [bluetooth] setMasterVolume: volume 1.000000
01-01 00:00:28.902 478 478 D AHAL_Module: setMasterVolume: bluetooth: 1
01-01 00:00:28.902 478 478 D AHAL_ModuleBluetooth: onMasterVolumeChanged: is not supported
01-01 00:00:28.902 478 478 E AHAL_Module: setMasterVolume: bluetooth: failed calling onMasterVolumeChanged(1), error=Status(-7, EX_UNSUPPORTED_OPERATION): ''
01-01 00:00:28.902 478 478 D AHAL_ModuleBluetooth: onMasterVolumeChanged: is not supported
01-01 00:00:28.902 492 492 D DeviceHalAidl: [bluetooth] setMasterMute: mute 0
01-01 00:00:28.903 478 478 D AHAL_Module: setMasterMute: bluetooth: 0
01-01 00:00:28.903 478 478 D AHAL_ModuleBluetooth: onMasterMuteChanged: is not supported
01-01 00:00:28.903 478 478 E AHAL_Module: setMasterMute: bluetooth: failed calling onMasterMuteChanged(0), error=Status(-7, EX_UNSUPPORTED_OPERATION): ''
01-01 00:00:28.903 478 478 D AHAL_ModuleBluetooth: onMasterMuteChanged: is not supported
01-01 00:00:28.903 492 492 D DeviceHalAidl: [bluetooth] supportsBluetoothVariableLatency
01-01 00:00:28.904 478 478 D AHAL_Module: supportsVariableLatency: bluetooth
01-01 00:00:28.907 492 492 D DeviceHalAidl: [bluetooth] getAAudioMixerBurstCount
01-01 00:00:28.907 478 478 D AHAL_Module: getMmapPolicyInfos: bluetooth: mmap policy type DEFAULT
01-01 00:00:28.908 478 478 D AHAL_Module: getAAudioMixerBurstCount: bluetooth: mmap is not supported
01-01 00:00:28.908 492 492 D DeviceHalAidl: [bluetooth] getAAudioHardwareBurstMinUsec
01-01 00:00:28.908 478 478 D AHAL_Module: getAAudioHardwareBurstMinUsec: bluetooth: mmap is not supported
01-01 00:00:28.909 492 492 I AudioFlinger: loadHwModule() Loaded bluetooth audio interface, handle 26
01-01 00:00:28.909 492 492 D DeviceHalAidl: [bluetooth] getSupportedModes
01-01 00:00:28.909 492 492 E DeviceHalAidl: [bluetooth] getSupportedModes: telephony not initialized
01-01 00:00:28.930 492 492 D AudioPolicyService: createAudioPolicyManager loading APM engine default
01-01 00:00:28.936 492 492 D APM_EngineLoader: Loaded engine from libaudiopolicyenginedefault.so
01-01 00:00:28.938 492 492 W APM::AudioPolicyEngine/Base: processParsingResult: No configuration of AUDIO_STREAM_CALL_ASSISTANT found, using default volume configuration
01-01 00:00:28.954 492 492 I AudioFlinger: openOutput() this 0xb400007eb18228a0, module 10 Device AUDIO_DEVICE_OUT_SPEAKER, @:, SamplingRate 44100, Format 0x000003, Channels 0x3, flags 0x2
01-01 00:00:28.954 492 492 D DeviceHalAidl: [default] openOutputStream: handle: 13 devices 2 flags 2
01-01 00:00:28.970 492 492 D Hal2AidlMapper: [default] prepareToOpenStream: handle 13, device AudioDevice{type: AudioDeviceDescription{type: OUT_SPEAKER, connection: }, address: AudioDeviceAddress{id: }}, flags AudioIoFlags{output: 2}, source SYS_RESERVED_INVALID, config AudioConfig{base: AudioConfigBase{sampleRate: 44100, channelMask: AudioChannelLayout{layoutMask: 3}, format: AudioFormatDescription{type: PCM, pcm: INT_32_BIT, encoding: }}, offloadInfo: AudioOffloadInfo{base: AudioConfigBase{sampleRate: 0, channelMask: AudioChannelLayout{none: 0}, format: AudioFormatDescription{type: DEFAULT, pcm: DEFAULT, encoding: }}, streamType: VOICE_CALL, bitRatePerSecond: 0, durationUs: 0, hasVideo: false, isStreaming: false, bitWidth: 16, offloadBufferSize: 0, usage: UNKNOWN, encapsulationMode: NONE, contentId: 0, syncId: 0}, frameCount: 0}, mixport config AudioPortConfig{id: 0, portId: 0, sampleRate: (null), channelMask: (null), format: (null), gain: (null), flags: (null), ext: AudioPortExt{unspecified: false}}
01-01 00:00:28.975 478 478 D AHAL_Module: setAudioPortConfigImpl: default: requested AudioPortConfig{id: 0, portId: 1, sampleRate: Int{value: 44100}, channelMask: AudioChannelLayout{layoutMask: 3}, format: AudioFormatDescription{type: PCM, pcm: INT_32_BIT, encoding: }, gain: (null), flags: (null), ext: AudioPortExt{unspecified: false}}
01-01 00:00:28.975 478 478 D AHAL_Module: setAudioPortConfigImpl: default: not applied; existing config ? 0; requested is valid? 1, fully specified? 0
01-01 00:00:28.979 478 478 D AHAL_Module: setAudioPortConfigImpl: default: requested AudioPortConfig{id: 0, portId: 1, sampleRate: Int{value: 44100}, channelMask: AudioChannelLayout{layoutMask: 3}, format: AudioFormatDescription{type: PCM, pcm: INT_32_BIT, encoding: }, gain: (null), flags: AudioIoFlags{output: 0}, ext: AudioPortExt{device: AudioPortDeviceExt{device: AudioDevice{type: AudioDeviceDescription{type: OUT_SPEAKER, connection: }, address: AudioDeviceAddress{id: }}, flags: 1, encodedFormats: [], encapsulationModes: 0, encapsulationMetadataTypes: 0}}}
01-01 00:00:28.979 478 478 D AHAL_Module: setAudioPortConfigImpl: default: created new port config AudioPortConfig{id: 5, portId: 1, sampleRate: Int{value: 44100}, channelMask: AudioChannelLayout{layoutMask: 3}, format: AudioFormatDescription{type: PCM, pcm: INT_32_BIT, encoding: }, gain: (null), flags: AudioIoFlags{output: 0}, ext: AudioPortExt{device: AudioPortDeviceExt{device: AudioDevice{type: AudioDeviceDescription{type: OUT_SPEAKER, connection: }, address: AudioDeviceAddress{id: }}, flags: 1, encodedFormats: [], encapsulationModes: 0, encapsulationMetadataTypes: 0}}}
01-01 00:00:28.983 478 478 D AHAL_Module: setAudioPortConfigImpl: default: requested AudioPortConfig{id: 0, portId: 3, sampleRate: Int{value: 44100}, channelMask: AudioChannelLayout{layoutMask: 3}, format: AudioFormatDescription{type: PCM, pcm: INT_32_BIT, encoding: }, gain: (null), flags: AudioIoFlags{output: 2}, ext: AudioPortExt{mix: AudioPortMixExt{handle: 13, usecase: AudioPortMixExtUseCase{unspecified: false}, maxOpenStreamCount: 0, maxActiveStreamCount: 0, recommendedMuteDurationMs: 0}}}
01-01 00:00:28.983 478 478 D AHAL_Module: setAudioPortConfigImpl: default: created new port config AudioPortConfig{id: 6, portId: 3, sampleRate: Int{value: 44100}, channelMask: AudioChannelLayout{layoutMask: 3}, format: AudioFormatDescription{type: PCM, pcm: INT_32_BIT, encoding: }, gain: (null), flags: AudioIoFlags{output: 2}, ext: AudioPortExt{mix: AudioPortMixExt{handle: 13, usecase: AudioPortMixExtUseCase{unspecified: false}, maxOpenStreamCount: 0, maxActiveStreamCount: 1, recommendedMuteDurationMs: 0}}}
01-01 00:00:28.986 478 478 D AHAL_Module: setAudioPatch: default: requested patch AudioPatch{id: 0, sourcePortConfigIds: [6], sinkPortConfigIds: [5], minimumStreamBufferSizeFrames: 0, latenciesMs: []}
01-01 00:00:28.986 478 478 D AHAL_Module: setAudioPatch: default: created patch AudioPatch{id: 1, sourcePortConfigIds: [6], sinkPortConfigIds: [5], minimumStreamBufferSizeFrames: 4096, latenciesMs: [85]}
01-01 00:00:28.994 478 478 D AHAL_Module: openOutputStream: default: port config id 6, has offload info? 0, buffer size 4096 frames
01-01 00:00:28.995 478 478 D AHAL_Module: createStreamContext: default: frame size 8 bytes
01-01 00:00:28.995 478 478 D AHAL_Module: getSoundDose: default: returning instance of ISoundDose: 0xb40000725fe8a210
01-01 00:00:28.997 478 478 D AHAL_Stream: StreamOut
