04-01 08:46:39.418 612 612 I SystemServiceManager: Starting com.android.server.search.SearchManagerService$Lifecycle
04-01 08:46:39.421 612 612 V SystemServerTiming: StartSearchManagerService took to complete: 3ms
04-01 08:46:39.421 612 612 D SystemServerTiming: StartWallpaperManagerService
04-01 08:46:39.421 612 612 I SystemServiceManager: Starting com.android.server.wallpaper.WallpaperManagerService$Lifecycle
04-01 08:46:39.424 612 612 D DisplayManagerService: supportedStates=[0]
04-01 08:46:39.425 612 612 D DisplayManagerService: possibleInfos={DisplayInfo{"Built-in Screen", displayId 0, displayGroupId 0, FLAG_SECURE, FLAG_SUPPORTS_PROTECTED_BUFFERS, FLAG_TRUSTED, real 1920 x 1080, largest app 1920 x 1920, smallest app 1080 x 1080, appVsyncOff 1000000, presDeadline 16666667, mode 1, renderFrameRate 60.0, defaultMode 1, userPreferredModeId -1, supportedModes [{id=1, width=1920, height=1080, fps=60.0, vsync=60.0, synthetic=false, alternativeRefreshRates=[], supportedHdrTypes=[]}, {id=2, width=1920, height=1080, fps=59.940205, vsync=59.940205, synthetic=false, alternativeRefreshRates=[], supportedHdrTypes=[]}, {id=3, width=1920, height=1080, fps=50.0, vsync=50.0, synthetic=false, alternativeRefreshRates=[], supportedHdrTypes=[]}, {id=4, width=1680, height=1050, fps=59.883255, vsync=59.883255, synthetic=false, alternativeRefreshRates=[], supportedHdrTypes=[]}, {id=5, width=1600, height=900, fps=60.0, vsync=60.0, synthetic=false, alternativeRefreshRates=[], supportedHdrTypes=[]}, {id=6, width=1280, height=1024, fps=60.01974, vsync=60.01974, synthetic=false, alternativeRefreshRates=[], supportedHdrTypes=[]}, {id=7, width=1440, height=900, fps=59.901463, vsync=59.901463, synthetic=false, alternativeRefreshRates=[], supportedHdrTypes=[]}, {id=8, width=1280, height=800, fps=59.90955, vsync=59.90955, synthetic=false, alternativeRefreshRates=[], supportedHdrTypes=[]}, {id=9, width=1280, height=720, fps=60.0, vsync=60.0, synthetic=false, alternativeRefreshRates=[], supportedHdrTypes=[]}, {id=10, width=1280, height=720, fps=59.940205, vsync=59.940205, synthetic=false, alternativeRefreshRates=[], supportedHdrTypes=[]}, {id=11, width=1280, height=720, fps=50.0, vsync=50.0, synthetic=false, alternativeRefreshRates=[], supportedHdrTypes=[]}, {id=12, width=1024, height=768, fps=60.00384, vsync=60.00384, synthetic=false, alternativeRefreshRates=[], supportedHdrTypes=[]}, {id=13, width=800, height=600, fps=60.316544, vsync=60.316544, synthetic=false, alternativeRefreshRates=[], supportedHdrTypes=[]}, {id=14, width=720, height=576, fps=50.0, vsync=50.0, synthetic=false, alternativeRefreshRates=[], supportedHdrTypes=[]}, {id=15, width=720, height=480, fps=60.0, vsync=60.0, synthetic=false, alternativeRefreshRates=[], supportedHdrTypes=[]}, {id=16, width=720, height=480, fps=59.940063, vsync=59.940063, synthetic=false, alternativeRefreshRates=[], supportedHdrTypes=[]}, {id=17, width=640, height=480, fps=60.0, vsync=60.0, synthetic=false, alternativeRefreshRates=[], supportedHdrTypes=[]}, {id=18, width=640, height=480, fps=59.94048, vsync=59.94048, synthetic=false, alternativeRefreshRates=[], supportedHdrTypes=[]}, {id=19, width=720, height=400, fps=70.08167, vsync=70.08167, synthetic=false, alternativeRefreshRates=[], supportedHdrTypes=[]}], appsSupportedModes [{id=1, width=1920, height=1080, fps=60.0, vsync=60.0, synthetic=false, alternativeRefreshRates=[], supportedHdrTypes=[]}, {id=2, width=1920, height=1080, fps=59.940205, vsync=59.940205, synthetic=false, alternativeRefreshRates=[], supportedHdrTypes=[]}, {id=3, width=1920, height=1080, fps=50.0, vsync=50.0, synthetic=false, alternativeRefreshRates=[], supportedHdrTypes=[]}, {id=4, width=1680, height=1050, fps=59.883255, vsync=59.883255, synthetic=false, alternativeRefreshRates=[], supportedHdrTypes=[]}, {id=5, width=1600, height=900, fps=60.0, vsync=60.0, synthetic=false, alternativeRefreshRates=[], supportedHdrTypes=[]}, {id=6, width=1280, height=1024, fps=60.01974, vsync=60.01974, synthetic=false, alternativeRefreshRates=[], supportedHdrTypes=[]}, {id=7, width=1440, height=900, fps=59.901463, vsync=59.901463, synthetic=false, alternativeRefreshRates=[], supportedHdrTypes=[]}, {id=8, width=1280, height=800, fps=59.90955, vsync=59.90955, synthetic=false, alternativeRefreshRates=[], supportedHdrTypes=[]}, {id=9, width=1280, height=720, fps=60.0, vsync=60.0, synthetic=false, alternativeRefreshRates=[], supportedHdrTypes=[]}, {id=10, width=1280, height=720, fps=59.940205, vsync=59.940205, synthetic=false, alternativeRefreshRates=[], supportedHdrTypes=[]}, {id=11, w
04-01 08:46:39.426 612 612 D DesktopModeFlagsUtil: Toggle override initialized to: OVERRIDE_UNSET
04-01 08:46:39.429 612 612 V SystemServerTiming: StartWallpaperManagerService took to complete: 8ms
04-01 08:46:39.429 612 612 D SystemServerTiming: StartAudioService
04-01 08:46:39.429 612 612 I SystemServiceManager: Starting com.android.server.audio.AudioService$Lifecycle
04-01 08:46:39.453 492 576 W AudioFlinger: no wake lock to update, system not ready yet
04-01 08:46:39.455 492 492 D PermissionCache: checking android.permission.MODIFY_AUDIO_SETTINGS for uid=1000 => granted (1456 us)
04-01 08:46:39.455 492 492 D DeviceHalAidl: [default] setParameters: parameters: "BT_SCO=off"
04-01 08:46:39.456 492 492 D DeviceHalAidl: [r_submix] setParameters: parameters: "BT_SCO=off"
04-01 08:46:39.456 492 492 D DeviceHalAidl: [bluetooth] setParameters: parameters: "BT_SCO=off"
04-01 08:46:39.456 492 492 D DeviceHalAidl: [default] setParameters: parameters: "A2dpSuspended=false"
04-01 08:46:39.456 492 492 D DeviceHalAidl: [r_submix] setParameters: parameters: "A2dpSuspended=false"
04-01 08:46:39.457 492 492 D DeviceHalAidl: [bluetooth] setParameters: parameters: "A2dpSuspended=false"
04-01 08:46:39.457 478 478 D AHAL_Bluetooth: setEnabled: 1
04-01 08:46:39.458 492 492 D DeviceHalAidl: [default] setParameters: parameters: "LeAudioSuspended=false"
04-01 08:46:39.458 492 492 D DeviceHalAidl: [r_submix] setParameters: parameters: "LeAudioSuspended=false"
04-01 08:46:39.458 492 492 D DeviceHalAidl: [bluetooth] setParameters: parameters: "LeAudioSuspended=false"
04-01 08:46:39.478 612 612 I AS.AudioService: Stream 5: using max vol of 7
04-01 08:46:39.478 612 612 I AS.AudioService: Stream 5: using default vol of 5
04-01 08:46:39.478 612 612 I AS.AudioService: Stream 2: using max vol of 7
04-01 08:46:39.478 612 612 I AS.AudioService: Stream 2: using default vol of 5
04-01 08:46:39.488 612 612 I android_os_HwBinder: HwBinder: Starting thread pool for getting: android.hidl.manager@1.0::IServiceManager/default
04-01 08:46:39.503 492 492 D PermissionCache: checking android.permission.MODIFY_AUDIO_ROUTING for uid=1000 => granted (413 us)
04-01 08:46:39.504 492 510 D PermissionCache: checking android.permission.MODIFY_AUDIO_ROUTING for uid=1000 => granted (917 us)
04-01 08:46:39.504 492 492 I APM::AudioPolicyEngine: getDevicesForStrategyInt no device found for strategy 7
04-01 08:46:39.504 492 492 W APM::AudioPolicyEngine: getDevicesForStrategyInt unknown strategy: 10
04-01 08:46:39.505 492 492 I APM::AudioPolicyEngine: getDevicesForStrategyInt no device found for strategy 10
04-01 08:46:39.505 492 492 I APM::AudioPolicyEngine: getDevicesForStrategyInt no device found for strategy 7
04-01 08:46:39.505 492 492 W APM::AudioPolicyEngine: getDevicesForStrategyInt unknown strategy: 10
04-01 08:46:39.505 492 492 I APM::AudioPolicyEngine: getDevicesForStrategyInt no device found for strategy 10
04-01 08:46:39.508 492 492 I APM::AudioPolicyEngine: getDevicesForStrategyInt no device found for strategy 7
04-01 08:46:39.508 492 492 W APM::AudioPolicyEngine: getDevicesForStrategyInt unknown strategy: 10
04-01 08:46:39.508 492 492 I APM::AudioPolicyEngine: getDevicesForStrategyInt no device found for strategy 10
04-01 08:46:39.509 492 510 D DeviceHalAidl: [default] getMicMute
04-01 08:46:39.510 492 510 D DeviceHalAidl: [default] setMicMute: mute 0
04-01 08:46:39.510 492 510 D DeviceHalAidl: [r_submix] setMicMute: mute 0
04-01 08:46:39.510 478 478 D AHAL_ModuleRemoteSubmix: setMicMute: is not supported
04-01 08:46:39.510 492 510 D DeviceHalAidl: [bluetooth] setMicMute: mute 0
04-01 08:46:39.511 478 478 D AHAL_ModuleBluetooth: setMicMute: is not supported
04-01 08:46:39.511 492 510 D DeviceHalAidl: [default] getMicMute
04-01 08:46:39.513 612 783 W BroadcastLoopers: Found previously unknown looper Thread[AudioService,5,main]
04-01 08:46:39.517 612 612 D FileUtils: Rounded bytes from 7510867968 to 8000000000
04-01 08:46:39.518 492 510 D AudioFlinger: isLowRamDevice:false totalMemory:7510867968 mClientSharedHeapSize:33554432
04-01 08:46:39.522 612 612 V SystemServerTiming: StartAudioService took to complete: 93ms
04-01 08:46:39.522 612 612 D SystemServerTiming: StartSoundTriggerMiddlewareService
04-01 08:46:39.523 612 612 I SystemServiceManager: Starting com.android.server.soundtrigger_middleware.SoundTriggerMiddlewareService$Lifecycle
04-01 08:46:39.525 492 510 I CaptureStateNotifier: Registering a listener
04-01 08:46:39.528 612 612 I SoundTriggerMiddlewareDefaultHalFactory: Connecting to default soundtrigger-V2.x.ISoundTriggerHw
04-01 08:46:39.530 242 242 I hwservicemanager: getTransport: Cannot find entry android.hardware.soundtrigger@2.0::ISoundTriggerHw/default in either framework or device VINTF manifest.
04-01 08:46:39.531 241 241 I servicemanager: Caller(pid=612,uid=1000,sid=u:r:system_server:s0) Could not find android.hardware.soundtrigger3.ISoundTriggerHw/default in the VINTF manifest. No alternative instances declared in VINTF.
04-01 08:46:39.531 612 612 E SoundTriggerMiddlewareImpl: Failed to add a SoundTriggerModule instance
04-01 08:46:39.531 612 612 E SoundTriggerMiddlewareImpl: java.util.NoSuchElementException
04-01 08:46:39.531 612 612 E SoundTriggerMiddlewareImpl: at android.os.HwBinder.getService(Native Method)
04-01 08:46:39.531 612 612 E SoundTriggerMiddlewareImpl: at android.hardware.soundtrigger.V2_0.ISoundTriggerHw.getService(ISoundTriggerHw.java:57)
04-01 08:46:39.531 612 612 E SoundTriggerMiddlewareImpl: at android.hardware.soundtrigger.V2_0.ISoundTriggerHw.getService(ISoundTriggerHw.java:64)
04-01 08:46:39.531 612 612 E SoundTriggerMiddlewareImpl: at com.android.server.soundtrigger_middleware.DefaultHalFactory.create(DefaultHalFactory.java:76)
04-01 08:46:39.531 612 612 E SoundTriggerMiddlewareImpl: at com.android.server.soundtrigger_middleware.SoundTriggerModule.attachToHal(SoundTriggerModule.java:176)
04-01 08:46:39.531 612 612 E SoundTriggerMiddlewareImpl: at com.android.server.soundtrigger_middleware.SoundTriggerModule.(SoundTriggerModule.java:105)
04-01 08:46:39.531 612 612 E SoundTriggerMiddlewareImpl: at com.android.server.soundtrigger_middleware.SoundTriggerMiddlewareImpl.(SoundTriggerMiddlewareImpl.java:86)
04-01 08:46:39.531 612 612 E SoundTriggerMiddlewareImpl: at com.android.server.soundtrigger_middleware.SoundTriggerMiddlewareService$Lifecycle.onStart(SoundTriggerMiddlewareService.java:248)
04-01 08:46:39.531 612 612 E SoundTriggerMiddlewareImpl: at com.android.server.SystemServiceManager.startService(SystemServiceManager.java:280)
04-01 08:46:39.531 612 612 E SoundTriggerMiddlewareImpl: at com.android.server.SystemServiceManager.startService(SystemServiceManager.java:257)
04-01 08:46:39.531 612 612 E SoundTriggerMiddlewareImpl: at com.android.server.SystemServer.startOtherServices(SystemServer.java:2325)
04-01 08:46:39.531 612 612 E SoundTriggerMiddlewareImpl: at com.android.server.SystemServer.run(SystemServer.java:948)
04-01 08:46:39.531 612 612 E SoundTriggerMiddlewareImpl: at com.android.server.SystemServer.main(SystemServer.java:669)
04-01 08:46:39.531 612 612 E SoundTriggerMiddlewareImpl: at java.lang.reflect.Method.invoke(Native Method)
04-01 08:46:39.531 612 612 E SoundTriggerMiddlewareImpl: at com.android.internal.os.RuntimeInit$MethodAndArgsCaller.run(RuntimeInit.java:591)
04-01 08:46:39.531 612 612 E SoundTriggerMiddlewareImpl: at com.android.internal.os.ZygoteInit.main(ZygoteInit.java:849)
04-01 08:46:39.547 612 612 V SystemServerTiming: StartSoundTriggerMiddlewareService took to complete: 25ms
04-01 08:46:39.548 612 612 D SystemServerTiming: StartDockObserver
04-01 08:46:39.551 612 612 I SystemServiceManager: Starting com.android.server.DockObserver
04-01 08:46:39.553 612 612 I DockObserver: No extcon dock device found in this kernel.
04-01 08:46:39.555 612 612 V SystemServerTiming: StartDockObserver took to complete: 7ms
04-01 08:46:39.555 612 612 D SystemServerTiming: StartWiredAccessoryManager
04-01 08:46:39.557 612 612 W WiredAccessoryManager: This kernel does not have wired headset support
04-01 08:46:39.557 612 612 W WiredAccessoryManager: This kernel does not have usb audio support
04-01 08:46:39.558 612 612 W WiredAccessoryManager: This kernel does not have HDMI audio support
04-01 08:46:39.558 612 612 V SystemServerTiming: StartWiredAccessoryManager took to complete: 3ms
04-01 08:46:39.558 612 612 D SystemServerTiming: StartAdbService
04-01 08:46:39.559 612 612 I SystemServiceManager: Starting com.android.server.adb.AdbService$Lifecycle
04-01 08:46:39.564 612 612 V SystemServerTiming: StartAdbService took to complete: 6ms
04-01 08:46:39.564 612 612 D SystemServerTiming: StartUsbService
04-01 08:46:39.565 612 612 I SystemServiceManager: Starting com.android.server.usb.UsbService$Lifecycle
04-01 08:46:39.565 612 612 V SystemServerTiming: StartUsbService took to complete: 1ms
04-01 08:46:39.565 612 612 D SystemServerTiming: StartSerialService
04-01 08:46:39.566 612 612 I SystemServiceManager: Starting com.android.server.SerialService$Lifecycle
04-01 08:46:39.566 612 697 D SystemServerTimingAsync: InitThreadPoolExec:UsbService$Lifecycle#onStart
04-01 08:46:39.566 612 697 D SystemServerInitThreadPool: Started executing UsbService$Lifecycle#onStart
04-01 08:46:39.568 612 612 V SystemServerTiming: StartSerialService took to complete: 2ms
04-01 08:46:39.568 612 612 D SystemServerTiming: StartHardwarePropertiesManagerService
04-01 08:46:39.573 241 241 I servicemanager: Caller(pid=612,uid=1000,sid=u:r:system_server:s0) Found android.hardware.thermal.IThermal/default in device VINTF manifest.
04-01 08:46:39.572 612 697 I UsbDeviceManager: failed to write to /sys/class/android_usb/android0/f_rndis/ethaddr
04-01 08:46:39.573 612 697 D UsbPortManager: Querying USB Gadget HAL version
04-01 08:46:39.574 612 612 V SystemServerTiming: StartHardwarePropertiesManagerService took to complete: 6ms
04-01 08:46:39.574 612 612 D SystemServerTiming: StartTwilightService
04-01 08:46:39.574 612 612 I SystemServiceManager: Starting com.android.server.twilight.TwilightService
04-01 08:46:39.575 612 612 V SystemServerTiming: StartTwilightService took to complete: 1ms
04-01 08:46:39.575 612 612 D SystemServerTiming: StartColorDisplay
04-01 08:46:39.576 612 612 I SystemServiceManager: Starting com.android.server.display.color.ColorDisplayService
04-01 08:46:39.580 612 697 I UsbPortManager: USB Gadget HAL AIDL present
04-01 08:46:39.583 241 241 I servicemanager: Caller(pid=612,uid=1000,sid=u:r:system_server:s0) Found android.hardware.usb.gadget.IUsbGadget/default in device VINTF manifest.
04-01 08:46:39.583 612 612 V SystemServerTiming: StartColorDisplay took to complete: 8ms
04-01 08:46:39.583 612 612 D SystemServerTiming: StartJobScheduler
04-01 08:46:39.584 612 697 D UsbDeviceManager: getInstance done
04-01 08:46:39.584 612 612 I SystemServiceManager: Starting com.android.server.job.JobSchedulerService
04-01 08:46:39.588 697 697 I : read descriptors
04-01 08:46:39.588 697 697 W : bcdVersion must be 0x0100, stored in Little Endian order. Userspace driver should be fixed, accepting 0x0001 for compatibility.
04-01 08:46:39.588 697 697 I : read strings
04-01 08:46:39.589 697 697 I : read descriptors
04-01 08:46:39.589 697 697 W : bcdVersion must be 0x0100, stored in Little Endian order. Userspace driver should be fixed, accepting 0x0001 for compatibility.
04-01 08:46:39.589 697 697 I : read strings
04-01 08:46:39.589 612 697 W StorageManagerService: No primary storage defined yet; hacking together a stub
04-01 08:46:39.591 612 642 I UsbGadgetAidl: USB Gadget HAL AIDL version: GADGET_HAL_V2_0
04-01 08:46:39.598 612 638 E UsbDeviceManager: Usb getCurrentUsbFunctionsCb failed ,functions:1 ,status:2 ,transactionId:1
04-01 08:46:39.599 612 642 I UsbDeviceManager: processing MSG_GET_CURRENT_USB_FUNCTIONS
04-01 08:46:39.599 612 642 I UsbDeviceManager: updating mCurrentFunctions
04-01 08:46:39.600 612 642 I UsbDeviceManager: mCurrentFunctions:0applied:1
04-01 08:46:39.600 486 486 I android.hardware.usb.gadget-service.generic: current USB speed is high-speed
04-01 08:46:39.602 612 637 I UsbDeviceManager: getUsbSpeedCb speed:2 ,transactionId:4
04-01 08:46:39.607 612 697 D UsbPortManager: Querying USB HAL version
04-01 08:46:39.609 612 697 I UsbPortManager: USB HAL AIDL present
04-01 08:46:39.613 241 241 I servicemanager: Caller(pid=612,uid=1000,sid=u:r:system_server:s0) Found android.hardware.usb.IUsb/default in device VINTF manifest.
04-01 08:46:39.614 612 697 D UsbPortManager: getInstance done
04-01 08:46:39.614 486 486 I android.hardware.usb-service.generic: registering callback
04-01 08:46:39.616 486 791 E android.hardware.usb-service.generic: creating thread
04-01 08:46:39.617 612 708 D SystemServerInitThreadPool: Finished executing FontManagerService_create
04-01 08:46:39.617 612 708 V SystemServerTimingAsync: InitThreadPoolExec:FontManagerService_create took to complete: 891ms
04-01 08:46:39.617 486 486 I android.hardware.usb-service.generic: port0
04-01 08:46:39.619 486 486 I android.hardware.usb-service.generic: 0:port0 connected:1 canChangeMode:1 canChagedata:0 canChangePower:0 usbDataEnabled:0 plugOrientation:0
04-01 08:46:39.622 612 697 D SystemServerInitThreadPool: Finished executing UsbService$Lifecycle#onStart
04-01 08:46:39.622 612 697 V SystemServerTimingAsync: InitThreadPoolExec:UsbService$Lifecycle#onStart took to complete: 56ms
04-01 08:46:39.622 612 644 D JobStore: Start tag: job-info
04-01 08:46:39.623 612 691 I UsbPortManager: all: opID:1 successful
04-01 08:46:39.624 612 644 W JobInfo : Job 'android/com.android.server.usage.UsageStatsIdleService#0' has a deadline with no functional constraints. The deadline won't improve job execution latency. Consider removing the deadline.
04-01 08:46:39.629 612 644 W JobStore: Periodic job for uid='1000' persisted run-time is too big [24:00:44, 48:00:44]. Clamping to [24:00:32,48:00:32]
04-01 08:46:39.631 612 612 D CompatChangeReporter: Compat change id reported: 319212206; UID 1000; state: ENABLED
04-01 08:46:39.635 612 644 D JobStore: Start tag: job-info
04-01 08:46:39.636 612 768 D ConnectivityService: NetReassign [no changes] [c 0] [a 0] [i 0]
04-01 08:46:39.638 612 644 D JobStore: Start tag: job-info
04-01 08:46:39.639 612 644 W JobStore: Periodic job for uid='10074' persisted run-time is too big [360:01:04, 720:01:04]. Clamping to [360:00:32,720:00:32]
04-01 08:46:39.640 612 644 W JobStore: Periodic job for uid='10074' persisted run-time is too big [24:01:05, 48:01:05]. Clamping to [24:00:32,48:00:32]
04-01 08:46:39.641 612 644 I JobStore: Read 7 jobs
04-01 08:46:39.646 612 612 W JobScheduler: !!! RTC not yet good; tracking time updates for job scheduling
04-01 08:46:39.648 612 612 V SystemServerTiming: StartJobScheduler took to complete: 65ms
04-01 08:46:39.648 612 612 D SystemServerTiming: StartSoundTrigger
04-01 08:46:39.648 612 612 I SystemServiceManager: Starting com.android.server.soundtrigger.SoundTriggerService
04-01 08:46:39.651 612 612 V SystemServerTiming: StartSoundTrigger took to complete: 3ms
04-01 08:46:39.651 612 612 D SystemServerTiming: StartTrustManager
04-01 08:46:39.652 612 612 I SystemServiceManager: Starting com.android.server.trust.TrustManagerService
04-01 08:46:39.656 612 612 V SystemServerTiming: StartTrustManager took to complete: 5ms
04-01 08:46:39.656 612 612 D SystemServerTiming: StartBackupManager
04-01 08:46:39.656 612 612 I SystemServiceManager: Starting com.android.server.backup.BackupManagerService$Lifecycle
04-01 08:46:39.660 612 612 D BackupManagerService: Default backup user id = 0
04-01 08:46:39.660 612 612 V SystemServerTiming: StartBackupManager took to complete: 4ms
04-01 08:46:39.661 612 612 D SystemServerTiming: StartAppWidgetService
04-01 08:46:39.661 612 612 I SystemServiceManager: Starting com.android.server.appwidget.AppWidgetService
04-01 08:46:39.671 612 612 V SystemServerTiming: StartAppWidgetService took to complete: 10ms
04-01 08:46:39.671 612 612 D SystemServerTiming: StartVoiceRecognitionManager
04-01 08:46:39.672 612 612 I SystemServiceManager: Starting com.android.server.voiceinteraction.VoiceInteractionManagerService
04-01 08:46:39.685 612 612 V SystemServerTiming: StartVoiceRecognitionManager took to complete: 14ms
04-01 08:46:39.686 612 612 D SystemServerTiming: StartGestureLauncher
04-01 08:46:39.686 612 612 I SystemServiceManager: Starting com.android.server.GestureLauncherService
04-01 08:46:39.687 612 612 V SystemServerTiming: StartGestureLauncher took to complete: 1ms
04-01 08:46:39.687 612 612 D SystemServerTiming: StartSensorNotification
04-01 08:46:39.688 612 612 I SystemServiceManager: Starting com.android.server.SensorNotificationService
04-01 08:46:39.688 612 612 V SystemServerTiming: StartSensorNotification took to complete: 0ms
04-01 08:46:39.688 612 612 D SystemServerTiming: StartDiskStatsService
04-01 08:46:39.692 612 612 D CompatChangeReporter: Compat change id reported: 311402873; UID 1000; state: ENABLED
04-01 08:46:39.693 612 612 D CompatChangeReporter: Compat change id reported: 323349338; UID 1000; state: ENABLED
04-01 08:46:39.696 612 612 V SystemServerTiming: StartDiskStatsService took to complete: 7ms
04-01 08:46:39.696 612 612 D SystemServerTiming: RuntimeService
04-01 08:46:39.697 612 612 V SystemServerTiming: RuntimeService took to complete: 1ms
04-01 08:46:39.697 612 612 D SystemServerTiming: StartNetworkTimeUpdateService
04-01 08:46:39.700 612 612 V SystemServerTiming: StartNetworkTimeUpdateService took to complete: 3ms
04-01 08:46:39.700 612 612 D SystemServerTiming: CertBlocklister
04-01 08:46:39.703 612 612 V SystemServerTiming: CertBlocklister took to complete: 1ms
04-01 08:46:39.703 612 612 D SystemServerTiming: StartEmergencyAffordanceService
04-01 08:46:39.704 612 612 I SystemServiceManager: Starting com.android.server.emergency.EmergencyAffordanceService
04-01 08:46:39.706 492 510 W APM::AudioPolicyEngine: getDevicesForStrategyInt unknown strategy: 10
04-01 08:46:39.706 492 510 I APM::AudioPolicyEngine: getDevicesForStrategyInt no device found for strategy 10
04-01 08:46:39.706 612 612 V SystemServerTiming: StartEmergencyAffordanceService took to complete: 3ms
04-01 08:46:39.706 612 612 D SystemServerTiming: startBlobStoreManagerService
04-01 08:46:39.707 612 612 I SystemServiceManager: Starting com.android.server.blob.BlobStoreManagerService
04-01 08:46:39.726 612 612 V SystemServerTiming: startBlobStoreManagerService took to complete: 20ms
04-01 08:46:39.726 612 612 D SystemServerTiming: StartDreamManager
04-01 08:46:39.727 612 612 I SystemServiceManager: Starting com.android.server.dreams.DreamManagerService
04-01 08:46:39.732 612 612 V SystemServerTiming: StartDreamManager took to complete: 6ms
04-01 08:46:39.732 612 612 D SystemServerTiming: AddGraphicsStatsService
04-01 08:46:39.738 612 612 V SystemServerTiming: AddGraphicsStatsService took to complete: 6ms
04-01 08:46:39.739 612 612 D SystemServerTiming: StartPrintManager
04-01 08:46:39.739 612 612 I SystemServiceManager: Starting com.android.server.print.PrintManagerService
04-01 08:46:39.742 492 492 I APM::AudioPolicyEngine: getDevicesForStrategyInt no device found for strategy 7
04-01 08:46:39.743 612 612 V SystemServerTiming: StartPrintManager took to complete: 4ms
04-01 08:46:39.743 612 612 D SystemServerTiming: StartAttestationVerificationService
04-01 08:46:39.744 612 612 I SystemServiceManager: Starting com.android.server.security.AttestationVerificationManagerService
04-01 08:46:39.745 612 612 D AVF : Started
04-01 08:46:39.747 612 612 V SystemServerTiming: StartAttestationVerificationService took to complete: 4ms
04-01 08:46:39.748 612 612 D SystemServerTiming: StartCompanionDeviceManager
04-01 08:46:39.749 612 612 I SystemServiceManager: Starting com.android.server.companion.CompanionDeviceManagerService
04-01 08:46:39.757 612 612 I CDM_CompanionTransportManager: Registering OnTransportsChangedListener
04-01 08:46:39.758 492 510 I AudioPolicyInterfaceImpl: setDeviceAbsoluteVolumeEnabled: deviceAidl AudioDevice{type: AudioDeviceDescription{type: OUT_HEADSET, connection: bt-le}, address: AudioDeviceAddress{id: }}, enabled 1, streamToDriveAbsAidl 3
04-01 08:46:39.758 492 510 I APM_AudioPolicyManager: setDeviceAbsoluteVolumeEnabled: deviceType 0x20000000, enabled 1, streamToDriveAbs 3
04-01 08:46:39.758 492 510 I AudioPolicyInterfaceImpl: setDeviceAbsoluteVolumeEnabled: deviceAidl AudioDevice{type: AudioDeviceDescription{type: OUT_HEARING_AID, connection: wireless}, address: AudioDeviceAddress{id: }}, enabled 1, streamToDriveAbsAidl 3
04-01 08:46:39.758 492 510 I APM_AudioPolicyManager: setDeviceAbsoluteVolumeEnabled: deviceType 0x8000000, enabled 1, streamToDriveAbs 3
04-01 08:46:39.759 492 492 I AudioPolicyInterfaceImpl: setDeviceAbsoluteVolumeEnabled: deviceAidl AudioDevice{type: AudioDeviceDescription{type: OUT_SPEAKER, connection: bt-le}, address: AudioDeviceAddress{id: }}, enabled 1, streamToDriveAbsAidl 3
04-01 08:46:39.759 492 492 I APM_AudioPolicyManager: setDeviceAbsoluteVolumeEnabled: deviceType 0x20000001, enabled 1, streamToDriveAbs 3
04-01 08:46:39.760 492 510 I AudioPolicyInterfaceImpl: setDeviceAbsoluteVolumeEnabled: deviceAidl AudioDevice{type: AudioDeviceDescription{type: OUT_BROADCAST, connection: bt-le}, address: AudioDeviceAddress{id: }}, enabled 1, streamToDriveAbsAidl 3
04-01 08:46:39.760 492 510 I APM_AudioPolicyManager: setDeviceAbsoluteVolumeEnabled: deviceType 0x20000002, enabled 1, streamToDriveAbs 3
04-01 08:46:39.761 612 612 I CDM_AssociationDiskStore: Reading associations for user 0 from disk.
04-01 08:46:39.761 612 783 I AS.AudioDeviceBroker: reading AdiDeviceState from legacy keyspatial_audio_enabled
04-01 08:46:39.761 612 783 I AS.AudioDeviceBroker: no AdiDeviceState stored with legacy key
04-01 08:46:39.761 612 783 I AS.SpatializerHelper: init effectExpected=false
04-01 08:46:39.761 612 783 I AS.SpatializerHelper: init(): setting state to STATE_NOT_SUPPORTED due to effect not expected
04-01 08:46:39.761 612 783 I AS.SpatializerHelper: setFeatureEnabled(false) was featureEnabled:false
04-01 08:46:39.764 612 800 I CDM_ObservableUuidStore: Reading ObservableUuid for user 0 from file=/data/system_de/0/observing_uuids_presence.xml
04-01 08:46:39.765 612 800 D CDM_ObservableUuidStore: File does not exist -> Abort
04-01 08:46:39.767 612 612 V SystemServerTiming: StartCompanionDeviceManager took to complete: 19ms
04-01 08:46:39.767 612 612 D SystemServerTiming: StartVirtualDeviceManager
04-01 08:46:39.768 612 612 I SystemServiceManager: Starting com.android.server.companion.virtual.VirtualDeviceManagerService
04-01 08:46:39.775 612 612 V SystemServerTiming: StartVirtualDeviceManager took to complete: 8ms
04-01 08:46:39.775 612 612 D SystemServerTiming: StartRestrictionManager
04-01 08:46:39.776 612 612 I SystemServiceManager: Starting com.android.server.restrictions.RestrictionsManagerService
04-01 08:46:39.779 612 612 V SystemServerTiming: StartRestrictionManager took to complete: 4ms
04-01 08:46:39.779 612 612 D SystemServerTiming: StartMediaSessionService
04-01 08:46:39.780 612 612 I SystemServiceManager: Starting com.android.server.media.MediaSessionService
04-01 08:46:39.791 612 612 V SystemServerTiming: StartMediaSessionService took to complete: 12ms
04-01 08:46:39.791 612 612 D SystemServerTiming: StartMediaRouterService
04-01 08:46:39.801 612 612 V SystemServerTiming: StartMediaRouterService took to complete: 10ms
04-01 08:46:39.801 612 612 D SystemServerTiming: StartBiometricService
04-01 08:46:39.802 612 612 I SystemServiceManager: Starting com.android.server.biometrics.BiometricService
04-01 08:46:39.806 612 612 E SystemServiceRegistry: No service published for: fingerprint
04-01 08:46:39.806 612 612 E SystemServiceRegistry: android.os.ServiceManager$ServiceNotFoundException: No service published for: fingerprint
04-01 08:46:39.806 612 612 E SystemServiceRegistry: at android.os.ServiceManager.getServiceOrThrow(ServiceManager.java:203)
04-01 08:46:39.806 612 612 E SystemServiceRegistry: at android.app.SystemServiceRegistry$72.createService(SystemServiceRegistry.java:997)
04-01 08:46:39.806 612 612 E SystemServiceRegistry: at android.app.SystemServiceRegistry$72.createService(SystemServiceRegistry.java:992)
04-01 08:46:39.806 612 612 E SystemServiceRegistry: at android.app.SystemServiceRegistry$CachedServiceFetcher.getService(SystemServiceRegistry.java:2300)
04-01 08:46:39.806 612 612 E SystemServiceRegistry: at android.app.SystemServiceRegistry.getSystemService(SystemServiceRegistry.java:1875)
04-01 08:46:39.806 612 612 E SystemServiceRegistry: at android.app.ContextImpl.getSystemService(ContextImpl.java:2293)
04-01 08:46:39.806 612 612 E SystemServiceRegistry: at android.content.Context.getSystemService(Context.java:4554)
04-01 08:46:39.806 612 612 E SystemServiceRegistry: at com.android.server.biometrics.BiometricService$SettingObserver.addBiometricListenersForMandatoryBiometrics(BiometricService.java:486)
04-01 08:46:39.806 612 612 E SystemServiceRegistry: at com.android.server.biometrics.BiometricService$SettingObserver.(BiometricService.java:307)
04-01 08:46:39.806 612 612 E SystemServiceRegistry: at com.android.server.biometrics.BiometricService$Injector.getSettingObserver(BiometricService.java:1172)
04-01 08:46:39.806 612 612 E SystemServiceRegistry: at com.android.server.biometrics.BiometricService.(BiometricService.java:1267)
04-01 08:46:39.806 612 612 E SystemServiceRegistry: at com.android.server.biometrics.BiometricService.(BiometricService.java:1254)
04-01 08:46:39.806 612 612 E SystemServiceRegistry: at java.lang.reflect.Constructor.newInstance0(Native Method)
04-01 08:46:39.806 612 612 E SystemServiceRegistry: at java.lang.reflect.Constructor.newInstance(Constructor.java:343)
04-01 08:46:39.806 612 612 E SystemServiceRegistry: at com.android.server.SystemServiceManager.startService(SystemServiceManager.java:242)
04-01 08:46:39.806 612 612 E SystemServiceRegistry: at com.android.server.SystemServer.startOtherServices(SystemServer.java:2627)
04-01 08:46:39.806 612 612 E SystemServiceRegistry: at com.android.server.SystemServer.run(SystemServer.java:948)
04-01 08:46:39.806 612 612 E SystemServiceRegistry: at com.android.server.SystemServer.main(SystemServer.java:669)
04-01 08:46:39.806 612 612 E SystemServiceRegistry: at java.lang.reflect.Method.invoke(Native Method)
04-01 08:46:39.806 612 612 E SystemServiceRegistry: at com.android.internal.os.RuntimeInit$MethodAndArgsCaller.run(RuntimeInit.java:591)
04-01 08:46:39.806 612 612 E SystemServiceRegistry: at com.android.internal.os.ZygoteInit.main(ZygoteInit.java:849)
04-01 08:46:39.808 612 612 E SystemServiceRegistry: Manager wrapper not available: fingerprint
04-01 08:46:39.812 612 612 E SystemServiceRegistry: No service published for: face
04-01 08:46:39.812 612 612 E SystemServiceRegistry: android.os.ServiceManager$ServiceNotFoundException: No service published for: face
04-01 08:46:39.812 612 612 E SystemServiceRegistry: at android.os.ServiceManager.getServiceOrThrow(ServiceManager.java:203)
04-01 08:46:39.812 612 612 E SystemServiceRegistry: at android.app.SystemServiceRegistry$73.createService(SystemServiceRegistry.java:1012)
04-01 08:46:39.812 612 612 E SystemServiceRegistry: at android.app.SystemServiceRegistry$73.createService(SystemServiceRegistry.java:1006)
04-01 08:46:39.812 612 612 E SystemServiceRegistry: at android.app.SystemServiceRegistry$CachedServiceFetcher.getService(SystemServiceRegistry.java:2300)
04-01 08:46:39.812 612 612 E SystemServiceRegistry: at android.app.SystemServiceRegistry.getSystemService(SystemServiceRegistry.java:1875)
04-01 08:46:39.812 612 612 E SystemServiceRegistry: at android.app.ContextImpl.getSystemService(ContextImpl.java:2293)
04-01 08:46:39.812 612 612 E SystemServiceRegistry: at android.content.Context.getSystemService(Context.java:4554)
04-01 08:46:39.812 612 612 E SystemServiceRegistry: at com.android.server.biometrics.BiometricService$SettingObserver.addBiometricListenersForMandatoryBiometrics(BiometricService.java:488)
04-01 08:46:39.812 612 612 E SystemServiceRegistry: at com.android.server.biometrics.BiometricService$SettingObserver.(BiometricService.java:307)
04-01 08:46:39.812 612 612 E SystemServiceRegistry: at com.android.server.biometrics.BiometricService$Injector.getSettingObserver(BiometricService.java:1172)
04-01 08:46:39.812 612 612 E SystemServiceRegistry: at com.android.server.biometrics.BiometricService.(BiometricService.java:1267)
04-01 08:46:39.812 612 612 E SystemServiceRegistry: at com.android.server.biometrics.BiometricService.(BiometricService.java:1254)
04-01 08:46:39.812 612 612 E SystemServiceRegistry: at java.lang.reflect.Constructor.newInstance0(Native Method)
04-01 08:46:39.812 612 612 E SystemServiceRegistry: at java.lang.reflect.Constructor.newInstance(Constructor.java:343)
04-01 08:46:39.812 612 612 E SystemServiceRegistry: at com.android.server.SystemServiceManager.startService(SystemServiceManager.java:242)
04-01 08:46:39.812 612 612 E SystemServiceRegistry: at com.android.server.SystemServer.startOtherServices(SystemServer.java:2627)
04-01 08:46:39.812 612 612 E SystemServiceRegistry: at com.android.server.SystemServer.run(SystemServer.java:948)
04-01 08:46:39.812 612 612 E SystemServiceRegistry: at com.android.server.SystemServer.main(SystemServer.java:669)
04-01 08:46:39.812 612 612 E SystemServiceRegistry: at java.lang.reflect.Method.invoke(Native Method)
04-01 08:46:39.812 612 612 E SystemServiceRegistry: at com.android.internal.os.RuntimeInit$MethodAndArgsCaller.run(RuntimeInit.java:591)
04-01 08:46:39.812 612 612 E SystemServiceRegistry: at com.android.internal.os.ZygoteInit.main(ZygoteInit.java:849)
04-01 08:46:39.813 612 612 E SystemServiceRegistry: Manager wrapper not available: face
04-01 08:46:39.821 612 612 I CameraManagerGlobal: Connecting to camera service
04-01 08:46:39.837 612 612 V SystemServerTiming: StartBiometricService took to complete: 35ms
04-01 08:46:39.838 612 612 D SystemServerTiming: StartAuthService
04-01 08:46:39.839 612 612 I SystemServiceManager: Starting com.android.server.biometrics.AuthService
04-01 08:46:39.843 612 612 I FingerprintService: Before:getDeclaredInstances: IFingerprint instance found, a.length=0
04-01 08:46:39.843 612 612 I FingerprintService: After:getDeclaredInstances: a.length=1
04-01 08:46:39.848 612 612 I FaceService: Before:getDeclaredInstances: IFace instance found, a.length=0
04-01 08:46:39.848 612 612 I FaceService: After:getDeclaredInstances: a.length=1
04-01 08:46:39.850 612 803 E AuthService: Fingerprint configuration exists, but FingerprintService is null.
04-01 08:46:39.853 612 804 E AuthService: Face configuration exists, but FaceService is null.
04-01 08:46:39.853 612 612 V SystemServerTiming: StartAuthService took to complete: 15ms
04-01 08:46:39.854 612 612 D SystemServerTiming: StartAdaptiveAuthService
04-01 08:46:39.854 612 612 I SystemServiceManager: Starting com.android.server.adaptiveauth.AdaptiveAuthService
04-01 08:46:39.857 612 612 V SystemServerTiming: StartAdaptiveAuthService took to complete: 3ms
04-01 08:46:39.857 612 612 D SystemServerTiming: StartDynamicCodeLoggingService
04-01 08:46:39.860 612 612 V SystemServerTiming: StartDynamicCodeLoggingService took to complete: 3ms
04-01 08:46:39.861 612 612 D SystemServerTiming: StartPruneInstantAppsJobService
04-01 08:46:39.862 612 612 V SystemServerTiming: StartPruneInstantAppsJobService took to complete: 1ms
04-01 08:46:39.862 612 612 D SystemServerTiming: StartSelinuxAuditLogsService
04-01 08:46:39.945 612 612 D SelinuxAuditLogs: SelinuxAuditLogsService scheduled successfully.
04-01 08:46:39.946 612 612 V SystemServerTiming: StartSelinuxAuditLogsService took to complete: 84ms
04-01 08:46:39.946 612 612 D SystemServerTiming: StartShortcutServiceLifecycle
04-01 08:46:39.947 612 612 I SystemServiceManager: Starting com.android.server.pm.ShortcutService$Lifecycle
04-01 08:46:39.965 612 612 V SystemServerTiming: StartShortcutServiceLifecycle took to complete: 18ms
04-01 08:46:39.965 612 612 D SystemServerTiming: StartLauncherAppsService
04-01 08:46:39.965 612 612 I SystemServiceManager: Starting com.android.server.pm.LauncherAppsService
04-01 08:46:39.976 612 612 V SystemServerTiming: StartLauncherAppsService took to complete: 11ms
04-01 08:46:39.976 612 612 D SystemServerTiming: StartCrossProfileAppsService
04-01 08:46:39.977 612 612 I SystemServiceManager: Starting com.android.server.pm.CrossProfileAppsService
04-01 08:46:39.980 612 612 V SystemServerTiming: StartCrossProfileAppsService took to complete: 3ms
04-01 08:46:39.980 612 612 D SystemServerTiming: StartPeopleService
04-01 08:46:39.981 612 612 I SystemServiceManager: Starting com.android.server.people.PeopleService
04-01 08:46:39.983 612 633 I system_server: Background concurrent mark compact GC freed 7765KB AllocSpace bytes, 14(456KB) LOS objects, 49% free, 11MB/23MB, paused 4.705ms,5.246ms total 277.668ms
04-01 08:46:39.984 612 612 V SystemServerTiming: StartPeopleService took to complete: 3ms
04-01 08:46:39.984 612 612 D SystemServerTiming: StartMediaMetricsManager
04-01 08:46:39.985 612 612 I SystemServiceManager: Starting com.android.server.media.metrics.MediaMetricsManagerService
04-01 08:46:39.989 612 612 V SystemServerTiming: StartMediaMetricsManager took to complete: 5ms
04-01 08:46:39.990 612 612 D SystemServerTiming: StartBackgroundInstallControlService
04-01 08:46:39.991 612 612 I SystemServiceManager: Starting com.android.server.pm.BackgroundInstallControlService
04-01 08:46:39.995 612 635 W system_server: ApkAssets: Deleting an ApkAssets object ' and /system/product/app/LatinIME/LatinIME.apk' with 1 weak references
04-01 08:46:39.996 612 635 W system_server: ApkAssets: Deleting an ApkAssets object ' and /system/framework/framework-res.apk' with 1 weak references
04-01 08:46:39.998 612 612 V SystemServerTiming: StartBackgroundInstallControlService took to complete: 8ms
04-01 08:46:39.998 612 612 D SystemServerTiming: StartMediaProjectionManager
04-01 08:46:39.999 612 612 I SystemServiceManager: Starting com.android.server.media.projection.MediaProjectionManagerService
04-01 08:46:40.017 612 612 V MediaRouter: Selecting route: RouteInfo{ name=Tablet, description=null, status=null, category=RouteCategory{ name=System types=ROUTE_TYPE_LIVE_AUDIO ROUTE_TYPE_LIVE_VIDEO groupable=false }, supportedTypes=ROUTE_TYPE_LIVE_AUDIO ROUTE_TYPE_LIVE_VIDEO , presentationDisplay=null }
04-01 08:46:40.017 612 612 I MediaRouter: Skip setBluetoothA2dpOn(): types=8388615, isPlaybackActive()=false, BT route=null
04-01 08:46:40.022 612 612 V SystemServerTiming: StartMediaProjectionManager took to complete: 24ms
04-01 08:46:40.022 612 612 D SystemServerTiming: StartSliceManagerService
04-01 08:46:40.022 612 612 I SystemServiceManager: Starting com.android.server.slice.SliceManagerService$Lifecycle
04-01 08:46:40.029 612 612 V SystemServerTiming: StartSliceManagerService took to complete: 7ms
04-01 08:46:40.029 612 612 D SystemServerTiming: StartStatsCompanion
04-01 08:46:40.031 612 612 I SystemServiceManager: Starting com.android.server.stats.StatsCompanion$Lifecycle
04-01 08:46:40.038 612 612 V SystemServerTiming: StartStatsCompanion took to complete: 8ms
04-01 08:46:40.039 612 612 D SystemServerTiming: StartRebootReadinessManagerService
04-01 08:46:40.040 612 612 I SystemServiceManager: Starting com.android.server.scheduling.RebootReadinessManagerService$Lifecycle
04-01 08:46:40.048 612 612 I TetheringManager: registerTetheringEventCallback:android
04-01 08:46:40.048 612 612 I TetheringManager: registerTetheringEventCallback caller:android
04-01 08:46:40.050 612 612 V SystemServerTiming: StartRebootReadinessManagerService took to complete: 11ms
04-01 08:46:40.050 612 612 D SystemServerTiming: StartStatsPullAtomService
04-01 08:46:40.051 612 612 I SystemServiceManager: Starting com.android.server.stats.pull.StatsPullAtomService
04-01 08:46:40.051 612 612 V SystemServerTiming: StartStatsPullAtomService took to complete: 1ms
04-01 08:46:40.052 612 612 D SystemServerTiming: StatsBootstrapAtomService
04-01 08:46:40.052 612 612 I SystemServiceManager: Starting com.android.server.stats.bootstrap.StatsBootstrapAtomService$Lifecycle
04-01 08:46:40.054 612 612 V SystemServerTiming: StatsBootstrapAtomService took to complete: 2ms
04-01 08:46:40.054 612 612 D SystemServerTiming: StartIncidentCompanionService
04-01 08:46:40.054 612 612 I SystemServiceManager: Starting com.android.server.incident.IncidentCompanionService
04-01 08:46:40.057 612 612 V SystemServerTiming: StartIncidentCompanionService took to complete: 3ms
04-01 08:46:40.057 612 612 D SystemServerTiming: StarSdkSandboxManagerService
04-01 08:46:40.057 612 612 I SystemServiceManager: Starting com.android.server.sdksandbox.SdkSandboxManagerService$Lifecycle
04-01 08:46:40.070 612 612 D SdkSandboxManager: Property services_allowlist_per_targetSdkVersion is empty.
04-01 08:46:40.071 612 612 D SdkSandboxManager: Property sdksandbox_next_service_allowlist is empty.
04-01 08:46:40.072 612 612 D SdkSandboxManager: Property contentprovider_allowlist_per_targetSdkVersion is empty.
04-01 08:46:40.073 612 612 D SdkSandboxManager: Property sdksandbox_next_contentprovider_allowlist is empty.
04-01 08:46:40.073 612 612 D SdkSandboxManager: Property sdksandbox_broadcastreceiver_allowlist_per_targetSdkVersion is empty.
04-01 08:46:40.074 612 612 D SdkSandboxManager: Property sdksandbox_next_broadcastreceiver_allowlist is empty.
04-01 08:46:40.075 612 612 D SdkSandboxManager: Property sdksandbox_activity_allowlist_per_targetSdkVersion is empty.
04-01 08:46:40.076 612 612 D SdkSandboxManager: Property sdksandbox_next_activity_allowlist is empty.
04-01 08:46:40.076 612 612 D SdkSandboxManager: Registering callback with StatsManager
04-01 08:46:40.081 612 612 V SystemServerTiming: StarSdkSandboxManagerService took to complete: 24ms
04-01 08:46:40.081 612 612 D SystemServerTiming: StartAdServicesManagerService
04-01 08:46:40.082 612 612 I SystemServiceManager: Starting com.android.server.adservices.AdServicesManagerService$Lifecycle
04-01 08:46:40.083 612 612 I SystemCtxSingleton: Set singleton context as android.app.ContextImpl@960a4e7
04-01 08:46:40.089 612 612 D SdkSandboxManager: registerAdServicesManagerService(): published=true
04-01 08:46:40.089 612 612 V SystemServerTiming: StartAdServicesManagerService took to complete: 8ms
04-01 08:46:40.089 612 612 D SystemServerTiming: StartOnDevicePersonalizationSystemService
04-01 08:46:40.090 612 612 I SystemServiceManager: Starting com.android.server.ondevicepersonalization.OnDevicePersonalizationSystemService$Lifecycle
04-01 08:46:40.090 451 457 I ServiceManagerCppClient: Waiting for service 'statscompanion' on '/dev/binder' successful after waiting 2019ms
04-01 08:46:40.094 612 612 I ondevicepersonalization: OnDevicePersonalizationSystemService started!
04-01 08:46:40.095 612 612 V SystemServerTiming: StartOnDevicePersonalizationSystemService took to complete: 6ms
04-01 08:46:40.095 612 612 D SystemServerTiming: StartProfilingCompanion
04-01 08:46:40.096 612 612 I SystemServiceManager: Starting android.os.profiling.ProfilingService$Lifecycle
04-01 08:46:40.103 612 612 V SystemServerTiming: StartProfilingCompanion took to complete: 8ms
04-01 08:46:40.103 612 612 D SystemServerTiming: StartAutoFillService
04-01 08:46:40.104 612 612 I SystemServiceManager: Starting com.android.server.autofill.AutofillManagerService
04-01 08:46:40.109 612 612 D AutofillManagerService: setLogLevelFromSettings(): level=2, debug=true, verbose=false
04-01 08:46:40.110 612 612 D AutofillManagerService: setMaxPartitionsFromSettings(): 10
04-01 08:46:40.110 612 612 D AutofillManagerService: setMaxVisibleDatasetsFromSettings(): 0
04-01 08:46:40.115 612 612 D AutofillManagerServiceImpl: Reset component for user 0:null
04-01 08:46:40.115 612 643 D AutofillUI: destroySaveUiUiThread(): already destroyed
04-01 08:46:40.119 612 612 V SystemServerTiming: StartAutoFillService took to complete: 15ms
04-01 08:46:40.120 612 612 D SystemServer: TranslationService not defined by OEM
04-01 08:46:40.121 612 612 D SystemServerTiming: StartClipboardService
04-01 08:46:40.122 612 612 I SystemServiceManager: Starting com.android.server.clipboard.ClipboardService
04-01 08:46:40.130 612 612 V SystemServerTiming: StartClipboardService took to complete: 9ms
04-01 08:46:40.130 612 612 D SystemServerTiming: AppServiceManager
04-01 08:46:40.130 612 612 I SystemServiceManager: Starting com.android.server.appbinding.AppBindingService$Lifecycle
04-01 08:46:40.134 612 612 V SystemServerTiming: AppServiceManager took to complete: 4ms
04-01 08:46:40.134 612 612 D SystemServerTiming: startTracingServiceProxy
04-01 08:46:40.134 612 612 I SystemServiceManager: Starting com.android.server.tracing.TracingServiceProxy
04-01 08:46:40.136 612 612 V SystemServerTiming: startTracingServiceProxy took to complete: 2ms
04-01 08:46:40.137 612 612 D SystemServerTiming: MakeLockSettingsServiceReady
04-01 08:46:40.149 241 241 I servicemanager: Caller(pid=612,uid=1000,sid=u:r:system_server:s0) Could not find android.hardware.authsecret.IAuthSecret/default in the VINTF manifest. No alternative instances declared in VINTF.
04-01 08:46:40.147 242 242 I hwservicemanager: getTransport: Cannot find entry android.hardware.authsecret@1.0::IAuthSecret/default in either framework or device VINTF manifest.
04-01 08:46:40.148 612 612 I LockSettingsService: Device doesn't implement AuthSecret HAL
04-01 08:46:40.150 612 612 V SystemServerTiming: MakeLockSettingsServiceReady took to complete: 13ms
04-01 08:46:40.151 612 612 D SystemServerTiming: StartBootPhaseLockSettingsReady
04-01 08:46:40.151 612 612 I SystemServiceManager: Starting phase 480
04-01 08:46:40.151 612 612 D SystemServerTiming: OnBootPhase_480
04-01 08:46:40.151 612 612 D SystemServerTiming: OnBootPhase_480_com.android.server.security.FileIntegrityService
04-01 08:46:40.151 612 612 V SystemServerTiming: OnBootPhase_480_com.android.server.security.FileIntegrityService took to complete: 0ms
04-01 08:46:40.151 612 612 D SystemServerTiming: OnBootPhase_480_com.android.server.pm.Installer
04-01 08:46:40.151 612 612 V SystemServerTiming: OnBootPhase_480_com.android.server.pm.Installer took to complete: 0ms
04-01 08:46:40.152 612 612 D SystemServerTiming: OnBootPhase_480_com.android.server.os.DeviceIdentifiersPolicyService
04-01 08:46:40.152 612 612 V SystemServerTiming: OnBootPhase_480_com.android.server.os.DeviceIdentifiersPolicyService took to complete: 0ms
04-01 08:46:40.152 612 612 D SystemServerTiming: OnBootPhase_480_com.android.server.flags.FeatureFlagsService
04-01 08:46:40.152 612 612 V SystemServerTiming: OnBootPhase_480_com.android.server.flags.FeatureFlagsService took to complete: 0ms
04-01 08:46:40.152 612 612 D SystemServerTiming: OnBootPhase_480_com.android.server.uri.UriGrantsManagerService$Lifecycle
04-01 08:46:40.152 612 612 V SystemServerTiming: OnBootPhase_480_com.android.server.uri.UriGrantsManagerService$Lifecycle took to complete: 0ms
04-01 08:46:40.152 612 612 D SystemServerTiming: OnBootPhase_480_com.android.server.powerstats.PowerStatsService
04-01 08:46:40.152 612 612 V SystemServerTiming: OnBootPhase_480_com.android.server.powerstats.PowerStatsService took to complete: 0ms
04-01 08:46:40.152 612 612 D SystemServerTiming: OnBootPhase_480_com.android.server.permission.access.AccessCheckingService
04-01 08:46:40.152 612 612 V SystemServerTiming: OnBootPhase_480_com.android.server.permission.access.AccessCheckingService took to complete: 0ms
04-01 08:46:40.152 612 612 D SystemServerTiming: OnBootPhase_480_com.android.server.wm.ActivityTaskManagerService$Lifecycle
04-01 08:46:40.152 612 612 V SystemServerTiming: OnBootPhase_480_com.android.server.wm.ActivityTaskManagerService$Lifecycle took to complete: 0ms
04-01 08:46:40.152 612 612 D SystemServerTiming: OnBootPhase_480_com.android.server.am.ActivityManagerService$Lifecycle
04-01 08:46:40.152 612 612 V SystemServerTiming: OnBootPhase_480_com.android.server.am.ActivityManagerService$Lifecycle took to complete: 0ms
04-01 08:46:40.152 612 612 D SystemServerTiming: OnBootPhase_480_com.android.server.pm.DataLoaderManagerService
04-01 08:46:40.152 612 612 V SystemServerTiming: OnBootPhase_480_com.android.server.pm.DataLoaderManagerService took to complete: 0ms
04-01 08:46:40.152 612 612 D SystemServerTiming: OnBootPhase_480_com.android.server.power.PowerManagerService
04-01 08:46:40.152 612 612 V SystemServerTiming: OnBootPhase_480_com.android.server.power.PowerManagerService took to complete: 0ms
04-01 08:46:40.152 612 612 D SystemServerTiming: OnBootPhase_480_com.android.server.power.ThermalManagerService
04-01 08:46:40.152 612 612 V SystemServerTiming: OnBootPhase_480_com.android.server.power.ThermalManagerService took to complete: 0ms
04-01 08:46:40.152 612 612 D SystemServerTiming: OnBootPhase_480_com.android.server.recoverysystem.RecoverySystemService$Lifecycle
04-01 08:46:40.152 612 612 V SystemServerTiming: OnBootPhase_480_com.android.server.recoverysystem.RecoverySystemService$Lifecycle took to complete: 0ms
04-01 08:46:40.152 612 612 D SystemServerTiming: OnBootPhase_480_com.android.server.lights.LightsService
04-01 08:46:40.152 612 612 V SystemServerTiming: OnBootPhase_480_com.android.server.lights.LightsService took to complete: 0ms
04-01 08:46:40.152 612 612 D SystemServerTiming: OnBootPhase_480_com.android.server.display.DisplayManagerService
