04-01 08:46:50.293 612 1232 D ShortcutService: Package com.android.internal.systemui.navbar.transparent has 0 manifest shortcut(s), and 0 share target(s)
04-01 08:46:50.293 612 1232 D ShortcutService: Found updated package com.android.inputmethod.latin updateTime=40636
04-01 08:46:50.294 612 1232 D ShortcutService: rescanPackageIfNeeded 0@com.android.inputmethod.latin, forceRescan=true , isNewApp=true
04-01 08:46:50.295 612 1232 D ShortcutService: Package com.android.inputmethod.latin has 0 manifest shortcut(s), and 0 share target(s)
04-01 08:46:50.296 478 575 D AHAL_StreamPrimary: transfer: skipping transfer (4096 frames)
04-01 08:46:50.316 612 1232 D ShortcutService: Found updated package com.android.intentresolver updateTime=39906
04-01 08:46:50.317 612 1232 D ShortcutService: rescanPackageIfNeeded 0@com.android.intentresolver, forceRescan=true , isNewApp=true
04-01 08:46:50.317 612 1232 D ShortcutService: Package com.android.intentresolver has 0 manifest shortcut(s), and 0 share target(s)
04-01 08:46:50.318 612 1232 D ShortcutService: Found updated package com.android.internal.display.cutout.emulation.waterfall updateTime=39408
04-01 08:46:50.318 612 1232 D ShortcutService: rescanPackageIfNeeded 0@com.android.internal.display.cutout.emulation.waterfall, forceRescan=true , isNewApp=true
04-01 08:46:50.322 612 1232 D ShortcutService: Package com.android.internal.display.cutout.emulation.waterfall has 0 manifest shortcut(s), and 0 share target(s)
04-01 08:46:50.326 612 1232 D ShortcutService: Found updated package com.android.proxyhandler updateTime=40112
04-01 08:46:50.326 612 1232 D ShortcutService: rescanPackageIfNeeded 0@com.android.proxyhandler, forceRescan=true , isNewApp=true
04-01 08:46:50.327 612 1232 D ShortcutService: Package com.android.proxyhandler has 0 manifest shortcut(s), and 0 share target(s)
04-01 08:46:50.327 612 1232 D ShortcutService: Found updated package com.android.DeviceAsWebcam updateTime=39942
04-01 08:46:50.327 612 1232 D ShortcutService: rescanPackageIfNeeded 0@com.android.DeviceAsWebcam, forceRescan=true , isNewApp=true
04-01 08:46:50.328 612 1232 D ShortcutService: Package com.android.DeviceAsWebcam has 0 manifest shortcut(s), and 0 share target(s)
04-01 08:46:50.328 612 1232 D ShortcutService: Found updated package com.android.theme.font.notoserifsource updateTime=39444
04-01 08:46:50.328 612 1232 D ShortcutService: rescanPackageIfNeeded 0@com.android.theme.font.notoserifsource, forceRescan=true , isNewApp=true
04-01 08:46:50.328 838 874 E SingleInstanceRemoteListener: Failed remote call on null listener
04-01 08:46:50.329 612 1232 D ShortcutService: Package com.android.theme.font.notoserifsource has 0 manifest shortcut(s), and 0 share target(s)
04-01 08:46:50.329 612 1232 D ShortcutService: Found updated package com.android.credentialmanager updateTime=40095
04-01 08:46:50.329 612 1232 D ShortcutService: rescanPackageIfNeeded 0@com.android.credentialmanager, forceRescan=true , isNewApp=true
04-01 08:46:50.330 612 1232 D ShortcutService: Package com.android.credentialmanager has 0 manifest shortcut(s), and 0 share target(s)
04-01 08:46:50.330 612 1232 D ShortcutService: Found updated package com.android.packageinstaller updateTime=40069
04-01 08:46:50.330 612 1232 D ShortcutService: rescanPackageIfNeeded 0@com.android.packageinstaller, forceRescan=true , isNewApp=true
04-01 08:46:50.330 612 871 W com.android.internal.protolog.LogcatOnlyProtoLogImpl: ProtoLog message not processed. Failed to log it to proto. Logging it below to logcat instead.
04-01 08:46:50.331 612 871 V WindowManager: Binding proc com.android.printspooler with config {1.0 ?mcc0mnc [en_US] ldltr sw720dp w1280dp h720dp 240dpi xlrg long land -touch qwerty/v/v -nav/h winConfig={ mBounds=Rect(0, 0 - 1920, 1080) mAppBounds=Rect(0, 0 - 1920, 1080) mMaxBounds=Rect(0, 0 - 1920, 1080) mDisplayRotation=ROTATION_0 mWindowingMode=fullscreen mActivityType=undefined mAlwaysOnTop=undefined mRotation=ROTATION_0} s.6 fontWeightAdjustment=0}
04-01 08:46:50.332 1234 1234 D ApplicationLoaders: Returning zygote-cached class loader: /system_ext/framework/androidx.window.extensions.jar
04-01 08:46:50.332 1234 1234 D ApplicationLoaders: Returning zygote-cached class loader: /system_ext/framework/androidx.window.sidecar.jar
04-01 08:46:50.336 612 642 I AppWidgetServiceImpl: Processing of handleUserUnlocked u0 took 640 ms
04-01 08:46:50.336 612 642 W Looper : Slow dispatch took 640ms android.fg h=android.os.Handler c=com.android.server.am.UserController$Injector$$ExternalSyntheticLambda1@f9ae534 m=0
04-01 08:46:50.343 612 1232 D ShortcutService: Package com.android.packageinstaller has 0 manifest shortcut(s), and 0 share target(s)
04-01 08:46:50.343 612 1232 D ShortcutService: Found updated package com.android.localtransport updateTime=39743
04-01 08:46:50.343 612 1232 D ShortcutService: rescanPackageIfNeeded 0@com.android.localtransport, forceRescan=true , isNewApp=true
04-01 08:46:50.344 612 1232 D ShortcutService: Package com.android.localtransport has 0 manifest shortcut(s), and 0 share target(s)
04-01 08:46:50.344 612 1232 D ShortcutService: Found updated package com.android.cameraextensions updateTime=40384
04-01 08:46:50.344 612 1232 D ShortcutService: rescanPackageIfNeeded 0@com.android.cameraextensions, forceRescan=true , isNewApp=true
04-01 08:46:50.345 612 1232 D ShortcutService: Package com.android.cameraextensions has 0 manifest shortcut(s), and 0 share target(s)
04-01 08:46:50.345 612 1232 D ShortcutService: Found updated package com.android.wifi.resources updateTime=41992
04-01 08:46:50.345 612 1232 D ShortcutService: rescanPackageIfNeeded 0@com.android.wifi.resources, forceRescan=true , isNewApp=true
04-01 08:46:50.346 612 1232 D ShortcutService: Package com.android.wifi.resources has 0 manifest shortcut(s), and 0 share target(s)
04-01 08:46:50.346 612 1232 D ShortcutService: Found updated package android.ext.services updateTime=41553
04-01 08:46:50.346 612 1232 D ShortcutService: rescanPackageIfNeeded 0@android.ext.services, forceRescan=true , isNewApp=true
04-01 08:46:50.359 612 642 D SystemServerTiming: broadcastIntent-0-android.intent.action.BOOT_COMPLETED
04-01 08:46:50.361 612 1232 D ShortcutService: Package android.ext.services has 0 manifest shortcut(s), and 0 share target(s)
04-01 08:46:50.361 612 1232 D ShortcutService: Found updated package com.android.gallery3d updateTime=40590
04-01 08:46:50.361 612 1232 D ShortcutService: rescanPackageIfNeeded 0@com.android.gallery3d, forceRescan=true , isNewApp=true
04-01 08:46:50.377 612 1232 D ShortcutService: Package com.android.gallery3d has 0 manifest shortcut(s), and 0 share target(s)
04-01 08:46:50.377 612 1232 D ShortcutService: Found updated package com.android.printservice.recommendation updateTime=40324
04-01 08:46:50.377 612 1232 D ShortcutService: rescanPackageIfNeeded 0@com.android.printservice.recommendation, forceRescan=true , isNewApp=true
04-01 08:46:50.378 612 1232 D ShortcutService: Package com.android.printservice.recommendation has 0 manifest shortcut(s), and 0 share target(s)
04-01 08:46:50.378 612 1232 D ShortcutService: Found updated package com.android.phone.auto_generated_characteristics_rro updateTime=39437
04-01 08:46:50.378 612 1232 D ShortcutService: rescanPackageIfNeeded 0@com.android.phone.auto_generated_characteristics_rro, forceRescan=true , isNewApp=true
04-01 08:46:50.393 612 1232 D ShortcutService: Package com.android.phone.auto_generated_characteristics_rro has 0 manifest shortcut(s), and 0 share target(s)
04-01 08:46:50.393 612 1232 D ShortcutService: Found updated package com.android.keychain updateTime=40242
04-01 08:46:50.394 612 1232 D ShortcutService: rescanPackageIfNeeded 0@com.android.keychain, forceRescan=true , isNewApp=true
04-01 08:46:50.394 612 1232 D ShortcutService: Package com.android.keychain has 0 manifest shortcut(s), and 0 share target(s)
04-01 08:46:50.394 612 1232 D ShortcutService: Found updated package com.android.server.telecom updateTime=39891
04-01 08:46:50.394 612 1232 D ShortcutService: rescanPackageIfNeeded 0@com.android.server.telecom, forceRescan=true , isNewApp=true
04-01 08:46:50.395 612 1232 D ShortcutService: Package com.android.server.telecom has 0 manifest shortcut(s), and 0 share target(s)
04-01 08:46:50.395 612 1232 D ShortcutService: Found updated package android.ext.shared updateTime=40175
04-01 08:46:50.395 612 1232 D ShortcutService: rescanPackageIfNeeded 0@android.ext.shared, forceRescan=true , isNewApp=true
04-01 08:46:50.396 612 1232 D ShortcutService: Package android.ext.shared has 0 manifest shortcut(s), and 0 share target(s)
04-01 08:46:50.396 612 1232 D ShortcutService: Found updated package com.android.musicfx updateTime=40119
04-01 08:46:50.396 612 1232 D ShortcutService: rescanPackageIfNeeded 0@com.android.musicfx, forceRescan=true , isNewApp=true
04-01 08:46:50.397 612 1232 D ShortcutService: Package com.android.musicfx has 0 manifest shortcut(s), and 0 share target(s)
04-01 08:46:50.397 612 1232 D ShortcutService: Found updated package android.auto_generated_characteristics_rro updateTime=39377
04-01 08:46:50.397 612 1232 D ShortcutService: rescanPackageIfNeeded 0@android.auto_generated_characteristics_rro, forceRescan=true , isNewApp=true
04-01 08:46:50.397 1093 1093 D CompatChangeReporter: Compat change id reported: 279646685; UID 10066; state: ENABLED
04-01 08:46:50.403 838 838 W DepthController: Invalid qs expansion
04-01 08:46:50.426 612 642 V SystemServerTiming: broadcastIntent-0-android.intent.action.BOOT_COMPLETED took to complete: 67ms
04-01 08:46:50.427 612 1232 D ShortcutService: Package android.auto_generated_characteristics_rro has 0 manifest shortcut(s), and 0 share target(s)
04-01 08:46:50.428 612 1232 D ShortcutService: Found updated package com.android.bips updateTime=40026
04-01 08:46:50.428 612 1232 D ShortcutService: rescanPackageIfNeeded 0@com.android.bips, forceRescan=true , isNewApp=true
04-01 08:46:50.428 612 642 W Looper : Slow delivery took 743ms android.fg h=android.os.Handler c=com.android.server.am.UserController$$ExternalSyntheticLambda18@4c7b8ff m=0
04-01 08:46:50.442 241 241 I servicemanager: Caller(pid=1093,uid=10066,sid=u:r:priv_app:s0:c512,c768) Found android.hardware.graphics.allocator.IAllocator/default in device VINTF manifest.
04-01 08:46:50.456 1234 1234 D nativeloader: Configuring clns-shared-7 for other apk /apex/com.android.mediaprovider/priv-app/MediaProvider@AP4A.250105.002.A1/MediaProvider.apk. target_sdk_version=35, uses_libraries=, library_path=/apex/com.android.mediaprovider/priv-app/MediaProvider@AP4A.250105.002.A1/lib/arm64:/apex/com.android.mediaprovider/priv-app/MediaProvider@AP4A.250105.002.A1/MediaProvider.apk!/lib/arm64-v8a:/system/lib64, permitted_path=/data:/mnt/expand:/data/user/0/com.android.providers.media.module:/apex/com.android.mediaprovider/priv-app/MediaProvider@AP4A.250105.002.A1:/system/lib64
04-01 08:46:50.458 612 642 I ServiceWatcher: [TrustManagerService] chose new implementation null
04-01 08:46:50.461 1234 1234 D nativeloader: InitApexLibraries:
04-01 08:46:50.461 1234 1234 D nativeloader: com_android_adservices: libhpke_jni.so:libtflite_support_classifiers_native.so
04-01 08:46:50.461 1234 1234 D nativeloader: com_android_appsearch: libicing.so
04-01 08:46:50.461 1234 1234 D nativeloader: com_android_art: libartservice.so
04-01 08:46:50.461 1234 1234 D nativeloader: com_android_btservices: libbluetooth_jni.so
04-01 08:46:50.461 1234 1234 D nativeloader: com_android_conscrypt: libjavacrypto.so
04-01 08:46:50.461 1234 1234 D nativeloader: com_android_extservices: libtflite_support_classifiers_native.so
04-01 08:46:50.461 1234 1234 D nativeloader: com_android_mediaprovider: libpdfclient.so
04-01 08:46:50.461 1234 1234 D nativeloader: com_android_nfcservices: libnfc_nci_jni.so
04-01 08:46:50.461 1234 1234 D nativeloader: com_android_ondevicepersonalization: libfcp_cpp_dep_jni.so:libfcp_hpke_jni.so
04-01 08:46:50.461 1234 1234 D nativeloader: com_android_os_statsd: libstats_jni.so
04-01 08:46:50.461 1234 1234 D nativeloader: com_android_tethering: libandroid_net_connectivity_com_android_net_module_util_jni.so:libcrypto.so:libframework-connectivity-jni.so:libframework-connectivity-tiramisu-jni.so:libmainlinecronet.126.0.6423.0.so:libservice-connectivity.so:libservice-thread-jni.so:libssl.so
04-01 08:46:50.461 1234 1234 D nativeloader: com_android_uwb: libuwb_uci_jni_rust.so
04-01 08:46:50.461 1234 1234 D nativeloader: com_android_virt: libvirtualizationservice_jni.so:libvirtualmachine_jni.so
04-01 08:46:50.463 612 642 W Looper : Drained
04-01 08:46:50.466 612 1232 D ShortcutService: Package com.android.bips has 0 manifest shortcut(s), and 0 share target(s)
04-01 08:46:50.466 612 1232 D ShortcutService: Found updated package com.android.rkpdapp updateTime=41369
04-01 08:46:50.466 612 1232 D ShortcutService: rescanPackageIfNeeded 0@com.android.rkpdapp, forceRescan=true , isNewApp=true
04-01 08:46:50.474 612 1232 D ShortcutService: Package com.android.rkpdapp has 0 manifest shortcut(s), and 0 share target(s)
04-01 08:46:50.474 612 1232 D ShortcutService: Found updated package com.android.inputdevices updateTime=39863
04-01 08:46:50.479 612 612 V NotificationManagerService.NotificationAssistants: disabling notification assistant for user 0: ComponentInfo{android.ext.services/android.ext.services.notification.Assistant}
04-01 08:46:50.479 612 612 D NotificationManagerService.NotificationListeners: Removing active service ComponentInfo{android.ext.services/android.ext.services.notification.Assistant}
04-01 08:46:50.483 612 1232 D ShortcutService: rescanPackageIfNeeded 0@com.android.inputdevices, forceRescan=true , isNewApp=true
04-01 08:46:50.484 612 1232 D ShortcutService: Package com.android.inputdevices has 0 manifest shortcut(s), and 0 share target(s)
04-01 08:46:50.484 612 1232 D ShortcutService: Found updated package com.android.se updateTime=40340
04-01 08:46:50.484 612 1232 D ShortcutService: rescanPackageIfNeeded 0@com.android.se, forceRescan=true , isNewApp=true
04-01 08:46:50.485 612 1232 D ShortcutService: Package com.android.se has 0 manifest shortcut(s), and 0 share target(s)
04-01 08:46:50.485 612 1232 D ShortcutService: Found updated package com.android.webview updateTime=40614
04-01 08:46:50.485 612 1232 D ShortcutService: rescanPackageIfNeeded 0@com.android.webview, forceRescan=true , isNewApp=true
04-01 08:46:50.486 612 1232 D ShortcutService: Package com.android.webview has 0 manifest shortcut(s), and 0 share target(s)
04-01 08:46:50.486 612 1232 D ShortcutService: Found updated package com.android.photopicker updateTime=42067
04-01 08:46:50.486 612 1232 D ShortcutService: rescanPackageIfNeeded 0@com.android.photopicker, forceRescan=true , isNewApp=true
04-01 08:46:50.491 478 575 D AHAL_StreamPrimary: transfer: skipping transfer (4096 frames)
04-01 08:46:50.497 612 612 V NotificationManagerService.NotificationAssistants: enabling notification assistant for 0: ComponentInfo{android.ext.services/android.ext.services.notification.Assistant}
04-01 08:46:50.497 612 612 V NotificationManagerService.NotificationAssistants: binding: Intent { act=android.service.notification.NotificationAssistantService cmp=android.ext.services/.notification.Assistant (has extras) }
04-01 08:46:50.502 1234 1234 D CompatChangeReporter: Compat change id reported: 202956589; UID 10094; state: ENABLED
04-01 08:46:50.491 241 241 I servicemanager: Caller(pid=1093,uid=10066,sid=u:r:priv_app:s0:c512,c768) Found android.hardware.graphics.allocator.IAllocator/default in device VINTF manifest.
04-01 08:46:50.520 241 241 I servicemanager: Caller(pid=1093,uid=10066,sid=u:r:priv_app:s0:c512,c768) Found mapper/powervr in device VINTF manifest.
04-01 08:46:50.506 612 1232 D ShortcutService: Package com.android.photopicker has 0 manifest shortcut(s), and 0 share target(s)
04-01 08:46:50.517 612 1232 D ShortcutService: Found updated package com.android.dreams.basic updateTime=40365
04-01 08:46:50.517 612 1232 D ShortcutService: rescanPackageIfNeeded 0@com.android.dreams.basic, forceRescan=true , isNewApp=true
04-01 08:46:50.528 612 1232 D ShortcutService: Package com.android.dreams.basic has 0 manifest shortcut(s), and 0 share target(s)
04-01 08:46:50.528 612 1232 D ShortcutService: Found updated package com.android.printspooler updateTime=40256
04-01 08:46:50.528 612 1232 D ShortcutService: rescanPackageIfNeeded 0@com.android.printspooler, forceRescan=true , isNewApp=true
04-01 08:46:50.529 612 1232 D ShortcutService: Package com.android.printspooler has 0 manifest shortcut(s), and 0 share target(s)
04-01 08:46:50.529 612 1232 D ShortcutService: Found updated package com.android.sharedstoragebackup updateTime=39713
04-01 08:46:50.529 612 1232 D ShortcutService: rescanPackageIfNeeded 0@com.android.sharedstoragebackup, forceRescan=true , isNewApp=true
04-01 08:46:50.530 612 1232 D ShortcutService: Package com.android.sharedstoragebackup has 0 manifest shortcut(s), and 0 share target(s)
04-01 08:46:50.530 612 1232 D ShortcutService: Found updated package com.android.providers.settings updateTime=39962
04-01 08:46:50.530 612 1232 D ShortcutService: rescanPackageIfNeeded 0@com.android.providers.settings, forceRescan=true , isNewApp=true
04-01 08:46:50.542 838 838 D ThemeOverlayController: Boot colors: [WallpaperColors: ff394875 ff3b3a48 ff243f59 ff574b3a ff3e342e ff262124 ffcccccd ffbab6b2 ffc5c4c3 h: 6]
04-01 08:46:50.548 612 793 V BackupManagerService: [UserID:0] No ancestral data
04-01 08:46:50.551 449 476 I netd : tetherGetStats() -> {[]} <17.05ms>
04-01 08:46:50.562 612 1232 D ShortcutService: Package com.android.providers.settings has 0 manifest shortcut(s), and 0 share target(s)
04-01 08:46:50.562 612 1232 D ShortcutService: Found updated package com.android.systemui.accessibility.accessibilitymenu updateTime=41094
04-01 08:46:50.562 612 1232 D ShortcutService: rescanPackageIfNeeded 0@com.android.systemui.accessibility.accessibilitymenu, forceRescan=true , isNewApp=true
04-01 08:46:50.563 612 1232 D ShortcutService: Package com.android.systemui.accessibility.accessibilitymenu has 0 manifest shortcut(s), and 0 share target(s)
04-01 08:46:50.563 612 1232 D ShortcutService: Found updated package com.android.calendar updateTime=40525
04-01 08:46:50.563 612 1232 D ShortcutService: rescanPackageIfNeeded 0@com.android.calendar, forceRescan=true , isNewApp=true
04-01 08:46:50.571 1234 1234 V GraphicsEnvironment: Currently set values for:
04-01 08:46:50.572 1234 1234 V GraphicsEnvironment: angle_gl_driver_selection_pkgs=[]
04-01 08:46:50.572 1234 1234 V GraphicsEnvironment: angle_gl_driver_selection_values=[]
04-01 08:46:50.572 1234 1234 V GraphicsEnvironment: Global.Settings values are invalid: number of packages: 0, number of values: 0
04-01 08:46:50.572 1234 1234 V GraphicsEnvironment: Neither updatable production driver nor prerelease driver is supported.
04-01 08:46:50.594 612 1246 V BackupManagerConstants: getKeyValueBackupIntervalMilliseconds(...) returns 14400000
04-01 08:46:50.594 612 1246 V BackupManagerConstants: getKeyValueBackupFuzzMilliseconds(...) returns 600000
04-01 08:46:50.594 612 1246 V BackupManagerConstants: getKeyValueBackupRequiredNetworkType(...) returns 1
04-01 08:46:50.594 612 1232 D ShortcutService: Package com.android.calendar has 0 manifest shortcut(s), and 0 share target(s)
04-01 08:46:50.594 612 1246 V BackupManagerConstants: getKeyValueBackupRequireCharging(...) returns true
04-01 08:46:50.594 612 1232 D ShortcutService: Found updated package com.android.settings.intelligence updateTime=40431
04-01 08:46:50.594 612 1232 D ShortcutService: rescanPackageIfNeeded 0@com.android.settings.intelligence, forceRescan=true , isNewApp=true
04-01 08:46:50.594 612 1246 V KeyValueBackupJob: Scheduling k/v pass in 241 minutes
04-01 08:46:50.595 612 1232 D ShortcutService: Package com.android.settings.intelligence has 0 manifest shortcut(s), and 0 share target(s)
04-01 08:46:50.595 612 1232 D ShortcutService: Found updated package com.android.compos.payload updateTime=42194
04-01 08:46:50.595 612 1232 D ShortcutService: rescanPackageIfNeeded 0@com.android.compos.payload, forceRescan=true , isNewApp=true
04-01 08:46:50.596 612 1232 D ShortcutService: Package com.android.compos.payload has 0 manifest shortcut(s), and 0 share target(s)
04-01 08:46:50.596 612 1232 D ShortcutService: Found updated package com.android.statementservice updateTime=40139
04-01 08:46:50.596 612 1232 D ShortcutService: rescanPackageIfNeeded 0@com.android.statementservice, forceRescan=true , isNewApp=true
04-01 08:46:50.597 612 1232 D ShortcutService: Package com.android.statementservice has 0 manifest shortcut(s), and 0 share target(s)
04-01 08:46:50.597 612 1232 D ShortcutService: Found updated package com.android.provision updateTime=40741
04-01 08:46:50.597 612 1232 D ShortcutService: rescanPackageIfNeeded 0@com.android.provision, forceRescan=true , isNewApp=true
04-01 08:46:50.598 612 1232 D ShortcutService: Package com.android.provision has 0 manifest shortcut(s), and 0 share target(s)
04-01 08:46:50.598 612 1232 D ShortcutService: Found updated package com.android.backupconfirm updateTime=40087
04-01 08:46:50.616 525 1218 D AudioTrack: stop(8): called with 84672 frames delivered
04-01 08:46:50.635 1 1 I init : Service 'dmesgd' (pid 1217) exited with status 0 oneshot service took 2.062000 seconds in background
04-01 08:46:50.635 1 1 I init : Sending signal 9 to service 'dmesgd' (pid 1217) process group...
04-01 08:46:50.636 1 1 I libprocessgroup: Removed cgroup /sys/fs/cgroup/uid_1086/pid_1217
04-01 08:46:50.650 612 1232 D ShortcutService: rescanPackageIfNeeded 0@com.android.backupconfirm, forceRescan=true , isNewApp=true
04-01 08:46:50.656 612 1232 D ShortcutService: Package com.android.backupconfirm has 0 manifest shortcut(s), and 0 share target(s)
04-01 08:46:50.657 612 1232 D ShortcutService: Found updated package com.android.launcher3 updateTime=40729
04-01 08:46:50.657 612 1232 D ShortcutService: rescanPackageIfNeeded 0@com.android.launcher3, forceRescan=true , isNewApp=true
04-01 08:46:50.661 612 1246 D ConnectivityService: requestNetwork for uid/pid:1000/612 activeRequest: null callbackRequest: 33 [NetworkRequest [ REQUEST id=34, [ Capabilities: INTERNET&NOT_RESTRICTED&TRUSTED&NOT_VCN_MANAGED&NOT_BANDWIDTH_CONSTRAINED Uid: 1000 RequestorUid: 1000 RequestorPkg: android UnderlyingNetworks: Null] ]] callback flags: 0 order: 2147483647 isUidTracked: false declaredMethods: ALL
04-01 08:46:50.663 1249 1249 D nativeloader: Configuring clns-shared-7 for other apk /system/app/PrintSpooler/PrintSpooler.apk. target_sdk_version=35, uses_libraries=, library_path=/system/app/PrintSpooler/lib/arm64:/system/app/PrintSpooler/PrintSpooler.apk!/lib/arm64-v8a:/system/lib64, permitted_path=/data:/mnt/expand:/data/user/0/com.android.printspooler:/system/app/PrintSpooler:/system/lib64
04-01 08:46:50.677 478 575 D AHAL_StreamPrimary: transfer: skipping transfer (4096 frames)
04-01 08:46:50.696 612 1232 D ShortcutService: Package com.android.launcher3 has 0 manifest shortcut(s), and 0 share target(s)
04-01 08:46:50.699 612 1232 D ShortcutService: Found updated package com.android.mtp updateTime=39768
04-01 08:46:50.699 612 1232 D ShortcutService: rescanPackageIfNeeded 0@com.android.mtp, forceRescan=true , isNewApp=true
04-01 08:46:50.705 612 1232 D ShortcutService: Package com.android.mtp has 0 manifest shortcut(s), and 0 share target(s)
04-01 08:46:50.705 612 1232 D ShortcutService: Found updated package com.android.egg updateTime=40196
04-01 08:46:50.705 612 1232 D ShortcutService: rescanPackageIfNeeded 0@com.android.egg, forceRescan=true , isNewApp=true
04-01 08:46:50.707 1249 1249 D CompatChangeReporter: Compat change id reported: 202956589; UID 10039; state: ENABLED
04-01 08:46:50.707 612 1232 D ShortcutService: Package com.android.egg has 0 manifest shortcut(s), and 0 share target(s)
04-01 08:46:50.708 612 1232 D ShortcutService: Found updated package com.android.camera2 updateTime=40647
04-01 08:46:50.708 612 1232 D ShortcutService: rescanPackageIfNeeded 0@com.android.camera2, forceRescan=true , isNewApp=true
04-01 08:46:50.712 612 1232 D ShortcutService: Package com.android.camera2 has 0 manifest shortcut(s), and 0 share target(s)
04-01 08:46:50.715 612 612 I AccountManagerService: User 0 is unlocked - opening CE database
04-01 08:46:50.718 612 1232 D ShortcutService: Found updated package com.android.contacts updateTime=40453
04-01 08:46:50.719 612 1232 D ShortcutService: rescanPackageIfNeeded 0@com.android.contacts, forceRescan=true , isNewApp=false
04-01 08:46:50.740 612 768 D ConnectivityService: NetReassign [no changes] [c 0] [a 0] [i 38]
04-01 08:46:50.746 612 752 D WifiNetworkFactory: got request NetworkRequest [ REQUEST id=34, [ Capabilities: INTERNET&NOT_RESTRICTED&TRUSTED&NOT_VCN_MANAGED&NOT_BANDWIDTH_CONSTRAINED Uid: 1000 RequestorUid: 1000 RequestorPkg: android UnderlyingNetworks: Null] ]
04-01 08:46:50.746 612 1232 E system_server: No package ID 7f found for resource ID 0x7f080091.
04-01 08:46:50.755 612 1232 E system_server: No package ID 7f found for resource ID 0x7f11027f.
04-01 08:46:50.757 612 1232 D ShortcutService: Package com.android.contacts has 1 manifest shortcut(s), and 0 share target(s)
04-01 08:46:50.758 612 1232 D ShortcutService: Package com.android.contacts updated, version 10734 -> 10734
04-01 08:46:50.766 612 752 D UntrustedWifiNetworkFactory: got request NetworkRequest [ REQUEST id=34, [ Capabilities: INTERNET&NOT_RESTRICTED&TRUSTED&NOT_VCN_MANAGED&NOT_BANDWIDTH_CONSTRAINED Uid: 1000 RequestorUid: 1000 RequestorPkg: android UnderlyingNetworks: Null] ]
04-01 08:46:50.777 838 1135 D BufferPoolAccessor2.0: bufferpool2 0xb4000078dee3eab8 : 0(0 size) total buffers - 0(0 size) used buffers - 1/7 (recycle/alloc) - 6/36 (fetch/transfer)
04-01 08:46:50.777 838 1135 D BufferPoolAccessor2.0: bufferpool2 0xb4000078dee3bec8 : 0(0 size) total buffers - 0(0 size) used buffers - 2/7 (recycle/alloc) - 5/38 (fetch/transfer)
04-01 08:46:50.777 838 1135 D BufferPoolAccessor2.0: evictor expired: 2, evicted: 2
04-01 08:46:50.784 612 752 D OemPaidWifiNetworkFactory: got request NetworkRequest [ REQUEST id=34, [ Capabilities: INTERNET&NOT_RESTRICTED&TRUSTED&NOT_VCN_MANAGED&NOT_BANDWIDTH_CONSTRAINED Uid: 1000 RequestorUid: 1000 RequestorPkg: android UnderlyingNetworks: Null] ]
04-01 08:46:50.784 612 752 D MultiInternetWifiNetworkFactory: got request NetworkRequest [ REQUEST id=34, [ Capabilities: INTERNET&NOT_RESTRICTED&TRUSTED&NOT_VCN_MANAGED&NOT_BANDWIDTH_CONSTRAINED Uid: 1000 RequestorUid: 1000 RequestorPkg: android UnderlyingNetworks: Null] ]
04-01 08:46:50.796 612 1232 D ShortcutService: Package com.android.contacts: publishing manifest shortcuts
04-01 08:46:50.813 612 1232 D ShortcutService: Found updated package android updateTime=39668
04-01 08:46:50.813 612 1232 D ShortcutService: rescanPackageIfNeeded 0@android, forceRescan=true , isNewApp=true
04-01 08:46:50.814 612 1232 D ShortcutService: Package android has 0 manifest shortcut(s), and 0 share target(s)
04-01 08:46:50.819 1249 1249 V GraphicsEnvironment: Currently set values for:
04-01 08:46:50.820 1249 1249 V GraphicsEnvironment: angle_gl_driver_selection_pkgs=[]
04-01 08:46:50.820 1249 1249 V GraphicsEnvironment: angle_gl_driver_selection_values=[]
04-01 08:46:50.820 1249 1249 V GraphicsEnvironment: Global.Settings values are invalid: number of packages: 0, number of values: 0
04-01 08:46:50.820 1249 1249 V GraphicsEnvironment: Neither updatable production driver nor prerelease driver is supported.
04-01 08:46:50.814 612 1232 D ShortcutService: Found updated package com.android.wifi.dialog updateTime=42028
04-01 08:46:50.839 612 1232 D ShortcutService: rescanPackageIfNeeded 0@com.android.wifi.dialog, forceRescan=true , isNewApp=true
04-01 08:46:50.849 1093 1093 V Launcher: LauncherAppState initiated
04-01 08:46:50.861 478 575 D AHAL_StreamPrimary: transfer: skipping transfer (4096 frames)
04-01 08:46:50.866 612 1232 D ShortcutService: Package com.android.wifi.dialog has 0 manifest shortcut(s), and 0 share target(s)
04-01 08:46:50.867 612 1232 D ShortcutService: Found updated package com.android.internal.systemui.navbar.threebutton updateTime=39469
04-01 08:46:50.867 612 1232 D ShortcutService: rescanPackageIfNeeded 0@com.android.internal.systemui.navbar.threebutton, forceRescan=true , isNewApp=true
04-01 08:46:50.873 612 1232 D ShortcutService: Package com.android.internal.systemui.navbar.threebutton has 0 manifest shortcut(s), and 0 share target(s)
04-01 08:46:50.891 612 1232 D ShortcutService: Found updated package com.android.certinstaller updateTime=40186
04-01 08:46:50.892 612 1232 D ShortcutService: rescanPackageIfNeeded 0@com.android.certinstaller, forceRescan=true , isNewApp=true
04-01 08:46:50.893 612 1232 D ShortcutService: Package com.android.certinstaller has 0 manifest shortcut(s), and 0 share target(s)
04-01 08:46:50.894 612 1232 D ShortcutService: Found updated package com.android.modulemetadata updateTime=40604
04-01 08:46:50.894 612 1232 D ShortcutService: rescanPackageIfNeeded 0@com.android.modulemetadata, forceRescan=true , isNewApp=true
04-01 08:46:50.908 612 1232 D ShortcutService: Package com.android.modulemetadata has 0 manifest shortcut(s), and 0 share target(s)
04-01 08:46:50.909 612 1232 D ShortcutService: Found updated package com.android.internal.display.cutout.emulation.tall updateTime=39422
04-01 08:46:50.910 612 1232 D ShortcutService: rescanPackageIfNeeded 0@com.android.internal.display.cutout.emulation.tall, forceRescan=true , isNewApp=true
04-01 08:46:50.911 612 1232 D ShortcutService: Package com.android.internal.display.cutout.emulation.tall has 0 manifest shortcut(s), and 0 share target(s)
04-01 08:46:50.911 612 1232 D ShortcutService: Found updated package com.android.internal.display.cutout.emulation.hole updateTime=39483
04-01 08:46:50.911 612 1232 D ShortcutService: rescanPackageIfNeeded 0@com.android.internal.display.cutout.emulation.hole, forceRescan=true , isNewApp=true
04-01 08:46:50.912 612 1232 D ShortcutService: Package com.android.internal.display.cutout.emulation.hole has 0 manifest shortcut(s), and 0 share target(s)
04-01 08:46:50.912 612 1232 D ShortcutService: Found updated package com.android.connectivity.resources updateTime=41397
04-01 08:46:50.912 612 1232 D ShortcutService: rescanPackageIfNeeded 0@com.android.connectivity.resources, forceRescan=true , isNewApp=true
04-01 08:46:50.945 612 1232 D ShortcutService: Package com.android.connectivity.resources has 0 manifest shortcut(s), and 0 share target(s)
04-01 08:46:50.945 612 1232 D ShortcutService: Found updated package android.am62 updateTime=39497
04-01 08:46:50.945 612 1232 D ShortcutService: rescanPackageIfNeeded 0@android.am62, forceRescan=true , isNewApp=true
04-01 08:46:50.946 612 1232 D ShortcutService: Package android.am62 has 0 manifest shortcut(s), and 0 share target(s)
04-01 08:46:50.946 612 1232 D ShortcutService: Found updated package com.android.networkstack updateTime=39807
04-01 08:46:50.946 612 1232 D ShortcutService: rescanPackageIfNeeded 0@com.android.networkstack, forceRescan=true , isNewApp=true
04-01 08:46:50.947 612 1246 W system_server: Long monitor contention with owner backup (793) at void com.android.server.backup.UserBackupManagerService.initPackageTracking()(UserBackupManagerService.java:970) waiters=0 in void com.android.server.backup.UserBackupManagerService.dataChangedImpl(java.lang.String, java.util.HashSet) for 107ms
04-01 08:46:50.947 612 1232 D ShortcutService: Package com.android.networkstack has 0 manifest shortcut(s), and 0 share target(s)
04-01 08:46:50.948 612 1232 D ShortcutService: Found updated package com.android.simappdialog updateTime=40230
04-01 08:46:50.948 612 1232 D ShortcutService: rescanPackageIfNeeded 0@com.android.simappdialog, forceRescan=true , isNewApp=true
04-01 08:46:50.952 612 1232 D ShortcutService: Package com.android.simappdialog has 0 manifest shortcut(s), and 0 share target(s)
04-01 08:46:50.952 612 793 I BackupManagerService: isBackupEnabled() => false due to absent settings file
04-01 08:46:50.953 612 1232 D ShortcutService: Found updated package com.android.pacprocessor updateTime=40350
04-01 08:46:50.953 612 1232 D ShortcutService: rescanPackageIfNeeded 0@com.android.pacprocessor, forceRescan=true , isNewApp=true
04-01 08:46:50.954 612 1232 D ShortcutService: Package com.android.pacprocessor has 0 manifest shortcut(s), and 0 share target(s)
04-01 08:46:50.960 612 1232 D ShortcutService: Found updated package com.android.providers.downloads.ui updateTime=40060
04-01 08:46:50.961 612 1232 D ShortcutService: rescanPackageIfNeeded 0@com.android.providers.downloads.ui, forceRescan=true , isNewApp=true
04-01 08:46:50.962 612 1232 D ShortcutService: Package com.android.providers.downloads.ui has 0 manifest shortcut(s), and 0 share target(s)
04-01 08:46:50.962 612 1232 D ShortcutService: Found updated package com.android.safetycenter.resources updateTime=41128
04-01 08:46:50.962 612 1232 D ShortcutService: rescanPackageIfNeeded 0@com.android.safetycenter.resources, forceRescan=true , isNewApp=true
04-01 08:46:50.963 612 1232 D ShortcutService: Package com.android.safetycenter.resources has 0 manifest shortcut(s), and 0 share target(s)
04-01 08:46:50.963 612 1232 D ShortcutService: Found updated package com.android.federatedcompute.services updateTime=41314
04-01 08:46:50.963 612 1232 D ShortcutService: rescanPackageIfNeeded 0@com.android.federatedcompute.services, forceRescan=true , isNewApp=true
04-01 08:46:50.964 612 1232 D ShortcutService: Package com.android.federatedcompute.services has 0 manifest shortcut(s), and 0 share target(s)
04-01 08:46:50.964 612 1232 D ShortcutService: Found updated package com.android.providers.downloads updateTime=40078
04-01 08:46:50.964 612 1232 D ShortcutService: rescanPackageIfNeeded 0@com.android.providers.downloads, forceRescan=true , isNewApp=true
04-01 08:46:50.965 612 1232 D ShortcutService: Package com.android.providers.downloads has 0 manifest shortcut(s), and 0 share target(s)
04-01 08:46:50.965 612 1232 D ShortcutService: Found updated package com.android.mms.service updateTime=39834
04-01 08:46:50.965 612 1232 D ShortcutService: rescanPackageIfNeeded 0@com.android.mms.service, forceRescan=true , isNewApp=true
04-01 08:46:50.966 612 1232 D ShortcutService: Package com.android.mms.service has 0 manifest shortcut(s), and 0 share target(s)
04-01 08:46:50.966 612 1232 D ShortcutService: Found updated package com.android.quicksearchbox updateTime=40542
04-01 08:46:50.966 612 1232 D ShortcutService: rescanPackageIfNeeded 0@com.android.quicksearchbox, forceRescan=true , isNewApp=true
04-01 08:46:50.970 612 793 D BackupManagerService: user:0 readBackupEnableState enabled:false
04-01 08:46:50.971 612 793 I BackupManagerService: [UserID:0] Backup enabled => false
04-01 08:46:50.972 612 1232 D ShortcutService: Package com.android.quicksearchbox has 0 manifest shortcut(s), and 0 share target(s)
04-01 08:46:50.973 612 1232 D ShortcutService: Found updated package com.android.companiondevicemanager updateTime=40284
04-01 08:46:50.973 612 1232 D ShortcutService: rescanPackageIfNeeded 0@com.android.companiondevicemanager, forceRescan=true , isNewApp=true
04-01 08:46:50.973 612 1232 D ShortcutService: Package com.android.companiondevicemanager has 0 manifest shortcut(s), and 0 share target(s)
04-01 08:46:50.974 612 1232 D ShortcutService: Found updated package com.android.htmlviewer updateTime=40316
04-01 08:46:50.974 612 1232 D ShortcutService: rescanPackageIfNeeded 0@com.android.htmlviewer, forceRescan=true , isNewApp=true
04-01 08:46:50.975 612 1232 D ShortcutService: Package com.android.htmlviewer has 0 manifest shortcut(s), and 0 share target(s)
04-01 08:46:50.975 612 1232 D ShortcutService: Found updated package com.android.server.deviceconfig.resources updateTime=41263
04-01 08:46:50.975 612 1232 D ShortcutService: rescanPackageIfNeeded 0@com.android.server.deviceconfig.resources, forceRescan=true , isNewApp=true
04-01 08:46:50.975 612 1232 D ShortcutService: Package com.android.server.deviceconfig.resources has 0 manifest shortcut(s), and 0 share target(s)
04-01 08:46:50.976 612 1232 D ShortcutService: Found updated package com.android.externalstorage updateTime=39848
04-01 08:46:50.976 612 1232 D ShortcutService: rescanPackageIfNeeded 0@com.android.externalstorage, forceRescan=true , isNewApp=true
04-01 08:46:50.976 612 1232 D ShortcutService: Package com.android.externalstorage has 0 manifest shortcut(s), and 0 share target(s)
04-01 08:46:50.977 612 1232 D ShortcutService: Found updated package com.android.documentsui updateTime=40051
04-01 08:46:50.977 612 1232 D ShortcutService: rescanPackageIfNeeded 0@com.android.documentsui, forceRescan=true , isNewApp=false
04-01 08:46:50.995 1234 1234 D nativeloader: Load /apex/com.android.mediaprovider/priv-app/MediaProvider@AP4A.250105.002.A1/MediaProvider.apk!/lib/arm64-v8a/libfuse_jni.so using ns clns-shared-7 from class loader (caller=/apex/com.android.mediaprovider/priv-app/MediaProvider@AP4A.250105.002.A1/MediaProvider.apk): ok
04-01 08:46:51.016 612 1232 E system_server: No package ID 7f found for resource ID 0x7f0700ba.
04-01 08:46:51.016 612 1232 E system_server: No package ID 7f found for resource ID 0x7f12009a.
04-01 08:46:51.016 612 1232 D ShortcutService: Package com.android.documentsui has 1 manifest shortcut(s), and 0 share target(s)
04-01 08:46:51.017 612 1232 D ShortcutService: Package com.android.documentsui updated, version 35 -> 35
04-01 08:46:51.017 612 1232 D ShortcutService: Package com.android.documentsui: publishing manifest shortcuts
04-01 08:46:51.030 612 1232 D ShortcutService: Found updated package com.android.providers.telephony.auto_generated_characteristics_rro updateTime=39400
04-01 08:46:51.030 612 1232 D ShortcutService: rescanPackageIfNeeded 0@com.android.providers.telephony.auto_generated_characteristics_rro, forceRescan=true , isNewApp=true
04-01 08:46:51.031 612 1232 D ShortcutService: Package com.android.providers.telephony.auto_generated_characteristics_rro has 0 manifest shortcut(s), and 0 share target(s)
04-01 08:46:51.031 612 1232 D ShortcutService: Found updated package com.android.wallpapercropper updateTime=40673
04-01 08:46:51.032 612 1232 D ShortcutService: rescanPackageIfNeeded 0@com.android.wallpapercropper, forceRescan=true , isNewApp=true
04-01 08:46:51.032 612 1232 D ShortcutService: Package com.android.wallpapercropper has 0 manifest shortcut(s), and 0 share target(s)
04-01 08:46:51.032 612 1232 D ShortcutService: Found updated package com.android.virtualmachine.res updateTime=41343
04-01 08:46:51.033 612 1232 D ShortcutService: rescanPackageIfNeeded 0@com.android.virtualmachine.res, forceRescan=true , isNewApp=true
04-01 08:46:51.033 612 1232 D ShortcutService: Package com.android.virtualmachine.res has 0 manifest shortcut(s), and 0 share target(s)
04-01 08:46:51.033 612 1232 D ShortcutService: Found updated package com.android.health.connect.backuprestore updateTime=41490
04-01 08:46:51.033 612 1232 D ShortcutService: rescanPackageIfNeeded 0@com.android.health.connect.backuprestore, forceRescan=true , isNewApp=true
04-01 08:46:51.034 612 1232 D ShortcutService: Package com.android.health.connect.backuprestore has 0 manifest shortcut(s), and 0 share target(s)
04-01 08:46:51.034 612 1232 D ShortcutService: Found updated package com.android.providers.media updateTime=39754
04-01 08:46:51.035 612 1232 D ShortcutService: rescanPackageIfNeeded 0@com.android.providers.media, forceRescan=true , isNewApp=true
04-01 08:46:51.035 612 1232 D ShortcutService: Package com.android.providers.media has 0 manifest shortcut(s), and 0 share target(s)
04-01 08:46:51.036 612 1232 D ShortcutService: Found updated package com.android.providers.calendar updateTime=39995
04-01 08:46:51.036 612 1232 D ShortcutService: rescanPackageIfNeeded 0@com.android.providers.calendar, forceRescan=true , isNewApp=true
04-01 08:46:51.036 612 1232 D ShortcutService: Package com.android.providers.calendar has 0 manifest shortcut(s), and 0 share target(s)
04-01 08:46:51.037 612 1232 D ShortcutService: Found updated package com.android.healthconnect.controller updateTime=41467
04-01 08:46:51.037 612 1232 D ShortcutService: rescanPackageIfNeeded 0@com.android.healthconnect.controller, forceRescan=true , isNewApp=true
04-01 08:46:51.038 612 1232 D ShortcutService: Package com.android.healthconnect.controller has 0 manifest shortcut(s), and 0 share target(s)
04-01 08:46:51.039 612 1232 D ShortcutService: Found updated package com.android.dynsystem updateTime=40017
04-01 08:46:51.039 612 1232 D ShortcutService: rescanPackageIfNeeded 0@com.android.dynsystem, forceRescan=true , isNewApp=true
04-01 08:46:51.041 612 1232 D ShortcutService: Package com.android.dynsystem has 0 manifest shortcut(s), and 0 share target(s)
04-01 08:46:51.041 612 1232 D ShortcutService: Found updated package com.android.providers.telephony updateTime=39879
04-01 08:46:51.042 612 1232 D ShortcutService: rescanPackageIfNeeded 0@com.android.providers.telephony, forceRescan=true , isNewApp=true
04-01 08:46:51.043 612 1232 D ShortcutService: Package com.android.providers.telephony has 0 manifest shortcut(s), and 0 share target(s)
04-01 08:46:51.043 612 1232 D ShortcutService: Found updated package com.android.internal.display.cutout.emulation.double updateTime=39430
04-01 08:46:51.043 612 1232 D ShortcutService: rescanPackageIfNeeded 0@com.android.internal.display.cutout.emulation.double, forceRescan=true , isNewApp=true
04-01 08:46:51.044 612 1232 D ShortcutService: Package com.android.internal.display.cutout.emulation.double has 0 manifest shortcut(s), and 0 share target(s)
04-01 08:46:51.044 612 1232 D ShortcutService: Found updated package com.android.adservices.api updateTime=41918
04-01 08:46:51.044 612 1232 D ShortcutService: rescanPackageIfNeeded 0@com.android.adservices.api, forceRescan=true , isNewApp=true
04-01 08:46:51.045 612 612 W Looper : Slow dispatch took 480ms main h=android.app.ActivityThread$H c=android.app.LoadedApk$ReceiverDispatcher$Args$$ExternalSyntheticLambda0@6175bc7 m=0
04-01 08:46:51.045 612 612 V NotificationManagerService.NotificationAssistants: 0 notification assistant service connected: ComponentInfo{android.ext.services/android.ext.services.notification.Assistant}
04-01 08:46:51.045 612 1232 D ShortcutService: Package com.android.adservices.api has 0 manifest shortcut(s), and 0 share target(s)
04-01 08:46:51.046 612 1232 D ShortcutService: Found updated package com.android.internal.display.cutout.emulation.corner updateTime=39415
04-01 08:46:51.046 612 1232 D ShortcutService: rescanPackageIfNeeded 0@com.android.internal.display.cutout.emulation.corner, forceRescan=true , isNewApp=true
04-01 08:46:51.046 612 1232 D ShortcutService: Package com.android.internal.display.cutout.emulation.corner has 0 manifest shortcut(s), and 0 share target(s)
04-01 08:46:51.046 612 1232 D ShortcutService: Found updated package com.android.uwb.resources updateTime=41959
04-01 08:46:51.047 612 1232 D ShortcutService: rescanPackageIfNeeded 0@com.android.uwb.resources, forceRescan=true , isNewApp=true
04-01 08:46:51.048 612 1232 D ShortcutService: Package com.android.uwb.resources has 0 manifest shortcut(s), and 0 share target(s)
04-01 08:46:51.048 612 1232 D ShortcutService: Found updated package com.android.cts.priv.ctsshim updateTime=42155
04-01 08:46:51.048 612 1232 D ShortcutService: rescanPackageIfNeeded 0@com.android.cts.priv.ctsshim, forceRescan=true , isNewApp=true
04-01 08:46:51.049 612 1232 D ShortcutService: Package com.android.cts.priv.ctsshim has 0 manifest shortcut(s), and 0 share target(s)
04-01 08:46:51.049 612 1232 D ShortcutService: Scheduling to save for userId=0
04-01 08:46:51.056 612 653 W SystemServiceManager: Service com.android.server.people.PeopleService took 1216 ms in onUnlockedUser-0
04-01 08:46:51.056 612 653 V SystemServerTimingAsync: ssm.onUnlockedUser-0_com.android.server.people.PeopleService took to complete: 1217ms
04-01 08:46:51.057 612 653 D SystemServerTimingAsync: ssm.onUnlockedUser-0_com.android.server.media.metrics.MediaMetricsManagerService
04-01 08:46:51.057 612 653 V SystemServerTimingAsync: ssm.onUnlockedUser-0_com.android.server.media.metrics.MediaMetricsManagerService took to complete: 0ms
04-01 08:46:51.057 612 653 D SystemServerTimingAsync: ssm.onUnlockedUser-0_com.android.server.pm.BackgroundInstallControlService
04-01 08:46:51.057 612 653 V SystemServerTimingAsync: ssm.onUnlockedUser-0_com.android.server.pm.BackgroundInstallControlService took to complete: 0ms
04-01 08:46:51.057 612 653 D SystemServerTimingAsync: ssm.onUnlockedUser-0_com.android.server.media.projection.MediaProjectionManagerService
04-01 08:46:51.057 612 653 V SystemServerTimingAsync: ssm.onUnlockedUser-0_com.android.server.media.projection.MediaProjectionManagerService took to complete: 0ms
04-01 08:46:51.057 612 653 D SystemServerTimingAsync: ssm.onUnlockedUser-0_com.android.server.slice.SliceManagerService$Lifecycle
04-01 08:46:51.057 612 653 V SystemServerTimingAsync: ssm.onUnlockedUser-0_com.android.server.slice.SliceManagerService$Lifecycle took to complete: 0ms
04-01 08:46:51.057 612 653 D SystemServerTimingAsync: ssm.onUnlockedUser-0_com.android.server.stats.StatsCompanion$Lifecycle
04-01 08:46:51.057 612 653 V SystemServerTimingAsync: ssm.onUnlockedUser-0_com.android.server.stats.StatsCompanion$Lifecycle took to complete: 0ms
04-01 08:46:51.057 612 653 D SystemServerTimingAsync: ssm.onUnlockedUser-0_com.android.server.scheduling.RebootReadinessManagerService$Lifecycle
04-01 08:46:51.057 612 653 V SystemServerTimingAsync: ssm.onUnlockedUser-0_com.android.server.scheduling.RebootReadinessManagerService$Lifecycle took to complete: 0ms
04-01 08:46:51.057 612 653 D SystemServerTimingAsync: ssm.onUnlockedUser-0_com.android.server.stats.pull.StatsPullAtomService
04-01 08:46:51.057 612 653 V SystemServerTimingAsync: ssm.onUnlockedUser-0_com.android.server.stats.pull.StatsPullAtomService took to complete: 0ms
04-01 08:46:51.057 612 653 D SystemServerTimingAsync: ssm.onUnlockedUser-0_com.android.server.stats.bootstrap.StatsBootstrapAtomService$Lifecycle
04-01 08:46:51.057 612 653 V SystemServerTimingAsync: ssm.onUnlockedUser-0_com.android.server.stats.bootstrap.StatsBootstrapAtomService$Lifecycle took to complete: 0ms
04-01 08:46:51.057 612 653 D SystemServerTimingAsync: ssm.onUnlockedUser-0_com.android.server.incident.IncidentCompanionService
04-01 08:46:51.057 612 653 V SystemServerTimingAsync: ssm.onUnlockedUser-0_com.android.server.incident.IncidentCompanionService took to complete: 0ms
04-01 08:46:51.057 612 653 D SystemServerTimingAsync: ssm.onUnlockedUser-0_com.android.server.sdksandbox.SdkSandboxManagerService$Lifecycle
04-01 08:46:51.057 612 653 V SystemServerTimingAsync: ssm.onUnlockedUser-0_com.android.server.sdksandbox.SdkSandboxManagerService$Lifecycle took to complete: 0ms
04-01 08:46:51.057 612 653 D SystemServerTimingAsync: ssm.onUnlockedUser-0_com.android.server.adservices.AdServicesManagerService$Lifecycle
04-01 08:46:51.057 612 653 V SystemServerTimingAsync: ssm.onUnlockedUser-0_com.android.server.adservices.AdServicesManagerService$Lifecycle took to complete: 0ms
04-01 08:46:51.057 612 653 D SystemServerTimingAsync: ssm.onUnlockedUser-0_com.android.server.ondevicepersonalization.OnDevicePersonalizationSystemService$Lifecycle
04-01 08:46:51.057 612 653 V SystemServerTimingAsync: ssm.onUnlockedUser-0_com.android.server.ondevicepersonalization.OnDevicePersonalizationSystemService$Lifecycle took to complete: 0ms
04-01 08:46:51.057 612 653 D SystemServerTimingAsync: ssm.onUnlockedUser-0_android.os.profiling.ProfilingService$Lifecycle
04-01 08:46:51.059 1234 1234 V MediaProvider: Attached media from com.android.providers.media.module
04-01 08:46:51.057 612 653 V SystemServerTimingAsync: ssm.onUnlockedUser-0_android.os.profiling.ProfilingService$Lifecycle took to complete: 0ms
04-01 08:46:51.063 612 653 D SystemServerTimingAsync: ssm.onUnlockedUser-0_com.android.server.autofill.AutofillManagerService
04-01 08:46:51.064 612 653 V SystemServerTimingAsync: ssm.onUnlockedUser-0_com.android.server.autofill.AutofillManagerService took to complete: 0ms
04-01 08:46:51.064 612 653 D SystemServerTimingAsync: ssm.onUnlockedUser-0_com.android.server.clipboard.ClipboardService
04-01 08:46:51.064 612 653 V SystemServerTimingAsync: ssm.onUnlockedUser-0_com.android.server.clipboard.ClipboardService took to complete: 0ms
04-01 08:46:51.064 612 653 D SystemServerTimingAsync: ssm.onUnlockedUser-0_com.android.server.appbinding.AppBindingService$Lifecycle
04-01 08:46:51.064 612 653 V SystemServerTimingAsync: ssm.onUnlockedUser-0_com.android.server.appbinding.AppBindingService$Lifecycle took to complete: 0ms
04-01 08:46:51.064 612 653 D SystemServerTimingAsync: ssm.onUnlockedUser-0_com.android.server.tracing.TracingServiceProxy
04-01 08:46:51.064 612 653 V SystemServerTimingAsync: ssm.onUnlockedUser-0_com.android.server.tracing.TracingServiceProxy took to complete: 0ms
04-01 08:46:51.064 612 653 D SystemServerTimingAsync: ssm.onUnlockedUser-0_com.android.server.policy.PermissionPolicyService
04-01 08:46:51.064 612 653 V SystemServerTimingAsync: ssm.onUnlockedUser-0_com.android.server.policy.PermissionPolicyService took to complete: 0ms
04-01 08:46:51.064 612 653 D SystemServerTimingAsync: ssm.onUnlockedUser-0_com.android.server.pm.StagingManager$Lifecycle
04-01 08:46:51.064 612 653 V SystemServerTimingAsync: ssm.onUnlockedUser-0_com.android.server.pm.StagingManager$Lifecycle took to complete: 0ms
04-01 08:46:51.064 612 653 D SystemServerTimingAsync: ssm.onUnlockedUser-0_com.android.server.app.GameManagerService$Lifecycle
04-01 08:46:51.064 612 653 V SystemServerTimingAsync: ssm.onUnlockedUser-0_com.android.server.app.GameManagerService$Lifecycle took to complete: 0ms
