04-01 08:46:51.064 612 653 D SystemServerTimingAsync: ssm.onUnlockedUser-0_com.android.safetycenter.SafetyCenterService
04-01 08:46:51.064 612 653 V SystemServerTimingAsync: ssm.onUnlockedUser-0_com.android.safetycenter.SafetyCenterService took to complete: 0ms
04-01 08:46:51.064 612 653 D SystemServerTimingAsync: ssm.onUnlockedUser-0_com.android.server.appsearch.AppSearchModule$Lifecycle
04-01 08:46:51.064 612 653 V SystemServerTimingAsync: ssm.onUnlockedUser-0_com.android.server.appsearch.AppSearchModule$Lifecycle took to complete: 0ms
04-01 08:46:51.064 612 653 D SystemServerTimingAsync: ssm.onUnlockedUser-0_com.android.server.compos.IsolatedCompilationService
04-01 08:46:51.064 612 653 V SystemServerTimingAsync: ssm.onUnlockedUser-0_com.android.server.compos.IsolatedCompilationService took to complete: 0ms
04-01 08:46:51.064 612 653 D SystemServerTimingAsync: ssm.onUnlockedUser-0_com.android.server.media.MediaCommunicationService
04-01 08:46:51.064 612 653 V SystemServerTimingAsync: ssm.onUnlockedUser-0_com.android.server.media.MediaCommunicationService took to complete: 0ms
04-01 08:46:51.064 612 653 D SystemServerTimingAsync: ssm.onUnlockedUser-0_com.android.server.compat.overrides.AppCompatOverridesService$Lifecycle
04-01 08:46:51.064 612 653 V SystemServerTimingAsync: ssm.onUnlockedUser-0_com.android.server.compat.overrides.AppCompatOverridesService$Lifecycle took to complete: 0ms
04-01 08:46:51.064 612 653 D SystemServerTimingAsync: ssm.onUnlockedUser-0_com.android.server.healthconnect.HealthConnectManagerService
04-01 08:46:51.065 612 653 D HealthConnectManagerService: switchToSetupForUser: UserHandle{0}
04-01 08:46:51.066 612 653 D HealthConnectBackupRestore: Performing user switch operations.
04-01 08:46:51.077 838 1169 D RingtonePlayer: onCompletion() abandoning AudioFocus
04-01 08:46:51.091 612 806 D ShortcutService: Saving package item com.android.settings to /data/system_ce/0/shortcut_service/packages/com.android.settings.xml
04-01 08:46:51.093 612 1246 V BackupManagerConstants: getKeyValueBackupIntervalMilliseconds(...) returns 14400000
04-01 08:46:51.093 612 1246 V BackupManagerConstants: getKeyValueBackupFuzzMilliseconds(...) returns 600000
04-01 08:46:51.093 612 1246 V BackupManagerConstants: getKeyValueBackupRequiredNetworkType(...) returns 1
04-01 08:46:51.093 612 1246 V BackupManagerConstants: getKeyValueBackupRequireCharging(...) returns true
04-01 08:46:51.093 612 1246 V KeyValueBackupJob: Scheduling k/v pass in 244 minutes
04-01 08:46:51.102 478 575 D AHAL_StreamPrimary: transfer: skipping transfer (4096 frames)
04-01 08:46:51.102 612 612 W Looper : Slow delivery took 440ms main h=android.app.ActivityThread$H c=android.app.LoadedApk$ServiceDispatcher$RunConnection@79af553 m=0
04-01 08:46:51.134 612 638 I MediaFocusControl: abandonAudioFocus() from uid/pid 10070/838 clientId=android.media.AudioManager@e22d7f8 callingPack=com.android.systemui
04-01 08:46:51.135 492 576 D audioserver: logFgsApiEnd: FGS Logger Transaction failed, -129
04-01 08:46:51.136 478 478 D AHAL_Stream: updateMetadataCommon
04-01 08:46:51.143 492 565 I APM::AudioPolicyEngine: getDevicesForStrategyInt no device found for strategy 7
04-01 08:46:51.143 612 612 W Looper : Drained
04-01 08:46:51.143 492 565 W APM::AudioPolicyEngine: getDevicesForStrategyInt unknown strategy: 10
04-01 08:46:51.143 492 565 I APM::AudioPolicyEngine: getDevicesForStrategyInt no device found for strategy 10
04-01 08:46:51.150 1093 1093 D CompatChangeReporter: Compat change id reported: 63938206; UID 10066; state: ENABLED
04-01 08:46:51.165 612 653 W SystemServiceManager: Service com.android.server.healthconnect.HealthConnectManagerService took 101 ms in onUnlockedUser-0
04-01 08:46:51.165 612 653 V SystemServerTimingAsync: ssm.onUnlockedUser-0_com.android.server.healthconnect.HealthConnectManagerService took to complete: 101ms
04-01 08:46:51.165 612 653 D SystemServerTimingAsync: ssm.onUnlockedUser-0_com.android.server.devicelock.DeviceLockService
04-01 08:46:51.165 612 653 D DeviceLockService: onUserUnlocked: 0
04-01 08:46:51.181 612 806 D ShortcutService: Persisting shortcuts from 0@com.android.settings
04-01 08:46:51.187 838 1169 D RingtonePlayer: onCompletion queue size=0
04-01 08:46:51.187 838 1169 D RingtonePlayer: in onCompletion quitting looper Looper (Thread-8, tid 78) {3b7cf83}
04-01 08:46:51.193 1234 1234 D nativeloader: Load libdrmframework_jni.so using system ns (caller=/system/framework/framework.jar): ok
04-01 08:46:51.226 838 1169 I NotificationPlayer: About to release MediaPlayer piid:167 due to onCompletion
04-01 08:46:51.227 838 1169 V MediaPlayer: resetDrmState: mDrmInfo=null mDrmProvisioningThread=null mPrepareDrmInProgress=false mActiveDrmScheme=false
04-01 08:46:51.181 612 806 D ShortcutService: manifest-shortcut-wifi [ImManIc-rStr]
04-01 08:46:51.231 838 1169 V MediaPlayer: cleanDrmObj: mDrmObj=null mDrmSessionId=null
04-01 08:46:51.232 525 983 D NuPlayerDriver: reset(0xb4000076f7794790) at state 6
04-01 08:46:51.235 612 806 D ShortcutService: manifest-shortcut-battery [ImManIc-rStr]
04-01 08:46:51.248 525 1220 I hw-BpHwBinder: onLastStrongRef automatically unlinking death recipients
04-01 08:46:51.249 528 571 I hw-BpHwBinder: onLastStrongRef automatically unlinking death recipients
04-01 08:46:51.249 528 571 I hw-BpHwBinder: onLastStrongRef automatically unlinking death recipients
04-01 08:46:51.263 612 653 W SystemServiceManager: Service com.android.server.devicelock.DeviceLockService took 98 ms in onUnlockedUser-0
04-01 08:46:51.263 612 653 V SystemServerTimingAsync: ssm.onUnlockedUser-0_com.android.server.devicelock.DeviceLockService took to complete: 98ms
04-01 08:46:51.263 612 653 D SystemServerTimingAsync: ssm.onUnlockedUser-0_com.android.server.SensitiveContentProtectionManagerService
04-01 08:46:51.263 612 653 V SystemServerTimingAsync: ssm.onUnlockedUser-0_com.android.server.SensitiveContentProtectionManagerService took to complete: 0ms
04-01 08:46:51.263 612 653 D SystemServerTimingAsync: ssm.onUnlockedUser-0_com.android.system.virtualmachine.VirtualizationSystemService
04-01 08:46:51.263 528 571 D BufferPoolAccessor2.0: Destruction - bufferpool2 0xb400007a92e7ff38 cached: 0/0M, 0/0% in use; allocs: 0, 0% recycled; transfers: 0, 0% unfetched
04-01 08:46:51.263 612 653 V SystemServerTimingAsync: ssm.onUnlockedUser-0_com.android.system.virtualmachine.VirtualizationSystemService took to complete: 0ms
04-01 08:46:51.263 612 653 V SystemServerTimingAsync: ssm.UnlockedUser-0 took to complete: 1594ms
04-01 08:46:51.266 525 1196 D NuPlayerDriver: notifyResetComplete(0xb4000076f7794790)
04-01 08:46:51.267 525 983 W AMessage: failed to post message as target looper for handler 0 is gone.
04-01 08:46:51.287 612 651 W MagnificationConnectionManager: requestConnection duplicated request: connect=false, mConnectionState=DISCONNECTED
04-01 08:46:51.294 492 549 D audioserver: logFgsApiEnd: FGS Logger Transaction failed, -129
04-01 08:46:51.301 612 644 I DropBoxManagerService: add tag=system_server_strictmode isTagEnabled=true flags=0x2
04-01 08:46:51.312 838 838 D ThemeOverlayController: fetched overlays. accent: android.content.om.FabricatedOverlay@122a1dc neutral: android.content.om.FabricatedOverlay@53822e5 dynamic: android.content.om.FabricatedOverlay@5a6d1ba
04-01 08:46:51.312 838 838 D ThemeOverlayController: updateThemeOverlays. Setting: null
04-01 08:46:51.359 478 575 D AHAL_StreamPrimary: transfer: skipping transfer (4096 frames)
04-01 08:46:51.360 612 1285 I HealthConnectBackupRestore: Attempt to schedule download timeout job with state: 0
04-01 08:46:51.360 612 1285 I HealthConnectBackupRestore: Attempt to schedule staging timeout job with state: 0
04-01 08:46:51.360 612 1285 I HealthConnectBackupRestore: Attempt to schedule merging timeout job with state: 0
04-01 08:46:51.366 452 452 D Zygote : Forked child process 1298
04-01 08:46:51.369 612 654 W ActivityManager: Slow operation: 72ms so far, now at startProcess: returned from zygote!
04-01 08:46:51.372 612 653 V GrammaticalInflectionUtils: AttributionSource: AttributionSource { uid = 10056, packageName = null, attributionTag = null, token = android.os.Binder@4baf5bf, deviceId = 0, next = null } does not have READ_SYSTEM_GRAMMATICAL_GENDER permission.
04-01 08:46:51.374 838 838 D ThemeOverlayController: Skipping overlay creation. Theme was already: ColorScheme {
04-01 08:46:51.374 838 838 D ThemeOverlayController: seed color: H 271C 36T 38 = #45588C
04-01 08:46:51.374 838 838 D ThemeOverlayController: style: TONAL_SPOT
04-01 08:46:51.374 838 838 D ThemeOverlayController: palettes:
04-01 08:46:51.374 838 838 D ThemeOverlayController: PRIMARY
04-01 08:46:51.374 838 838 D ThemeOverlayController: H 209C 3T 100 = #FFFFFF
04-01 08:46:51.374 838 838 D ThemeOverlayController: H 275C 4T 99 = #FEFBFF
04-01 08:46:51.374 838 838 D ThemeOverlayController: H 270C 11T 95 = #EEF0FF
04-01 08:46:51.374 838 838 D ThemeOverlayController: H 269C 19T 90 = #DAE2FF
04-01 08:46:51.374 838 838 D ThemeOverlayController: H 271C 35T 80 = #B2C5FF
04-01 08:46:51.374 838 838 D ThemeOverlayController: H 270C 36T 70 = #96AAE4
04-01 08:46:51.374 838 838 D ThemeOverlayController: H 271C 36T 60 = #7C8FC8
04-01 08:46:51.374 838 838 D ThemeOverlayController: H 271C 36T 50 = #6275AC
04-01 08:46:51.374 838 838 D ThemeOverlayController: H 270C 36T 40 = #495D92
04-01 08:46:51.374 838 838 D ThemeOverlayController: H 271C 36T 30 = #314578
04-01 08:46:51.374 838 838 D ThemeOverlayController: H 270C 36T 20 = #182E60
04-01 08:46:51.374 838 838 D ThemeOverlayController: H 271C 35T 10 = #1849
04-01 08:46:51.374 838 838 D ThemeOverlayController: H 0C 0T 0 = #0
04-01 08:46:51.374 838 838 D ThemeOverlayController: SECONDARY
04-01 08:46:51.374 838 838 D ThemeOverlayController: H 209C 3T 100 = #FFFFFF
04-01 08:46:51.374 838 838 D ThemeOverlayController: H 275C 4T 99 = #FEFBFF
04-01 08:46:51.374 838 838 D ThemeOverlayController: H 270C 11T 95 = #EEF0FF
04-01 08:46:51.374 838 838 D ThemeOverlayController: H 271C 16T 90 = #DDE2F9
04-01 08:46:51.374 838 838 D ThemeOverlayController: H 269C 16T 80 = #C0C6DD
04-01 08:46:51.374 838 838 D ThemeOverlayController: H 272C 16T 70 = #A5AAC1
04-01 08:46:51.374 838 838 D ThemeOverlayController: H 272C 16T 60 = #8B90A5
04-01 08:46:51.374 838 838 D ThemeOverlayController: H 272C 16T 50 = #71768B
04-01 08:46:51.374 838 838 D ThemeOverlayController: H 270C 16T 40 = #585E71
04-01 08:46:51.374 838 838 D ThemeOverlayController: H 271C 16T 30 = #404659
04-01 08:46:51.374 838 838 D ThemeOverlayController: H 271C 16T 20 = #2A3042
04-01 08:46:51.374 838 838 D ThemeOverlayController: H 271C 16T 10 = #151B2C
04-01 08:46:51.374 838 838 D ThemeOverlayController: H 0C 0T 0 = #0
04-01 08:46:51.374 838 838 D ThemeOverlayController: TERTIARY
04-01 08:46:51.374 838 838 D ThemeOverlayController: H 209C 3T 100 = #FFFFFF
04-01 08:46:51.374 838 838 D ThemeOverlayController: H 285C 3T 99 = #FFFBFF
04-01 08:46:51.374 838 838 D ThemeOverlayController: H 332C 11T 95 = #FFEBF9
04-01 08:46:51.374 838 838 D ThemeOverlayController: H 330C 24T 90 = #FED6F9
04-01 08:46:51.374 838 838 D ThemeOverlayController: H 331C 24T 80 = #E1BBDC
04-01 08:46:51.374 838 838 D ThemeOverlayController: H 331C 24T 70 = #C4A0C0
04-01 08:46:51.374 838 838 D ThemeOverlayController: H 331C 24T 60 = #A986A5
04-01 08:46:51.374 838 838 D ThemeOverlayController: H 330C 24T 50 = #8D6D8B
04-01 08:46:51.374 838 838 D ThemeOverlayController: H 331C 24T 40 = #735471
04-01 08:46:51.374 838 838 D ThemeOverlayController: H 331C 24T 30 = #5A3D59
04-01 08:46:51.374 838 838 D ThemeOverlayController: H 331C 24T 20 = #422741
04-01 08:46:51.374 838 838 D ThemeOverlayController: H 332C 24T 10 = #2B122B
04-01 08:46:51.374 838 838 D ThemeOverlayController: H 0C 0T 0 = #0
04-01 08:46:51.374 838 838 D ThemeOverlayController: NEUTRAL
04-01 08:46:51.374 838 838 D ThemeOverlayController: H 209C 3T 100 = #FFFFFF
04-01 08:46:51.374 838 838 D ThemeOverlayController: H 275C 4T 99 = #FEFBFF
04-01 08:46:51.374 838 838 D ThemeOverlayController: H 269C 6T 95 = #F1F0F7
04-01 08:46:51.374 838 838 D ThemeOverlayController: H 270C 6T 90 = #E3E2E9
04-01 08:46:51.374 838 838 D ThemeOverlayController: H 267C 6T 80 = #C6C6CD
04-01 08:46:51.374 838 838 D ThemeOverlayController: H 275C 6T 70 = #ABAAB1
04-01 08:46:51.374 838 838 D ThemeOverlayController: H 272C 6T 60 = #909097
04-01 08:46:51.374 838 838 D ThemeOverlayController: H 265C 6T 50 = #76777D
04-01 08:46:51.374 838 838 D ThemeOverlayController: H 268C 6T 40 = #5D5E64
04-01 08:46:51.374 838 838 D ThemeOverlayController: H 278C 6T 30 = #46464C
04-01 08:46:51.374 838 838 D ThemeOverlayController: H 273C 6T 20 = #2F3036
04-01 08:46:51.374 838 838 D ThemeOverlayController: H 275C 7T 10 = #1A1B21
04-01 08:46:51.374 838 838 D ThemeOverlayController: H 0C 0T 0 = #0
04-01 08:46:51.374 838 838 D ThemeOverlayController: NEUTRAL VARIANT
04-01 08:46:51.374 838 838 D ThemeOverlayController: H 209C 3T 100 = #FFFFFF
04-01 08:46:51.374 838 838 D ThemeOverlayController: H 275C 4T 99 = #FEFBFF
04-01 08:46:51.374 838 838 D ThemeOverlayController: H 270C 8T 95 = #F0F0FA
04-01 08:46:51.374 838 838 D ThemeOverlayController: H 267C 8T 90 = #E1E2EC
04-01 08:46:51.374 838 838 D ThemeOverlayController: H 268C 8T 80 = #C5C6D0
04-01 08:46:51.374 838 838 D ThemeOverlayController: H 275C 8T 70 = #AAAAB4
04-01 08:46:51.374 838 838 D ThemeOverlayController: H 272C 8T 60 = #8F909A
04-01 08:46:51.374 838 838 D ThemeOverlayController: H 268C 8T 50 = #757780
04-01 08:46:51.374 838 838 D ThemeOverlayController: H 269C 8T 40 = #5C5E67
04-01 08:46:51.374 838 838 D ThemeOverlayController: H 276C 8T 30 = #45464F
04-01 08:46:51.374 838 838 D ThemeOverlayController: H 271C 8T 20 = #2E3038
04-01 08:46:51.374 838 838 D ThemeOverlayController: H 273C 9T 10 = #191B23
04-01 08:46:51.374 838 838 D ThemeOverlayController: H 0C 0T 0 = #0
04-01 08:46:51.374 838 838 D ThemeOverlayController: }
04-01 08:46:51.374 838 838 D ThemeOverlayController: ThemeHomeDelay: ThemeOverlayController ready with user 0
04-01 08:46:51.374 612 653 D CompatChangeReporter: Compat change id reported: 135754954; UID 10056; state: ENABLED
04-01 08:46:51.379 612 693 D ActivityManager: ThemeHomeDelay: Home launch is not delayable, ignoring setThemeOverlayReady() call
04-01 08:46:51.383 612 612 W Looper : Slow dispatch took 106ms main h=android.app.ActivityThread$H c=com.android.server.devicelock.DeviceLockPersistentStore$$ExternalSyntheticLambda0@c3c259b m=0
04-01 08:46:51.385 612 1096 D SystemServerTiming: getUserSwitchability-0
04-01 08:46:51.385 612 1096 D SystemServerTiming: TM.isInCall
04-01 08:46:51.385 612 1096 V SystemServerTiming: TM.isInCall took to complete: 0ms
04-01 08:46:51.385 612 1096 D SystemServerTiming: hasUserRestriction-DISALLOW_USER_SWITCH
04-01 08:46:51.385 612 1096 V SystemServerTiming: hasUserRestriction-DISALLOW_USER_SWITCH took to complete: 0ms
04-01 08:46:51.385 612 1096 D SystemServerTiming: getInt-ALLOW_USER_SWITCHING_WHEN_SYSTEM_USER_LOCKED
04-01 08:46:51.385 612 1096 V SystemServerTiming: getInt-ALLOW_USER_SWITCHING_WHEN_SYSTEM_USER_LOCKED took to complete: 0ms
04-01 08:46:51.385 612 1096 D SystemServerTiming: isUserUnlocked-USER_SYSTEM
04-01 08:46:51.385 612 1096 V SystemServerTiming: isUserUnlocked-USER_SYSTEM took to complete: 0ms
04-01 08:46:51.385 612 1096 V SystemServerTiming: getUserSwitchability-0 took to complete: 0ms
04-01 08:46:51.394 612 830 I SyncManager: Loaded persisted syncs: 0 periodic syncs, 0 oneshot syncs, 0 total system server jobs, JobStats: FirstLoad: 7/3/0 LastSave: -1/-1/-1
04-01 08:46:51.397 612 633 I system_server: Background concurrent mark compact GC freed 11MB AllocSpace bytes, 31(1852KB) LOS objects, 50% free, 17MB/35MB, paused 22.204ms,25.471ms total 1.937s
04-01 08:46:51.410 478 575 D AHAL_StreamPrimary: transfer: skipping transfer (4096 frames)
04-01 08:46:51.410 838 838 D KeyguardViewMediator: KeyguardViewMediator queue processing message: SYSTEM_READY
04-01 08:46:51.411 838 838 D KeyguardViewMediator: KeyguardViewMediator queue processing message: NOTIFY_STARTED_WAKING_UP
04-01 08:46:51.414 612 635 W system_server: ApkAssets: Deleting an ApkAssets object ' and /system/priv-app/InputDevices/InputDevices.apk' with 1 weak references
04-01 08:46:51.417 612 654 W ActivityManager: Slow operation: 120ms so far, now at startProcess: done updating battery stats
04-01 08:46:51.417 612 654 W ActivityManager: Slow operation: 120ms so far, now at startProcess: building log message
04-01 08:46:51.417 612 654 I ActivityManager: Start proc 1298:com.android.keychain/1000 for service {com.android.keychain/com.android.keychain.KeyChainService}
04-01 08:46:51.417 612 654 W ActivityManager: Slow operation: 120ms so far, now at startProcess: starting to update pids map
04-01 08:46:51.417 612 635 W system_server: ApkAssets: Deleting an ApkAssets object ' and /apex/com.android.devicelock/priv-app/DeviceLockController@AP4A.250105.002.A1/DeviceLockController.apk' with 1 weak references
04-01 08:46:51.425 612 654 W ActivityManager: Slow operation: 128ms so far, now at startProcess: done updating pids map
04-01 08:46:51.425 612 654 W ActivityManager: Slow operation: 52ms so far, now at startProcess: asking zygote to start proc
04-01 08:46:51.426 612 654 D CompatChangeReporter: Compat change id reported: 143937733; UID 10056; state: ENABLED
04-01 08:46:51.429 838 838 D CentralSurfaces: mShouldDelayWakeUpAnimation CLEARED
04-01 08:46:51.429 838 838 D CentralSurfaces: !shouldBeKeyguard mStatusBarStateController.isKeyguardRequested() false keyguardForDozing false wakeAndUnlocking false isWakingAndOccluded false
04-01 08:46:51.429 838 838 D CentralSurfaces: hideKeyguardImpl false
04-01 08:46:51.430 1298 1298 I ndroid.keychain: Using CollectorTypeCMC GC.
04-01 08:46:51.432 612 693 D OomAdjuster: Not killing cached processes
04-01 08:46:51.451 1298 1298 E ndroid.keychain: Not starting debugger since process cannot load the jdwp agent.
04-01 08:46:51.457 478 575 D AHAL_StreamPrimary: transfer: skipping transfer (4096 frames)
04-01 08:46:51.460 452 452 D Zygote : Forked child process 1307
04-01 08:46:51.463 1298 1298 D nativeloader: Load libframework-connectivity-tiramisu-jni.so using APEX ns com_android_tethering for caller /apex/com.android.tethering/javalib/framework-connectivity-t.jar: ok
04-01 08:46:51.471 612 654 W ActivityManager: Slow operation: 98ms so far, now at startProcess: returned from zygote!
04-01 08:46:51.484 612 1296 V GrammaticalInflectionUtils: AttributionSource: AttributionSource { uid = 10085, packageName = null, attributionTag = null, token = android.os.Binder@4baf5bf, deviceId = 0, next = null } does not have READ_SYSTEM_GRAMMATICAL_GENDER permission.
04-01 08:46:51.499 612 1296 D CompatChangeReporter: Compat change id reported: 151861875; UID 10085; state: ENABLED
04-01 08:46:51.501 612 635 W system_server: ApkAssets: Deleting an ApkAssets object ' and /system/system_ext/app/AccessibilityMenu/AccessibilityMenu.apk' with 1 weak references
04-01 08:46:51.505 1234 1234 V PickerDatabaseHelper: onConfigure() for picker.db
04-01 08:46:51.515 838 838 W DepthController: Invalid qs expansion
04-01 08:46:51.526 1307 1307 I .quicksearchbox: Using CollectorTypeCMC GC.
04-01 08:46:51.547 1307 1307 E .quicksearchbox: Not starting debugger since process cannot load the jdwp agent.
04-01 08:46:51.551 612 635 W system_server: ApkAssets: Deleting an ApkAssets object ' and /system/product/app/LatinIME/LatinIME.apk' with 1 weak references
04-01 08:46:51.552 612 635 W system_server: ApkAssets: Deleting an ApkAssets object ' and /system/priv-app/BuiltInPrintService/BuiltInPrintService.apk' with 1 weak references
04-01 08:46:51.558 612 1296 I DeviceLockControllerConnectorImpl: Binding com.android.devicelockcontroller/.DeviceLockControllerService
04-01 08:46:51.569 612 654 W ActivityManager: Slow operation: 196ms so far, now at startProcess: done updating battery stats
04-01 08:46:51.569 612 654 W ActivityManager: Slow operation: 196ms so far, now at startProcess: building log message
04-01 08:46:51.569 612 654 I ActivityManager: Start proc 1307:com.android.quicksearchbox/u0a56 for broadcast {com.android.quicksearchbox/com.android.quicksearchbox.SearchWidgetProvider}
04-01 08:46:51.569 612 654 W ActivityManager: Slow operation: 196ms so far, now at startProcess: starting to update pids map
04-01 08:46:51.573 838 874 D ShellSplitScreen: UNKNOWN MESSAGE (2180125002225367388)
04-01 08:46:51.577 449 476 I netd : tetherGetStats() -> {[]} <9.99ms>
04-01 08:46:51.586 612 654 W ActivityManager: Slow operation: 213ms so far, now at startProcess: done updating pids map
04-01 08:46:51.586 612 654 W ActivityManager: Slow operation: 87ms so far, now at startProcess: asking zygote to start proc
04-01 08:46:51.592 612 871 W com.android.internal.protolog.LogcatOnlyProtoLogImpl: ProtoLog message not processed. Failed to log it to proto. Logging it below to logcat instead.
04-01 08:46:51.592 612 871 V WindowManager: Binding proc com.android.keychain with config {0.0 ?mcc0mnc ?localeList ?layoutDir ?swdp ?wdp ?hdp ?density ?lsize ?long ?ldr ?wideColorGamut ?orien ?uimode ?night ?touch ?keyb/?/? ?nav/? winConfig={ mBounds=Rect(0, 0 - 0, 0) mAppBounds=null mMaxBounds=Rect(0, 0 - 0, 0) mDisplayRotation=undefined mWindowingMode=undefined mActivityType=undefined mAlwaysOnTop=undefined mRotation=undefined} ?fontWeightAdjustment}
04-01 08:46:51.593 612 871 D CompatChangeReporter: Compat change id reported: 151861875; UID 1000; state: ENABLED
04-01 08:46:51.601 838 838 D DisplayRepository: combining enabled=[0], connectedExternalDisplayIds=[], ignored=[]
04-01 08:46:51.606 1307 1307 D nativeloader: Load libframework-connectivity-tiramisu-jni.so using APEX ns com_android_tethering for caller /apex/com.android.tethering/javalib/framework-connectivity-t.jar: ok
04-01 08:46:51.613 528 835 D BufferPoolAccessor2.0: bufferpool2 0xb400007a92e79978 : 0(0 size) total buffers - 0(0 size) used buffers - 13/16 (recycle/alloc) - 3/15 (fetch/transfer)
04-01 08:46:51.613 528 835 D BufferPoolAccessor2.0: bufferpool2 0xb400007a92e84dd8 : 0(0 size) total buffers - 0(0 size) used buffers - 14/17 (recycle/alloc) - 3/16 (fetch/transfer)
04-01 08:46:51.613 528 835 D BufferPoolAccessor2.0: bufferpool2 0xb400007a92e7a9a8 : 0(0 size) total buffers - 0(0 size) used buffers - 4/7 (recycle/alloc) - 3/6 (fetch/transfer)
04-01 08:46:51.613 528 835 D BufferPoolAccessor2.0: evictor expired: 6, evicted: 3
04-01 08:46:51.629 452 452 D Zygote : Forked child process 1321
04-01 08:46:51.632 612 654 W ActivityManager: Slow operation: 133ms so far, now at startProcess: returned from zygote!
04-01 08:46:51.633 612 654 W ActivityManager: Slow operation: 134ms so far, now at startProcess: done updating battery stats
04-01 08:46:51.633 612 654 W ActivityManager: Slow operation: 134ms so far, now at startProcess: building log message
04-01 08:46:51.633 612 654 I ActivityManager: Start proc 1321:com.android.devicelockcontroller/u0a85 for service {com.android.devicelockcontroller/com.android.devicelockcontroller.DeviceLockControllerService}
04-01 08:46:51.633 612 654 W ActivityManager: Slow operation: 135ms so far, now at startProcess: starting to update pids map
04-01 08:46:51.641 612 654 W ActivityManager: Slow operation: 142ms so far, now at startProcess: done updating pids map
04-01 08:46:51.644 838 959 W AudioManager: attempt to call registerAudioRecordingCallback() on a previouslyregistered callback
04-01 08:46:51.649 1234 1234 D PickerSyncLockManager: Trying to acquire lock com.android.providers.media.photopicker.sync.CloseableReentrantLock@101d53b[Unlocked]. Lock Name = CLOUD_PROVIDER_LOCK. Threads that may be waiting to acquire this lock = []
04-01 08:46:51.650 1234 1234 D CloseableReentrantLock: Successfully acquired lock com.android.providers.media.photopicker.sync.CloseableReentrantLock@101d53b[Locked by thread main]. Lock Name = CLOUD_PROVIDER_LOCK. Threads that may be waiting to acquire this lock = []
04-01 08:46:51.675 1321 1321 I elockcontroller: Using CollectorTypeCMC GC.
04-01 08:46:51.693 1321 1321 E elockcontroller: Not starting debugger since process cannot load the jdwp agent.
04-01 08:46:51.695 612 806 D ShortcutService: Saving package item com.android.contacts to /data/system_ce/0/shortcut_service/packages/com.android.contacts.xml
04-01 08:46:51.700 612 612 W Looper : Slow dispatch took 113ms main h=com.android.server.pm.UserManagerService$MainHandler c=null m=1
04-01 08:46:51.707 478 575 D AHAL_StreamPrimary: transfer: skipping transfer (4096 frames)
04-01 08:46:51.710 612 806 D ShortcutService: Persisting shortcuts from 0@com.android.contacts
04-01 08:46:51.710 612 806 D ShortcutService: shortcut-add-contact [ImManIc-rStr]
04-01 08:46:51.716 612 638 W com.android.internal.protolog.LogcatOnlyProtoLogImpl: ProtoLog message not processed. Failed to log it to proto. Logging it below to logcat instead.
04-01 08:46:51.717 612 638 V WindowManager: Binding proc com.android.quicksearchbox with config {1.0 ?mcc0mnc [en_US] ldltr sw720dp w1280dp h720dp 240dpi xlrg long land -touch qwerty/v/v -nav/h winConfig={ mBounds=Rect(0, 0 - 1920, 1080) mAppBounds=Rect(0, 0 - 1920, 1080) mMaxBounds=Rect(0, 0 - 1920, 1080) mDisplayRotation=ROTATION_0 mWindowingMode=fullscreen mActivityType=undefined mAlwaysOnTop=undefined mRotation=ROTATION_0} s.6 fontWeightAdjustment=0}
04-01 08:46:51.727 1234 1234 D PickerSyncController: Cloud-Media-in-Photo-Picker feature is disabled during PickerSyncController construction.
04-01 08:46:51.728 1234 1234 D PickerSyncLockManager: Trying to acquire lock com.android.providers.media.photopicker.sync.CloseableReentrantLock@101d53b[Locked by thread main]. Lock Name = CLOUD_PROVIDER_LOCK. Threads that may be waiting to acquire this lock = []
04-01 08:46:51.728 1234 1234 D CloseableReentrantLock: Successfully acquired lock com.android.providers.media.photopicker.sync.CloseableReentrantLock@101d53b[Locked by thread main]. Lock Name = CLOUD_PROVIDER_LOCK. Threads that may be waiting to acquire this lock = []
04-01 08:46:51.728 1234 1234 D PickerSyncLockManager: Trying to acquire lock com.android.providers.media.photopicker.sync.CloseableReentrantLock@101d53b[Locked by thread main]. Lock Name = CLOUD_PROVIDER_LOCK. Threads that may be waiting to acquire this lock = []
04-01 08:46:51.728 1234 1234 D CloseableReentrantLock: Successfully acquired lock com.android.providers.media.photopicker.sync.CloseableReentrantLock@101d53b[Locked by thread main]. Lock Name = CLOUD_PROVIDER_LOCK. Threads that may be waiting to acquire this lock = []
04-01 08:46:51.728 1234 1234 D CloseableReentrantLock: Successfully released lock com.android.providers.media.photopicker.sync.CloseableReentrantLock@101d53b[Locked by thread main]. Lock Name = CLOUD_PROVIDER_LOCK. Threads that may be waiting to acquire this lock = []
04-01 08:46:51.733 1321 1321 D nativeloader: Load libframework-connectivity-tiramisu-jni.so using APEX ns com_android_tethering for caller /apex/com.android.tethering/javalib/framework-connectivity-t.jar: ok
04-01 08:46:51.740 1093 1093 D CompatChangeReporter: Compat change id reported: 303326708; UID 10066; state: ENABLED
04-01 08:46:51.747 1093 1093 E RecyclerView: Cannot scroll to position a LayoutManager set. Call setLayoutManager with a non-null argument.
04-01 08:46:51.750 1234 1234 D PickerSyncController: Updated cloud provider to: null
04-01 08:46:51.751 1234 1234 D PickerSyncController: Ignoring cache media info for null authority with bundle: null
04-01 08:46:51.762 1093 1093 D AlphabeticalAppsList: Clearing FastScrollerSections.
04-01 08:46:51.762 1093 1093 D AlphabeticalAppsList: Adding apps with sections. HasPrivateApps: true
04-01 08:46:51.763 478 575 D AHAL_StreamPrimary: transfer: skipping transfer (4096 frames)
04-01 08:46:51.765 1093 1093 E RecyclerView: Cannot scroll to position a LayoutManager set. Call setLayoutManager with a non-null argument.
04-01 08:46:51.777 838 1135 D BufferPoolAccessor2.0: bufferpool2 0xb4000078dee3d398 : 0(0 size) total buffers - 0(0 size) used buffers - 2/7 (recycle/alloc) - 5/18 (fetch/transfer)
04-01 08:46:51.777 838 1135 D BufferPoolAccessor2.0: evictor expired: 1, evicted: 1
04-01 08:46:51.779 1234 1234 D PickerNotificationSender: Sending a notification for available providers update
04-01 08:46:51.782 1234 1234 D CloseableReentrantLock: Successfully released lock com.android.providers.media.photopicker.sync.CloseableReentrantLock@101d53b[Locked by thread main]. Lock Name = CLOUD_PROVIDER_LOCK. Threads that may be waiting to acquire this lock = []
04-01 08:46:51.782 1234 1234 D CloseableReentrantLock: Successfully released lock com.android.providers.media.photopicker.sync.CloseableReentrantLock@101d53b[Unlocked]. Lock Name = CLOUD_PROVIDER_LOCK. Threads that may be waiting to acquire this lock = []
04-01 08:46:51.799 1234 1234 I WorkManagerInitializer: Work manager not initialised. Attempting to initialise.
04-01 08:46:51.802 612 1096 I AppWidgetServiceImpl: startListening() 0
04-01 08:46:51.845 1307 1307 D nativeloader: InitLlndkLibrariesProduct: libEGL.so:libGLESv1_CM.so:libGLESv2.so:libGLESv3.so:libRS.so:libandroid_net.so:libapexsupport.so:libbinder_ndk.so:libc.so:libcgrouprc.so:libclang_rt.asan-aarch64-android.so:libclang_rt.hwasan-aarch64-android.so:libcom.android.tethering.connectivity_native.so:libdl.so:libft2.so:liblog.so:libm.so:libmediandk.so:libnativewindow.so:libneuralnetworks.so:libselinux.so:libsync.so:libvendorsupport.so:libvndksupport.so:libvulkan.so
04-01 08:46:51.845 1307 1307 D nativeloader: Configuring product-clns-7 for unbundled product apk /system/product/app/QuickSearchBox/QuickSearchBox.apk. target_sdk_version=30, uses_libraries=, library_path=/system/product/app/QuickSearchBox/lib/arm64:/product/lib64:/system/product/lib64, permitted_path=/data:/mnt/expand:/data/user/0/com.android.quicksearchbox:/product/lib64:/system/product/lib64
04-01 08:46:51.850 1307 1307 D nativeloader: InitVndkspLibrariesProduct: VNDK is deprecated with product
04-01 08:46:51.856 612 1096 W com.android.internal.protolog.LogcatOnlyProtoLogImpl: ProtoLog message not processed. Failed to log it to proto. Logging it below to logcat instead.
04-01 08:46:51.856 612 1096 V WindowManager: Binding proc com.android.devicelockcontroller with config {1.0 ?mcc0mnc [en_US] ldltr sw720dp w1280dp h720dp 240dpi xlrg long land -touch qwerty/v/v -nav/h winConfig={ mBounds=Rect(0, 0 - 1920, 1080) mAppBounds=Rect(0, 0 - 1920, 1080) mMaxBounds=Rect(0, 0 - 1920, 1080) mDisplayRotation=ROTATION_0 mWindowingMode=fullscreen mActivityType=undefined mAlwaysOnTop=undefined mRotation=ROTATION_0} s.6 fontWeightAdjustment=0}
04-01 08:46:51.859 612 638 I AppWidgetServiceImpl: getInstalledProvidersForProfiles() 0
04-01 08:46:51.861 612 806 D ShortcutService: Saving package item com.android.documentsui to /data/system_ce/0/shortcut_service/packages/com.android.documentsui.xml
04-01 08:46:51.862 1093 1093 D b/267448330: provider: ComponentInfo{com.android.quicksearchbox/com.android.quicksearchbox.SearchWidgetProvider}, paddedSizes: [621.3333x108.0, 621.3333x108.0, 1045.3334x101.333336, 1045.3334x101.333336], getMinMaxSizes: Rect(621, 101 - 1045, 108)
04-01 08:46:51.867 612 871 I AppWidgetServiceImpl: getInstalledProvidersForProfiles() 0
04-01 08:46:51.868 612 693 I AppWidgetServiceImpl: getAppWidgetInfo() 0
04-01 08:46:51.875 612 638 I AppWidgetServiceImpl: notifyProviderInheritance() 0
04-01 08:46:51.885 1298 1298 D nativeloader: Configuring clns-shared-7 for other apk /system/app/KeyChain/KeyChain.apk. target_sdk_version=35, uses_libraries=, library_path=/system/app/KeyChain/lib/arm64:/system/app/KeyChain/KeyChain.apk!/lib/arm64-v8a:/system/lib64, permitted_path=/data:/mnt/expand:/data/user/0/com.android.keychain:/system/app/KeyChain:/system/lib64
04-01 08:46:51.898 1307 1307 V GraphicsEnvironment: Currently set values for:
04-01 08:46:51.901 612 1096 I AppWidgetServiceImpl: getAppWidgetViews() 0
04-01 08:46:51.898 1307 1307 V GraphicsEnvironment: angle_gl_driver_selection_pkgs=[]
04-01 08:46:51.911 1307 1307 V GraphicsEnvironment: angle_gl_driver_selection_values=[]
04-01 08:46:51.911 1307 1307 V GraphicsEnvironment: Global.Settings values are invalid: number of packages: 0, number of values: 0
04-01 08:46:51.912 1307 1307 V GraphicsEnvironment: Neither updatable production driver nor prerelease driver is supported.
04-01 08:46:51.916 612 1096 I AppWidgetServiceImpl: getAppWidgetOptions() 0
04-01 08:46:51.919 1298 1298 D CompatChangeReporter: Compat change id reported: 202956589; UID 1000; state: ENABLED
04-01 08:46:51.926 1093 1093 W System : ClassLoader referenced unknown path:
04-01 08:46:51.927 1093 1093 D nativeloader: Configuring clns-8 for other apk . target_sdk_version=30, uses_libraries=, library_path=/system/product/app/QuickSearchBox/lib/arm64, permitted_path=/data:/mnt/expand
04-01 08:46:51.953 1298 1298 V GraphicsEnvironment: Currently set values for:
04-01 08:46:51.954 1298 1298 V GraphicsEnvironment: angle_gl_driver_selection_pkgs=[]
04-01 08:46:51.954 1298 1298 V GraphicsEnvironment: angle_gl_driver_selection_values=[]
04-01 08:46:51.954 1298 1298 V GraphicsEnvironment: Global.Settings values are invalid: number of packages: 0, number of values: 0
04-01 08:46:51.978 612 871 I AppWidgetServiceImpl: getAppWidgetOptions() 0
04-01 08:46:51.978 478 575 D AHAL_StreamPrimary: transfer: skipping transfer (4096 frames)
04-01 08:46:51.980 1298 1298 V GraphicsEnvironment: Neither updatable production driver nor prerelease driver is supported.
04-01 08:46:51.984 1093 1093 D CellLayout: Adding view to ShortcutsAndWidgetsContainer: com.android.launcher3.qsb.QsbContainerView{220407c V.E...... ......I. 0,0-0,0 #7f0902b9 app:id/search_container_workspace}
04-01 08:46:52.033 1093 1093 I OverviewComponentObserver: updateOverviewTargets: mIsHomeDisabled=false, isDefaultHomeNull=false, mIsDefaultHome=true
04-01 08:46:52.034 1234 1234 D WM-PackageManagerHelper: Skipping component enablement for androidx.work.impl.background.systemjob.SystemJobService
04-01 08:46:52.037 1234 1234 D WM-Schedulers: Created SystemJobScheduler and enabled SystemJobService
04-01 08:46:52.038 478 575 D AHAL_StreamPrimary: transfer: skipping transfer (4096 frames)
04-01 08:46:52.045 1093 1093 D OverviewActionsView: updateActionButtonsVisibility() called: showSingleTaskActions = [true], showGroupActions = [false]
04-01 08:46:52.057 612 806 D ShortcutService: Persisting shortcuts from 0@com.android.documentsui
04-01 08:46:52.058 612 806 D ShortcutService: content://com.android.providers.media.documents/root/images_root [ImManIc-rStr]
04-01 08:46:52.062 1234 1339 D WM-ForceStopRunnable: The default process name was not specified.
04-01 08:46:52.063 1234 1339 D WM-ForceStopRunnable: Performing cleanup operations.
04-01 08:46:52.077 1321 1321 D ApplicationLoaders: Returning zygote-cached class loader: /system/framework/org.apache.http.legacy.jar
04-01 08:46:52.077 1321 1321 D ApplicationLoaders: Returning zygote-cached class loader: /system_ext/framework/androidx.window.extensions.jar
04-01 08:46:52.077 1321 1321 D ApplicationLoaders: Returning zygote-cached class loader: /system_ext/framework/androidx.window.sidecar.jar
04-01 08:46:52.103 612 653 V GrammaticalInflectionUtils: AttributionSource: AttributionSource { uid = 10033, packageName = null, attributionTag = null, token = android.os.Binder@4baf5bf, deviceId = 0, next = null } does not have READ_SYSTEM_GRAMMATICAL_GENDER permission.
04-01 08:46:52.143 452 452 D Zygote : Forked child process 1342
04-01 08:46:52.145 612 654 I ActivityManager: Start proc 1342:com.android.statementservice/u0a33 for broadcast {com.android.statementservice/com.android.statementservice.domain.DomainVerificationReceiverV1}
04-01 08:46:52.131 1234 1234 D SyncWorkManager: EndlessWorker has been enqueued
04-01 08:46:52.158 612 871 I AppWidgetServiceImpl: getInstalledProvidersForProfiles() 0
04-01 08:46:52.160 612 693 I AppWidgetServiceImpl: getAppWidgetIds() 0
04-01 08:46:52.165 1342 1342 I libc : SetHeapTaggingLevel: tag level set to 0
04-01 08:46:52.182 612 1233 E AppSearchIcing: document-store.cc:516: Invalid header crc for /data/system_ce/0/appsearch/icing/document_dir/uri_mapper/persistent_hash_map.kFailed to initialize KeyMapper
04-01 08:46:52.182 612 1233 W AppSearchIcing: document-store.cc:458: Couldn't find derived files or failed to initialize them, regenerating derived files for DocumentStore.
04-01 08:46:52.190 612 651 D ShortcutService: Getting shortcuts for launcher= com.android.launcher3userId=0 pkg=com.android.settings
04-01 08:46:52.195 1342 1342 I tatementservice: Using CollectorTypeCMC GC.
04-01 08:46:52.194 612 651 D ShortcutService: Getting shortcuts for launcher= com.android.systemuiuserId=0 pkg=com.android.settings
04-01 08:46:52.205 1321 1321 D nativeloader: Configuring clns-shared-7 for other apk /apex/com.android.devicelock/priv-app/DeviceLockController@AP4A.250105.002.A1/DeviceLockController.apk. target_sdk_version=35, uses_libraries=, library_path=/apex/com.android.devicelock/priv-app/DeviceLockController@AP4A.250105.002.A1/lib/arm64:/system/lib64, permitted_path=/data:/mnt/expand:/data/user/0/com.android.devicelockcontroller:/apex/com.android.devicelock/priv-app/DeviceLockController@AP4A.250105.002.A1:/system/lib64
04-01 08:46:52.219 1342 1342 E tatementservice: Not starting debugger since process cannot load the jdwp agent.
04-01 08:46:52.222 612 651 D ShortcutService: Getting shortcuts for launcher= com.android.launcher3userId=0 pkg=com.android.contacts
04-01 08:46:52.225 1321 1321 D nativeloader: InitApexLibraries:
04-01 08:46:52.225 1321 1321 D nativeloader: com_android_adservices: libhpke_jni.so:libtflite_support_classifiers_native.so
04-01 08:46:52.225 1321 1321 D nativeloader: com_android_appsearch: libicing.so
04-01 08:46:52.225 1321 1321 D nativeloader: com_android_art: libartservice.so
04-01 08:46:52.225 1321 1321 D nativeloader: com_android_btservices: libbluetooth_jni.so
04-01 08:46:52.225 1321 1321 D nativeloader: com_android_conscrypt: libjavacrypto.so
04-01 08:46:52.225 1321 1321 D nativeloader: com_android_extservices: libtflite_support_classifiers_native.so
04-01 08:46:52.225 1321 1321 D nativeloader: com_android_mediaprovider: libpdfclient.so
04-01 08:46:52.225 1321 1321 D nativeloader: com_android_nfcservices: libnfc_nci_jni.so
04-01 08:46:52.225 1321 1321 D nativeloader: com_android_ondevicepersonalization: libfcp_cpp_dep_jni.so:libfcp_hpke_jni.so
04-01 08:46:52.225 1321 1321 D nativeloader: com_android_os_statsd: libstats_jni.so
04-01 08:46:52.225 1321 1321 D nativeloader: com_android_tethering: libandroid_net_connectivity_com_android_net_module_util_jni.so:libcrypto.so:libframework-connectivity-jni.so:libframework-connectivity-tiramisu-jni.so:libmainlinecronet.126.0.6423.0.so:libservice-connectivity.so:libservice-thread-jni.so:libssl.so
04-01 08:46:52.225 1321 1321 D nativeloader: com_android_uwb: libuwb_uci_jni_rust.so
04-01 08:46:52.225 1321 1321 D nativeloader: com_android_virt: libvirtualizationservice_jni.so:libvirtualmachine_jni.so
04-01 08:46:52.234 612 651 D ShortcutService: Getting shortcuts for launcher= com.android.systemuiuserId=0 pkg=com.android.contacts
04-01 08:46:52.239 612 651 D ShortcutService: Getting shortcuts for launcher= com.android.launcher3userId=0 pkg=com.android.documentsui
04-01 08:46:52.243 612 693 I AppWidgetServiceImpl: notifyProviderInheritance() 0
04-01 08:46:52.245 1342 1342 D nativeloader: Load libframework-connectivity-tiramisu-jni.so using APEX ns com_android_tethering for caller /apex/com.android.tethering/javalib/framework-connectivity-t.jar: ok
04-01 08:46:52.249 838 874 W Looper : Slow dispatch took 74ms wmshell.main h=android.os.Handler c=com.android.wm.shell.common.ExternalInterfaceBinder$$ExternalSyntheticLambda0@d147722 m=0
04-01 08:46:52.250 478 575 D AHAL_StreamPrimary: transfer: skipping transfer (4096 frames)
04-01 08:46:52.253 1234 1234 D nativeloader: Load /apex/com.android.mediaprovider/priv-app/MediaProvider@AP4A.250105.002.A1/MediaProvider.apk!/lib/arm64-v8a/libleveldb_jni.so using ns clns-shared-7 from class loader (caller=/apex/com.android.mediaprovider/priv-app/MediaProvider@AP4A.250105.002.A1/MediaProvider.apk): ok
04-01 08:46:52.267 612 693 I AppWidgetServiceImpl: startListening() 0
04-01 08:46:52.268 612 871 I AppWidgetServiceImpl: updateAppWidgetIds() 0
04-01 08:46:52.269 612 871 I AppWidgetServiceImpl: Widget update received AppWidgetId{2:Host{HostId{user:0, app:10066, hostId:1026, pkg:com.android.launcher3}}:Provider{ProviderId{user:0, app:10056, cmp:ComponentInfo{com.android.quicksearchbox/com.android.quicksearchbox.SearchWidgetProvider}}}}
04-01 08:46:52.280 612 794 D AppWidgetServiceImpl: Trying to notify widget update for package com.android.quicksearchbox with widget id: 2
04-01 08:46:52.296 838 959 I WifiStateWorker: WifiManager.getWifiState():1
04-01 08:46:52.298 478 575 D AHAL_StreamPrimary: transfer: skipping transfer (4096 frames)
04-01 08:46:52.312 242 242 I hwservicemanager: getTransport: Cannot find entry android.hardware.configstore@1.0::ISurfaceFlingerConfigs/default in either framework or device VINTF manifest.
04-01 08:46:52.312 1093 1093 D CompatChangeReporter: Compat change id reported: 309578419; UID 10066; state: ENABLED
04-01 08:46:52.322 1093 1093 D OverviewActionsView: updateActionButtonsVisibility() called: showSingleTaskActions = [true], showGroupActions = [false]
04-01 08:46:52.347 612 871 W com.android.internal.protolog.LogcatOnlyProtoLogImpl: ProtoLog message not processed. Failed to log it to proto. Logging it below to logcat instead.
04-01 08:46:52.348 612 871 V WindowManager: Binding proc com.android.statementservice with config {1.0 ?mcc0mnc [en_US] ldltr sw720dp w1280dp h720dp 240dpi xlrg long land -touch qwerty/v/v -nav/h winConfig={ mBounds=Rect(0, 0 - 1920, 1080) mAppBounds=Rect(0, 0 - 1920, 1080) mMaxBounds=Rect(0, 0 - 1920, 1080) mDisplayRotation=ROTATION_0 mWindowingMode=fullscreen mActivityType=undefined mAlwaysOnTop=undefined mRotation=ROTATION_0} s.6 fontWeightAdjustment=0}
04-01 08:46:52.356 612 868 D WallpaperManagerService: WPMS.saveSettingsLocked-0
04-01 08:46:52.391 1234 1339 D WM-SystemJobScheduler: Reconciling jobs
04-01 08:46:52.412 1342 1342 D ApplicationLoaders: Returning zygote-cached class loader: /system/framework/android.test.base.jar
04-01 08:46:52.414 1321 1321 D CompatChangeReporter: Compat change id reported: 202956589; UID 10085; state: ENABLED
04-01 08:46:52.417 838 843 I ndroid.systemui: JIT allocated 59KB for compiled code of java.lang.Object com.android.systemui.dagger.DaggerReferenceGlobalRootComponent$ReferenceSysUIComponentImpl$SwitchingProvider.get13()
04-01 08:46:52.425 1234 1339 D WM-ForceStopRunnable: Found unfinished work, scheduling it.
04-01 08:46:52.427 838 843 I ndroid.systemui: Compiler allocated 4683KB to compile java.lang.Object com.android.systemui.dagger.DaggerReferenceGlobalRootComponent$ReferenceSysUIComponentImpl$SwitchingProvider.get13()
04-01 08:46:52.447 1321 1321 V GraphicsEnvironment: Currently set values for:
04-01 08:46:52.447 1321 1321 V GraphicsEnvironment: angle_gl_driver_selection_pkgs=[]
04-01 08:46:52.447 1321 1321 V GraphicsEnvironment: angle_gl_driver_selection_values=[]
04-01 08:46:52.447 1321 1321 V GraphicsEnvironment: Global.Settings values are invalid: number of packages: 0, number of values: 0
04-01 08:46:52.447 1321 1321 V GraphicsEnvironment: Neither updatable production driver nor prerelease driver is supported.
04-01 08:46:52.475 1234 1339 D CompatChangeReporter: Compat change id reported: 311402873; UID 10094; state: ENABLED
04-01 08:46:52.475 1234 1339 D CompatChangeReporter: Compat change id reported: 323349338; UID 10094; state: ENABLED
04-01 08:46:52.476 1234 1339 D WM-SystemJobScheduler: Scheduling work ID 66e536f5-2d7e-46eb-835f-f7759141e176Job ID 0
04-01 08:46:52.479 612 871 D CompatChangeReporter: Compat change id reported: 311402873; UID 10094; state: ENABLED
04-01 08:46:52.479 612 871 D CompatChangeReporter: Compat change id reported: 323349338; UID 10094; state: ENABLED
04-01 08:46:52.498 838 838 I Choreographer: Skipped 335 frames! The application may be doing too much work on its main thread.
04-01 08:46:52.530 478 575 D AHAL_StreamPrimary: transfer: skipping transfer (4096 frames)
04-01 08:46:52.579 478 575 D AHAL_StreamPrimary: transfer: skipping transfer (4096 frames)
04-01 08:46:52.585 1093 1093 D TestEventsEmitterProduction: Event sent LAUNCHER_ON_CREATE
04-01 08:46:52.590 1093 1093 I ViewCaptureFactory: instantiating SettingsAwareViewCapture
04-01 08:46:52.594 838 844 I ndroid.systemui: Background concurrent mark compact GC freed 9542KB AllocSpace bytes, 10(264KB) LOS objects, 49% free, 11MB/22MB, paused 11.458ms,31.227ms total 1.496s
04-01 08:46:52.612 612 868 V WallpaperManagerService: WPMS.saveSettingsLocked-0 took to complete: 255ms
04-01 08:46:52.618 612 651 W system_server: Long monitor contention with owner shortcut (806) at void com.android.server.pm.ShortcutPackageItem.saveShortcutPackageItem()(ShortcutPackageItem.java:228) waiters=0 in void com.android.server.pm.ShortcutPackage.forEachShortcutStopWhen(java.util.function.Function) for 378ms
04-01 08:46:52.620 612 651 D ShortcutService: Getting shortcuts for launcher= com.android.systemuiuserId=0 pkg=com.android.documentsui
04-01 08:46:52.629 1234 1359 D WM-PackageManagerHelper: Skipping component enablement for androidx.work.impl.background.systemalarm.RescheduleReceiver
04-01 08:46:52.646 1321 1321 I DeviceLockControllerApplication: onCreate
04-01 08:46:52.655 1093 1093 D CompatChangeReporter: Compat change id reported: 349153669; UID 10066; state: ENABLED
04-01 08:46:52.658 1093 1093 W HWUI : Unknown dataspace 0
04-01 08:46:52.664 838 846 W ndroid.systemui: ApkAssets: Deleting an ApkAssets object ' and /system/system_ext/priv-app/Launcher3QuickStep/Launcher3QuickStep.apk' with 1 weak references
04-01 08:46:52.695 1342 1342 D nativeloader: Configuring clns-shared-7 for other apk /system/priv-app/StatementService/StatementService.apk. target_sdk_version=29, uses_libraries=, library_path=/system/priv-app/StatementService/lib/arm64:/system/lib64, permitted_path=/data:/mnt/expand:/data/user/0/com.android.statementservice:/system/priv-app/StatementService:/system/lib64
04-01 08:46:52.693 1321 1321 D DeviceLockControllerService: onCreate
04-01 08:46:52.701 1093 1093 D TouchInteractionService: onUserUnlocked: userId=0
04-01 08:46:52.706 449 476 I netd : tetherGetStats() -> {[]} <16.51ms>
04-01 08:46:52.708 1321 1321 I UserRestrictionsPolicyHandler: Build type DEBUG = true
04-01 08:46:52.714 1093 1093 I OverviewComponentObserver: updateOverviewTargets: mIsHomeDisabled=false, isDefaultHomeNull=false, mIsDefaultHome=true
04-01 08:46:52.755 612 693 I AppWidgetServiceImpl: getInstalledProvidersForProfiles() 0
04-01 08:46:52.760 612 868 I AppWidgetServiceImpl: notifyProviderInheritance() 0
04-01 08:46:52.761 612 612 I DeviceLockControllerConnectorImpl: Connected to com.android.devicelockcontroller/.DeviceLockControllerService
04-01 08:46:52.817 478 575 D AHAL_StreamPrimary: transfer: skipping transfer (4096 frames)
04-01 08:46:52.829 838 851 I HWUI : Davey! duration=5901ms; Flags=0, FrameTimelineVsyncId=2226, IntendedVsync=39967326073, Vsync=45550701728, InputEventId=0, HandleInputStart=45568739350, AnimationStart=45568742010, PerformTraversalsStart=45631746130, DrawStart=45797437205, FrameDeadline=41733955814, FrameInterval=45567269025, FrameStartTime=16666793, SyncQueued=45802395090, SyncStart=45803996835, IssueDrawCommandsStart=45804317275, SwapBuffers=45866641770, FrameCompleted=45870060280, DequeueBufferDuration=39550, QueueBufferDuration=2699165, GpuCompleted=45866641770, SwapBuffersCompleted=45870060280, DisplayPresentTime=0, CommandSubmissionCompleted=45866641770,
04-01 08:46:52.865 478 575 D AHAL_StreamPrimary: transfer: skipping transfer (4096 frames)
04-01 08:46:52.874 1093 1113 D CompatChangeReporter: Compat change id reported: 270674727; UID 10066; state: ENABLED
04-01 08:46:52.876 1093 1113 D b/353505773: before: Database file: launcher_6_by_5.db
04-01 08:46:52.876 1093 1113 D b/353505773: before: Database file: launcher_6_by_5.db-journal
04-01 08:46:52.876 1093 1113 D b/353505773: before: Database file: app_icons.db
04-01 08:46:52.876 1093 1113 D b/353505773: before: Database file: app_icons.db-journal
04-01 08:46:52.878 1093 1113 D RestoreDbTask: No restore task pending, exiting RestoreDbTask
04-01 08:46:52.879 1093 1113 D b/353505773: after: Database file: launcher_6_by_5.db
04-01 08:46:52.879 1093 1113 D b/353505773: after: Database file: launcher_6_by_5.db-journal
04-01 08:46:52.879 1093 1113 D b/353505773: after: Database file: app_icons.db
04-01 08:46:52.879 1093 1113 D b/353505773: after: Database file: app_icons.db-journal
04-01 08:46:52.881 1342 1342 V GraphicsEnvironment: Currently set values for:
04-01 08:46:52.881 1342 1342 V GraphicsEnvironment: angle_gl_driver_selection_pkgs=[]
04-01 08:46:52.881 1342 1342 V GraphicsEnvironment: angle_gl_driver_selection_values=[]
04-01 08:46:52.881 1342 1342 V GraphicsEnvironment: Global.Settings values are invalid: number of packages: 0, number of values: 0
04-01 08:46:52.881 1342 1342 V GraphicsEnvironment: Neither updatable production driver nor prerelease driver is supported.
04-01 08:46:52.885 1093 1113 D LauncherProvider: migrateGridIfNeeded: no grid migration needed
04-01 08:46:52.886 1093 1113 D LoaderTask: loadWorkspace: loading default favorites
04-01 08:46:52.898 1093 1113 D LoaderTask: loadWorkspace: Packages with active install sessions: []
04-01 08:46:52.932 1321 1321 D GlobalParametersService: onCreate
04-01 08:46:52.936 1321 1366 I DlcClient: Binding com.android.devicelockcontroller/.storage.GlobalParametersService
04-01 08:46:52.941 612 638 D ShortcutService: Getting shortcuts for launcher= com.android.launcher3userId=0 pkg=null
04-01 08:46:52.965 1093 1113 D LoaderTask: No pinned shortcuts found for user UserHandle{0}
