--------- beginning of main
01-01 00:00:16.935 241 241 W linker : Warning: failed to find generated linker configuration from "/linkerconfig/ld.config.txt"
01-01 00:00:16.945 242 242 W linker : Warning: failed to find generated linker configuration from "/linkerconfig/ld.config.txt"
01-01 00:00:16.967 240 240 I lowmemorykiller: Using psi monitors for memory pressure detection
01-01 00:00:16.969 240 240 I lowmemorykiller: Process polling is supported
01-01 00:00:16.973 240 240 I lowmemorykiller: Process reaper initialized with 2 threads in the pool
01-01 00:00:17.019 242 242 E hwservicemanager: libvintf-usage-violation: Executable /system/system_ext/bin/hwservicemanager should not use libvintf. It should query VINTF metadata via servicemanager
01-01 00:00:17.021 242 242 I hwservicemanager: getFrameworkHalManifest: Reading VINTF information.
01-01 00:00:17.048 242 242 I hwservicemanager: Loaded APEX Infos from /bootstrap-apex/apex-info-list.xml
01-01 00:00:17.048 242 242 I hwservicemanager: getDeviceHalManifest: Reading VINTF information.
01-01 00:00:17.065 242 242 I hwservicemanager: Loaded APEX Infos from /bootstrap-apex/apex-info-list.xml
01-01 00:00:17.068 242 242 I hwservicemanager: getDeviceHalManifest: Successfully processed VINTF information
01-01 00:00:17.068 242 242 I hwservicemanager: getFrameworkHalManifest: Successfully processed VINTF information
01-01 00:00:17.073 242 242 I hwservicemanager: hwservicemanager is ready now. --------- beginning of kernel
01-01 00:00:09.577 0 0 I : Booting Linux on physical CPU 0x0000000000 [0x410fd034]
01-01 00:00:09.577 0 0 I : Linux version 6.6.66-android15-8-g2891b58aa546-4k (kleaf@build-host) (Android (11368308, +pgo, +bolt, +lto, +mlgo, based on r510928) clang version 18.0.0 (https://android.googlesource.com/toolchain/llvm-project 477610d4d0d988e69dbc3fae4fe86bff3f07f2b5), LLD 18.0.0) #1 SMP PREEMPT Tue Feb 18 14:58:33 UTC 2025
01-01 00:00:09.577 0 0 W : KASLR disabled due to lack of seed
01-01 00:00:09.577 0 0 I Machine model: Texas Instruments AM62P5 SK
01-01 00:00:09.577 0 0 I stackdepot: disabled
01-01 00:00:09.577 0 0 I : Enabling dynamic shadow call stack
01-01 00:00:09.577 0 0 I efi : UEFI not found.
01-01 00:00:09.577 0 0 I Reserved memory: bypass linux,cma node, using cmdline CMA params instead
01-01 00:00:09.577 0 0 I OF : reserved mem: node linux,cma compatible matching fail
01-01 00:00:09.577 0 0 I OF : reserved mem: 0x0000000080000000..0x000000008007ffff (512 KiB) nomap non-reusable tfa@80000000
01-01 00:00:09.577 0 0 I Reserved memory: created DMA memory pool at 0x000000009b500000, size 3 MiB
01-01 00:00:09.577 0 0 I OF : reserved mem: initialized node rtos-ipc-memory@9b500000, compatible id shared-dma-pool
01-01 00:00:09.577 0 0 I OF : reserved mem: 0x000000009b500000..0x000000009b7fffff (3072 KiB) nomap non-reusable rtos-ipc-memory@9b500000
01-01 00:00:09.577 0 0 I Reserved memory: created DMA memory pool at 0x000000009b800000, size 1 MiB
01-01 00:00:09.577 0 0 I OF : reserved mem: initialized node mcu-r5fss-dma-memory-region@9b800000, compatible id shared-dma-pool
01-01 00:00:09.577 0 0 I OF : reserved mem: 0x000000009b800000..0x000000009b8fffff (1024 KiB) nomap non-reusable mcu-r5fss-dma-memory-region@9b800000
01-01 00:00:09.577 0 0 I Reserved memory: created DMA memory pool at 0x000000009b900000, size 15 MiB
01-01 00:00:09.577 0 0 I OF : reserved mem: initialized node mcu-r5fss-memory-region@9b900000, compatible id shared-dma-pool
01-01 00:00:09.577 0 0 I OF : reserved mem: 0x000000009b900000..0x000000009c7fffff (15360 KiB) nomap non-reusable mcu-r5fss-memory-region@9b900000
01-01 00:00:09.577 0 0 I Reserved memory: created DMA memory pool at 0x000000009c800000, size 1 MiB
01-01 00:00:09.577 0 0 I OF : reserved mem: initialized node r5f-dma-memory@9c800000, compatible id shared-dma-pool
01-01 00:00:09.577 0 0 I OF : reserved mem: 0x000000009c800000..0x000000009c8fffff (1024 KiB) nomap non-reusable r5f-dma-memory@9c800000
01-01 00:00:09.577 0 0 I Reserved memory: created DMA memory pool at 0x000000009c900000, size 30 MiB
01-01 00:00:09.577 0 0 I OF : reserved mem: initialized node r5f-memory@9c900000, compatible id shared-dma-pool
01-01 00:00:09.577 0 0 I OF : reserved mem: 0x000000009c900000..0x000000009e6fffff (30720 KiB) nomap non-reusable r5f-memory@9c900000
01-01 00:00:09.577 0 0 I OF : reserved mem: 0x000000009e800000..0x000000009fffffff (24576 KiB) nomap non-reusable optee@9e800000
01-01 00:00:09.577 0 0 I OF : reserved mem: initialized node video, compatible id dma-heap-carveout
01-01 00:00:09.577 0 0 I OF : reserved mem: 0x00000000a0000000..0x00000000c8ffffff (671744 KiB) nomap non-reusable video
01-01 00:00:09.577 0 0 I kvm [0] : Reserved 46 MiB at 0x9fc200000
01-01 00:00:09.577 0 0 I Zone ranges:
01-01 00:00:09.577 0 0 I : DMA32 [mem 0x0000000080000000-0x00000000ffffffff]
01-01 00:00:09.577 0 0 I : Normal [mem 0x0000000100000000-0x00000009ffffffff]
01-01 00:00:09.577 0 0 I : Movable zone start for each node
01-01 00:00:09.577 0 0 I : NoSplit zone start for each node
01-01 00:00:09.577 0 0 I : NoMerge zone start for each node
01-01 00:00:09.577 0 0 I : Early memory node ranges
01-01 00:00:09.577 0 0 I node 0: [mem 0x0000000080000000-0x000000008007ffff]
01-01 00:00:09.577 0 0 I node 0: [mem 0x0000000080080000-0x000000009b4fffff]
01-01 00:00:09.577 0 0 I node 0: [mem 0x000000009b500000-0x000000009e6fffff]
01-01 00:00:09.577 0 0 I node 0: [mem 0x000000009e700000-0x000000009e7fffff]
01-01 00:00:09.577 0 0 I node 0: [mem 0x000000009e800000-0x00000000c8ffffff]
01-01 00:00:09.577 0 0 I node 0: [mem 0x00000000c9000000-0x00000000ffffffff]
01-01 00:00:09.577 0 0 I node 0: [mem 0x0000000880000000-0x00000009ffffffff]
01-01 00:00:09.577 0 0 I : Initmem setup node 0 [mem 0x0000000080000000-0x00000009ffffffff]
01-01 00:00:09.577 0 0 I cma : Reserved 768 MiB at 0x00000000d0000000 on node -1
01-01 00:00:09.577 0 0 I psci : probing for conduit method from DT.
01-01 00:00:09.577 0 0 I psci : PSCIv1.1 detected in firmware.
01-01 00:00:09.577 0 0 I psci : Using standard PSCI v0.2 function IDs
01-01 00:00:09.577 0 0 I psci : Trusted OS migration not required
01-01 00:00:09.577 0 0 I psci : SMC Calling Convention v1.5
01-01 00:00:09.577 0 0 I Load bootconfig: 658 bytes 34 nodes
01-01 00:00:09.577 0 0 I percpu : Embedded 31 pages/cpu s88232 r8192 d30552 u126976
01-01 00:00:09.577 0 0 D pcpu-alloc: s88232 r8192 d30552 u126976 alloc=31*4096
01-01 00:00:09.577 0 0 D pcpu-alloc: [0] 0 [0] 1 [0] 2 [0] 3
01-01 00:00:09.577 0 0 I : Detected VIPT I-cache on CPU0
01-01 00:00:09.577 0 0 W CPU features: SYS_ID_AA64MMFR1_EL1[11:8]: already set to 0
01-01 00:00:09.577 0 0 I CPU features: detected: GIC system register CPU interface
01-01 00:00:09.577 0 0 I CPU features: detected: ARM erratum 845719
01-01 00:00:09.577 0 0 I alternatives: applying boot alternatives
01-01 00:00:09.577 0 0 I : Kernel command line: console=ttynull stack_depot_disable=on cgroup_disable=pressure kasan.stacktrace=off kvm-arm.mode=protected bootconfig ioremap_guard cma=768M console=ttyS2,115200 printk.devkmsg=on init=/init quiet firmware_class.path=/vendor/firmware mem_sleep_default=deep 8250.nr_uarts=10 bootconfig
01-01 00:00:09.577 0 0 I cgroup : Disabling pressure control group feature
01-01 00:00:09.577 0 0 I : Dentry cache hash table entries: 1048576 (order: 11, 8388608 bytes, linear)
01-01 00:00:09.577 0 0 I : Inode-cache hash table entries: 524288 (order: 10, 4194304 bytes, linear)
01-01 00:00:09.577 0 0 I : Built 1 zonelists, mobility grouping on. Total pages: 2064384
01-01 00:00:09.577 0 0 I mem auto-init: stack:all(zero), heap alloc:on, heap free:off
01-01 00:00:09.577 0 0 I : software IO TLB: area num 4.
01-01 00:00:09.577 0 0 I : software IO TLB: mapped [mem 0x00000000cc000000-0x00000000d0000000] (64MB)
01-01 00:00:09.577 0 0 I Memory : 6523980K/8388608K available (16832K kernel code, 2062K rwdata, 12836K rodata, 4224K init, 584K bss, 1078196K reserved, 786432K cma-reserved)
01-01 00:00:09.577 0 0 I SLUB : HWalign=64, Order=0-3, MinObjects=0, CPUs=4, Nodes=1
01-01 00:00:09.577 0 0 I : trace event string verifier disabled
01-01 00:00:09.577 0 0 I rcu : Preemptible hierarchical RCU implementation.
01-01 00:00:09.577 0 0 I rcu : RCU event tracing is enabled.
01-01 00:00:09.577 0 0 I rcu : RCU restricting CPUs from NR_CPUS=32 to nr_cpu_ids=4.
01-01 00:00:09.577 0 0 I rcu : RCU priority boosting: priority 1 delay 500 ms.
01-01 00:00:09.577 0 0 I : Trampoline variant of Tasks RCU enabled.
01-01 00:00:09.577 0 0 I : Tracing variant of Tasks RCU enabled.
01-01 00:00:09.577 0 0 I rcu : RCU calculated value of scheduler-enlistment delay is 25 jiffies.
01-01 00:00:09.577 0 0 I rcu : Adjusting geometry for rcu_fanout_leaf=16, nr_cpu_ids=4
01-01 00:00:09.577 0 0 I NR_IRQS : 64, nr_irqs: 64, preallocated irqs: 0
01-01 00:00:09.577 0 0 I GICv3 : GIC: Using split EOI/Deactivate mode
01-01 00:00:09.577 0 0 I GICv3 : 256 SPIs implemented
01-01 00:00:09.577 0 0 I GICv3 : 0 Extended SPIs implemented
01-01 00:00:09.577 0 0 I : Root IRQ handler: gic_handle_irq
01-01 00:00:09.577 0 0 I GICv3 : GICv3 features: 16 PPIs
01-01 00:00:09.577 0 0 I GICv3 : CPU0: found redistributor 0 region 0:0x0000000001880000
01-01 00:00:09.577 0 0 I : ITS [mem 0x01820000-0x0182ffff]
01-01 00:00:09.577 0 0 I GIC : enabling workaround for ITS: Socionext Synquacer pre-ITS
01-01 00:00:09.577 0 0 W ITS@0x0000000001820000: Devices Table too large, reduce ids 20->19
01-01 00:00:09.577 0 0 I ITS@0x0000000001820000: allocated 524288 Devices @880800000 (flat, esz 8, psz 64K, shr 0)
01-01 00:00:09.577 0 0 I ITS : using cache flushing for cmd queue
01-01 00:00:09.577 0 0 I GICv3 : using LPI property table @0x00000008800e0000
01-01 00:00:09.577 0 0 I GIC : using cache flushing for LPI property table
01-01 00:00:09.577 0 0 I GICv3 : CPU0: using allocated LPI pending table @0x00000008800f0000
01-01 00:00:09.577 0 0 I rcu : srcu_init: Setting srcu_struct sizes based on contention.
01-01 00:00:09.577 0 0 I arch_timer: cp15 timer(s) running at 200.00MHz (phys).
01-01 00:00:09.577 0 0 I clocksource: arch_sys_counter: mask: 0x3ffffffffffffff max_cycles: 0x2e2049d3e8, max_idle_ns: 440795210634 ns
01-01 00:00:09.577 0 0 I sched_clock: 58 bits at 200MHz, resolution 5ns, wraps every 4398046511102ns
01-01 00:00:09.578 0 0 I kfence : initialized - using 524288 bytes for 63 objects at 0x(____ptrval____)-0x(____ptrval____)
01-01 00:00:09.578 0 0 I : serial port 2 not yet initialized
01-01 00:00:09.578 0 0 I : Calibrating delay loop (skipped), value calculated using timer frequency.. 400.00 BogoMIPS (lpj=800000)
01-01 00:00:09.578 0 0 I pid_max : default: 32768 minimum: 301
01-01 00:00:09.581 0 0 I LSM : initializing lsm=capability,selinux,bpf,integrity
01-01 00:00:09.583 0 0 I SELinux : Initializing.
01-01 00:00:09.588 0 0 I : LSM support for eBPF active
01-01 00:00:09.589 0 0 I : Mount-cache hash table entries: 16384 (order: 5, 131072 bytes, linear)
01-01 00:00:09.589 0 0 I : Mountpoint-cache hash table entries: 16384 (order: 5, 131072 bytes, linear)
01-01 00:00:09.594 1 1 I RCU Tasks: Setting shift to 2 and lim to 1 rcu_task_cb_adjust=1.
01-01 00:00:09.594 1 1 I : RCU Tasks Trace: Setting shift to 2 and lim to 1 rcu_task_cb_adjust=1.
01-01 00:00:09.594 1 1 I rcu : Hierarchical SRCU implementation.
01-01 00:00:09.594 1 1 I rcu : Max phase no-delay instances is 1000.
01-01 00:00:09.596 1 1 I dyndbg : Ignore empty _ddebug table in a CONFIG_DYNAMIC_DEBUG_CORE build
01-01 00:00:09.596 1 1 I Platform MSI: msi-controller@1820000 domain created
01-01 00:00:09.596 1 1 I PCI/MSI : /bus@f0000/interrupt-controller@1800000/msi-controller@1820000 domain created
01-01 00:00:09.597 1 1 I : EFI services will not be available.
01-01 00:00:09.597 1 1 I smp : Bringing up secondary CPUs ...
01-01 00:00:09.598 0 0 I : Detected VIPT I-cache on CPU1
01-01 00:00:09.598 0 0 I GICv3 : CPU1: found redistributor 1 region 0:0x00000000018a0000
01-01 00:00:09.598 0 0 I GICv3 : CPU1: using allocated LPI pending table @0x0000000880100000
01-01 00:00:09.598 0 0 I CPU1 : Booted secondary processor 0x0000000001 [0x410fd034]
01-01 00:00:09.599 0 0 I : Detected VIPT I-cache on CPU2
01-01 00:00:09.599 0 0 I GICv3 : CPU2: found redistributor 2 region 0:0x00000000018c0000
01-01 00:00:09.599 0 0 I GICv3 : CPU2: using allocated LPI pending table @0x0000000880110000
01-01 00:00:09.599 0 0 I CPU2 : Booted secondary processor 0x0000000002 [0x410fd034]
01-01 00:00:09.600 0 0 I : Detected VIPT I-cache on CPU3
01-01 00:00:09.600 0 0 I GICv3 : CPU3: found redistributor 3 region 0:0x00000000018e0000
01-01 00:00:09.600 0 0 I GICv3 : CPU3: using allocated LPI pending table @0x0000000880120000
01-01 00:00:09.600 0 0 I CPU3 : Booted secondary processor 0x0000000003 [0x410fd034]
01-01 00:00:09.600 1 1 I smp : Brought up 1 node, 4 CPUs
01-01 00:00:09.601 1 1 I SMP : Total of 4 processors activated.
01-01 00:00:09.601 1 1 I CPU features: detected: 32-bit EL0 Support
01-01 00:00:09.601 1 1 I CPU features: detected: 32-bit EL1 Support
01-01 00:00:09.601 1 1 I CPU features: detected: CRC32 instructions
01-01 00:00:09.601 1 1 I CPU features: detected: Protected KVM
01-01 00:00:09.601 1 1 I CPU features: emulated: Privileged Access Never (PAN) using TTBR0_EL1 switching
01-01 00:00:09.601 1 1 I : CPU: All CPU(s) started at EL2
01-01 00:00:09.601 1 1 I alternatives: applying system-wide alternatives
01-01 00:00:09.619 1 1 I clocksource: jiffies: mask: 0xffffffff max_cycles: 0xffffffff, max_idle_ns: 7645041785100000 ns
01-01 00:00:09.619 1 1 I : futex hash table entries: 1024 (order: 4, 65536 bytes, linear)
01-01 00:00:09.643 1 1 I pinctrl core: initialized pinctrl subsystem
01-01 00:00:09.645 1 1 I NET : Registered PF_NETLINK/PF_ROUTE protocol family
01-01 00:00:09.647 1 1 I DMA : preallocated 1024 KiB GFP_KERNEL pool for atomic allocations
01-01 00:00:09.648 1 1 I DMA : preallocated 1024 KiB GFP_KERNEL|GFP_DMA32 pool for atomic allocations
01-01 00:00:09.648 1 1 I audit : initializing netlink subsys (disabled)
01-01 00:00:00.068 239 239 W auditd : type=2000 audit(0.0:1): state=initialized audit_enabled=0 res=1
01-01 00:00:09.649 1 1 I thermal_sys: Registered thermal governor 'bang_bang'
01-01 00:00:09.649 1 1 I thermal_sys: Registered thermal governor 'step_wise'
01-01 00:00:09.649 1 1 I thermal_sys: Registered thermal governor 'user_space'
01-01 00:00:09.649 1 1 I thermal_sys: Registered thermal governor 'power_allocator'
01-01 00:00:09.649 1 1 I cpuidle : using governor menu
01-01 00:00:09.650 1 1 I hw-breakpoint: found 6 breakpoint and 4 watchpoint registers.
01-01 00:00:09.650 1 1 I : ASID allocator initialised with 65536 entries
01-01 00:00:09.650 1 1 I Serial : AMBA PL011 UART driver
01-01 00:00:09.657 1 1 I /bus@f0000/interrupt-controller@1800000: Fixed dependency cycle(s) with /bus@f0000/interrupt-controller@1800000
01-01 00:00:09.657 1 1 I /bus@f0000/i2c@20000000/usb-power-controller@3f/connector: Fixed dependency cycle(s) with /bus@f0000/usb@f900000/usb@31000000
01-01 00:00:09.657 1 1 I /bus@f0000/i2c@20010000/bridge-hdmi@3b: Fixed dependency cycle(s) with /bus@f0000/dss@30200000
01-01 00:00:09.657 1 1 I /bus@f0000/usb@f900000/usb@31000000: Fixed dependency cycle(s) with /bus@f0000/i2c@20000000/usb-power-controller@3f/connector
01-01 00:00:09.657 1 1 I /bus@f0000/dss@30200000: Fixed dependency cycle(s) with /bus@f0000/i2c@20010000/bridge-hdmi@3b
01-01 00:00:09.664 1 1 I /bus@f0000/i2c@20000000/usb-power-controller@3f/connector: Fixed dependency cycle(s) with /bus@f0000/usb@f900000/usb@31000000
01-01 00:00:09.664 1 1 I /bus@f0000/i2c@20010000/bridge-hdmi@3b: Fixed dependency cycle(s) with /bus@f0000/dss@30200000
01-01 00:00:09.665 1 1 I /bus@f0000/usb@f900000/usb@31000000: Fixed dependency cycle(s) with /bus@f0000/i2c@20000000/usb-power-controller@3f/connector
01-01 00:00:09.668 1 1 I /bus@f0000/i2c@20010000/bridge-hdmi@3b: Fixed dependency cycle(s) with /bus@f0000/dss@30200000
01-01 00:00:09.668 1 1 I /bus@f0000/dss@30200000: Fixed dependency cycle(s) with /bus@f0000/i2c@20010000/bridge-hdmi@3b
01-01 00:00:09.670 1 1 I /bus@f0000/i2c@20010000/bridge-hdmi@3b: Fixed dependency cycle(s) with /connector-hdmi
01-01 00:00:09.670 1 1 I /connector-hdmi: Fixed dependency cycle(s) with /bus@f0000/i2c@20010000/bridge-hdmi@3b
01-01 00:00:09.671 1 1 I Modules : 23584 pages in range for non-PLT usage
01-01 00:00:09.671 1 1 I Modules : 515104 pages in range for PLT usage
01-01 00:00:09.676 1 1 I k3-chipinfo 43000014.chipid: Family:AM62PX rev:SR1.0 JTAGID[0x0bb9d02f] Detected
01-01 00:00:09.677 1 1 I iommu : Default domain type: Translated
01-01 00:00:09.677 1 1 I iommu : DMA domain TLB invalidation policy: strict mode
01-01 00:00:09.677 1 1 I : SCSI subsystem initialized
01-01 00:00:09.678 1 1 I usbcore : registered new interface driver usbfs
01-01 00:00:09.678 1 1 I usbcore : registered new interface driver hub
01-01 00:00:09.678 1 1 I usbcore : registered new device driver usb
01-01 00:00:09.678 1 1 I mc : Linux media interface: v0.10
01-01 00:00:09.678 1 1 I videodev: Linux video capture interface: v2.00
01-01 00:00:09.678 1 1 I EDAC MC : Ver: 3.0.0
01-01 00:00:09.679 1 1 I scmi_core: SCMI protocol bus registered
01-01 00:00:09.680 1 1 I : Advanced Linux Sound Architecture Driver Initialized.
01-01 00:00:09.681 1 1 I clocksource: Switched to clocksource arch_sys_counter
01-01 00:00:09.730 1 1 I VFS : Disk quotas dquot_6.6.0
01-01 00:00:09.730 1 1 I VFS : Dquot-cache hash table entries: 512 (order 0, 4096 bytes)
01-01 00:00:09.731 1 1 I Carveout Heap: Exported 656 MiB at 0x00000000a0000000
01-01 00:00:09.732 1 1 I NET : Registered PF_INET protocol family
01-01 00:00:09.732 1 1 I : IP idents hash table entries: 131072 (order: 8, 1048576 bytes, linear)
01-01 00:00:09.739 1 1 I : tcp_listen_portaddr_hash hash table entries: 4096 (order: 4, 65536 bytes, linear)
01-01 00:00:09.739 1 1 I : Table-perturb hash table entries: 65536 (order: 6, 262144 bytes, linear)
01-01 00:00:09.739 1 1 I : TCP established hash table entries: 65536 (order: 7, 524288 bytes, linear)
01-01 00:00:09.740 1 1 I : TCP bind hash table entries: 65536 (order: 9, 2097152 bytes, linear)
01-01 00:00:09.742 1 1 I TCP : Hash tables configured (established 65536 bind 65536)
01-01 00:00:09.742 1 1 I : UDP hash table entries: 4096 (order: 5, 131072 bytes, linear)
01-01 00:00:09.742 1 1 I : UDP-Lite hash table entries: 4096 (order: 5, 131072 bytes, linear)
01-01 00:00:09.743 1 1 I NET : Registered PF_UNIX/PF_LOCAL protocol family
01-01 00:00:09.743 1 1 I NET : Registered PF_XDP protocol family
01-01 00:00:09.743 1 1 I PCI : CLS 0 bytes, default 64
01-01 00:00:09.743 12 12 I : Trying to unpack rootfs image as initramfs...
01-01 00:00:09.746 1 1 I kvm [1] : IPA Size Limit: 40 bits
01-01 00:00:09.804 1 1 I kvm [1] : disabling GICv2 emulation
01-01 00:00:09.804 1 1 I kvm [1] : GIC system register CPU interface enabled
01-01 00:00:09.804 1 1 I kvm [1] : vgic interrupt IRQ9
01-01 00:00:09.804 1 1 I kvm [1] : Protected nVHE mode initialized successfully
01-01 00:00:09.807 1 1 I : Initialise system trusted keyrings
01-01 00:00:09.807 1 1 I workingset: timestamp_bits=46 max_order=21 bucket_order=0
01-01 00:00:09.817 1 1 I fuse : init (API version 7.39)
01-01 00:00:09.854 1 1 I : Key type asymmetric registered
01-01 00:00:09.854 1 1 I : Asymmetric key parser 'x509' registered
01-01 00:00:09.854 1 1 I : Block layer SCSI generic (bsg) driver version 0.4 loaded (major 241)
01-01 00:00:09.855 1 1 I : io scheduler mq-deadline registered
01-01 00:00:09.855 1 1 I : io scheduler kyber registered
01-01 00:00:09.855 1 1 I : io scheduler bfq registered
01-01 00:00:09.858 1 1 I pinctrl-single 4084000.pinctrl: 34 pins, size 136
01-01 00:00:09.859 1 1 I pinctrl-single f4000.pinctrl: 171 pins, size 684
01-01 00:00:09.864 1 1 I Serial : 8250/16550 driver, 10 ports, IRQ sharing disabled
01-01 00:00:09.870 1 1 I printk : console [ttynull0] enabled
01-01 00:00:09.882 1 1 I brd : module loaded
01-01 00:00:09.897 1 1 I loop : module loaded
01-01 00:00:09.900 1 1 I wireguard: WireGuard 1.0.0 loaded. See www.wireguard.com for information.
01-01 00:00:09.900 1 1 I wireguard: Copyright (C) 2015-2019 Jason A. Donenfeld . All Rights Reserved.
01-01 00:00:09.902 1 1 I tun : Universal TUN/TAP device driver, 1.6
01-01 00:00:09.904 1 1 I usbcore : registered new interface driver uas
01-01 00:00:09.904 1 1 I usbcore : registered new interface driver usb-storage
01-01 00:00:09.904 1 1 I usbcore : registered new interface driver xpad
01-01 00:00:09.904 1 1 I gspca_main: v2.14.0 registered
01-01 00:00:09.904 1 1 I usbcore : registered new interface driver uvcvideo
01-01 00:00:09.905 1 1 I device-mapper: uevent: version 1.0.3
01-01 00:00:09.905 1 1 I device-mapper: ioctl: 4.48.0-ioctl (2023-03-01) initialised: dm-devel@redhat.com
01-01 00:00:09.908 1 1 I sdhci : Secure Digital Host Controller Interface driver
01-01 00:00:09.908 1 1 I sdhci : Copyright(c) Pierre Ossman
01-01 00:00:09.908 1 1 I sdhci-pltfm: SDHCI platform and OF driver helper
01-01 00:00:09.909 1 1 I SMCCC : SOC_ID: ARCH_SOC_ID not implemented, skipping ....
01-01 00:00:09.910 1 1 I hid : raw HID events driver (C) Jiri Kosina
01-01 00:00:09.911 1 1 I usbcore : registered new interface driver usbhid
01-01 00:00:09.911 1 1 I usbhid : USB HID core driver
01-01 00:00:09.912 1 1 I ashmem : initialized
01-01 00:00:09.913 1 1 I hw perfevents: enabled with armv8_cortex_a53 PMU driver, 7 counters available
01-01 00:00:09.914 55 55 I watchdog: Delayed init of the lockup detector failed: -19
01-01 00:00:09.914 55 55 I watchdog: Hard watchdog permanently disabled
01-01 00:00:09.915 1 1 I gnss : GNSS driver registered with major 506
01-01 00:00:09.915 1 1 I usbcore : registered new interface driver snd-usb-audio
01-01 00:00:09.916 1 1 I : GACT probability NOT on
01-01 00:00:09.916 1 1 I : Mirror/redirect action on
01-01 00:00:09.916 1 1 I netem : version 1.3
01-01 00:00:09.916 1 1 I : u32 classifier
01-01 00:00:09.916 1 1 I : input device check on
01-01 00:00:09.916 1 1 I : Actions configured
01-01 00:00:09.985 1 1 I xt_time : kernel timezone is -0000
01-01 00:00:09.985 1 1 I ipip : IPv4 and MPLS over IPv4 tunneling driver
01-01 00:00:09.986 1 1 I gre : GRE over IPv4 demultiplexor driver
01-01 00:00:09.986 1 1 I ip_gre : GRE over IPv4 tunneling driver
01-01 00:00:09.988 1 1 I : IPv4 over IPsec tunneling driver
01-01 00:00:09.988 1 1 I : Initializing XFRM netlink socket
01-01 00:00:09.988 1 1 I : IPsec XFRM device driver
01-01 00:00:09.989 1 1 I NET : Registered PF_INET6 protocol family
01-01 00:00:09.992 1 1 I : Segment Routing with IPv6
01-01 00:00:09.992 1 1 I : In-situ OAM (IOAM) with IPv6
01-01 00:00:09.992 1 1 I mip6 : Mobile IPv6
01-01 00:00:09.993 1 1 I sit : IPv6, IPv4 and MPLS over IPv4 tunneling driver
01-01 00:00:09.994 1 1 I ip6_gre : GRE over IPv6 tunneling driver
01-01 00:00:09.995 1 1 I NET : Registered PF_PACKET protocol family
01-01 00:00:09.995 1 1 I NET : Registered PF_KEY protocol family
01-01 00:00:09.996 1 1 I NET : Registered PF_VSOCK protocol family
01-01 00:00:09.996 1 1 E kvm [1] : pKVM enabled with no IOMMU driver, do not run confidential workloads in virtual machines
01-01 00:00:09.996 1 1 E : Failed to init KVM IOMMU driver: -19
01-01 00:00:10.009 1 1 I : registered taskstats version 1
01-01 00:00:10.009 1 1 I : Loading compiled-in X.509 certificates
01-01 00:00:10.012 1 1 I : Loaded X.509 cert 'Build time autogenerated kernel key: cdf94fcfb00f2182806ced5109a18bb675c498af'
01-01 00:00:10.022 12 12 I : Freeing initrd memory: 20132K
01-01 00:00:10.030 1 1 I : page_owner is disabled
01-01 00:00:10.030 1 1 I : Key type .fscrypt registered
01-01 00:00:10.030 1 1 I : Key type fscrypt-provisioning registered
01-01 00:00:10.035 1 1 I clk : Disabling unused clocks
01-01 00:00:10.035 1 1 I : ALSA device list:
01-01 00:00:10.035 1 1 I : No soundcards found.
01-01 00:00:10.036 1 1 I : Freeing unused kernel memory: 4224K
01-01 00:00:10.037 1 1 I : Run /init as init process
01-01 00:00:10.037 1 1 D with arguments:
01-01 00:00:10.037 1 1 D : /init
01-01 00:00:10.037 1 1 D with environment:
01-01 00:00:10.037 1 1 D : HOME=/
01-01 00:00:10.037 1 1 D : TERM=linux
01-01 00:00:11.261 0 0 I [ C1] random: crng init done
01-01 00:00:11.265 1 1 I init : init first stage started!
01-01 00:00:11.272 78 78 I init : Loading module /lib/modules/zsmalloc.ko with args ''
01-01 00:00:11.272 79 79 I init : Loading module /lib/modules/tps6598x.ko with args ''
01-01 00:00:11.272 80 80 I init : Loading module /lib/modules/tps65219-regulator.ko with args ''
01-01 00:00:11.272 81 81 I init : Loading module /lib/modules/tps65219-pwrbutton.ko with args ''
01-01 00:00:11.274 80 80 I init : Loaded kernel module /lib/modules/tps65219-regulator.ko
01-01 00:00:11.274 81 81 I init : Loaded kernel module /lib/modules/tps65219-pwrbutton.ko
01-01 00:00:11.274 78 78 I init : Loaded kernel module /lib/modules/zsmalloc.ko
01-01 00:00:11.274 81 81 I init : Loading module /lib/modules/ti-msgmgr.ko with args ''
01-01 00:00:11.274 80 80 I init : Loading module /lib/modules/tps65219.ko with args ''
01-01 00:00:11.274 78 78 I init : Loading module /lib/modules/tc358762.ko with args ''
01-01 00:00:11.275 80 80 I init : Loaded kernel module /lib/modules/tps65219.ko
01-01 00:00:11.275 79 79 I init : Loaded kernel module /lib/modules/tps6598x.ko
01-01 00:00:11.275 78 78 I init : Loaded kernel module /lib/modules/tc358762.ko
01-01 00:00:11.275 78 78 I init : Loading module /lib/modules/sdhci_am654.ko with args ''
01-01 00:00:11.275 80 80 I init : Loading module /lib/modules/system_heap.ko with args ''
01-01 00:00:11.275 79 79 I init : Loading module /lib/modules/syscon-clk.ko with args ''
01-01 00:00:11.276 81 81 I init : Loaded kernel module /lib/modules/ti-msgmgr.ko
01-01 00:00:11.276 81 81 I init : Loading module /lib/modules/sa2ul.ko with args ''
01-01 00:00:11.278 79 79 I init : Loaded kernel module /lib/modules/syscon-clk.ko
01-01 00:00:11.278 78 78 I init : Loaded kernel module /lib/modules/sdhci_am654.ko
01-01 00:00:11.278 79 79 I init : Loading module /lib/modules/rti_wdt.ko with args ''
01-01 00:00:11.278 78 78 I init : Loading module /lib/modules/rtc-ti-k3.ko with args ''
01-01 00:00:11.279 80 80 I init : Loaded kernel module /lib/modules/system_heap.ko
01-01 00:00:11.279 81 81 I init : Loaded kernel module /lib/modules/sa2ul.ko
01-01 00:00:11.279 80 80 I init : Loading module /lib/modules/reset-ti-syscon.ko with args ''
01-01 00:00:11.279 81 81 I init : Loading module /lib/modules/rpi-panel-attiny-regulator.ko with args ''
01-01 00:00:11.280 78 78 I init : Loaded kernel module /lib/modules/rtc-ti-k3.ko
01-01 00:00:11.280 79 79 I init : Loaded kernel module /lib/modules/rti_wdt.ko
01-01 00:00:11.280 81 81 I init : Loaded kernel module /lib/modules/rpi-panel-attiny-regulator.ko
01-01 00:00:11.280 80 80 I init : Loaded kernel module /lib/modules/reset-ti-syscon.ko
01-01 00:00:11.280 79 79 I init : Loading module /lib/modules/phy-j721e-wiz.ko with args ''
01-01 00:00:11.280 78 78 I init : Loading module /lib/modules/phy-cadence-torrent.ko with args ''
01-01 00:00:11.280 81 81 I init : Loading module /lib/modules/phy-omap-usb2.ko with args ''
01-01 00:00:11.280 80 80 I init : Loading module /lib/modules/phy-gmii-sel.ko with args ''
01-01 00:00:11.283 79 79 I init : Loaded kernel module /lib/modules/phy-j721e-wiz.ko
01-01 00:00:11.283 81 81 I init : Loaded kernel module /lib/modules/phy-omap-usb2.ko
01-01 00:00:11.283 79 79 I init : Loading module /lib/modules/panel-simple.ko with args ''
01-01 00:00:11.283 81 81 I init : Loading module /lib/modules/palmas.ko with args ''
01-01 00:00:11.283 78 78 I init : Loaded kernel module /lib/modules/phy-cadence-torrent.ko
01-01 00:00:11.283 78 78 I init : Loading module /lib/modules/tee.ko with args ''
01-01 00:00:11.284 81 81 I init : Loaded kernel module /lib/modules/palmas.ko
01-01 00:00:11.285 81 81 I init : Loading module /lib/modules/omap-mailbox.ko with args ''
01-01 00:00:11.288 81 81 I omap-mailbox 29000000.mailbox: omap mailbox rev 0x66fca100
01-01 00:00:11.288 81 81 I omap-mailbox 29010000.mailbox: omap mailbox rev 0x66fca100
01-01 00:00:11.288 81 81 E omap-mailbox 29020000.mailbox: no available mbox devices found
01-01 00:00:11.288 81 81 E omap-mailbox 29030000.mailbox: no available mbox devices found
01-01 00:00:11.288 79 79 I init : Loaded kernel module /lib/modules/panel-simple.ko
01-01 00:00:11.289 81 81 I init : Loaded kernel module /lib/modules/omap-mailbox.ko
01-01 00:00:11.289 78 78 I init : Loaded kernel module /lib/modules/tee.ko
01-01 00:00:11.289 79 79 I init : Loading module /lib/modules/omap_hwspinlock.ko with args ''
01-01 00:00:11.289 80 80 I init : Loaded kernel module /lib/modules/phy-gmii-sel.ko
01-01 00:00:11.289 81 81 I init : Loading module /lib/modules/k3-psil-lib.ko with args ''
01-01 00:00:11.289 78 78 I init : Loading module /lib/modules/k3_j72xx_bandgap.ko with args ''
01-01 00:00:11.289 80 80 I init : Loading module /lib/modules/k3_bandgap.ko with args ''
01-01 00:00:11.290 81 81 I init : Loaded kernel module /lib/modules/k3-psil-lib.ko
01-01 00:00:11.290 80 80 I init : Loaded kernel module /lib/modules/k3_bandgap.ko
01-01 00:00:11.290 78 78 I init : Loaded kernel module /lib/modules/k3_j72xx_bandgap.ko
01-01 00:00:11.291 81 81 I init : Loading module /lib/modules/ite-it66121.ko with args ''
01-01 00:00:11.291 79 79 I init : Loaded kernel module /lib/modules/omap_hwspinlock.ko
01-01 00:00:11.291 80 80 I init : Loading module /lib/modules/mux-core.ko with args ''
01-01 00:00:11.291 78 78 I init : Loading module /lib/modules/ili210x.ko with args ''
01-01 00:00:11.291 79 79 I init : Loading module /lib/modules/i2c-mux.ko with args ''
01-01 00:00:11.292 79 79 I init : Loaded kernel module /lib/modules/i2c-mux.ko
01-01 00:00:11.292 80 80 I init : Loaded kernel module /lib/modules/mux-core.ko
01-01 00:00:11.292 81 81 I init : Loaded kernel module /lib/modules/ite-it66121.ko
01-01 00:00:11.292 78 78 I init : Loaded kernel module /lib/modules/ili210x.ko
01-01 00:00:11.293 79 79 I init : Loading module /lib/modules/i2c-dev.ko with args ''
01-01 00:00:11.293 81 81 I init : Loading module /lib/modules/gpio-pca953x.ko with args ''
01-01 00:00:11.293 80 80 I init : Loading module /lib/modules/gpio-regulator.ko with args ''
01-01 00:00:11.293 78 78 I init : Loading module /lib/modules/gpio-davinci.ko with args ''
01-01 00:00:11.295 78 78 I init : Loaded kernel module /lib/modules/gpio-davinci.ko
01-01 00:00:11.295 80 80 I init : Loaded kernel module /lib/modules/gpio-regulator.ko
01-01 00:00:11.295 80 80 I init : Loading module /lib/modules/dwc3-haps.ko with args ''
01-01 00:00:11.295 78 78 I init : Loading module /lib/modules/dwc3-of-simple.ko with args ''
01-01 00:00:11.295 79 79 I i2c_dev : i2c /dev entries driver
01-01 00:00:11.296 79 79 I init : Loaded kernel module /lib/modules/i2c-dev.ko
01-01 00:00:11.296 79 79 I init : Loading module /lib/modules/dwc3-am62.ko with args ''
01-01 00:00:11.297 78 78 I init : Loaded kernel module /lib/modules/dwc3-of-simple.ko
01-01 00:00:11.297 78 78 I init : Loading module /lib/modules/drm_dma_helper.ko with args ''
01-01 00:00:11.297 80 80 I init : Loaded kernel module /lib/modules/dwc3-haps.ko
01-01 00:00:11.298 79 79 I init : Loaded kernel module /lib/modules/dwc3-am62.ko
01-01 00:00:11.298 81 81 I init : Loaded kernel module /lib/modules/gpio-pca953x.ko
01-01 00:00:11.298 79 79 I init : Loading module /lib/modules/mdio-bitbang.ko with args ''
01-01 00:00:11.298 80 80 I init : Loading module /lib/modules/display-connector.ko with args ''
01-01 00:00:11.298 81 81 I init : Loading module /lib/modules/cma_heap.ko with args ''
01-01 00:00:11.299 78 78 I init : Loaded kernel module /lib/modules/drm_dma_helper.ko
01-01 00:00:11.299 79 79 I init : Loaded kernel module /lib/modules/mdio-bitbang.ko
01-01 00:00:11.299 78 78 I init : Loading module /lib/modules/cdns-dsi.ko with args ''
01-01 00:00:11.299 79 79 I init : Loading module /lib/modules/cdns-dphy-rx.ko with args ''
01-01 00:00:11.300 81 81 I init : Loaded kernel module /lib/modules/cma_heap.ko
01-01 00:00:11.300 81 81 I init : Loading module /lib/modules/cdns-dphy.ko with args ''
01-01 00:00:11.300 80 80 I init : Loaded kernel module /lib/modules/display-connector.ko
01-01 00:00:11.301 80 80 I init : Loading module /lib/modules/8250_omap.ko with args ''
01-01 00:00:11.301 79 79 I init : Loaded kernel module /lib/modules/cdns-dphy-rx.ko
01-01 00:00:11.302 81 81 I init : Loaded kernel module /lib/modules/cdns-dphy.ko
01-01 00:00:11.302 78 78 I init : Loaded kernel module /lib/modules/cdns-dsi.ko
01-01 00:00:11.303 80 80 I init : Loaded kernel module /lib/modules/8250_omap.ko
01-01 00:00:11.305 84 84 I init : Loading module /lib/modules/tidss.ko with args ''
01-01 00:00:11.305 83 83 I init : Loading module /lib/modules/zram.ko with args ''
01-01 00:00:11.305 85 85 I init : Loading module /lib/modules/sii902x.ko with args ''
01-01 00:00:11.307 86 86 I init : Loading module /lib/modules/phy-can-transceiver.ko with args ''
01-01 00:00:11.308 85 85 I init : Loaded kernel module /lib/modules/sii902x.ko
01-01 00:00:11.308 83 83 I zram : Added device: zram0
01-01 00:00:11.308 85 85 I init : Loading module /lib/modules/palmas-regulator.ko with args ''
01-01 00:00:11.308 83 83 I init : Loaded kernel module /lib/modules/zram.ko
01-01 00:00:11.309 86 86 I init : Loaded kernel module /lib/modules/phy-can-transceiver.ko
01-01 00:00:11.309 83 83 I init : Loading module /lib/modules/optee-rng.ko with args ''
01-01 00:00:11.309 86 86 I init : Loading module /lib/modules/optee.ko with args ''
01-01 00:00:11.310 84 84 I init : Loaded kernel module /lib/modules/tidss.ko
01-01 00:00:11.310 83 83 I init : Loaded kernel module /lib/modules/optee-rng.ko
01-01 00:00:11.310 84 84 I init : Loading module /lib/modules/mux-mmio.ko with args ''
01-01 00:00:11.310 83 83 I init : Loading module /lib/modules/mdio-gpio.ko with args ''
01-01 00:00:11.311 85 85 I init : Loaded kernel module /lib/modules/palmas-regulator.ko
01-01 00:00:11.311 85 85 I init : Loading module /lib/modules/ti_sci.ko with args ''
01-01 00:00:11.312 83 83 I init : Loaded kernel module /lib/modules/mdio-gpio.ko
01-01 00:00:11.312 84 84 I init : Loaded kernel module /lib/modules/mux-mmio.ko
01-01 00:00:11.312 83 83 I init : Loading module /lib/modules/i2c-mux-pca954x.ko with args ''
01-01 00:00:11.312 84 84 I init : Loading module /lib/modules/i2c-omap.ko with args ''
01-01 00:00:11.312 86 86 I optee : probing for conduit method.
01-01 00:00:11.312 86 86 I optee : revision 4.4 (8f645256efc0dc66)
01-01 00:00:11.313 86 86 I optee : dynamic shared memory is enabled
01-01 00:00:11.313 86 86 I optee : initialized driver
01-01 00:00:11.314 86 86 I init : Loaded kernel module /lib/modules/optee.ko
01-01 00:00:11.314 86 86 I init : Loading module /lib/modules/davinci_mdio.ko with args ''
01-01 00:00:11.314 84 84 I init : Loaded kernel module /lib/modules/i2c-omap.ko
01-01 00:00:11.315 83 83 I init : Loaded kernel module /lib/modules/i2c-mux-pca954x.ko
01-01 00:00:11.316 85 85 I ti-sci 44043000.system-controller: ABI: 4.0 (firmware rev 0x000a '10.1.8--v10.01.08 (Fiery Fox)')
01-01 00:00:11.317 86 86 I init : Loaded kernel module /lib/modules/davinci_mdio.ko
01-01 00:00:11.323 85 85 I init : Loaded kernel module /lib/modules/ti_sci.ko
01-01 00:00:11.324 88 88 I init : Loading module /lib/modules/sci-clk.ko with args ''
01-01 00:00:11.324 87 87 I init : Loading module /lib/modules/ti_sci_pm_domains.ko with args ''
01-01 00:00:11.324 89 89 I init : Loading module /lib/modules/reset-ti-sci.ko with args ''
01-01 00:00:11.326 89 89 I init : Loaded kernel module /lib/modules/reset-ti-sci.ko
01-01 00:00:11.326 89 89 I init : Loading module /lib/modules/irq-ti-sci-intr.ko with args ''
01-01 00:00:11.326 90 90 I init : Loading module /lib/modules/k3-ringacc.ko with args ''
01-01 00:00:11.328 89 89 I ti-sci-intr 4210000.interrupt-controller: Interrupt Router 5 domain created
01-01 00:00:11.328 89 89 I ti-sci-intr bus@f0000: interrupt-controller@a00000: Interrupt Router 3 domain created
01-01 00:00:11.329 90 90 I init : Loaded kernel module /lib/modules/k3-ringacc.ko
01-01 00:00:11.329 90 90 I init : Loading module /lib/modules/irq-ti-sci-inta.ko with args ''
01-01 00:00:11.329 89 89 I init : Loaded kernel module /lib/modules/irq-ti-sci-intr.ko
01-01 00:00:11.331 90 90 I ti-sci-inta 48000000.interrupt-controller: Interrupt Aggregator domain 28 created
01-01 00:00:11.332 87 87 I init : Loaded kernel module /lib/modules/ti_sci_pm_domains.ko
01-01 00:00:11.332 90 90 I ti-sci-inta 4e400000.interrupt-controller: Interrupt Aggregator domain 200 created
01-01 00:00:11.332 90 90 I init : Loaded kernel module /lib/modules/irq-ti-sci-inta.ko
01-01 00:00:11.369 88 88 I init : Loaded kernel module /lib/modules/sci-clk.ko
01-01 00:00:11.369 52 52 I /bus@f0000/i2c@20000000/usb-power-controller@3f/connector: Fixed dependency cycle(s) with /bus@f0000/usb@f900000/usb@31000000
01-01 00:00:11.370 52 52 I /bus@f0000/usb@f900000/usb@31000000: Fixed dependency cycle(s) with /bus@f0000/i2c@20000000/usb-power-controller@3f/connector
01-01 00:00:11.370 91 91 I init : Loading module /lib/modules/k3-udma.ko with args ''
01-01 00:00:11.373 52 52 I xhci-hcd.0.auto: xHCI Host Controller
01-01 00:00:11.373 52 52 I xhci-hcd.0.auto: new USB bus registered, assigned bus number 1
01-01 00:00:11.373 52 52 I xhci-hcd.0.auto: USB3 root hub has no ports
01-01 00:00:11.373 52 52 I xhci-hcd.0.auto: hcc params 0x0258fe6d hci version 0x110 quirks 0x0000808020000010
01-01 00:00:11.373 52 52 I xhci-hcd.0.auto: irq 20, io mem 0x31100000
01-01 00:00:11.373 91 91 I ti-udma 485c0100.dma-controller: Number of rings: 82
01-01 00:00:11.373 52 52 I usb1 : New USB device found, idVendor=1d6b, idProduct=0002, bcdDevice= 6.06
01-01 00:00:11.373 52 52 I usb1 : New USB device strings: Mfr=3, Product=2, SerialNumber=1
01-01 00:00:11.373 52 52 I usb1 : Product: xHCI Host Controller
01-01 00:00:11.373 52 52 I usb1 : Manufacturer: Linux 6.6.66-android15-8-g2891b58aa546-4k xhci-hcd
01-01 00:00:11.373 52 52 I usb1 : SerialNumber: xhci-hcd.0.auto
01-01 00:00:11.374 52 52 I hub 1-0 : 1.0: USB hub found
01-01 00:00:11.374 52 52 I hub 1-0 : 1.0: 1 port detected
01-01 00:00:11.377 91 91 I ti-udma 485c0100.dma-controller: Channels: 48 (bchan: 18, tchan: 12, rchan: 18)
01-01 00:00:11.377 12 12 I mmc0 : CQHCI version 5.10
01-01 00:00:11.378 52 52 E OF : graph: no port node found in /bus@f0000/dss@30200000/oldi-txes/oldi@0/ports
01-01 00:00:11.378 52 52 E OF : graph: no port node found in /bus@f0000/dss@30200000/oldi-txes/oldi@1/ports
01-01 00:00:11.381 91 91 I ti-udma 485c0000.dma-controller: Number of rings: 150
01-01 00:00:11.382 52 52 I /bus@f0000/bus@b00000/i2c@2b200000/pmic@48: Fixed dependency cycle(s) with /bus@f0000/bus@b00000/i2c@2b200000/pmic@48/regulators/buck3
01-01 00:00:11.382 52 52 I omap_i2c 2b200000.i2c: bus 0 rev0.12 at 400 kHz
01-01 00:00:11.387 91 91 I ti-udma 485c0000.dma-controller: Channels: 35 (tchan: 20, rchan: 15)
01-01 00:00:11.390 91 91 I ti-udma 4e230000.dma-controller: Number of rings: 6
01-01 00:00:11.390 91 91 I ti-udma 4e230000.dma-controller: Channels: 6 (bchan: 0, tchan: 0, rchan: 6)
01-01 00:00:11.401 52 52 W tps6598x 1-003f: Unable to find the interrupt, switching to polling
01-01 00:00:11.401 52 52 I omap_i2c 20000000.i2c: bus 1 rev0.12 at 400 kHz
01-01 00:00:11.403 52 52 W pca953x 2-0023: supply vcc not found, using dummy regulator
01-01 00:00:11.403 52 52 I pca953x 2-0023: using AI
01-01 00:00:11.414 12 12 I mmc0 : SDHCI controller on fa10000.mmc [fa10000.mmc] using ADMA 64-bit
01-01 00:00:11.414 91 91 I init : Loaded kernel module /lib/modules/k3-udma.ko
01-01 00:00:11.416 105 105 I init : Loading module /lib/modules/k3-udma-glue.ko with args ''
01-01 00:00:11.418 105 105 I init : Loaded kernel module /lib/modules/k3-udma-glue.ko
01-01 00:00:11.418 1 1 I init : Loaded 67 modules from /lib/modules
01-01 00:00:11.419 1 1 I init : Loaded 67 kernel modules took 154 ms
01-01 00:00:11.419 1 1 I init : Copied ramdisk prop to /second_stage_resources/system/etc/ramdisk/build.prop
01-01 00:00:11.419 1 1 I init : Using generic ramdisk copy of snapuserd /system/bin/snapuserd_ramdisk
01-01 00:00:11.419 1 1 I init : hard linking /system/bin/snapuserd_ramdisk to /first_stage_ramdisk/system/bin/snapuserd succeeded
01-01 00:00:11.420 1 1 I init : Switching root to '/first_stage_ramdisk'
01-01 00:00:11.420 1 1 I init : [libfstab] Using Android DT directory /proc/device-tree/firmware/android/
01-01 00:00:11.420 1 1 I init : [libfstab] ReadFstabFromDt(): failed to read fstab from dt
01-01 00:00:11.428 52 52 I /bus@f0000/dss@30200000: Fixed dependency cycle(s) with /bus@f0000/i2c@20010000/bridge-hdmi@3b
01-01 00:00:11.428 52 52 I /bus@f0000/i2c@20010000/bridge-hdmi@3b: Fixed dependency cycle(s) with /bus@f0000/dss@30200000
01-01 00:00:11.428 52 52 I omap_i2c 20010000.i2c: bus 2 rev0.12 at 100 kHz
01-01 00:00:11.430 52 52 I omap_i2c 20020000.i2c: bus 3 rev0.12 at 400 kHz
01-01 00:00:11.437 52 52 I printk : console [ttyS2] disabled
01-01 00:00:11.438 52 52 I 2800000.serial: ttyS2 at MMIO 0x2800000 (irq = 282, base_baud = 3000000) is a 8250
01-01 00:00:11.438 52 52 I printk : console [ttyS2] enabled
01-01 00:00:11.503 52 52 I rtc-ti-k3 2b1f0000.rtc: registered as rtc0
01-01 00:00:11.503 52 52 I rtc-ti-k3 2b1f0000.rtc: setting system clock to 1970-01-01T00:00:11 UTC (11)
01-01 00:00:11.513 52 52 E OF : graph: no port node found in /bus@f0000/dss@30200000/oldi-txes/oldi@0/ports
01-01 00:00:11.522 52 52 E OF : graph: no port node found in /bus@f0000/dss@30200000/oldi-txes/oldi@1/ports
01-01 00:00:11.531 64 64 I mmc0 : Command Queue Engine enabled
01-01 00:00:11.531 64 64 I mmc0 : new HS400 MMC card at address 0001
01-01 00:00:11.533 64 64 I mmcblk0 : mmc0:0001 G1M15L 29.6 GiB
01-01 00:00:11.533 52 52 W pca953x 2-0022: supply vcc not found, using dummy regulator
01-01 00:00:11.533 52 52 I pca953x 2-0022: using AI
01-01 00:00:11.536 64 64 I mmcblk0 : p1 p2 p3 p4 p5 p6 p7 p8 p9 p10 p11 p12 p13 p14 p15 p16 p17 p18 p19 p20
01-01 00:00:11.537 52 52 W sii902x 2-003b: supply iovcc not found, using dummy regulator
01-01 00:00:11.541 52 52 W sii902x 2-003b: supply cvcc12 not found, using dummy regulator
01-01 00:00:11.544 64 64 I mmcblk0boot0: mmc0:0001 G1M15L 31.5 MiB
01-01 00:00:11.545 52 52 I i2c-2 : Added multiplexed i2c bus 4
01-01 00:00:11.546 64 64 I mmcblk0boot1: mmc0:0001 G1M15L 31.5 MiB
01-01 00:00:11.547 64 64 I mmcblk0rpmb: mmc0:0001 G1M15L 4.00 MiB, chardev (510:0)
01-01 00:00:11.549 52 52 E OF : graph: no port node found in /bus@f0000/dss@30200000/oldi-txes/oldi@0/ports
01-01 00:00:11.552 1 1 I init : [libfs_mgr] Not running /system/bin/fsck.f2fs on /dev/block/mmcblk0p18 (executable not in system image)
01-01 00:00:11.558 52 52 E OF : graph: no port node found in /bus@f0000/dss@30200000/oldi-txes/oldi@1/ports
01-01 00:00:11.565 1 1 I F2FS-fs (mmcblk0p18): Mounted with checkpoint version = 1e42aff5
01-01 00:00:11.567 1 1 I init : [libfs_mgr] __mount(source=/dev/block/platform/bus@f0000/fa10000.mmc/by-name/metadata,target=/metadata,type=f2fs)=0: Success
01-01 00:00:11.568 52 52 I : [drm] Initialized tidss 1.0.0 20180215 for 30200000.dss on minor 0
01-01 00:00:11.570 52 52 I mmc1 : CQHCI version 5.10
01-01 00:00:11.586 1 1 I init : [libfs_mgr] Created logical partition system_a on device /dev/block/dm-0
01-01 00:00:11.586 1 1 I init : [libfs_mgr] Skipping zero-length logical partition: system_b
01-01 00:00:11.587 1 1 I init : [libfs_mgr] Created logical partition vendor_a on device /dev/block/dm-1
01-01 00:00:11.587 1 1 I init : [libfs_mgr] Skipping zero-length logical partition: vendor_b
01-01 00:00:11.588 1 1 I init : [libfs_mgr] Created logical partition vendor_dlkm_a on device /dev/block/dm-2
01-01 00:00:11.588 1 1 I init : [libfs_mgr] Skipping zero-length logical partition: vendor_dlkm_b
01-01 00:00:11.588 1 1 I init : DSU not detected, proceeding with normal boot
01-01 00:00:11.610 1 1 I init : [libfs_avb] Returning avb_handle with status: Success
01-01 00:00:11.610 1 1 I init : [libfs_avb] Built verity table: '1 /dev/block/dm-0 /dev/block/dm-0 4096 4096 374927 374927 sha256 412d2cdbb290867c8d3c83ad80113111484ba95c1f346c49fe5b514e345054cf 996484ab264ff32e5ef56b671a769575370a76af8cbff2c784d4477e95935b8f 10 use_fec_from_device /dev/block/dm-0 fec_roots 2 fec_blocks 377881 fec_start 377881 restart_on_corruption ignore_zero_blocks'
01-01 00:00:11.611 1 1 I device-mapper: verity: sha256 using ahash "sha256-sa2ul"
01-01 00:00:11.616 1 1 I init : [libfs_mgr] superblock s_max_mnt_count:65535,/dev/block/dm-3
01-01 00:00:11.618 1 1 I EXT4-fs (dm-3): mounted filesystem a90ca77e-35ab-548f-886f-1d388a7ddaea ro without journal. Quota mode: none.
01-01 00:00:11.619 1 1 I init : [libfs_mgr] __mount(source=/dev/block/dm-3,target=/system,type=ext4)=0: Success
01-01 00:00:11.619 1 1 I init : Switching root to '/system'
01-01 00:00:11.628 1 1 I init : [libfs_avb] Built verity table: '1 /dev/block/dm-1 /dev/block/dm-1 4096 4096 24156 24156 sha256 39f0304021956a75f7a6153a27fb584ac18a776294578bdb67557a4e8b69fa6a 996484ab264ff32e5ef56b671a769575370a76af8cbff2c784d4477e95935b8f 10 use_fec_from_device /dev/block/dm-1 fec_roots 2 fec_blocks 24348 fec_start 24348 restart_on_corruption ignore_zero_blocks'
01-01 00:00:11.629 1 1 I device-mapper: verity: sha256 using ahash "sha256-sa2ul"
01-01 00:00:11.629 96 96 I usb 1-1 : new high-speed USB device number 2 using xhci-hcd
01-01 00:00:11.634 1 1 I init : [libfs_mgr] superblock s_max_mnt_count:65535,/dev/block/dm-4
01-01 00:00:11.639 1 1 I EXT4-fs (dm-4): mounted filesystem 11b7464b-5c60-5c93-8e94-c26e17ceed9b ro without journal. Quota mode: none.
01-01 00:00:11.639 1 1 I init : [libfs_mgr] __mount(source=/dev/block/dm-4,target=/vendor,type=ext4)=0: Success
01-01 00:00:11.640 1 1 I init : [libfs_avb] Built verity table: '1 /dev/block/dm-2 /dev/block/dm-2 4096 4096 7035 7035 sha256 0970dd0bb7a4ea1a09ba87d14ada175b9af5b248169f1266406f877ce80cdf1e 996484ab264ff32e5ef56b671a769575370a76af8cbff2c784d4477e95935b8f 10 use_fec_from_device /dev/block/dm-2 fec_roots 2 fec_blocks 7091 fec_start 7091 restart_on_corruption ignore_zero_blocks'
01-01 00:00:11.641 1 1 I device-mapper: verity: sha256 using ahash "sha256-sa2ul"
01-01 00:00:11.646 1 1 I init : [libfs_mgr] superblock s_max_mnt_count:65535,/dev/block/dm-5
01-01 00:00:11.648 1 1 I EXT4-fs (dm-5): mounted filesystem 5b2067d3-3fdd-5dae-ae26-4ed315f825e0 ro without journal. Quota mode: none.
01-01 00:00:11.648 1 1 I init : [libfs_mgr] __mount(source=/dev/block/dm-5,target=/vendor_dlkm,type=ext4)=0: Success
01-01 00:00:11.649 1 1 I init : [libfs_mgr] superblock s_max_mnt_count:65535,/dev/block/platform/bus@f0000/fa10000.mmc/by-name/persist
01-01 00:00:11.652 1 1 I EXT4-fs (mmcblk0p19): mounted filesystem d07a9cda-4c00-4590-acde-fb8bb0dab821 r/w with ordered data mode. Quota mode: none.
01-01 00:00:11.652 1 1 I init : [libfs_mgr] check_fs(): mount(/dev/block/platform/bus@f0000/fa10000.mmc/by-name/persist,/mnt/vendor/persist,ext4)=0: Success
01-01 00:00:11.652 1 1 I EXT4-fs (mmcblk0p19): unmounting filesystem d07a9cda-4c00-4590-acde-fb8bb0dab821.
01-01 00:00:11.653 1 1 I init : [libfs_mgr] umount_retry(): unmount(/mnt/vendor/persist) succeeded
01-01 00:00:11.661 1 1 I init : [libfs_mgr] Running /system/bin/e2fsck on /dev/block/mmcblk0p19
01-01 00:00:11.663 1 1 E logwrapper: Cannot log to file /dev/fscklogs/log
01-01 00:00:11.669 1 1 E logwrapper:
01-01 00:00:11.689 1 1 I e2fsck : linker: Warning: failed to find generated linker configuration from "/linkerconfig/ld.config.txt"
01-01 00:00:11.689 1 1 I e2fsck : WARNING: linker: Warning: failed to find generated linker configuration from "/linkerconfig/ld.config.txt"
01-01 00:00:11.772 1 1 I e2fsck : e2fsck 1.46.6 (1-Feb-2023)
01-01 00:00:11.775 1 1 I e2fsck : /mnt/vendor/pers: clean, 18/8192 files, 1570/8192 blocks
01-01 00:00:11.778 96 96 I usb 1-1 : New USB device found, idVendor=1a40, idProduct=0201, bcdDevice= 1.00
01-01 00:00:11.778 96 96 I usb 1-1 : New USB device strings: Mfr=0, Product=1, SerialNumber=0
01-01 00:00:11.778 96 96 I usb 1-1 : Product: USB 2.0 Hub [MTT]
01-01 00:00:11.781 1 1 I EXT4-fs (mmcblk0p19): mounted filesystem d07a9cda-4c00-4590-acde-fb8bb0dab821 r/w with ordered data mode. Quota mode: none.
01-01 00:00:11.781 1 1 I init : [libfs_mgr] __mount(source=/dev/block/platform/bus@f0000/fa10000.mmc/by-name/persist,target=/mnt/vendor/persist,type=ext4)=0: Success
01-01 00:00:11.819 1 1 I init : Skipped setting INIT_AVB_VERSION (not in recovery mode)
01-01 00:00:11.829 96 96 I hub 1-1 : 1.0: USB hub found
01-01 00:00:11.829 96 96 I hub 1-1 : 1.0: 7 ports detected
01-01 00:00:11.929 1 1 I init : [libfstab] Using Android DT directory /proc/device-tree/firmware/android/
01-01 00:00:11.935 1 1 W init : DM_DEV_STATUS failed for system_ext_a: No such device or address
01-01 00:00:11.935 1 1 E init : Could not update logical partition
01-01 00:00:11.941 1 1 W init : DM_DEV_STATUS failed for product_a: No such device or address
01-01 00:00:11.941 1 1 E init : Could not update logical partition
01-01 00:00:11.947 1 1 I init : Opening SELinux policy
01-01 00:00:11.952 1 1 I init : Failed to read /vendor/etc/selinux/precompiled_sepolicy.system_ext_sepolicy_and_mapping.sha256: No such file or directory
01-01 00:00:11.952 1 1 I init : Compiling SELinux policy
01-01 00:00:12.181 96 96 I usb 1-1.1: new low-speed USB device number 3 using xhci-hcd
01-01 00:00:12.288 96 96 I usb 1-1.1: New USB device found, idVendor=413c, idProduct=2107, bcdDevice= 1.15
01-01 00:00:12.288 96 96 I usb 1-1.1: New USB device strings: Mfr=1, Product=2, SerialNumber=0
01-01 00:00:12.288 96 96 I usb 1-1.1: Product: Dell USB Entry Keyboard
01-01 00:00:12.288 96 96 I usb 1-1.1: Manufacturer: Dell
01-01 00:00:12.345 96 96 I input : Dell Dell USB Entry Keyboard as /devices/platform/bus@f0000/f910000.usb/31100000.usb/xhci-hcd.0.auto/usb1/1-1/1-1.1/1-1.1:1.0/0003:413C:2107.0001/input/input0
