04-01 08:46:49.272 612 731 I Watchdog: Pausing of HandlerChecker: monitor thread for reason: #mount might be slow. Pause end time: 62341
04-01 08:46:49.279 612 1157 I HibernationStateDiskStore: No hibernation file on disk for file /data/system_ce/0/hibernation/states
04-01 08:46:49.281 612 653 V SystemServerTimingAsync: ssm.onUnlockingUser-0_com.android.server.apphibernation.AppHibernationService took to complete: 11ms
04-01 08:46:49.281 612 653 D SystemServerTimingAsync: ssm.onUnlockingUser-0_com.android.server.locksettings.LockSettingsService$Lifecycle
04-01 08:46:49.282 612 653 V SystemServerTimingAsync: ssm.onUnlockingUser-0_com.android.server.locksettings.LockSettingsService$Lifecycle took to complete: 0ms
04-01 08:46:49.282 612 653 D SystemServerTimingAsync: ssm.onUnlockingUser-0_com.android.server.pdb.PersistentDataBlockService
04-01 08:46:49.282 612 653 V SystemServerTimingAsync: ssm.onUnlockingUser-0_com.android.server.pdb.PersistentDataBlockService took to complete: 0ms
04-01 08:46:49.282 612 653 D SystemServerTimingAsync: ssm.onUnlockingUser-0_com.android.server.testharness.TestHarnessModeService
04-01 08:46:49.282 612 653 V SystemServerTimingAsync: ssm.onUnlockingUser-0_com.android.server.testharness.TestHarnessModeService took to complete: 0ms
04-01 08:46:49.282 612 653 D SystemServerTimingAsync: ssm.onUnlockingUser-0_com.android.server.oemlock.OemLockService
04-01 08:46:49.282 612 653 V SystemServerTimingAsync: ssm.onUnlockingUser-0_com.android.server.oemlock.OemLockService took to complete: 0ms
04-01 08:46:49.282 612 653 D SystemServerTimingAsync: ssm.onUnlockingUser-0_com.android.server.DeviceIdleController
04-01 08:46:49.282 612 653 V SystemServerTimingAsync: ssm.onUnlockingUser-0_com.android.server.DeviceIdleController took to complete: 0ms
04-01 08:46:49.282 612 653 D SystemServerTimingAsync: ssm.onUnlockingUser-0_com.android.server.devicepolicy.DevicePolicyManagerService$Lifecycle
04-01 08:46:49.287 612 735 D LockSettingsService: Hiding encryption notification for user 0
04-01 08:46:49.294 612 653 V SystemServerTimingAsync: ssm.onUnlockingUser-0_com.android.server.devicepolicy.DevicePolicyManagerService$Lifecycle took to complete: 12ms
04-01 08:46:49.301 612 653 D SystemServerTimingAsync: ssm.onUnlockingUser-0_com.android.server.texttospeech.TextToSpeechManagerService
04-01 08:46:49.302 254 254 I vold : Mounting emulated fuse volume
04-01 08:46:49.309 254 254 I vold : Creating mount directory /mnt/user/0
04-01 08:46:49.311 612 653 V SystemServerTimingAsync: ssm.onUnlockingUser-0_com.android.server.texttospeech.TextToSpeechManagerService took to complete: 9ms
04-01 08:46:49.311 612 653 D SystemServerTimingAsync: ssm.onUnlockingUser-0_com.android.server.wearable.WearableSensingManagerService
04-01 08:46:49.312 612 653 D WearableSensingManagerService: onServiceRemoved
04-01 08:46:49.312 612 653 D WearableSensingManagerPerUserService: Trying to cancel the remote request. Reason: Service destroyed.
04-01 08:46:49.312 612 653 V SystemServerTimingAsync: ssm.onUnlockingUser-0_com.android.server.wearable.WearableSensingManagerService took to complete: 1ms
04-01 08:46:49.312 612 653 D SystemServerTimingAsync: ssm.onUnlockingUser-0_com.android.server.ondeviceintelligence.OnDeviceIntelligenceManagerService
04-01 08:46:49.313 612 653 V SystemServerTimingAsync: ssm.onUnlockingUser-0_com.android.server.ondeviceintelligence.OnDeviceIntelligenceManagerService took to complete: 0ms
04-01 08:46:49.313 612 653 D SystemServerTimingAsync: ssm.onUnlockingUser-0_com.android.server.speech.SpeechRecognitionManagerService
04-01 08:46:49.313 612 653 V SystemServerTimingAsync: ssm.onUnlockingUser-0_com.android.server.speech.SpeechRecognitionManagerService took to complete: 0ms
04-01 08:46:49.313 612 653 D SystemServerTimingAsync: ssm.onUnlockingUser-0_com.android.server.graphics.fonts.FontManagerService$Lifecycle
04-01 08:46:49.313 612 653 V SystemServerTimingAsync: ssm.onUnlockingUser-0_com.android.server.graphics.fonts.FontManagerService$Lifecycle took to complete: 0ms
04-01 08:46:49.317 336 336 I apexd : Deleting unused dm device com.android.tzdata
04-01 08:46:49.325 478 478 D AHAL_Stream: updateMetadataCommon
04-01 08:46:49.313 612 653 D SystemServerTimingAsync: ssm.onUnlockingUser-0_com.android.server.textservices.TextServicesManagerService$Lifecycle
04-01 08:46:49.335 478 575 D AHAL_StreamPrimary: transfer: skipping transfer (4096 frames)
04-01 08:46:49.339 478 575 D AHAL_StreamPrimary: transfer: skipping transfer (4096 frames)
04-01 08:46:49.345 838 843 I ndroid.systemui: JIT allocated 79KB for compiled code of java.lang.Object com.android.systemui.dagger.DaggerReferenceGlobalRootComponent$ReferenceSysUIComponentImpl$SwitchingProvider.get0()
04-01 08:46:49.346 838 843 I ndroid.systemui: Compiler allocated 11MB to compile java.lang.Object com.android.systemui.dagger.DaggerReferenceGlobalRootComponent$ReferenceSysUIComponentImpl$SwitchingProvider.get0()
04-01 08:46:49.347 254 254 I vold : Bind mounting /data/media to /mnt/pass_through/0/emulated
04-01 08:46:49.350 612 653 V SystemServerTimingAsync: ssm.onUnlockingUser-0_com.android.server.textservices.TextServicesManagerService$Lifecycle took to complete: 23ms
04-01 08:46:49.350 612 653 D SystemServerTimingAsync: ssm.onUnlockingUser-0_com.android.server.textclassifier.TextClassificationManagerService$Lifecycle
04-01 08:46:49.361 612 653 V SystemServerTimingAsync: ssm.onUnlockingUser-0_com.android.server.textclassifier.TextClassificationManagerService$Lifecycle took to complete: 11ms
04-01 08:46:49.361 612 653 D SystemServerTimingAsync: ssm.onUnlockingUser-0_com.android.server.NetworkScoreService$Lifecycle
04-01 08:46:49.361 612 653 V SystemServerTimingAsync: ssm.onUnlockingUser-0_com.android.server.NetworkScoreService$Lifecycle took to complete: 0ms
04-01 08:46:49.361 612 653 D SystemServerTimingAsync: ssm.onUnlockingUser-0_com.android.server.NetworkStatsServiceInitializer
04-01 08:46:49.361 612 653 V SystemServerTimingAsync: ssm.onUnlockingUser-0_com.android.server.NetworkStatsServiceInitializer took to complete: 0ms
04-01 08:46:49.361 612 653 D SystemServerTimingAsync: ssm.onUnlockingUser-0_com.android.server.wifi.WifiService
04-01 08:46:49.361 612 653 D WifiService: Handle user unlock 0
04-01 08:46:49.362 612 653 V SystemServerTimingAsync: ssm.onUnlockingUser-0_com.android.server.wifi.WifiService took to complete: 1ms
04-01 08:46:49.362 612 653 D SystemServerTimingAsync: ssm.onUnlockingUser-0_com.android.server.wifi.scanner.WifiScanningService
04-01 08:46:49.362 612 653 V SystemServerTimingAsync: ssm.onUnlockingUser-0_com.android.server.wifi.scanner.WifiScanningService took to complete: 0ms
04-01 08:46:49.362 612 653 D SystemServerTimingAsync: ssm.onUnlockingUser-0_com.android.server.wifi.p2p.WifiP2pService
04-01 08:46:49.362 612 653 V SystemServerTimingAsync: ssm.onUnlockingUser-0_com.android.server.wifi.p2p.WifiP2pService took to complete: 0ms
04-01 08:46:49.362 612 653 D SystemServerTimingAsync: ssm.onUnlockingUser-0_com.android.server.ConnectivityServiceInitializer
04-01 08:46:49.362 612 653 V SystemServerTimingAsync: ssm.onUnlockingUser-0_com.android.server.ConnectivityServiceInitializer took to complete: 0ms
04-01 08:46:49.362 612 653 D SystemServerTimingAsync: ssm.onUnlockingUser-0_com.android.server.notification.NotificationManagerService
04-01 08:46:49.362 612 653 V SystemServerTimingAsync: ssm.onUnlockingUser-0_com.android.server.notification.NotificationManagerService took to complete: 0ms
04-01 08:46:49.362 612 653 D SystemServerTimingAsync: ssm.onUnlockingUser-0_com.android.server.storage.DeviceStorageMonitorService
04-01 08:46:49.362 612 653 V SystemServerTimingAsync: ssm.onUnlockingUser-0_com.android.server.storage.DeviceStorageMonitorService took to complete: 0ms
04-01 08:46:49.362 612 653 D SystemServerTimingAsync: ssm.onUnlockingUser-0_com.android.server.timedetector.TimeDetectorService$Lifecycle
04-01 08:46:49.371 612 653 V SystemServerTimingAsync: ssm.onUnlockingUser-0_com.android.server.timedetector.TimeDetectorService$Lifecycle took to complete: 0ms
04-01 08:46:49.371 612 653 D SystemServerTimingAsync: ssm.onUnlockingUser-0_com.android.server.location.LocationManagerService$Lifecycle
04-01 08:46:49.371 612 653 V SystemServerTimingAsync: ssm.onUnlockingUser-0_com.android.server.location.LocationManagerService$Lifecycle took to complete: 0ms
04-01 08:46:49.371 612 653 D SystemServerTimingAsync: ssm.onUnlockingUser-0_com.android.server.timezonedetector.TimeZoneDetectorService$Lifecycle
04-01 08:46:49.371 612 653 V SystemServerTimingAsync: ssm.onUnlockingUser-0_com.android.server.timezonedetector.TimeZoneDetectorService$Lifecycle took to complete: 0ms
04-01 08:46:49.371 612 653 D SystemServerTimingAsync: ssm.onUnlockingUser-0_com.android.server.location.altitude.AltitudeService$Lifecycle
04-01 08:46:49.371 612 653 V SystemServerTimingAsync: ssm.onUnlockingUser-0_com.android.server.location.altitude.AltitudeService$Lifecycle took to complete: 0ms
04-01 08:46:49.371 612 653 D SystemServerTimingAsync: ssm.onUnlockingUser-0_com.android.server.timezonedetector.location.LocationTimeZoneManagerService$Lifecycle
04-01 08:46:49.371 612 653 V SystemServerTimingAsync: ssm.onUnlockingUser-0_com.android.server.timezonedetector.location.LocationTimeZoneManagerService$Lifecycle took to complete: 0ms
04-01 08:46:49.371 612 653 D SystemServerTimingAsync: ssm.onUnlockingUser-0_com.android.server.search.SearchManagerService$Lifecycle
04-01 08:46:49.371 612 653 V SystemServerTimingAsync: ssm.onUnlockingUser-0_com.android.server.search.SearchManagerService$Lifecycle took to complete: 0ms
04-01 08:46:49.372 612 653 D SystemServerTimingAsync: ssm.onUnlockingUser-0_com.android.server.wallpaper.WallpaperManagerService$Lifecycle
04-01 08:46:49.375 612 653 V SystemServerTimingAsync: ssm.onUnlockingUser-0_com.android.server.wallpaper.WallpaperManagerService$Lifecycle took to complete: 1ms
04-01 08:46:49.375 612 653 D SystemServerTimingAsync: ssm.onUnlockingUser-0_com.android.server.audio.AudioService$Lifecycle
04-01 08:46:49.376 612 653 V SystemServerTimingAsync: ssm.onUnlockingUser-0_com.android.server.audio.AudioService$Lifecycle took to complete: 0ms
04-01 08:46:49.376 612 653 D SystemServerTimingAsync: ssm.onUnlockingUser-0_com.android.server.soundtrigger_middleware.SoundTriggerMiddlewareService$Lifecycle
04-01 08:46:49.376 612 653 V SystemServerTimingAsync: ssm.onUnlockingUser-0_com.android.server.soundtrigger_middleware.SoundTriggerMiddlewareService$Lifecycle took to complete: 0ms
04-01 08:46:49.376 612 653 D SystemServerTimingAsync: ssm.onUnlockingUser-0_com.android.server.DockObserver
04-01 08:46:49.376 612 653 V SystemServerTimingAsync: ssm.onUnlockingUser-0_com.android.server.DockObserver took to complete: 0ms
04-01 08:46:49.376 612 653 D SystemServerTimingAsync: ssm.onUnlockingUser-0_com.android.server.adb.AdbService$Lifecycle
04-01 08:46:49.376 612 653 V SystemServerTimingAsync: ssm.onUnlockingUser-0_com.android.server.adb.AdbService$Lifecycle took to complete: 0ms
04-01 08:46:49.376 612 653 D SystemServerTimingAsync: ssm.onUnlockingUser-0_com.android.server.usb.UsbService$Lifecycle
04-01 08:46:49.377 612 731 I StorageSessionController: On volume mount VolumeInfo{emulated;0}:
04-01 08:46:49.377 612 731 I StorageSessionController: type=EMULATED diskId=null partGuid= mountFlags=PRIMARY|VISIBLE_FOR_WRITE
04-01 08:46:49.377 612 731 I StorageSessionController: mountUserId=0 state=CHECKING
04-01 08:46:49.377 612 731 I StorageSessionController: fsType=null fsUuid=null fsLabel=null
04-01 08:46:49.377 612 731 I StorageSessionController: path=/storage/emulated internalPath=/data/media
04-01 08:46:49.377 612 653 V SystemServerTimingAsync: ssm.onUnlockingUser-0_com.android.server.usb.UsbService$Lifecycle took to complete: 1ms
04-01 08:46:49.378 612 653 D SystemServerTimingAsync: ssm.onUnlockingUser-0_com.android.server.SerialService$Lifecycle
04-01 08:46:49.378 612 653 V SystemServerTimingAsync: ssm.onUnlockingUser-0_com.android.server.SerialService$Lifecycle took to complete: 0ms
04-01 08:46:49.378 612 653 D SystemServerTimingAsync: ssm.onUnlockingUser-0_com.android.server.twilight.TwilightService
04-01 08:46:49.378 612 653 V SystemServerTimingAsync: ssm.onUnlockingUser-0_com.android.server.twilight.TwilightService took to complete: 0ms
04-01 08:46:49.378 612 653 D SystemServerTimingAsync: ssm.onUnlockingUser-0_com.android.server.display.color.ColorDisplayService
04-01 08:46:49.378 612 653 V SystemServerTimingAsync: ssm.onUnlockingUser-0_com.android.server.display.color.ColorDisplayService took to complete: 0ms
04-01 08:46:49.378 612 653 D SystemServerTimingAsync: ssm.onUnlockingUser-0_com.android.server.job.JobSchedulerService
04-01 08:46:49.378 612 653 V SystemServerTimingAsync: ssm.onUnlockingUser-0_com.android.server.job.JobSchedulerService took to complete: 0ms
04-01 08:46:49.378 612 653 D SystemServerTimingAsync: ssm.onUnlockingUser-0_com.android.server.soundtrigger.SoundTriggerService
04-01 08:46:49.378 612 653 V SystemServerTimingAsync: ssm.onUnlockingUser-0_com.android.server.soundtrigger.SoundTriggerService took to complete: 0ms
04-01 08:46:49.378 612 653 D SystemServerTimingAsync: ssm.onUnlockingUser-0_com.android.server.trust.TrustManagerService
04-01 08:46:49.378 612 653 V SystemServerTimingAsync: ssm.onUnlockingUser-0_com.android.server.trust.TrustManagerService took to complete: 0ms
04-01 08:46:49.378 612 653 D SystemServerTimingAsync: ssm.onUnlockingUser-0_com.android.server.backup.BackupManagerService$Lifecycle
04-01 08:46:49.378 612 653 V SystemServerTimingAsync: ssm.onUnlockingUser-0_com.android.server.backup.BackupManagerService$Lifecycle took to complete: 0ms
04-01 08:46:49.378 612 653 D SystemServerTimingAsync: ssm.onUnlockingUser-0_com.android.server.appwidget.AppWidgetService
04-01 08:46:49.378 612 653 V SystemServerTimingAsync: ssm.onUnlockingUser-0_com.android.server.appwidget.AppWidgetService took to complete: 0ms
04-01 08:46:49.381 612 653 D SystemServerTimingAsync: ssm.onUnlockingUser-0_com.android.server.voiceinteraction.VoiceInteractionManagerService
04-01 08:46:49.382 612 731 I StorageSessionController: Creating connection for user: 0
04-01 08:46:49.388 478 575 D AHAL_StreamPrimary: transfer: skipping transfer (4096 frames)
04-01 08:46:49.393 612 731 I StorageSessionController: Creating and starting session with id: emulated;0
04-01 08:46:49.394 612 731 I StorageUserConnection: Binding to the ExternalStorageService for user 0
04-01 08:46:49.397 612 653 W VoiceInteractionManager: no available voice recognition services found for user 0
04-01 08:46:49.399 612 752 D WakeupConfigStoreData: WifiWake user data has been read
04-01 08:46:49.388 336 336 I apexd : Deleting unused dm device com.android.uwb
04-01 08:46:49.402 612 653 V SystemServerTimingAsync: ssm.onUnlockingUser-0_com.android.server.voiceinteraction.VoiceInteractionManagerService took to complete: 20ms
04-01 08:46:49.403 612 653 D SystemServerTimingAsync: ssm.onUnlockingUser-0_com.android.server.GestureLauncherService
04-01 08:46:49.403 612 653 V SystemServerTimingAsync: ssm.onUnlockingUser-0_com.android.server.GestureLauncherService took to complete: 0ms
04-01 08:46:49.403 612 653 D SystemServerTimingAsync: ssm.onUnlockingUser-0_com.android.server.SensorNotificationService
04-01 08:46:49.403 612 653 V SystemServerTimingAsync: ssm.onUnlockingUser-0_com.android.server.SensorNotificationService took to complete: 0ms
04-01 08:46:49.403 612 653 D SystemServerTimingAsync: ssm.onUnlockingUser-0_com.android.server.emergency.EmergencyAffordanceService
04-01 08:46:49.403 612 653 V SystemServerTimingAsync: ssm.onUnlockingUser-0_com.android.server.emergency.EmergencyAffordanceService took to complete: 0ms
04-01 08:46:49.403 612 653 D SystemServerTimingAsync: ssm.onUnlockingUser-0_com.android.server.blob.BlobStoreManagerService
04-01 08:46:49.403 612 653 V SystemServerTimingAsync: ssm.onUnlockingUser-0_com.android.server.blob.BlobStoreManagerService took to complete: 0ms
04-01 08:46:49.403 612 653 D SystemServerTimingAsync: ssm.onUnlockingUser-0_com.android.server.dreams.DreamManagerService
04-01 08:46:49.403 612 653 V SystemServerTimingAsync: ssm.onUnlockingUser-0_com.android.server.dreams.DreamManagerService took to complete: 0ms
04-01 08:46:49.403 612 653 D SystemServerTimingAsync: ssm.onUnlockingUser-0_com.android.server.print.PrintManagerService
04-01 08:46:49.407 612 653 V SystemServerTimingAsync: ssm.onUnlockingUser-0_com.android.server.print.PrintManagerService took to complete: 4ms
04-01 08:46:49.408 612 653 D SystemServerTimingAsync: ssm.onUnlockingUser-0_com.android.server.security.AttestationVerificationManagerService
04-01 08:46:49.408 612 653 V SystemServerTimingAsync: ssm.onUnlockingUser-0_com.android.server.security.AttestationVerificationManagerService took to complete: 0ms
04-01 08:46:49.408 612 653 D SystemServerTimingAsync: ssm.onUnlockingUser-0_com.android.server.companion.CompanionDeviceManagerService
04-01 08:46:49.408 612 653 D CDM_CompanionDeviceManagerService: onUserUnlocking...
04-01 08:46:49.408 612 700 W system_server: Long monitor contention with owner appscheduling.default (701) at int com.android.server.job.JobSchedulerService.getUidProcState(int)(JobSchedulerService.java:2494) waiters=0 in int com.android.server.job.JobSchedulerService.scheduleAsPackage(android.app.job.JobInfo, android.app.job.JobWorkItem, int, java.lang.String, int, java.lang.String, java.lang.String) for 146ms
04-01 08:46:49.408 612 653 V SystemServerTimingAsync: ssm.onUnlockingUser-0_com.android.server.companion.CompanionDeviceManagerService took to complete: 0ms
04-01 08:46:49.408 612 653 D SystemServerTimingAsync: ssm.onUnlockingUser-0_com.android.server.companion.virtual.VirtualDeviceManagerService
04-01 08:46:49.408 612 653 V SystemServerTimingAsync: ssm.onUnlockingUser-0_com.android.server.companion.virtual.VirtualDeviceManagerService took to complete: 0ms
04-01 08:46:49.408 612 653 D SystemServerTimingAsync: ssm.onUnlockingUser-0_com.android.server.restrictions.RestrictionsManagerService
04-01 08:46:49.408 612 653 V SystemServerTimingAsync: ssm.onUnlockingUser-0_com.android.server.restrictions.RestrictionsManagerService took to complete: 0ms
04-01 08:46:49.408 612 653 D SystemServerTimingAsync: ssm.onUnlockingUser-0_com.android.server.media.MediaSessionService
04-01 08:46:49.408 612 653 V SystemServerTimingAsync: ssm.onUnlockingUser-0_com.android.server.media.MediaSessionService took to complete: 0ms
04-01 08:46:49.408 612 653 D SystemServerTimingAsync: ssm.onUnlockingUser-0_com.android.server.biometrics.BiometricService
04-01 08:46:49.409 612 653 V SystemServerTimingAsync: ssm.onUnlockingUser-0_com.android.server.biometrics.BiometricService took to complete: 0ms
04-01 08:46:49.409 612 653 D SystemServerTimingAsync: ssm.onUnlockingUser-0_com.android.server.biometrics.AuthService
04-01 08:46:49.409 612 653 V SystemServerTimingAsync: ssm.onUnlockingUser-0_com.android.server.biometrics.AuthService took to complete: 0ms
04-01 08:46:49.409 612 653 D SystemServerTimingAsync: ssm.onUnlockingUser-0_com.android.server.adaptiveauth.AdaptiveAuthService
04-01 08:46:49.409 612 653 V SystemServerTimingAsync: ssm.onUnlockingUser-0_com.android.server.adaptiveauth.AdaptiveAuthService took to complete: 0ms
04-01 08:46:49.409 612 653 D SystemServerTimingAsync: ssm.onUnlockingUser-0_com.android.server.pm.ShortcutService$Lifecycle
04-01 08:46:49.409 612 653 D ShortcutService: handleUnlockUser: userId=0
04-01 08:46:49.421 612 653 V SystemServerTimingAsync: ssm.onUnlockingUser-0_com.android.server.pm.ShortcutService$Lifecycle took to complete: 12ms
04-01 08:46:49.429 612 1232 D ShortcutService: Loading from /data/system_ce/0/shortcut_service/shortcuts.xml
04-01 08:46:49.430 612 653 D SystemServerTimingAsync: ssm.onUnlockingUser-0_com.android.server.pm.LauncherAppsService
04-01 08:46:49.430 612 653 V SystemServerTimingAsync: ssm.onUnlockingUser-0_com.android.server.pm.LauncherAppsService took to complete: 0ms
04-01 08:46:49.430 612 653 D SystemServerTimingAsync: ssm.onUnlockingUser-0_com.android.server.pm.CrossProfileAppsService
04-01 08:46:49.431 612 653 V SystemServerTimingAsync: ssm.onUnlockingUser-0_com.android.server.pm.CrossProfileAppsService took to complete: 0ms
04-01 08:46:49.431 612 653 D SystemServerTimingAsync: ssm.onUnlockingUser-0_com.android.server.people.PeopleService
04-01 08:46:49.431 612 653 V SystemServerTimingAsync: ssm.onUnlockingUser-0_com.android.server.people.PeopleService took to complete: 0ms
04-01 08:46:49.431 612 653 D SystemServerTimingAsync: ssm.onUnlockingUser-0_com.android.server.media.metrics.MediaMetricsManagerService
04-01 08:46:49.432 612 653 V SystemServerTimingAsync: ssm.onUnlockingUser-0_com.android.server.media.metrics.MediaMetricsManagerService took to complete: 0ms
04-01 08:46:49.432 612 653 D SystemServerTimingAsync: ssm.onUnlockingUser-0_com.android.server.pm.BackgroundInstallControlService
04-01 08:46:49.433 612 653 V SystemServerTimingAsync: ssm.onUnlockingUser-0_com.android.server.pm.BackgroundInstallControlService took to complete: 0ms
04-01 08:46:49.433 612 653 D SystemServerTimingAsync: ssm.onUnlockingUser-0_com.android.server.media.projection.MediaProjectionManagerService
04-01 08:46:49.433 612 653 V SystemServerTimingAsync: ssm.onUnlockingUser-0_com.android.server.media.projection.MediaProjectionManagerService took to complete: 0ms
04-01 08:46:49.433 612 653 D SystemServerTimingAsync: ssm.onUnlockingUser-0_com.android.server.slice.SliceManagerService$Lifecycle
04-01 08:46:49.433 612 653 V SystemServerTimingAsync: ssm.onUnlockingUser-0_com.android.server.slice.SliceManagerService$Lifecycle took to complete: 0ms
04-01 08:46:49.434 478 575 D AHAL_StreamPrimary: transfer: skipping transfer (4096 frames)
04-01 08:46:49.435 612 653 D SystemServerTimingAsync: ssm.onUnlockingUser-0_com.android.server.stats.StatsCompanion$Lifecycle
04-01 08:46:49.435 612 653 V SystemServerTimingAsync: ssm.onUnlockingUser-0_com.android.server.stats.StatsCompanion$Lifecycle took to complete: 0ms
04-01 08:46:49.435 612 653 D SystemServerTimingAsync: ssm.onUnlockingUser-0_com.android.server.scheduling.RebootReadinessManagerService$Lifecycle
04-01 08:46:49.435 612 653 V SystemServerTimingAsync: ssm.onUnlockingUser-0_com.android.server.scheduling.RebootReadinessManagerService$Lifecycle took to complete: 0ms
04-01 08:46:49.435 612 653 D SystemServerTimingAsync: ssm.onUnlockingUser-0_com.android.server.stats.pull.StatsPullAtomService
04-01 08:46:49.435 612 731 V GrammaticalInflectionUtils: AttributionSource: AttributionSource { uid = 10094, packageName = null, attributionTag = null, token = android.os.Binder@4baf5bf, deviceId = 0, next = null } does not have READ_SYSTEM_GRAMMATICAL_GENDER permission.
04-01 08:46:49.436 612 731 D CompatChangeReporter: Compat change id reported: 151861875; UID 10094; state: ENABLED
04-01 08:46:49.437 612 752 D WifiConfigStore: Reading from user stores completed in 74 ms.
04-01 08:46:49.439 612 1232 D ShortcutService: depth=1 type=2 name=user
04-01 08:46:49.439 612 653 V SystemServerTimingAsync: ssm.onUnlockingUser-0_com.android.server.stats.pull.StatsPullAtomService took to complete: 0ms
04-01 08:46:49.439 612 653 D SystemServerTimingAsync: ssm.onUnlockingUser-0_com.android.server.stats.bootstrap.StatsBootstrapAtomService$Lifecycle
04-01 08:46:49.439 612 653 V SystemServerTimingAsync: ssm.onUnlockingUser-0_com.android.server.stats.bootstrap.StatsBootstrapAtomService$Lifecycle took to complete: 0ms
04-01 08:46:49.439 612 653 D SystemServerTimingAsync: ssm.onUnlockingUser-0_com.android.server.incident.IncidentCompanionService
04-01 08:46:49.439 612 653 V SystemServerTimingAsync: ssm.onUnlockingUser-0_com.android.server.incident.IncidentCompanionService took to complete: 0ms
04-01 08:46:49.440 612 653 D SystemServerTimingAsync: ssm.onUnlockingUser-0_com.android.server.sdksandbox.SdkSandboxManagerService$Lifecycle
04-01 08:46:49.440 612 653 I SdkSandboxManager: onUserUnlocking 0
04-01 08:46:49.441 612 653 V SystemServerTimingAsync: ssm.onUnlockingUser-0_com.android.server.sdksandbox.SdkSandboxManagerService$Lifecycle took to complete: 1ms
04-01 08:46:49.441 612 653 D SystemServerTimingAsync: ssm.onUnlockingUser-0_com.android.server.adservices.AdServicesManagerService$Lifecycle
04-01 08:46:49.441 612 653 V SystemServerTimingAsync: ssm.onUnlockingUser-0_com.android.server.adservices.AdServicesManagerService$Lifecycle took to complete: 0ms
04-01 08:46:49.441 612 653 D SystemServerTimingAsync: ssm.onUnlockingUser-0_com.android.server.ondevicepersonalization.OnDevicePersonalizationSystemService$Lifecycle
04-01 08:46:49.441 612 653 V SystemServerTimingAsync: ssm.onUnlockingUser-0_com.android.server.ondevicepersonalization.OnDevicePersonalizationSystemService$Lifecycle took to complete: 0ms
04-01 08:46:49.441 612 653 D SystemServerTimingAsync: ssm.onUnlockingUser-0_android.os.profiling.ProfilingService$Lifecycle
04-01 08:46:49.441 612 653 V SystemServerTimingAsync: ssm.onUnlockingUser-0_android.os.profiling.ProfilingService$Lifecycle took to complete: 0ms
04-01 08:46:49.441 612 653 D SystemServerTimingAsync: ssm.onUnlockingUser-0_com.android.server.autofill.AutofillManagerService
04-01 08:46:49.442 612 653 D AutofillManagerServiceImpl: Reset component for user 0:null
04-01 08:46:49.448 612 643 D AutofillUI: destroySaveUiUiThread(): already destroyed
04-01 08:46:49.449 612 651 D WallpaperManagerService: Wallpaper_selinux_restorecon-0
04-01 08:46:49.451 612 653 D FieldClassificationStrategy: reset(): service is not bound. Do nothing.
04-01 08:46:49.452 612 653 V SystemServerTimingAsync: ssm.onUnlockingUser-0_com.android.server.autofill.AutofillManagerService took to complete: 11ms
04-01 08:46:49.452 612 653 D SystemServerTimingAsync: ssm.onUnlockingUser-0_com.android.server.clipboard.ClipboardService
04-01 08:46:49.452 612 653 V SystemServerTimingAsync: ssm.onUnlockingUser-0_com.android.server.clipboard.ClipboardService took to complete: 0ms
04-01 08:46:49.452 612 653 D SystemServerTimingAsync: ssm.onUnlockingUser-0_com.android.server.appbinding.AppBindingService$Lifecycle
04-01 08:46:49.432 336 336 I apexd : Deleting unused dm device com.android.virt
04-01 08:46:49.453 612 653 W AppBindingService: [Default SMS app] u0 Target package not found
04-01 08:46:49.454 612 653 V SystemServerTimingAsync: ssm.onUnlockingUser-0_com.android.server.appbinding.AppBindingService$Lifecycle took to complete: 2ms
04-01 08:46:49.454 612 653 D SystemServerTimingAsync: ssm.onUnlockingUser-0_com.android.server.tracing.TracingServiceProxy
04-01 08:46:49.465 612 653 V SystemServerTimingAsync: ssm.onUnlockingUser-0_com.android.server.tracing.TracingServiceProxy took to complete: 11ms
04-01 08:46:49.465 612 653 D SystemServerTimingAsync: ssm.onUnlockingUser-0_com.android.server.policy.PermissionPolicyService
04-01 08:46:49.465 612 653 V SystemServerTimingAsync: ssm.onUnlockingUser-0_com.android.server.policy.PermissionPolicyService took to complete: 0ms
04-01 08:46:49.465 612 653 D SystemServerTimingAsync: ssm.onUnlockingUser-0_com.android.server.pm.StagingManager$Lifecycle
04-01 08:46:49.465 612 653 V SystemServerTimingAsync: ssm.onUnlockingUser-0_com.android.server.pm.StagingManager$Lifecycle took to complete: 0ms
04-01 08:46:49.465 612 653 D SystemServerTimingAsync: ssm.onUnlockingUser-0_com.android.server.app.GameManagerService$Lifecycle
04-01 08:46:49.465 612 653 V SystemServerTimingAsync: ssm.onUnlockingUser-0_com.android.server.app.GameManagerService$Lifecycle took to complete: 0ms
04-01 08:46:49.465 612 653 D SystemServerTimingAsync: ssm.onUnlockingUser-0_com.android.safetycenter.SafetyCenterService
04-01 08:46:49.465 612 653 V SystemServerTimingAsync: ssm.onUnlockingUser-0_com.android.safetycenter.SafetyCenterService took to complete: 0ms
04-01 08:46:49.465 612 653 D SystemServerTimingAsync: ssm.onUnlockingUser-0_com.android.server.appsearch.AppSearchModule$Lifecycle
04-01 08:46:49.482 612 793 I BackupManagerService: Starting service for user: 0
04-01 08:46:49.484 612 1233 I AppSearchUserInstanceMa: Creating new AppSearch instance at: /data/system_ce/0/appsearch/icing
04-01 08:46:49.483 452 452 D Zygote : Forked child process 1234
04-01 08:46:49.488 612 731 I StorageUserConnection: Bound to the ExternalStorageService for user 0
04-01 08:46:49.489 612 654 W ActivityManager: Slow operation: 53ms so far, now at startProcess: returned from zygote!
04-01 08:46:49.489 612 700 I UsageStatsService: User[0] Rollover scheduled @ 2025-04-02 08:46:49(1743583609067)
04-01 08:46:49.490 612 654 W ActivityManager: Slow operation: 54ms so far, now at startProcess: done updating battery stats
04-01 08:46:49.490 612 654 I Watchdog: Interesting Java process com.android.providers.media.module started. Pid 1234
04-01 08:46:49.490 612 654 W ActivityManager: Slow operation: 54ms so far, now at startProcess: building log message
04-01 08:46:49.490 612 654 I ActivityManager: Start proc 1234:com.android.providers.media.module/u0a94 for service {com.android.providers.media.module/com.android.providers.media.fuse.ExternalStorageServiceImpl}
04-01 08:46:49.490 612 654 W ActivityManager: Slow operation: 54ms so far, now at startProcess: starting to update pids map
04-01 08:46:49.490 612 700 I UsageStatsService: Time changed in by 1743497157 seconds
04-01 08:46:49.490 612 654 W ActivityManager: Slow operation: 54ms so far, now at startProcess: done updating pids map
04-01 08:46:49.492 612 612 D CompatChangeReporter: Compat change id reported: 311208629; UID 1000; state: ENABLED
04-01 08:46:49.492 612 700 I UsageStatsService: User[0] Flushing usage stats to disk
04-01 08:46:49.496 612 1232 D ShortcutService: depth=1 type=2 name=package
04-01 08:46:49.503 612 752 D WifiConfigStore: Writing to stores completed in 40 ms.
04-01 08:46:49.510 612 1232 D ShortcutService: depth=3 type=2 name=intent
04-01 08:46:49.511 449 476 I netd : tetherGetStats() -> {[]} <8.03ms>
04-01 08:46:49.511 612 653 V SystemServerTimingAsync: ssm.onUnlockingUser-0_com.android.server.appsearch.AppSearchModule$Lifecycle took to complete: 45ms
04-01 08:46:49.512 612 653 D SystemServerTimingAsync: ssm.onUnlockingUser-0_com.android.server.compos.IsolatedCompilationService
04-01 08:46:49.512 612 653 V SystemServerTimingAsync: ssm.onUnlockingUser-0_com.android.server.compos.IsolatedCompilationService took to complete: 0ms
04-01 08:46:49.512 612 653 D SystemServerTimingAsync: ssm.onUnlockingUser-0_com.android.server.media.MediaCommunicationService
04-01 08:46:49.512 612 653 V SystemServerTimingAsync: ssm.onUnlockingUser-0_com.android.server.media.MediaCommunicationService took to complete: 0ms
04-01 08:46:49.512 612 653 D SystemServerTimingAsync: ssm.onUnlockingUser-0_com.android.server.compat.overrides.AppCompatOverridesService$Lifecycle
04-01 08:46:49.512 612 653 V SystemServerTimingAsync: ssm.onUnlockingUser-0_com.android.server.compat.overrides.AppCompatOverridesService$Lifecycle took to complete: 0ms
04-01 08:46:49.512 612 653 D SystemServerTimingAsync: ssm.onUnlockingUser-0_com.android.server.healthconnect.HealthConnectManagerService
04-01 08:46:49.512 612 653 V SystemServerTimingAsync: ssm.onUnlockingUser-0_com.android.server.healthconnect.HealthConnectManagerService took to complete: 0ms
04-01 08:46:49.512 612 653 D SystemServerTimingAsync: ssm.onUnlockingUser-0_com.android.server.devicelock.DeviceLockService
04-01 08:46:49.512 612 653 D DeviceLockService: onUserUnlocking: 0
04-01 08:46:49.512 612 653 V SystemServerTimingAsync: ssm.onUnlockingUser-0_com.android.server.devicelock.DeviceLockService took to complete: 0ms
04-01 08:46:49.512 612 653 D SystemServerTimingAsync: ssm.onUnlockingUser-0_com.android.server.SensitiveContentProtectionManagerService
04-01 08:46:49.512 612 653 V SystemServerTimingAsync: ssm.onUnlockingUser-0_com.android.server.SensitiveContentProtectionManagerService took to complete: 0ms
04-01 08:46:49.512 612 653 D SystemServerTimingAsync: ssm.onUnlockingUser-0_com.android.system.virtualmachine.VirtualizationSystemService
04-01 08:46:49.512 612 653 V SystemServerTimingAsync: ssm.onUnlockingUser-0_com.android.system.virtualmachine.VirtualizationSystemService took to complete: 0ms
04-01 08:46:49.512 612 653 V SystemServerTimingAsync: ssm.UnlockingUser-0 took to complete: 317ms
04-01 08:46:49.514 612 1232 D ShortcutService: depth=1 type=2 name=package
04-01 08:46:49.516 612 1232 D ShortcutService: depth=3 type=2 name=intent
04-01 08:46:49.519 612 1232 D ShortcutService: depth=1 type=2 name=package
04-01 08:46:49.520 612 1232 D ShortcutService: depth=3 type=2 name=intent
04-01 08:46:49.521 612 653 D SystemServerTiming: finishUserUnlocked-0
04-01 08:46:49.521 612 1232 D ShortcutService: depth=3 type=2 name=intent
04-01 08:46:49.531 612 651 V WallpaperManagerService: Wallpaper_selinux_restorecon-0 took to complete: 81ms
04-01 08:46:49.532 612 653 I ActivityManager: User 0 state changed from RUNNING_UNLOCKING to RUNNING_UNLOCKED
04-01 08:46:49.534 612 653 V SystemServerTiming: SystemUserUnlock took to complete: 1957ms
04-01 08:46:49.536 612 653 V ContentProviderHelper: Installing ContentProviderInfo{name=com.android.launcher3 className=com.android.quickstep.LauncherSearchIndexablesProvider}
04-01 08:46:49.537 612 653 V ContentProviderHelper: Installing ContentProviderInfo{name=com.android.launcher3.overview.fileprovider className=androidx.core.content.FileProvider}
04-01 08:46:49.537 612 653 V ContentProviderHelper: Installing ContentProviderInfo{name=com.android.launcher3.settings className=com.android.launcher3.LauncherProvider}
04-01 08:46:49.538 612 653 V ContentProviderHelper: Installing ContentProviderInfo{name=com.android.launcher3.grid_control className=com.android.launcher3.graphics.GridCustomizationsProvider}
04-01 08:46:49.496 336 336 I apexd : Deleting unused dm device com.android.wifi
04-01 08:46:49.540 612 653 D SystemServerTiming: broadcastIntent-0-android.intent.action.USER_UNLOCKED
04-01 08:46:49.541 612 653 W BroadcastLoopers: Found previously unknown looper Thread[ActivityManager,5,main]
04-01 08:46:49.542 612 653 V SystemServerTiming: broadcastIntent-0-android.intent.action.USER_UNLOCKED took to complete: 2ms
04-01 08:46:49.557 1234 1234 I rs.media.module: Using CollectorTypeCMC GC.
04-01 08:46:49.558 336 336 I apexd : Deleting unused dm device com.google.cf.health
04-01 08:46:49.569 1234 1234 E rs.media.module: Not starting debugger since process cannot load the jdwp agent.
04-01 08:46:49.576 612 793 V BackupManagerService: [UserID:0] Starting with transport com.android.localtransport/.LocalTransport
04-01 08:46:49.577 612 1232 D ShortcutService: checkPackageChanges() ownerUserId=0
04-01 08:46:49.587 612 653 I ActivityManager: Posting BOOT_COMPLETED user #0
04-01 08:46:49.600 336 336 I apexd : Deleting unused dm device com.google.cf.health.storage
04-01 08:46:49.593 612 653 V SystemServerTiming: finishUserUnlocked-0 took to complete: 72ms
04-01 08:46:49.594 612 644 I DropBoxManagerService: add tag=system_server_strictmode isTagEnabled=true flags=0x2
04-01 08:46:49.595 612 1232 D ShortcutService: rescan updated package userId=0 last scanned=0
04-01 08:46:49.596 612 1232 D ShortcutService: forUpdatedPackages for userId=0, lastScanTime=0 afterOta=false
04-01 08:46:49.599 612 642 I TaskPersister: Loaded persisted task ids for user 0
04-01 08:46:49.629 1234 1234 D nativeloader: Load libframework-connectivity-tiramisu-jni.so using APEX ns com_android_tethering for caller /apex/com.android.tethering/javalib/framework-connectivity-t.jar: ok
04-01 08:46:49.632 612 642 I ActivityTaskManager: Restoring recents for user 0
04-01 08:46:49.667 928 928 D FallbackHome: User unlocked and real home found; let's go!
04-01 08:46:49.668 612 653 D SystemServerTimingAsync: ssm.UnlockedUser-0
04-01 08:46:49.669 612 653 I SystemServiceManager: Calling onUnlockedUser 0
04-01 08:46:49.669 612 653 D SystemServerTimingAsync: ssm.onUnlockedUser-0_com.android.server.security.FileIntegrityService
04-01 08:46:49.669 612 653 V SystemServerTimingAsync: ssm.onUnlockedUser-0_com.android.server.security.FileIntegrityService took to complete: 0ms
04-01 08:46:49.669 612 653 D SystemServerTimingAsync: ssm.onUnlockedUser-0_com.android.server.pm.Installer
04-01 08:46:49.669 612 653 V SystemServerTimingAsync: ssm.onUnlockedUser-0_com.android.server.pm.Installer took to complete: 0ms
04-01 08:46:49.669 612 653 D SystemServerTimingAsync: ssm.onUnlockedUser-0_com.android.server.os.DeviceIdentifiersPolicyService
04-01 08:46:49.669 612 653 V SystemServerTimingAsync: ssm.onUnlockedUser-0_com.android.server.os.DeviceIdentifiersPolicyService took to complete: 0ms
04-01 08:46:49.669 612 653 D SystemServerTimingAsync: ssm.onUnlockedUser-0_com.android.server.flags.FeatureFlagsService
04-01 08:46:49.669 612 653 V SystemServerTimingAsync: ssm.onUnlockedUser-0_com.android.server.flags.FeatureFlagsService took to complete: 0ms
04-01 08:46:49.669 612 653 D SystemServerTimingAsync: ssm.onUnlockedUser-0_com.android.server.uri.UriGrantsManagerService$Lifecycle
04-01 08:46:49.669 612 653 V SystemServerTimingAsync: ssm.onUnlockedUser-0_com.android.server.uri.UriGrantsManagerService$Lifecycle took to complete: 0ms
04-01 08:46:49.669 612 653 D SystemServerTimingAsync: ssm.onUnlockedUser-0_com.android.server.powerstats.PowerStatsService
04-01 08:46:49.669 612 653 V SystemServerTimingAsync: ssm.onUnlockedUser-0_com.android.server.powerstats.PowerStatsService took to complete: 0ms
04-01 08:46:49.669 612 653 D SystemServerTimingAsync: ssm.onUnlockedUser-0_com.android.server.permission.access.AccessCheckingService
04-01 08:46:49.669 612 653 V SystemServerTimingAsync: ssm.onUnlockedUser-0_com.android.server.permission.access.AccessCheckingService took to complete: 0ms
04-01 08:46:49.669 612 653 D SystemServerTimingAsync: ssm.onUnlockedUser-0_com.android.server.wm.ActivityTaskManagerService$Lifecycle
04-01 08:46:49.693 612 1232 D ShortcutService: Found updated package com.android.devicelockcontroller updateTime=41595
04-01 08:46:49.694 612 1232 D ShortcutService: rescanPackageIfNeeded 0@com.android.devicelockcontroller, forceRescan=true , isNewApp=true
04-01 08:46:49.695 612 642 V PackageConfigPersister: loadPackages: empty list files from /data/system_ce/0/package_configs
04-01 08:46:49.696 612 642 W Looper : Slow dispatch took 165ms android.fg h=android.os.Handler c=com.android.server.am.UserController$$ExternalSyntheticLambda6@8bb353f m=0
04-01 08:46:49.698 492 576 D AudioFlinger: mixer(0xb400007f7331e880) throttle end: throttle time(117)
04-01 08:46:49.702 478 575 D AHAL_StreamPrimary: transfer: skipping transfer (4096 frames)
04-01 08:46:49.711 612 1233 W system_server: Core platform API violation: Llibcore/io/Memory;->pokeByte(JB)V from Lcom/android/server/appsearch/protobuf/UnsafeUtil; using reflection
04-01 08:46:49.712 612 1233 W system_server: Core platform API violation: Llibcore/io/Memory;->peekByte(J)B from Lcom/android/server/appsearch/protobuf/UnsafeUtil; using reflection
04-01 08:46:49.712 612 793 D BackupManagerService: [UserID:0] Started thread backup-0
04-01 08:46:49.714 612 1232 D ShortcutService: Package com.android.devicelockcontroller has 0 manifest shortcut(s), and 0 share target(s)
04-01 08:46:49.714 612 1232 D ShortcutService: Found updated package com.android.captiveportallogin updateTime=40393
04-01 08:46:49.727 838 874 V WindowManagerShell: UNKNOWN MESSAGE (319134872409225255) 2 android.os.BinderProxy@e09afa TransitionRequestInfo { type = CLOSE, triggerTask = TaskInfo{userId=0 taskId=2 effectiveUid=1000 displayId=0 isRunning=false baseIntent=Intent { act=android.intent.action.MAIN cat=[android.intent.category.HOME] flg=0x10800100 cmp=com.android.settings/.FallbackHome } baseActivity=null topActivity=null origActivity=null realActivity=ComponentInfo{com.android.settings/com.android.settings.FallbackHome} numActivities=0 lastActiveTime=35809 supportsMultiWindow=true resizeMode=0 isResizeable=false minWidth=-1 minHeight=-1 defaultMinSize=220 token=WCT{android.window.IWindowContainerToken$Stub$Proxy@63658ab} topActivityType=2 pictureInPictureParams=null shouldDockBigOverlays=false launchIntoPipHostTaskId=-1 lastParentTaskIdBeforePip=-1 displayCutoutSafeInsets=Rect(0, 0 - 0, 0) topActivityInfo=null launchCookies=[] positionInParent=Point(0, 0) parentTaskId=-1 isFocused=true isVisible=true isVisibleRequested=true isSleeping=false locusId=null displayAreaFeatureId=1 isTopActivityTransparent=false isTopActivityStyleFloating=false lastNonFullscreenBounds=Rect(680, 41 - 1240, 1039) capturedLink=null capturedLinkTimestamp=0 appCompatTaskInfo=AppCompatTaskInfo { topActivityInSizeCompat=false eligibleForLetterboxEducation= false isLetterboxEducationEnabled= false isLetterboxDoubleTapEnabled= false eligibleForUserAspectRatioButton= false topActivityBoundsLetterboxed= false isFromLetterboxDoubleTap= false topActivityLetterboxVerticalPosition= -1 topActivityLetterboxHorizontalPosition= -1 topActivityLetterboxWidth=-1 topActivityLetterboxHeight=-1 topActivityLetterboxAppWidth=-1 topActivityLetterboxAppHeight=-1 isUserFullscreenOverrideEnabled=false isSystemFullscreenOverrideEnabled=false hasMinAspectRatioOverride=false cameraCompatTaskInfo=CameraCompatTaskInfo { freeformCameraCompatMode=inactive}}}, pipTask = null, remoteTransition = null, displayChange = null, flags = 0, debugId = 2 }
04-01 08:46:49.744 612 793 E BackupPasswordManager: Unable to read backup pw version
04-01 08:46:49.744 612 653 I LaunchParamsPersister: Didn't find launch param folder for user 0
04-01 08:46:49.744 612 653 W SystemServiceManager: Service com.android.server.wm.ActivityTaskManagerService$Lifecycle took 75 ms in onUnlockedUser-0
04-01 08:46:49.744 612 653 V SystemServerTimingAsync: ssm.onUnlockedUser-0_com.android.server.wm.ActivityTaskManagerService$Lifecycle took to complete: 75ms
04-01 08:46:49.744 612 653 D SystemServerTimingAsync: ssm.onUnlockedUser-0_com.android.server.am.ActivityManagerService$Lifecycle
04-01 08:46:49.744 612 653 V SystemServerTimingAsync: ssm.onUnlockedUser-0_com.android.server.am.ActivityManagerService$Lifecycle took to complete: 1ms
04-01 08:46:49.744 612 653 D SystemServerTimingAsync: ssm.onUnlockedUser-0_com.android.server.pm.DataLoaderManagerService
04-01 08:46:49.744 612 653 V SystemServerTimingAsync: ssm.onUnlockedUser-0_com.android.server.pm.DataLoaderManagerService took to complete: 0ms
04-01 08:46:49.745 612 653 D SystemServerTimingAsync: ssm.onUnlockedUser-0_com.android.server.power.PowerManagerService
04-01 08:46:49.745 612 653 V SystemServerTimingAsync: ssm.onUnlockedUser-0_com.android.server.power.PowerManagerService took to complete: 0ms
04-01 08:46:49.745 612 653 D SystemServerTimingAsync: ssm.onUnlockedUser-0_com.android.server.power.ThermalManagerService
04-01 08:46:49.745 612 653 V SystemServerTimingAsync: ssm.onUnlockedUser-0_com.android.server.power.ThermalManagerService took to complete: 0ms
04-01 08:46:49.745 612 653 D SystemServerTimingAsync: ssm.onUnlockedUser-0_com.android.server.recoverysystem.RecoverySystemService$Lifecycle
04-01 08:46:49.745 612 653 V SystemServerTimingAsync: ssm.onUnlockedUser-0_com.android.server.recoverysystem.RecoverySystemService$Lifecycle took to complete: 0ms
04-01 08:46:49.745 612 653 D SystemServerTimingAsync: ssm.onUnlockedUser-0_com.android.server.lights.LightsService
04-01 08:46:49.745 612 653 V SystemServerTimingAsync: ssm.onUnlockedUser-0_com.android.server.lights.LightsService took to complete: 0ms
04-01 08:46:49.745 612 653 D SystemServerTimingAsync: ssm.onUnlockedUser-0_com.android.server.display.DisplayManagerService
04-01 08:46:49.745 612 653 V SystemServerTimingAsync: ssm.onUnlockedUser-0_com.android.server.display.DisplayManagerService took to complete: 0ms
04-01 08:46:49.745 612 653 D SystemServerTimingAsync: ssm.onUnlockedUser-0_com.android.server.pm.verify.domain.DomainVerificationService
04-01 08:46:49.745 612 653 V SystemServerTimingAsync: ssm.onUnlockedUser-0_com.android.server.pm.verify.domain.DomainVerificationService took to complete: 0ms
04-01 08:46:49.745 612 653 D SystemServerTimingAsync: ssm.onUnlockedUser-0_com.android.server.pm.PackageInstallerService$Lifecycle
04-01 08:46:49.745 612 653 V SystemServerTimingAsync: ssm.onUnlockedUser-0_com.android.server.pm.PackageInstallerService$Lifecycle took to complete: 0ms
04-01 08:46:49.745 612 653 D SystemServerTimingAsync: ssm.onUnlockedUser-0_com.android.server.pm.UserManagerService$LifeCycle
04-01 08:46:49.745 612 653 V SystemServerTimingAsync: ssm.onUnlockedUser-0_com.android.server.pm.UserManagerService$LifeCycle took to complete: 0ms
04-01 08:46:49.746 612 653 D SystemServerTimingAsync: ssm.onUnlockedUser-0_com.android.server.om.OverlayManagerService
04-01 08:46:49.746 612 653 V SystemServerTimingAsync: ssm.onUnlockedUser-0_com.android.server.om.OverlayManagerService took to complete: 0ms
04-01 08:46:49.746 612 653 D SystemServerTimingAsync: ssm.onUnlockedUser-0_com.android.server.resources.ResourcesManagerService
04-01 08:46:49.746 612 653 V SystemServerTimingAsync: ssm.onUnlockedUser-0_com.android.server.resources.ResourcesManagerService took to complete: 0ms
04-01 08:46:49.746 612 653 D SystemServerTimingAsync: ssm.onUnlockedUser-0_com.android.server.sensorprivacy.SensorPrivacyService
04-01 08:46:49.746 612 653 V SystemServerTimingAsync: ssm.onUnlockedUser-0_com.android.server.sensorprivacy.SensorPrivacyService took to complete: 0ms
04-01 08:46:49.746 612 653 D SystemServerTimingAsync: ssm.onUnlockedUser-0_com.android.server.sensors.SensorService
04-01 08:46:49.746 612 653 V SystemServerTimingAsync: ssm.onUnlockedUser-0_com.android.server.sensors.SensorService took to complete: 0ms
04-01 08:46:49.746 612 653 D SystemServerTimingAsync: ssm.onUnlockedUser-0_com.android.server.SystemConfigService
04-01 08:46:49.746 612 653 V SystemServerTimingAsync: ssm.onUnlockedUser-0_com.android.server.SystemConfigService took to complete: 0ms
04-01 08:46:49.746 612 653 D SystemServerTimingAsync: ssm.onUnlockedUser-0_com.android.server.BatteryService
04-01 08:46:49.746 612 653 V SystemServerTimingAsync: ssm.onUnlockedUser-0_com.android.server.BatteryService took to complete: 0ms
04-01 08:46:49.746 612 653 D SystemServerTimingAsync: ssm.onUnlockedUser-0_com.android.server.usage.UsageStatsService
04-01 08:46:49.746 612 653 V SystemServerTimingAsync: ssm.onUnlockedUser-0_com.android.server.usage.UsageStatsService took to complete: 0ms
04-01 08:46:49.746 612 653 D SystemServerTimingAsync: ssm.onUnlockedUser-0_com.android.server.webkit.WebViewUpdateService
04-01 08:46:49.746 612 653 V SystemServerTimingAsync: ssm.onUnlockedUser-0_com.android.server.webkit.WebViewUpdateService took to complete: 0ms
04-01 08:46:49.746 612 653 D SystemServerTimingAsync: ssm.onUnlockedUser-0_com.android.server.CachedDeviceStateService
04-01 08:46:49.746 612 653 V SystemServerTimingAsync: ssm.onUnlockedUser-0_com.android.server.CachedDeviceStateService took to complete: 0ms
04-01 08:46:49.746 612 653 D SystemServerTimingAsync: ssm.onUnlockedUser-0_com.android.server.BinderCallsStatsService$LifeCycle
04-01 08:46:49.746 612 653 V SystemServerTimingAsync: ssm.onUnlockedUser-0_com.android.server.BinderCallsStatsService$LifeCycle took to complete: 0ms
04-01 08:46:49.746 612 653 D SystemServerTimingAsync: ssm.onUnlockedUser-0_com.android.server.LooperStatsService$Lifecycle
04-01 08:46:49.746 612 653 V SystemServerTimingAsync: ssm.onUnlockedUser-0_com.android.server.LooperStatsService$Lifecycle took to complete: 0ms
04-01 08:46:49.746 612 653 D SystemServerTimingAsync: ssm.onUnlockedUser-0_com.android.server.rollback.RollbackManagerService
04-01 08:46:49.746 612 653 V SystemServerTimingAsync: ssm.onUnlockedUser-0_com.android.server.rollback.RollbackManagerService took to complete: 0ms
04-01 08:46:49.746 612 653 D SystemServerTimingAsync: ssm.onUnlockedUser-0_com.android.server.os.NativeTombstoneManagerService
04-01 08:46:49.746 612 653 V SystemServerTimingAsync: ssm.onUnlockedUser-0_com.android.server.os.NativeTombstoneManagerService took to complete: 0ms
04-01 08:46:49.746 612 653 D SystemServerTimingAsync: ssm.onUnlockedUser-0_com.android.server.os.BugreportManagerService
04-01 08:46:49.746 612 653 V SystemServerTimingAsync: ssm.onUnlockedUser-0_com.android.server.os.BugreportManagerService took to complete: 0ms
04-01 08:46:49.746 612 653 D SystemServerTimingAsync: ssm.onUnlockedUser-0_com.android.server.gpu.GpuService
04-01 08:46:49.746 612 653 V SystemServerTimingAsync: ssm.onUnlockedUser-0_com.android.server.gpu.GpuService took to complete: 0ms
04-01 08:46:49.746 612 653 D SystemServerTimingAsync: ssm.onUnlockedUser-0_com.android.server.security.rkp.RemoteProvisioningService
04-01 08:46:49.746 612 653 V SystemServerTimingAsync: ssm.onUnlockedUser-0_com.android.server.security.rkp.RemoteProvisioningService took to complete: 0ms
04-01 08:46:49.746 612 653 D SystemServerTimingAsync: ssm.onUnlockedUser-0_com.android.server.cpu.CpuMonitorService
04-01 08:46:49.746 612 653 V SystemServerTimingAsync: ssm.onUnlockedUser-0_com.android.server.cpu.CpuMonitorService took to complete: 0ms
04-01 08:46:49.746 612 653 D SystemServerTimingAsync: ssm.onUnlockedUser-0_com.android.server.security.KeyChainSystemService
04-01 08:46:49.746 612 653 V SystemServerTimingAsync: ssm.onUnlockedUser-0_com.android.server.security.KeyChainSystemService took to complete: 0ms
04-01 08:46:49.746 612 653 D SystemServerTimingAsync: ssm.onUnlockedUser-0_com.android.server.BinaryTransparencyService
04-01 08:46:49.746 612 653 V SystemServerTimingAsync: ssm.onUnlockedUser-0_com.android.server.BinaryTransparencyService took to complete: 0ms
04-01 08:46:49.746 612 653 D SystemServerTimingAsync: ssm.onUnlockedUser-0_com.android.server.accounts.AccountManagerService$Lifecycle
04-01 08:46:49.746 612 653 V SystemServerTimingAsync: ssm.onUnlockedUser-0_com.android.server.accounts.AccountManagerService$Lifecycle took to complete: 0ms
