04-01 08:46:38.109 612 612 D SystemServerTiming: OnBootPhase_200_com.android.server.om.OverlayManagerService
04-01 08:46:38.109 612 612 V SystemServerTiming: OnBootPhase_200_com.android.server.om.OverlayManagerService took to complete: 0ms
04-01 08:46:38.109 612 612 D SystemServerTiming: OnBootPhase_200_com.android.server.resources.ResourcesManagerService
04-01 08:46:38.109 612 612 V SystemServerTiming: OnBootPhase_200_com.android.server.resources.ResourcesManagerService took to complete: 0ms
04-01 08:46:38.109 612 612 D SystemServerTiming: OnBootPhase_200_com.android.server.sensorprivacy.SensorPrivacyService
04-01 08:46:38.109 612 612 V SystemServerTiming: OnBootPhase_200_com.android.server.sensorprivacy.SensorPrivacyService took to complete: 0ms
04-01 08:46:38.109 612 612 D SystemServerTiming: OnBootPhase_200_com.android.server.sensors.SensorService
04-01 08:46:38.109 612 612 V SystemServerTiming: OnBootPhase_200_com.android.server.sensors.SensorService took to complete: 0ms
04-01 08:46:38.109 612 612 D SystemServerTiming: OnBootPhase_200_com.android.server.SystemConfigService
04-01 08:46:38.109 612 612 V SystemServerTiming: OnBootPhase_200_com.android.server.SystemConfigService took to complete: 0ms
04-01 08:46:38.109 612 612 D SystemServerTiming: OnBootPhase_200_com.android.server.BatteryService
04-01 08:46:38.109 612 612 V SystemServerTiming: OnBootPhase_200_com.android.server.BatteryService took to complete: 0ms
04-01 08:46:38.110 612 612 D SystemServerTiming: OnBootPhase_200_com.android.server.usage.UsageStatsService
04-01 08:46:38.110 612 612 V SystemServerTiming: OnBootPhase_200_com.android.server.usage.UsageStatsService took to complete: 0ms
04-01 08:46:38.110 612 612 D SystemServerTiming: OnBootPhase_200_com.android.server.webkit.WebViewUpdateService
04-01 08:46:38.110 612 612 V SystemServerTiming: OnBootPhase_200_com.android.server.webkit.WebViewUpdateService took to complete: 0ms
04-01 08:46:38.110 612 612 D SystemServerTiming: OnBootPhase_200_com.android.server.CachedDeviceStateService
04-01 08:46:38.110 612 612 V SystemServerTiming: OnBootPhase_200_com.android.server.CachedDeviceStateService took to complete: 0ms
04-01 08:46:38.110 612 612 D SystemServerTiming: OnBootPhase_200_com.android.server.BinderCallsStatsService$LifeCycle
04-01 08:46:38.110 612 612 V SystemServerTiming: OnBootPhase_200_com.android.server.BinderCallsStatsService$LifeCycle took to complete: 0ms
04-01 08:46:38.110 612 612 D SystemServerTiming: OnBootPhase_200_com.android.server.LooperStatsService$Lifecycle
04-01 08:46:38.110 612 612 V SystemServerTiming: OnBootPhase_200_com.android.server.LooperStatsService$Lifecycle took to complete: 0ms
04-01 08:46:38.110 612 612 D SystemServerTiming: OnBootPhase_200_com.android.server.rollback.RollbackManagerService
04-01 08:46:38.110 612 612 V SystemServerTiming: OnBootPhase_200_com.android.server.rollback.RollbackManagerService took to complete: 0ms
04-01 08:46:38.110 612 612 D SystemServerTiming: OnBootPhase_200_com.android.server.os.NativeTombstoneManagerService
04-01 08:46:38.110 612 612 V SystemServerTiming: OnBootPhase_200_com.android.server.os.NativeTombstoneManagerService took to complete: 0ms
04-01 08:46:38.110 612 612 D SystemServerTiming: OnBootPhase_200_com.android.server.os.BugreportManagerService
04-01 08:46:38.110 612 612 V SystemServerTiming: OnBootPhase_200_com.android.server.os.BugreportManagerService took to complete: 0ms
04-01 08:46:38.110 612 612 D SystemServerTiming: OnBootPhase_200_com.android.server.gpu.GpuService
04-01 08:46:38.110 612 612 V SystemServerTiming: OnBootPhase_200_com.android.server.gpu.GpuService took to complete: 0ms
04-01 08:46:38.110 612 612 D SystemServerTiming: OnBootPhase_200_com.android.server.security.rkp.RemoteProvisioningService
04-01 08:46:38.110 612 612 V SystemServerTiming: OnBootPhase_200_com.android.server.security.rkp.RemoteProvisioningService took to complete: 0ms
04-01 08:46:38.110 612 612 D SystemServerTiming: OnBootPhase_200_com.android.server.cpu.CpuMonitorService
04-01 08:46:38.110 612 612 V SystemServerTiming: OnBootPhase_200_com.android.server.cpu.CpuMonitorService took to complete: 0ms
04-01 08:46:38.110 612 612 D SystemServerTiming: OnBootPhase_200_com.android.server.security.KeyChainSystemService
04-01 08:46:38.110 612 612 V SystemServerTiming: OnBootPhase_200_com.android.server.security.KeyChainSystemService took to complete: 0ms
04-01 08:46:38.110 612 612 D SystemServerTiming: OnBootPhase_200_com.android.server.BinaryTransparencyService
04-01 08:46:38.110 612 612 V SystemServerTiming: OnBootPhase_200_com.android.server.BinaryTransparencyService took to complete: 0ms
04-01 08:46:38.110 612 612 D SystemServerTiming: OnBootPhase_200_com.android.server.accounts.AccountManagerService$Lifecycle
04-01 08:46:38.110 612 612 V SystemServerTiming: OnBootPhase_200_com.android.server.accounts.AccountManagerService$Lifecycle took to complete: 0ms
04-01 08:46:38.110 612 612 D SystemServerTiming: OnBootPhase_200_com.android.server.content.ContentService$Lifecycle
04-01 08:46:38.110 612 612 V SystemServerTiming: OnBootPhase_200_com.android.server.content.ContentService$Lifecycle took to complete: 0ms
04-01 08:46:38.110 612 612 D SystemServerTiming: OnBootPhase_200_com.android.server.deviceconfig.DeviceConfigInit$Lifecycle
04-01 08:46:38.110 612 612 V SystemServerTiming: OnBootPhase_200_com.android.server.deviceconfig.DeviceConfigInit$Lifecycle took to complete: 0ms
04-01 08:46:38.110 612 612 D SystemServerTiming: OnBootPhase_200_com.android.server.DropBoxManagerService
04-01 08:46:38.110 612 612 V SystemServerTiming: OnBootPhase_200_com.android.server.DropBoxManagerService took to complete: 0ms
04-01 08:46:38.110 612 612 D SystemServerTiming: OnBootPhase_200_com.android.ecm.EnhancedConfirmationService
04-01 08:46:38.110 612 612 V SystemServerTiming: OnBootPhase_200_com.android.ecm.EnhancedConfirmationService took to complete: 0ms
04-01 08:46:38.110 612 612 D SystemServerTiming: OnBootPhase_200_com.android.server.power.hint.HintManagerService
04-01 08:46:38.110 612 612 V SystemServerTiming: OnBootPhase_200_com.android.server.power.hint.HintManagerService took to complete: 0ms
04-01 08:46:38.110 612 612 D SystemServerTiming: OnBootPhase_200_com.android.role.RoleService
04-01 08:46:38.111 612 612 V SystemServerTiming: OnBootPhase_200_com.android.role.RoleService took to complete: 0ms
04-01 08:46:38.111 612 612 D SystemServerTiming: OnBootPhase_200_com.android.server.vibrator.VibratorManagerService$Lifecycle
04-01 08:46:38.111 612 612 V SystemServerTiming: OnBootPhase_200_com.android.server.vibrator.VibratorManagerService$Lifecycle took to complete: 0ms
04-01 08:46:38.111 612 612 D SystemServerTiming: OnBootPhase_200_com.android.server.alarm.AlarmManagerService
04-01 08:46:38.111 612 612 V SystemServerTiming: OnBootPhase_200_com.android.server.alarm.AlarmManagerService took to complete: 0ms
04-01 08:46:38.111 612 612 D SystemServerTiming: OnBootPhase_200_com.android.server.devicestate.DeviceStateManagerService
04-01 08:46:38.111 612 612 V SystemServerTiming: OnBootPhase_200_com.android.server.devicestate.DeviceStateManagerService took to complete: 0ms
04-01 08:46:38.111 612 612 D SystemServerTiming: OnBootPhase_200_com.android.server.camera.CameraServiceProxy
04-01 08:46:38.111 612 612 V SystemServerTiming: OnBootPhase_200_com.android.server.camera.CameraServiceProxy took to complete: 0ms
04-01 08:46:38.111 612 612 V SystemServerTiming: OnBootPhase_200 took to complete: 4ms
04-01 08:46:38.135 612 612 I WindowManager: No existing display settings, starting empty
04-01 08:46:38.139 612 612 I WindowManager: No existing display settings, starting empty
04-01 08:46:38.218 612 633 I system_server: Background concurrent mark compact GC freed 28MB AllocSpace bytes, 181(10MB) LOS objects, 49% free, 9813KB/19MB, paused 2.742ms,2.703ms total 211.469ms
04-01 08:46:38.219 612 612 V SystemServerTiming: StartWindowManagerService took to complete: 112ms
04-01 08:46:38.219 612 612 D SystemServerTiming: SetWindowManagerService
04-01 08:46:38.235 612 612 D inputflinger_bootstrap: android_logger: android_logger: log::set_logger failed: attempted to set a logger after the logging system was already initialized
04-01 08:46:38.316 612 612 V SystemServerTiming: SetWindowManagerService took to complete: 96ms
04-01 08:46:38.316 612 612 D SystemServerTiming: WindowManagerServiceOnInitReady
04-01 08:46:38.337 612 643 W BroadcastLoopers: Found previously unknown looper Thread[android.ui,5,main]
04-01 08:46:38.343 612 612 V SystemServerTiming: WindowManagerServiceOnInitReady took to complete: 27ms
04-01 08:46:38.343 612 697 D SystemServerTimingAsync: InitThreadPoolExec:StartISensorManagerService
04-01 08:46:38.343 612 612 D SystemServerTiming: StartInputManager
04-01 08:46:38.343 612 697 D SystemServerInitThreadPool: Started executing StartISensorManagerService
04-01 08:46:38.344 612 708 D SystemServerTimingAsync: InitThreadPoolExec:StartHidlServices
04-01 08:46:38.344 612 708 D SystemServerInitThreadPool: Started executing StartHidlServices
04-01 08:46:38.344 612 612 I InputManager: Starting input manager
04-01 08:46:38.344 612 708 D SystemServerTimingAsync: StartHidlServices
04-01 08:46:38.344 612 697 D SystemServerTimingAsync: StartISensorManagerService
04-01 08:46:38.344 612 612 V SystemServerTiming: StartInputManager took to complete: 1ms
04-01 08:46:38.345 612 612 D SystemServerTiming: DisplayManagerWindowManagerAndInputReady
04-01 08:46:38.345 242 242 I hwservicemanager: getTransport: Cannot find entry android.frameworks.schedulerservice@1.0::ISchedulingPolicyService/default in either framework or device VINTF manifest.
04-01 08:46:38.345 612 708 W system_server: android.frameworks.schedulerservice@1.0::ISchedulingPolicyService is deprecated. Skipping registration.
04-01 08:46:38.346 612 708 V SystemServerTimingAsync: StartHidlServices took to complete: 2ms
04-01 08:46:38.346 612 708 D SystemServerInitThreadPool: Finished executing StartHidlServices
04-01 08:46:38.347 612 708 V SystemServerTimingAsync: InitThreadPoolExec:StartHidlServices took to complete: 3ms
04-01 08:46:38.347 612 612 V SystemServerTiming: DisplayManagerWindowManagerAndInputReady took to complete: 1ms
04-01 08:46:38.347 612 723 D EventHub: configureLightsLocked rawLightId 1 name uevent
04-01 08:46:38.348 612 697 I HidlServiceManagement: Registered android.frameworks.sensorservice@1.0::ISensorManager/default
04-01 08:46:38.348 612 723 D EventHub: configureLightsLocked rawLightId 2 name f4000.pinctrl
04-01 08:46:38.348 612 612 I SystemServer: No Bluetooth Service (Bluetooth Hardware Not Present)
04-01 08:46:38.348 612 612 D SystemServerTiming: IpConnectivityMetrics
04-01 08:46:38.348 612 723 D EventHub: configureLightsLocked rawLightId 3 name of_node
04-01 08:46:38.349 612 612 I SystemServiceManager: Starting com.android.server.connectivity.IpConnectivityMetrics
04-01 08:46:38.349 612 723 D EventHub: configureLightsLocked rawLightId 4 name power
04-01 08:46:38.350 612 723 D EventHub: configureLightsLocked rawLightId 5 name driver_override
04-01 08:46:38.350 612 697 V SystemServerTimingAsync: StartISensorManagerService took to complete: 6ms
04-01 08:46:38.350 612 723 D EventHub: configureLightsLocked rawLightId 6 name subsystem
04-01 08:46:38.350 612 697 D SystemServerInitThreadPool: Finished executing StartISensorManagerService
04-01 08:46:38.350 612 697 V SystemServerTimingAsync: InitThreadPoolExec:StartISensorManagerService took to complete: 6ms
04-01 08:46:38.350 612 723 D EventHub: configureLightsLocked rawLightId 7 name waiting_for_supplier
04-01 08:46:38.353 241 241 I servicemanager: Caller(pid=612,uid=1000,sid=u:r:system_server:s0) Found android.frameworks.sensorservice.ISensorManager/default in framework VINTF manifest.
04-01 08:46:38.351 612 723 D EventHub: configureLightsLocked rawLightId 8 name 601000.gpio
04-01 08:46:38.351 612 723 D EventHub: configureLightsLocked rawLightId 9 name modalias
04-01 08:46:38.352 612 612 V SystemServerTiming: IpConnectivityMetrics took to complete: 4ms
04-01 08:46:38.352 612 612 D SystemServerTiming: NetworkWatchlistService
04-01 08:46:38.352 612 612 I SystemServiceManager: Starting com.android.server.net.watchlist.NetworkWatchlistService$Lifecycle
04-01 08:46:38.353 612 723 D EventHub: No input device configuration file found for device 'Dell Dell USB Entry Keyboard'.
04-01 08:46:38.360 612 612 I WatchlistSettings: Reload watchlist settings done
04-01 08:46:38.362 612 724 I WatchlistLoggingHandler: No need to aggregate record yet.
04-01 08:46:38.362 612 724 I WatchlistLoggingHandler: Milliseconds spent on tryAggregateRecords(): 0
04-01 08:46:38.363 612 612 V SystemServerTiming: NetworkWatchlistService took to complete: 11ms
04-01 08:46:38.363 612 612 D SystemServerTiming: PinnerService
04-01 08:46:38.363 612 612 I SystemServiceManager: Starting com.android.server.PinnerService
04-01 08:46:38.364 612 723 I EventHub: usingClockIoctl=true
04-01 08:46:38.364 612 723 I EventHub: New device: id=1, fd=150, path='/dev/input/event0', name='Dell Dell USB Entry Keyboard', classes=KEYBOARD | ALPHAKEY | LIGHT | EXTERNAL, configuration='', keyLayout='/system/usr/keylayout/Generic.kl', keyCharacterMap='/system/usr/keychars/Generic.kcm', builtinKeyboard=false,
04-01 08:46:38.369 612 723 D EventHub: configureLightsLocked rawLightId 1 name uevent
04-01 08:46:38.369 612 723 D EventHub: configureLightsLocked rawLightId 2 name f4000.pinctrl
04-01 08:46:38.369 612 723 D EventHub: configureLightsLocked rawLightId 3 name of_node
04-01 08:46:38.369 612 612 V SystemServerTiming: PinnerService took to complete: 6ms
04-01 08:46:38.370 612 723 D EventHub: configureLightsLocked rawLightId 4 name power
04-01 08:46:38.370 612 723 D EventHub: configureLightsLocked rawLightId 5 name driver_override
04-01 08:46:38.370 612 723 D EventHub: configureLightsLocked rawLightId 6 name subsystem
04-01 08:46:38.370 612 723 D EventHub: configureLightsLocked rawLightId 7 name waiting_for_supplier
04-01 08:46:38.371 612 723 D EventHub: configureLightsLocked rawLightId 8 name 601000.gpio
04-01 08:46:38.371 612 723 D EventHub: configureLightsLocked rawLightId 9 name modalias
04-01 08:46:38.371 612 612 D SystemServerTiming: SignedConfigService
04-01 08:46:38.372 612 723 D EventHub: No input device configuration file found for device 'Logitech USB Optical Mouse'.
04-01 08:46:38.372 612 723 I EventHub: usingClockIoctl=true
04-01 08:46:38.372 612 723 I EventHub: New device: id=2, fd=155, path='/dev/input/event1', name='Logitech USB Optical Mouse', classes=CURSOR | LIGHT | EXTERNAL, configuration='', keyLayout='', keyCharacterMap='', builtinKeyboard=false,
04-01 08:46:38.373 612 612 V SystemServerTiming: SignedConfigService took to complete: 2ms
04-01 08:46:38.373 612 612 D SystemServerTiming: AppIntegrityService
04-01 08:46:38.373 612 612 I SystemServiceManager: Starting com.android.server.integrity.AppIntegrityManagerService
04-01 08:46:38.376 612 612 E IntegrityFileManager: Error creating staging and rules directory
04-01 08:46:38.379 612 723 I InputReader: Device added: id=-1, eventHubId=-1, name='Virtual', descriptor='a718a782d34bc767f4689c232d64d527998ea7fd',sources=KEYBOARD | DPAD
04-01 08:46:38.380 612 723 E InputReader: Cannot release pointer capture, device is not in MODE_POINTER_RELATIVE
04-01 08:46:38.380 612 723 E InputReader: Cannot release pointer capture, device is not in MODE_POINTER_RELATIVE
04-01 08:46:38.380 612 612 V SystemServerTiming: AppIntegrityService took to complete: 7ms
04-01 08:46:38.380 612 723 I InputReader: Device added: id=2, eventHubId=2, name='Logitech USB Optical Mouse', descriptor='45dd693031521900f038547baa8709cf60c2611f',sources=MOUSE
04-01 08:46:38.380 612 612 D SystemServerTiming: StartLogcatManager
04-01 08:46:38.380 612 723 E input::data_store: couldn't open "/data/system/inputflinger-data.json": No such file or directory (os error 2)
04-01 08:46:38.380 612 612 I SystemServiceManager: Starting com.android.server.logcat.LogcatManagerService
04-01 08:46:38.381 612 723 I InputReader: Device added: id=3, eventHubId=1, name='Dell Dell USB Entry Keyboard', descriptor='3240b99a1750394f9d0b55447b2994b48e513e21',sources=KEYBOARD
04-01 08:46:38.383 612 612 V SystemServerTiming: StartLogcatManager took to complete: 4ms
04-01 08:46:38.385 612 612 I WindowManager: SAFE MODE not enabled
04-01 08:46:38.385 612 612 D SystemServerTiming: StartInputMethodManagerLifecycle
04-01 08:46:38.385 612 612 I SystemServiceManager: Starting com.android.server.inputmethod.InputMethodManagerService$Lifecycle
04-01 08:46:38.395 612 612 D InputMethodManagerService: Schedule initialization for users=[0]
04-01 08:46:38.395 612 727 D InputMethodManagerService: Start initialization for user=0
04-01 08:46:38.397 612 612 V SystemServerTiming: StartInputMethodManagerLifecycle took to complete: 12ms
04-01 08:46:38.398 612 612 D SystemServerTiming: StartAccessibilityManagerService
04-01 08:46:38.398 612 612 I SystemServiceManager: Starting com.android.server.accessibility.AccessibilityManagerService$Lifecycle
04-01 08:46:38.419 612 612 V SystemServerTiming: StartAccessibilityManagerService took to complete: 21ms
04-01 08:46:38.419 612 612 D SystemServerTiming: MakeDisplayReady
04-01 08:46:38.421 242 242 I hwservicemanager: getTransport: Cannot find entry android.hardware.configstore@1.1::ISurfaceFlingerConfigs/default in either framework or device VINTF manifest.
04-01 08:46:38.422 612 727 D InputMethodManagerService: Complete initialization for user=0
04-01 08:46:38.422 242 242 I hwservicemanager: getTransport: Cannot find entry android.hardware.configstore@1.1::ISurfaceFlingerConfigs/default in either framework or device VINTF manifest.
04-01 08:46:38.428 612 612 I ActivityTaskManager: Config changes=20005df8 {1.0 ?mcc0mnc [en_US] ldltr sw720dp w1280dp h720dp 240dpi xlrg long land ?uimode ?night -touch qwerty/v/v -nav/h winConfig={ mBounds=Rect(0, 0 - 1920, 1080) mAppBounds=Rect(0, 0 - 1920, 1080) mMaxBounds=Rect(0, 0 - 1920, 1080) mDisplayRotation=ROTATION_0 mWindowingMode=fullscreen mActivityType=undefined mAlwaysOnTop=undefined mRotation=ROTATION_0} s.2 ?fontWeightAdjustment}
04-01 08:46:38.433 612 612 D CompatChangeReporter: Compat change id reported: 151861875; UID 1000; state: ENABLED
04-01 08:46:38.434 612 612 I WindowManager: Override config changes=60007dfc {1.0 ?mcc0mnc [en_US] ldltr sw720dp w1280dp h720dp 240dpi xlrg long land ?uimode ?night -touch qwerty/v/v -nav/h winConfig={ mBounds=Rect(0, 0 - 1920, 1080) mAppBounds=Rect(0, 0 - 1920, 1080) mMaxBounds=Rect(0, 0 - 1920, 1080) mDisplayRotation=ROTATION_0 mWindowingMode=fullscreen mActivityType=undefined mAlwaysOnTop=undefined mRotation=ROTATION_0} s.2 ?fontWeightAdjustment} for displayId=0
04-01 08:46:38.438 612 612 I DisplayDevice: [0] Layerstack set to 0 for local:4621271769366227712
04-01 08:46:38.440 612 612 D DisplayManagerService: supportedStates=[0]
04-01 08:46:38.442 612 612 D DisplayManagerService: possibleInfos={DisplayInfo{"Built-in Screen", displayId 0, displayGroupId 0, FLAG_SECURE, FLAG_SUPPORTS_PROTECTED_BUFFERS, FLAG_TRUSTED, real 1920 x 1080, largest app 1920 x 1920, smallest app 1080 x 1080, appVsyncOff 1000000, presDeadline 16666667, mode 1, renderFrameRate 60.0, defaultMode 1, userPreferredModeId -1, supportedModes [{id=1, width=1920, height=1080, fps=60.0, vsync=60.0, synthetic=false, alternativeRefreshRates=[], supportedHdrTypes=[]}, {id=2, width=1920, height=1080, fps=59.940205, vsync=59.940205, synthetic=false, alternativeRefreshRates=[], supportedHdrTypes=[]}, {id=3, width=1920, height=1080, fps=50.0, vsync=50.0, synthetic=false, alternativeRefreshRates=[], supportedHdrTypes=[]}, {id=4, width=1680, height=1050, fps=59.883255, vsync=59.883255, synthetic=false, alternativeRefreshRates=[], supportedHdrTypes=[]}, {id=5, width=1600, height=900, fps=60.0, vsync=60.0, synthetic=false, alternativeRefreshRates=[], supportedHdrTypes=[]}, {id=6, width=1280, height=1024, fps=60.01974, vsync=60.01974, synthetic=false, alternativeRefreshRates=[], supportedHdrTypes=[]}, {id=7, width=1440, height=900, fps=59.901463, vsync=59.901463, synthetic=false, alternativeRefreshRates=[], supportedHdrTypes=[]}, {id=8, width=1280, height=800, fps=59.90955, vsync=59.90955, synthetic=false, alternativeRefreshRates=[], supportedHdrTypes=[]}, {id=9, width=1280, height=720, fps=60.0, vsync=60.0, synthetic=false, alternativeRefreshRates=[], supportedHdrTypes=[]}, {id=10, width=1280, height=720, fps=59.940205, vsync=59.940205, synthetic=false, alternativeRefreshRates=[], supportedHdrTypes=[]}, {id=11, width=1280, height=720, fps=50.0, vsync=50.0, synthetic=false, alternativeRefreshRates=[], supportedHdrTypes=[]}, {id=12, width=1024, height=768, fps=60.00384, vsync=60.00384, synthetic=false, alternativeRefreshRates=[], supportedHdrTypes=[]}, {id=13, width=800, height=600, fps=60.316544, vsync=60.316544, synthetic=false, alternativeRefreshRates=[], supportedHdrTypes=[]}, {id=14, width=720, height=576, fps=50.0, vsync=50.0, synthetic=false, alternativeRefreshRates=[], supportedHdrTypes=[]}, {id=15, width=720, height=480, fps=60.0, vsync=60.0, synthetic=false, alternativeRefreshRates=[], supportedHdrTypes=[]}, {id=16, width=720, height=480, fps=59.940063, vsync=59.940063, synthetic=false, alternativeRefreshRates=[], supportedHdrTypes=[]}, {id=17, width=640, height=480, fps=60.0, vsync=60.0, synthetic=false, alternativeRefreshRates=[], supportedHdrTypes=[]}, {id=18, width=640, height=480, fps=59.94048, vsync=59.94048, synthetic=false, alternativeRefreshRates=[], supportedHdrTypes=[]}, {id=19, width=720, height=400, fps=70.08167, vsync=70.08167, synthetic=false, alternativeRefreshRates=[], supportedHdrTypes=[]}], appsSupportedModes [{id=1, width=1920, height=1080, fps=60.0, vsync=60.0, synthetic=false, alternativeRefreshRates=[], supportedHdrTypes=[]}, {id=2, width=1920, height=1080, fps=59.940205, vsync=59.940205, synthetic=false, alternativeRefreshRates=[], supportedHdrTypes=[]}, {id=3, width=1920, height=1080, fps=50.0, vsync=50.0, synthetic=false, alternativeRefreshRates=[], supportedHdrTypes=[]}, {id=4, width=1680, height=1050, fps=59.883255, vsync=59.883255, synthetic=false, alternativeRefreshRates=[], supportedHdrTypes=[]}, {id=5, width=1600, height=900, fps=60.0, vsync=60.0, synthetic=false, alternativeRefreshRates=[], supportedHdrTypes=[]}, {id=6, width=1280, height=1024, fps=60.01974, vsync=60.01974, synthetic=false, alternativeRefreshRates=[], supportedHdrTypes=[]}, {id=7, width=1440, height=900, fps=59.901463, vsync=59.901463, synthetic=false, alternativeRefreshRates=[], supportedHdrTypes=[]}, {id=8, width=1280, height=800, fps=59.90955, vsync=59.90955, synthetic=false, alternativeRefreshRates=[], supportedHdrTypes=[]}, {id=9, width=1280, height=720, fps=60.0, vsync=60.0, synthetic=false, alternativeRefreshRates=[], supportedHdrTypes=[]}, {id=10, width=1280, height=720, fps=59.940205, vsync=59.940205, synthetic=false, alternativeRefreshRates=[], supportedHdrTypes=[]}, {id=11, w
04-01 08:46:38.443 612 612 V SystemServerTiming: MakeDisplayReady took to complete: 23ms
04-01 08:46:38.443 612 612 D SystemServerTiming: StartStorageManagerService
04-01 08:46:38.443 612 612 I SystemServiceManager: Starting com.android.server.StorageManagerService$Lifecycle
04-01 08:46:38.446 612 645 W BroadcastLoopers: Found previously unknown looper Thread[android.display,5,main]
04-01 08:46:38.449 1 1 I init : processing action (sys.sysctl.extra_free_kbytes=*) from (/system/etc/init/hw/init.rc:1276)
04-01 08:46:38.450 1 1 I init : starting service 'exec 19 (/system/bin/extra_free_kbytes.sh 24300)'...
04-01 08:46:38.449 612 645 I InputManager-JNI: Viewport [0] to add: local:4621271769366227712, isActive: false
04-01 08:46:38.459 521 534 D installd: Found quota mount /dev/block/dm-49 at /data
04-01 08:46:38.461 521 534 D installd: Found quota mount /dev/block/dm-49 at /data/user/0
04-01 08:46:38.472 612 731 D StorageManagerService: Thinking about reset, mBootCompleted=false, mDaemonConnected=true
04-01 08:46:38.475 612 731 D StorageManagerService: Thinking about reset, mBootCompleted=false, mDaemonConnected=true
04-01 08:46:38.475 612 612 V SystemServerTiming: StartStorageManagerService took to complete: 32ms
04-01 08:46:38.476 612 612 D SystemServerTiming: StartStorageStatsService
04-01 08:46:38.476 612 612 I SystemServiceManager: Starting com.android.server.usage.StorageStatsService$Lifecycle
04-01 08:46:38.479 1 1 I init : ... started service 'exec 19 (/system/bin/extra_free_kbytes.sh 24300)' has pid 730
04-01 08:46:38.479 1 1 I init : SVC_EXEC service 'exec 19 (/system/bin/extra_free_kbytes.sh 24300)' pid 730 (uid 0 gid 0+0 context default) started; waiting...
04-01 08:46:38.480 521 534 D installd: Found quota mount /dev/block/dm-49 at /data
04-01 08:46:38.483 521 534 D installd: Found quota mount /dev/block/dm-49 at /data/user/0
04-01 08:46:38.487 521 534 D installd: Found quota mount /dev/block/dm-49 at /data
04-01 08:46:38.489 521 534 D installd: Found quota mount /dev/block/dm-49 at /data/user/0
04-01 08:46:38.496 612 612 V SystemServerTiming: StartStorageStatsService took to complete: 20ms
04-01 08:46:38.496 612 612 D SystemServerTiming: StartUiModeManager
04-01 08:46:38.496 612 612 I SystemServiceManager: Starting com.android.server.UiModeManagerService
04-01 08:46:38.504 612 649 D SystemServerTimingAsync: InitThreadPoolExec:UiModeManager.onStart
04-01 08:46:38.504 612 649 D SystemServerInitThreadPool: Started executing UiModeManager.onStart
04-01 08:46:38.505 612 612 V SystemServerTiming: StartUiModeManager took to complete: 9ms
04-01 08:46:38.505 612 612 D SystemServerTiming: StartLocaleManagerService
04-01 08:46:38.505 612 612 I SystemServiceManager: Starting com.android.server.locales.LocaleManagerService
04-01 08:46:38.508 612 649 D SystemServerInitThreadPool: Finished executing UiModeManager.onStart
04-01 08:46:38.508 612 649 V SystemServerTimingAsync: InitThreadPoolExec:UiModeManager.onStart took to complete: 4ms
04-01 08:46:38.512 612 612 V SystemServerTiming: StartLocaleManagerService took to complete: 7ms
04-01 08:46:38.512 612 612 D SystemServerTiming: StartGrammarInflectionService
04-01 08:46:38.513 612 612 I SystemServiceManager: Starting com.android.server.grammaticalinflection.GrammaticalInflectionService
04-01 08:46:38.515 612 612 V SystemServerTiming: StartGrammarInflectionService took to complete: 3ms
04-01 08:46:38.515 612 612 D SystemServerTiming: StartAppHibernationService
04-01 08:46:38.516 612 612 I SystemServiceManager: Starting com.android.server.apphibernation.AppHibernationService
04-01 08:46:38.523 612 612 V SystemServerTiming: StartAppHibernationService took to complete: 7ms
04-01 08:46:38.523 612 612 D SystemServerTiming: ArtManagerLocal
04-01 08:46:38.537 612 612 V SystemServerTiming: ArtManagerLocal took to complete: 14ms
04-01 08:46:38.537 612 612 D SystemServerTiming: UpdatePackagesIfNeeded
04-01 08:46:38.537 612 612 I Watchdog: Pausing HandlerChecker: main thread for reason: dexopt. Pause count: 1
04-01 08:46:38.539 612 612 I Watchdog: Resuming HandlerChecker: main thread for reason: dexopt. Pause count: 0
04-01 08:46:38.539 612 612 V SystemServerTiming: UpdatePackagesIfNeeded took to complete: 2ms
04-01 08:46:38.539 612 612 D SystemServerTiming: PerformFstrimIfNeeded
04-01 08:46:38.541 612 612 V SystemServerTiming: PerformFstrimIfNeeded took to complete: 2ms
04-01 08:46:38.541 612 612 D SystemServerTiming: StartLockSettingsService
04-01 08:46:38.541 612 612 I SystemServiceManager: Starting com.android.server.locksettings.LockSettingsService$Lifecycle
04-01 08:46:38.583 612 612 V SystemServerTiming: StartLockSettingsService took to complete: 42ms
04-01 08:46:38.583 612 612 D SystemServerTiming: StartPersistentDataBlock
04-01 08:46:38.583 612 612 I SystemServiceManager: Starting com.android.server.pdb.PersistentDataBlockService
04-01 08:46:38.585 612 612 V SystemServerTiming: StartPersistentDataBlock took to complete: 2ms
04-01 08:46:38.585 612 612 D SystemServerTiming: StartTestHarnessMode
04-01 08:46:38.585 612 689 D SystemServerTimingAsync: InitThreadPoolExec:PersistentDataBlockService.onStart
04-01 08:46:38.585 612 689 D SystemServerInitThreadPool: Started executing PersistentDataBlockService.onStart
04-01 08:46:38.585 612 612 I SystemServiceManager: Starting com.android.server.testharness.TestHarnessModeService
04-01 08:46:38.588 612 612 V SystemServerTiming: StartTestHarnessMode took to complete: 3ms
04-01 08:46:38.588 612 612 D SystemServerTiming: StartOemLockService
04-01 08:46:38.588 612 612 I SystemServiceManager: Starting com.android.server.oemlock.OemLockService
04-01 08:46:38.594 242 242 I hwservicemanager: getTransport: Cannot find entry android.hardware.oemlock@1.0::IOemLock/default in either framework or device VINTF manifest.
04-01 08:46:38.595 241 241 I servicemanager: Caller(pid=612,uid=1000,sid=u:r:system_server:s0) Could not find android.hardware.oemlock.IOemLock/default in the VINTF manifest. No alternative instances declared in VINTF.
04-01 08:46:38.595 612 612 I OemLock : OemLock Hidl HAL not present on device
04-01 08:46:38.595 612 612 I OemLock : Using persistent data block based lock
04-01 08:46:38.597 612 612 V SystemServerTiming: StartOemLockService took to complete: 9ms
04-01 08:46:38.597 612 612 D SystemServerTiming: StartDeviceIdleController
04-01 08:46:38.598 612 689 I PersistentDataBlockService: Failed to read FRP secret file: /data/system/frp_secret NoSuchFileException
04-01 08:46:38.598 612 689 W PersistentDataBlockService: Failed to deactivate with primary secret file, trying backup.
04-01 08:46:38.598 612 612 I SystemServiceManager: Starting com.android.server.DeviceIdleController
04-01 08:46:38.599 612 689 I PersistentDataBlockService: Failed to read FRP secret file: /data/system/frp_secret_tmp NoSuchFileException
04-01 08:46:38.599 612 689 W PersistentDataBlockService: Failed to deactivate with backup secret file, trying default secret.
04-01 08:46:38.601 612 689 I PersistentDataBlockService: FRP secret matched, FRP deactivated.
04-01 08:46:38.606 612 689 D SystemServerInitThreadPool: Finished executing PersistentDataBlockService.onStart
04-01 08:46:38.608 612 689 V SystemServerTimingAsync: InitThreadPoolExec:PersistentDataBlockService.onStart took to complete: 23ms
04-01 08:46:38.620 612 612 V SystemServerTiming: StartDeviceIdleController took to complete: 23ms
04-01 08:46:38.621 612 612 D SystemServerTiming: StartDevicePolicyManager
04-01 08:46:38.621 612 612 I SystemServiceManager: Starting com.android.server.devicepolicy.DevicePolicyManagerService$Lifecycle
04-01 08:46:38.646 612 612 I DevicePolicyManager: Current version 6, latest version 6, not upgrading.
04-01 08:46:38.658 612 612 D DevicePolicyManagerService: /data/system/updated_resources.xml doesn't exist
04-01 08:46:38.658 612 612 D DevicePolicyEngine: Reading device policies from file.
04-01 08:46:38.659 612 612 D DevicePolicyEngine: Reading from /data/system/device_policy_state.xml
04-01 08:46:38.676 612 612 V SystemServerTiming: StartDevicePolicyManager took to complete: 56ms
04-01 08:46:38.677 612 612 D SystemServerTiming: StartStatusBarManagerService
04-01 08:46:38.682 612 612 V SystemServerTiming: StartStatusBarManagerService took to complete: 5ms
04-01 08:46:38.682 612 612 D SystemServer: MusicRecognitionManagerService not defined by OEM or disabled by flag
04-01 08:46:38.683 612 612 D SystemServer: ContentCaptureService disabled because resource is not overlaid
04-01 08:46:38.684 612 612 D SystemServer: AttentionService is not configured on this device
04-01 08:46:38.685 612 612 D SystemServer: RotationResolverService is not configured on this device
04-01 08:46:38.685 612 612 D SystemServer: SystemCaptionsManagerService disabled because resource is not overlaid
04-01 08:46:38.685 612 612 D SystemServerTiming: StartTextToSpeechManagerService
04-01 08:46:38.685 612 612 I SystemServiceManager: Starting com.android.server.texttospeech.TextToSpeechManagerService
04-01 08:46:38.689 612 612 V SystemServerTiming: StartTextToSpeechManagerService took to complete: 4ms
04-01 08:46:38.689 612 612 D SystemServerTiming: startWearableSensingService
04-01 08:46:38.689 612 612 I SystemServiceManager: Starting com.android.server.wearable.WearableSensingManagerService
04-01 08:46:38.699 612 612 V SystemServerTiming: startWearableSensingService took to complete: 10ms
04-01 08:46:38.699 612 612 D SystemServerTiming: startOnDeviceIntelligenceManagerService
04-01 08:46:38.700 612 612 I SystemServiceManager: Starting com.android.server.ondeviceintelligence.OnDeviceIntelligenceManagerService
04-01 08:46:38.707 612 612 V SystemServerTiming: startOnDeviceIntelligenceManagerService took to complete: 7ms
04-01 08:46:38.708 612 612 D SystemServer: AmbientContextManagerService not defined by OEM or disabled by flag
04-01 08:46:38.708 612 612 D SystemServerTiming: StartSpeechRecognitionManagerService
04-01 08:46:38.708 612 612 I SystemServiceManager: Starting com.android.server.speech.SpeechRecognitionManagerService
04-01 08:46:38.711 612 612 V SystemServerTiming: StartSpeechRecognitionManagerService took to complete: 3ms
04-01 08:46:38.712 612 612 D SystemServer: AppPredictionService not defined by OEM
04-01 08:46:38.712 612 612 D SystemServer: ContentSuggestionsService not defined by OEM
04-01 08:46:38.712 612 612 D SystemServer: SmartspaceManagerService not defined by OEM or disabled by flag
04-01 08:46:38.713 612 612 D SystemServer: ContextualSearchManagerService not defined or disabled by flag
04-01 08:46:38.713 612 612 D SystemServerTiming: InitConnectivityModuleConnector
04-01 08:46:38.713 612 612 D ConnectivityModuleConnector: Network stack init
04-01 08:46:38.713 612 612 V SystemServerTiming: InitConnectivityModuleConnector took to complete: 0ms
04-01 08:46:38.713 612 612 D SystemServerTiming: InitNetworkStackClient
04-01 08:46:38.714 612 612 D NetworkStackClient: Network stack init
04-01 08:46:38.715 612 612 V SystemServerTiming: InitNetworkStackClient took to complete: 0ms
04-01 08:46:38.715 612 612 D SystemServerTiming: StartNetworkManagementService
04-01 08:46:38.722 449 476 I netd : registerUnsolicitedEventListener(interface:0xb400007a041486d0) <0.14ms>
04-01 08:46:38.724 612 612 V SystemServerTiming: StartNetworkManagementService took to complete: 9ms
04-01 08:46:38.724 612 612 D SystemServerTiming: StartFontManagerService
04-01 08:46:38.725 612 612 I FontManagerService: Using optimized boot-time font loading.
04-01 08:46:38.726 612 708 D SystemServerTimingAsync: InitThreadPoolExec:FontManagerService_create
04-01 08:46:38.726 612 708 D SystemServerInitThreadPool: Started executing FontManagerService_create
04-01 08:46:38.728 612 612 V SystemServerTiming: StartFontManagerService took to complete: 4ms
04-01 08:46:38.728 612 612 D SystemServerTiming: StartTextServicesManager
04-01 08:46:38.729 612 612 I SystemServiceManager: Starting com.android.server.textservices.TextServicesManagerService$Lifecycle
04-01 08:46:38.732 612 612 V SystemServerTiming: StartTextServicesManager took to complete: 3ms
04-01 08:46:38.732 612 612 D SystemServerTiming: StartTextClassificationManagerService
04-01 08:46:38.733 612 612 I SystemServiceManager: Starting com.android.server.textclassifier.TextClassificationManagerService$Lifecycle
04-01 08:46:38.734 612 708 I SystemFonts: Loading font config from /system/etc/font_fallback.xml
04-01 08:46:38.739 612 612 V SystemServerTiming: StartTextClassificationManagerService took to complete: 7ms
04-01 08:46:38.739 612 612 D SystemServerTiming: StartNetworkScoreService
04-01 08:46:38.740 612 612 I SystemServiceManager: Starting com.android.server.NetworkScoreService$Lifecycle
04-01 08:46:38.744 612 612 I NetworkScoreService: Registering network_score
04-01 08:46:38.745 612 612 V SystemServerTiming: StartNetworkScoreService took to complete: 6ms
04-01 08:46:38.746 612 612 D SystemServerTiming: StartNetworkStatsService
04-01 08:46:38.750 612 612 I SystemServiceManager: Starting com.android.server.NetworkStatsServiceInitializer
04-01 08:46:38.755 612 723 I InputReader: Reconfiguring input devices, changes=DISPLAY_INFO
04-01 08:46:38.763 241 241 I servicemanager: Caller(pid=612,uid=1000,sid=u:r:system_server:s0) Found android.hardware.graphics.allocator.IAllocator/default in device VINTF manifest.
04-01 08:46:38.767 241 241 I servicemanager: Caller(pid=612,uid=1000,sid=u:r:system_server:s0) Found android.hardware.graphics.allocator.IAllocator/default in device VINTF manifest.
04-01 08:46:38.769 241 241 I servicemanager: Caller(pid=612,uid=1000,sid=u:r:system_server:s0) Found mapper/powervr in device VINTF manifest.
04-01 08:46:38.780 612 612 D nativeloader: Load libservice-connectivity.so using ns clns-shared-13 from class loader (caller=/apex/com.android.tethering/javalib/service-connectivity.jar): ok
04-01 08:46:38.817 612 645 E ion : open /dev/ion failed: No such file or directory
04-01 08:46:38.824 612 612 D nativeloader: Load libandroid_net_connectivity_com_android_net_module_util_jni.so using APEX ns com_android_tethering for caller /apex/com.android.tethering/javalib/framework-connectivity.jar: ok
04-01 08:46:38.855 612 612 I NetworkStatsServiceInitializer: Registering netstats
04-01 08:46:38.858 612 612 I NetworkStatsServiceInitializer: Initializing network tracing hooks
04-01 08:46:38.861 612 612 D NetworkTrace: Registering Perfetto data source
04-01 08:46:38.861 612 612 V SystemServerTiming: StartNetworkStatsService took to complete: 115ms
04-01 08:46:38.861 612 612 D SystemServerTiming: StartNetworkPolicyManagerService
04-01 08:46:38.870 612 612 E SystemServiceRegistry: Manager wrapper not available: carrier_config
04-01 08:46:38.894 612 612 V SystemServerTiming: StartNetworkPolicyManagerService took to complete: 33ms
04-01 08:46:38.895 612 612 D SystemServerTiming: StartWifi
04-01 08:46:38.899 612 612 I SystemServiceManager: Starting com.android.server.wifi.WifiService
04-01 08:46:38.913 612 612 I WifiContext: Got resolveInfos for com.android.server.wifi.intent.action.SERVICE_WIFI_RESOURCES_APK: [ResolveInfo{2960f4a com.android.wifi.resources/android.app.Activity m=0x108000 userHandle=UserHandle{0}}]
04-01 08:46:38.913 612 612 I WifiContext: Found Wifi Resources APK at: com.android.wifi.resources
04-01 08:46:38.925 612 612 D ScanMetrics: Settings package: com.android.settings
04-01 08:46:38.925 612 612 E ScanMetrics: Can't get GMS uid
04-01 08:46:38.944 612 612 I android_os_HwBinder: HwBinder: Starting thread pool for getting: android.hidl.manager@1.2::IServiceManager/default
04-01 08:46:38.946 242 242 I hwservicemanager: getTransport: Cannot find entry android.hardware.wifi@1.0::IWifi/default in either framework or device VINTF manifest.
04-01 08:46:38.950 612 612 E WifiHal : No HIDL or AIDL service available for the Wifi Vendor HAL.
04-01 08:46:38.953 241 241 I servicemanager: Caller(pid=612,uid=1000,sid=u:r:system_server:s0) Could not find android.hardware.wifi.IWifi/default in the VINTF manifest. No alternative instances declared in VINTF.
04-01 08:46:38.958 612 612 I SupplicantStaIfaceHal: Initializing SupplicantStaIfaceHal using AIDL implementation.
04-01 08:46:38.961 241 241 I servicemanager: Caller(pid=612,uid=1000,sid=u:r:system_server:s0) Found android.hardware.wifi.supplicant.ISupplicant/default in device VINTF manifest.
04-01 08:46:38.967 612 612 I SupplicantP2pIfaceHal: Initializing SupplicantP2pIfaceHal using AIDL implementation.
04-01 08:46:38.969 612 612 E SystemServiceRegistry: Manager wrapper not available: carrier_config
04-01 08:46:38.970 612 612 I WifiCoexManager: Default coex algorithm is disabled.
04-01 08:46:38.970 241 241 I servicemanager: Caller(pid=612,uid=1000,sid=u:r:system_server:s0) Found android.hardware.wifi.supplicant.ISupplicant/default in device VINTF manifest.
04-01 08:46:39.019 612 612 D WifiOpenNetworkNotifier: Settings toggle enabled=true
04-01 08:46:39.023 612 612 D WifiNl80211Manager: registerCountryCodeEventListener called
04-01 08:46:39.023 527 527 I wificond: New wificond event callback registered
04-01 08:46:39.023 612 612 D WifiCountryCode: Default country code from system property ro.boot.wificountrycode is null
04-01 08:46:39.037 612 612 D WakeupController: WifiWake enabled
04-01 08:46:39.055 612 612 I WifiService: Registering wifi
04-01 08:46:39.057 612 612 V SystemServerTiming: StartWifi took to complete: 162ms
04-01 08:46:39.057 612 612 D SystemServerTiming: StartWifiScanning
04-01 08:46:39.058 612 612 I SystemServiceManager: Starting com.android.server.wifi.scanner.WifiScanningService
04-01 08:46:39.058 612 612 I WifiScanningService: Creating wifiscanner
04-01 08:46:39.065 612 612 I WifiScanningService: Publishing wifiscanner
04-01 08:46:39.066 612 612 V SystemServerTiming: StartWifiScanning took to complete: 9ms
04-01 08:46:39.066 612 612 D SystemServerTiming: StartWifiP2P
04-01 08:46:39.067 612 612 I SystemServiceManager: Starting com.android.server.wifi.p2p.WifiP2pService
04-01 08:46:39.070 612 612 I WifiContext: Got resolveInfos for com.android.server.wifi.intent.action.SERVICE_WIFI_RESOURCES_APK: [ResolveInfo{376882a com.android.wifi.resources/android.app.Activity m=0x108000 userHandle=UserHandle{0}}]
04-01 08:46:39.071 612 612 I WifiContext: Found Wifi Resources APK at: com.android.wifi.resources
04-01 08:46:39.079 1 1 I init : Service 'exec 19 (/system/bin/extra_free_kbytes.sh 24300)' (pid 730) exited with status 0 waiting took 0.623000 seconds
04-01 08:46:39.079 1 1 I init : Sending signal 9 to service 'exec 19 (/system/bin/extra_free_kbytes.sh 24300)' (pid 730) process group...
04-01 08:46:39.080 1 1 I libprocessgroup: Removed cgroup /sys/fs/cgroup/uid_0/pid_730
04-01 08:46:39.084 612 612 I WifiP2pService: Registering wifip2p
04-01 08:46:39.086 612 612 V SystemServerTiming: StartWifiP2P took to complete: 20ms
04-01 08:46:39.086 612 612 D SystemServerTiming: StartPacProxyService
04-01 08:46:39.092 612 612 V SystemServerTiming: StartPacProxyService took to complete: 6ms
04-01 08:46:39.092 612 612 D SystemServerTiming: StartConnectivityService
04-01 08:46:39.093 612 612 I SystemServiceManager: Starting com.android.server.ConnectivityServiceInitializer
04-01 08:46:39.118 612 612 D ConnectivityService: ConnectivityService starting up
04-01 08:46:39.132 612 612 E ConnectivityService: Ignoring protectedNetwork 10
04-01 08:46:39.133 612 612 E ConnectivityService: Ignoring protectedNetwork 11
04-01 08:46:39.133 612 612 E ConnectivityService: Ignoring protectedNetwork 12
04-01 08:46:39.133 612 612 E ConnectivityService: Ignoring protectedNetwork 14
04-01 08:46:39.133 612 612 E ConnectivityService: Ignoring protectedNetwork 15
04-01 08:46:39.136 449 476 I netd : registerUnsolicitedEventListener(interface:0xb400007a041493c0) <0.05ms>
04-01 08:46:39.165 612 612 D TrafficStats: tagSocket(238) with statsTag=0xffffffff, statsUid=-1
04-01 08:46:39.165 612 612 I MulticastRoutingCoordinatorService: socket created for multicast routing: java.io.FileDescriptor@e2ed526
04-01 08:46:39.166 612 612 D TrafficStats: tagSocket(239) with statsTag=0xffffffff, statsUid=-1
04-01 08:46:39.174 612 771 W BroadcastLoopers: Found previously unknown looper Thread[NsdService,5,main]
04-01 08:46:39.189 612 612 V NearbyService: DiscoveryProviderManagerLegacy:
04-01 08:46:39.191 612 612 I ConnectivityServiceInitializer: Registering ethernet
04-01 08:46:39.192 612 612 I ConnectivityServiceInitializer: Registering connectivity
04-01 08:46:39.194 612 612 I ConnectivityServiceInitializer: Registering ipsec
04-01 08:46:39.195 612 612 I ConnectivityServiceInitializer: Registering connectivity_native
04-01 08:46:39.196 612 612 I ConnectivityServiceInitializer: Registering servicediscovery
04-01 08:46:39.197 612 612 I ConnectivityServiceInitializer: Registering nearby
04-01 08:46:39.199 612 612 V SystemServerTiming: StartConnectivityService took to complete: 107ms
04-01 08:46:39.199 612 612 D SystemServerTiming: StartSecurityStateManagerService
04-01 08:46:39.202 612 612 V SystemServerTiming: StartSecurityStateManagerService took to complete: 3ms
04-01 08:46:39.202 612 612 D SystemServerTiming: StartVpnManagerService
04-01 08:46:39.209 612 612 D VpnManagerService: VpnManagerService starting up
04-01 08:46:39.210 612 612 V SystemServerTiming: StartVpnManagerService took to complete: 8ms
04-01 08:46:39.210 612 612 D SystemServerTiming: StartVcnManagementService
04-01 08:46:39.216 612 612 E SystemServiceRegistry: Manager wrapper not available: carrier_config
04-01 08:46:39.221 612 612 V SystemServerTiming: StartVcnManagementService took to complete: 11ms
04-01 08:46:39.221 612 612 D SystemServerTiming: StartSystemUpdateManagerService
04-01 08:46:39.223 612 612 I SystemUpdateManagerService: No existing info file /data/system/system-update-info.xml
04-01 08:46:39.225 612 612 V SystemServerTiming: StartSystemUpdateManagerService took to complete: 4ms
04-01 08:46:39.226 612 612 D SystemServerTiming: StartUpdateLockService
04-01 08:46:39.227 612 612 W BroadcastLoopers: Found previously unknown looper Thread[main,5,main]
04-01 08:46:39.229 612 612 V SystemServerTiming: StartUpdateLockService took to complete: 3ms
04-01 08:46:39.229 612 612 D SystemServerTiming: StartNotificationManager
04-01 08:46:39.230 612 612 I SystemServiceManager: Starting com.android.server.notification.NotificationManagerService
04-01 08:46:39.263 612 612 D ConditionProviders.SCP: new ScheduleConditionProvider()
04-01 08:46:39.288 612 612 D ConditionProviders: Subscribing to condition://android/event?userId=-10000&calendar=&reply=1 with ComponentInfo{android/com.android.server.notification.EventConditionProvider}
04-01 08:46:39.289 612 612 D ConditionProviders: Subscribing to condition://android/schedule?days=1.2.3.4.5.6.7&start=22.0&end=7.0&exitAtAlarm=true with ComponentInfo{android/com.android.server.notification.ScheduleConditionProvider}
04-01 08:46:39.317 612 612 I NotificationManagerService.NotificationAssistants: Read notification assistant permissions from xml
04-01 08:46:39.318 612 612 V NotificationManagerService.NotificationAssistants: enabling notification assistant for 0: ComponentInfo{android.ext.services/android.ext.services.notification.Assistant}
04-01 08:46:39.319 612 612 V NotificationManagerService.NotificationAssistants: binding: Intent { act=android.service.notification.NotificationAssistantService cmp=android.ext.services/.notification.Assistant (has extras) }
04-01 08:46:39.328 612 612 D ActivityManager: StatsPullAtomService not ready yet
04-01 08:46:39.328 612 612 D CompatChangeReporter: Compat change id reported: 151861875; UID 10084; state: ENABLED
04-01 08:46:39.330 612 612 I ConditionProviders: Read condition provider permissions from xml
04-01 08:46:39.330 612 612 I ConditionProviders: Read condition provider permissions from xml
04-01 08:46:39.332 612 612 D NotificationManagerService.NotificationAssistants: Approving default notification assistant for user 0
04-01 08:46:39.333 612 612 I ConditionProviders: Allowing condition provider android.ext.services/android.ext.services.notification.Assistant (userSet: true)
04-01 08:46:39.352 612 612 W SystemServiceManager: Service com.android.server.notification.NotificationManagerService took 117 ms in onStart
04-01 08:46:39.361 612 612 V SystemServerTiming: StartNotificationManager took to complete: 132ms
04-01 08:46:39.361 612 612 D SystemServerTiming: StartDeviceMonitor
04-01 08:46:39.361 612 612 I SystemServiceManager: Starting com.android.server.storage.DeviceStorageMonitorService
04-01 08:46:39.363 241 241 I servicemanager: Notifying apexservice they don't (previously: do) have clients when we now have no record of a client
04-01 08:46:39.364 429 429 I AidlLazyServiceRegistrar: Process has 0 (of 1 available) client(s) in use after notification apexservice has clients: 0
04-01 08:46:39.364 429 429 I AidlLazyServiceRegistrar: Shutdown prevented by forcePersist override flag.
04-01 08:46:39.365 612 612 V SystemServerTiming: StartDeviceMonitor took to complete: 4ms
04-01 08:46:39.365 612 612 D SystemServerTiming: StartTimeDetectorService
04-01 08:46:39.366 612 612 I SystemServiceManager: Starting com.android.server.timedetector.TimeDetectorService$Lifecycle
04-01 08:46:39.377 612 612 V SystemServerTiming: StartTimeDetectorService took to complete: 12ms
04-01 08:46:39.378 612 612 D SystemServerTiming: StartLocationManagerService
04-01 08:46:39.378 612 612 I SystemServiceManager: Starting com.android.server.location.LocationManagerService$Lifecycle
04-01 08:46:39.397 612 612 V SystemServerTiming: StartLocationManagerService took to complete: 19ms
04-01 08:46:39.398 612 612 D SystemServerTiming: StartCountryDetectorService
04-01 08:46:39.400 612 612 V SystemServerTiming: StartCountryDetectorService took to complete: 2ms
04-01 08:46:39.400 612 612 D SystemServerTiming: StartTimeZoneDetectorService
04-01 08:46:39.400 612 612 I SystemServiceManager: Starting com.android.server.timezonedetector.TimeZoneDetectorService$Lifecycle
04-01 08:46:39.411 612 612 V SystemServerTiming: StartTimeZoneDetectorService took to complete: 11ms
04-01 08:46:39.411 612 612 D SystemServerTiming: StartAltitudeService
04-01 08:46:39.412 612 612 I SystemServiceManager: Starting com.android.server.location.altitude.AltitudeService$Lifecycle
04-01 08:46:39.414 612 612 V SystemServerTiming: StartAltitudeService took to complete: 2ms
04-01 08:46:39.418 241 241 I servicemanager: Caller(pid=612,uid=1000,sid=u:r:system_server:s0) Found android.frameworks.location.altitude.IAltitudeService/default in framework VINTF manifest.
04-01 08:46:39.415 612 612 D SystemServerTiming: StartLocationTimeZoneManagerService
04-01 08:46:39.415 612 612 I SystemServiceManager: Starting com.android.server.timezonedetector.location.LocationTimeZoneManagerService$Lifecycle
04-01 08:46:39.418 612 612 V SystemServerTiming: StartLocationTimeZoneManagerService took to complete: 3ms
04-01 08:46:39.418 612 612 D SystemServerTiming: StartSearchManagerService
