04-01 08:46:41.709 612 612 D SystemServerTimingAsync: ssm.onStartUser-0_com.android.server.locksettings.LockSettingsService$Lifecycle
04-01 08:46:41.709 612 612 V SystemServerTimingAsync: ssm.onStartUser-0_com.android.server.locksettings.LockSettingsService$Lifecycle took to complete: 0ms
04-01 08:46:41.709 612 612 D SystemServerTimingAsync: ssm.onStartUser-0_com.android.server.pdb.PersistentDataBlockService
04-01 08:46:41.709 612 612 V SystemServerTimingAsync: ssm.onStartUser-0_com.android.server.pdb.PersistentDataBlockService took to complete: 0ms
04-01 08:46:41.709 612 612 D SystemServerTimingAsync: ssm.onStartUser-0_com.android.server.testharness.TestHarnessModeService
04-01 08:46:41.709 612 612 V SystemServerTimingAsync: ssm.onStartUser-0_com.android.server.testharness.TestHarnessModeService took to complete: 0ms
04-01 08:46:41.709 612 612 D SystemServerTimingAsync: ssm.onStartUser-0_com.android.server.oemlock.OemLockService
04-01 08:46:41.709 612 612 V SystemServerTimingAsync: ssm.onStartUser-0_com.android.server.oemlock.OemLockService took to complete: 0ms
04-01 08:46:41.710 612 612 D SystemServerTimingAsync: ssm.onStartUser-0_com.android.server.DeviceIdleController
04-01 08:46:41.710 612 612 V SystemServerTimingAsync: ssm.onStartUser-0_com.android.server.DeviceIdleController took to complete: 0ms
04-01 08:46:41.710 612 612 D SystemServerTimingAsync: ssm.onStartUser-0_com.android.server.devicepolicy.DevicePolicyManagerService$Lifecycle
04-01 08:46:41.712 612 612 V SystemServerTimingAsync: ssm.onStartUser-0_com.android.server.devicepolicy.DevicePolicyManagerService$Lifecycle took to complete: 2ms
04-01 08:46:41.712 612 612 D SystemServerTimingAsync: ssm.onStartUser-0_com.android.server.texttospeech.TextToSpeechManagerService
04-01 08:46:41.712 612 612 V SystemServerTimingAsync: ssm.onStartUser-0_com.android.server.texttospeech.TextToSpeechManagerService took to complete: 0ms
04-01 08:46:41.712 612 612 D SystemServerTimingAsync: ssm.onStartUser-0_com.android.server.wearable.WearableSensingManagerService
04-01 08:46:41.712 612 612 V SystemServerTimingAsync: ssm.onStartUser-0_com.android.server.wearable.WearableSensingManagerService took to complete: 0ms
04-01 08:46:41.712 612 612 D SystemServerTimingAsync: ssm.onStartUser-0_com.android.server.ondeviceintelligence.OnDeviceIntelligenceManagerService
04-01 08:46:41.713 612 612 V SystemServerTimingAsync: ssm.onStartUser-0_com.android.server.ondeviceintelligence.OnDeviceIntelligenceManagerService took to complete: 0ms
04-01 08:46:41.713 612 612 D SystemServerTimingAsync: ssm.onStartUser-0_com.android.server.speech.SpeechRecognitionManagerService
04-01 08:46:41.713 612 612 V SystemServerTimingAsync: ssm.onStartUser-0_com.android.server.speech.SpeechRecognitionManagerService took to complete: 0ms
04-01 08:46:41.713 612 612 D SystemServerTimingAsync: ssm.onStartUser-0_com.android.server.graphics.fonts.FontManagerService$Lifecycle
04-01 08:46:41.713 612 612 V SystemServerTimingAsync: ssm.onStartUser-0_com.android.server.graphics.fonts.FontManagerService$Lifecycle took to complete: 0ms
04-01 08:46:41.713 612 612 D SystemServerTimingAsync: ssm.onStartUser-0_com.android.server.textservices.TextServicesManagerService$Lifecycle
04-01 08:46:41.713 612 612 V SystemServerTimingAsync: ssm.onStartUser-0_com.android.server.textservices.TextServicesManagerService$Lifecycle took to complete: 0ms
04-01 08:46:41.713 612 612 D SystemServerTimingAsync: ssm.onStartUser-0_com.android.server.textclassifier.TextClassificationManagerService$Lifecycle
04-01 08:46:41.713 474 474 E V4L2Device: Unknown profile: 5
04-01 08:46:41.713 474 474 E V4L2Device: Unknown profile: 6
04-01 08:46:41.713 474 474 E V4L2Device: Unknown profile: 7
04-01 08:46:41.717 612 612 V SystemServerTimingAsync: ssm.onStartUser-0_com.android.server.textclassifier.TextClassificationManagerService$Lifecycle took to complete: 4ms
04-01 08:46:41.717 612 612 D SystemServerTimingAsync: ssm.onStartUser-0_com.android.server.NetworkScoreService$Lifecycle
04-01 08:46:41.717 612 612 V SystemServerTimingAsync: ssm.onStartUser-0_com.android.server.NetworkScoreService$Lifecycle took to complete: 0ms
04-01 08:46:41.717 612 612 D SystemServerTimingAsync: ssm.onStartUser-0_com.android.server.NetworkStatsServiceInitializer
04-01 08:46:41.717 612 612 V SystemServerTimingAsync: ssm.onStartUser-0_com.android.server.NetworkStatsServiceInitializer took to complete: 0ms
04-01 08:46:41.717 612 612 D SystemServerTimingAsync: ssm.onStartUser-0_com.android.server.wifi.WifiService
04-01 08:46:41.717 612 612 V SystemServerTimingAsync: ssm.onStartUser-0_com.android.server.wifi.WifiService took to complete: 0ms
04-01 08:46:41.717 612 612 D SystemServerTimingAsync: ssm.onStartUser-0_com.android.server.wifi.scanner.WifiScanningService
04-01 08:46:41.717 612 612 V SystemServerTimingAsync: ssm.onStartUser-0_com.android.server.wifi.scanner.WifiScanningService took to complete: 0ms
04-01 08:46:41.717 612 612 D SystemServerTimingAsync: ssm.onStartUser-0_com.android.server.wifi.p2p.WifiP2pService
04-01 08:46:41.717 612 612 V SystemServerTimingAsync: ssm.onStartUser-0_com.android.server.wifi.p2p.WifiP2pService took to complete: 0ms
04-01 08:46:41.717 612 612 D SystemServerTimingAsync: ssm.onStartUser-0_com.android.server.ConnectivityServiceInitializer
04-01 08:46:41.717 612 612 V SystemServerTimingAsync: ssm.onStartUser-0_com.android.server.ConnectivityServiceInitializer took to complete: 0ms
04-01 08:46:41.717 612 612 D SystemServerTimingAsync: ssm.onStartUser-0_com.android.server.notification.NotificationManagerService
04-01 08:46:41.717 612 612 V SystemServerTimingAsync: ssm.onStartUser-0_com.android.server.notification.NotificationManagerService took to complete: 0ms
04-01 08:46:41.717 612 612 D SystemServerTimingAsync: ssm.onStartUser-0_com.android.server.storage.DeviceStorageMonitorService
04-01 08:46:41.717 612 612 V SystemServerTimingAsync: ssm.onStartUser-0_com.android.server.storage.DeviceStorageMonitorService took to complete: 0ms
04-01 08:46:41.717 612 612 D SystemServerTimingAsync: ssm.onStartUser-0_com.android.server.timedetector.TimeDetectorService$Lifecycle
04-01 08:46:41.717 612 612 V SystemServerTimingAsync: ssm.onStartUser-0_com.android.server.timedetector.TimeDetectorService$Lifecycle took to complete: 0ms
04-01 08:46:41.717 612 612 D SystemServerTimingAsync: ssm.onStartUser-0_com.android.server.location.LocationManagerService$Lifecycle
04-01 08:46:41.719 612 612 V SystemServerTimingAsync: ssm.onStartUser-0_com.android.server.location.LocationManagerService$Lifecycle took to complete: 2ms
04-01 08:46:41.719 612 612 D SystemServerTimingAsync: ssm.onStartUser-0_com.android.server.timezonedetector.TimeZoneDetectorService$Lifecycle
04-01 08:46:41.719 612 612 V SystemServerTimingAsync: ssm.onStartUser-0_com.android.server.timezonedetector.TimeZoneDetectorService$Lifecycle took to complete: 0ms
04-01 08:46:41.719 612 612 D SystemServerTimingAsync: ssm.onStartUser-0_com.android.server.location.altitude.AltitudeService$Lifecycle
04-01 08:46:41.719 612 612 V SystemServerTimingAsync: ssm.onStartUser-0_com.android.server.location.altitude.AltitudeService$Lifecycle took to complete: 0ms
04-01 08:46:41.719 612 612 D SystemServerTimingAsync: ssm.onStartUser-0_com.android.server.timezonedetector.location.LocationTimeZoneManagerService$Lifecycle
04-01 08:46:41.719 612 612 V SystemServerTimingAsync: ssm.onStartUser-0_com.android.server.timezonedetector.location.LocationTimeZoneManagerService$Lifecycle took to complete: 0ms
04-01 08:46:41.719 612 612 D SystemServerTimingAsync: ssm.onStartUser-0_com.android.server.search.SearchManagerService$Lifecycle
04-01 08:46:41.719 612 612 V SystemServerTimingAsync: ssm.onStartUser-0_com.android.server.search.SearchManagerService$Lifecycle took to complete: 0ms
04-01 08:46:41.719 612 612 D SystemServerTimingAsync: ssm.onStartUser-0_com.android.server.wallpaper.WallpaperManagerService$Lifecycle
04-01 08:46:41.719 612 612 V SystemServerTimingAsync: ssm.onStartUser-0_com.android.server.wallpaper.WallpaperManagerService$Lifecycle took to complete: 0ms
04-01 08:46:41.719 612 612 D SystemServerTimingAsync: ssm.onStartUser-0_com.android.server.audio.AudioService$Lifecycle
04-01 08:46:41.719 612 612 V SystemServerTimingAsync: ssm.onStartUser-0_com.android.server.audio.AudioService$Lifecycle took to complete: 0ms
04-01 08:46:41.719 612 612 D SystemServerTimingAsync: ssm.onStartUser-0_com.android.server.soundtrigger_middleware.SoundTriggerMiddlewareService$Lifecycle
04-01 08:46:41.719 612 612 V SystemServerTimingAsync: ssm.onStartUser-0_com.android.server.soundtrigger_middleware.SoundTriggerMiddlewareService$Lifecycle took to complete: 0ms
04-01 08:46:41.719 612 612 D SystemServerTimingAsync: ssm.onStartUser-0_com.android.server.DockObserver
04-01 08:46:41.719 612 612 V SystemServerTimingAsync: ssm.onStartUser-0_com.android.server.DockObserver took to complete: 0ms
04-01 08:46:41.719 612 612 D SystemServerTimingAsync: ssm.onStartUser-0_com.android.server.adb.AdbService$Lifecycle
04-01 08:46:41.719 612 612 V SystemServerTimingAsync: ssm.onStartUser-0_com.android.server.adb.AdbService$Lifecycle took to complete: 0ms
04-01 08:46:41.719 612 612 D SystemServerTimingAsync: ssm.onStartUser-0_com.android.server.usb.UsbService$Lifecycle
04-01 08:46:41.719 612 612 V SystemServerTimingAsync: ssm.onStartUser-0_com.android.server.usb.UsbService$Lifecycle took to complete: 0ms
04-01 08:46:41.719 612 612 D SystemServerTimingAsync: ssm.onStartUser-0_com.android.server.SerialService$Lifecycle
04-01 08:46:41.719 612 612 V SystemServerTimingAsync: ssm.onStartUser-0_com.android.server.SerialService$Lifecycle took to complete: 0ms
04-01 08:46:41.719 612 612 D SystemServerTimingAsync: ssm.onStartUser-0_com.android.server.twilight.TwilightService
04-01 08:46:41.719 612 612 V SystemServerTimingAsync: ssm.onStartUser-0_com.android.server.twilight.TwilightService took to complete: 0ms
04-01 08:46:41.719 612 612 D SystemServerTimingAsync: ssm.onStartUser-0_com.android.server.display.color.ColorDisplayService
04-01 08:46:41.720 612 612 V SystemServerTimingAsync: ssm.onStartUser-0_com.android.server.display.color.ColorDisplayService took to complete: 0ms
04-01 08:46:41.720 612 612 D SystemServerTimingAsync: ssm.onStartUser-0_com.android.server.job.JobSchedulerService
04-01 08:46:41.720 612 612 V SystemServerTimingAsync: ssm.onStartUser-0_com.android.server.job.JobSchedulerService took to complete: 0ms
04-01 08:46:41.720 612 612 D SystemServerTimingAsync: ssm.onStartUser-0_com.android.server.soundtrigger.SoundTriggerService
04-01 08:46:41.720 612 612 V SystemServerTimingAsync: ssm.onStartUser-0_com.android.server.soundtrigger.SoundTriggerService took to complete: 0ms
04-01 08:46:41.720 612 612 D SystemServerTimingAsync: ssm.onStartUser-0_com.android.server.trust.TrustManagerService
04-01 08:46:41.720 612 612 V SystemServerTimingAsync: ssm.onStartUser-0_com.android.server.trust.TrustManagerService took to complete: 0ms
04-01 08:46:41.720 612 612 D SystemServerTimingAsync: ssm.onStartUser-0_com.android.server.backup.BackupManagerService$Lifecycle
04-01 08:46:41.720 612 612 V SystemServerTimingAsync: ssm.onStartUser-0_com.android.server.backup.BackupManagerService$Lifecycle took to complete: 0ms
04-01 08:46:41.720 612 612 D SystemServerTimingAsync: ssm.onStartUser-0_com.android.server.appwidget.AppWidgetService
04-01 08:46:41.720 612 612 V SystemServerTimingAsync: ssm.onStartUser-0_com.android.server.appwidget.AppWidgetService took to complete: 0ms
04-01 08:46:41.720 612 612 D SystemServerTimingAsync: ssm.onStartUser-0_com.android.server.voiceinteraction.VoiceInteractionManagerService
04-01 08:46:41.722 525 588 I Codec2InfoBuilder: adding type 'video/avc'
04-01 08:46:41.724 474 474 D V4L2EncodeInterface: Given level 0 does not cover current configuration: adjusting to 20484
04-01 08:46:41.730 449 476 I netd : tetherGetStats() -> {[]} <2.53ms>
04-01 08:46:41.732 474 474 W V4L2Device: Driver doesn't support QUERY HEVC levels, use default values
04-01 08:46:41.732 474 474 E V4L2Device: Unhandled pixelformat YU12
04-01 08:46:41.732 474 474 E V4L2Device: Unhandled pixelformat NV12
04-01 08:46:41.732 474 474 E V4L2Device: Unhandled pixelformat NV21
04-01 08:46:41.732 474 474 E V4L2Device: Unhandled pixelformat YM12
04-01 08:46:41.732 474 474 E V4L2Device: Unhandled pixelformat NM12
04-01 08:46:41.732 474 474 E V4L2Device: Unhandled pixelformat NM21
04-01 08:46:41.732 474 474 E V4L2Device: Unhandled pixelformat 422P
04-01 08:46:41.732 474 474 E V4L2Device: Unhandled pixelformat NV16
04-01 08:46:41.732 474 474 E V4L2Device: Unhandled pixelformat NV61
04-01 08:46:41.732 474 474 E V4L2Device: Unhandled pixelformat YM16
04-01 08:46:41.732 474 474 E V4L2Device: Unhandled pixelformat NM16
04-01 08:46:41.732 474 474 E V4L2Device: Unhandled pixelformat NM61
04-01 08:46:41.733 474 474 E V4L2Device: Unhandled pixelformat YUYV
04-01 08:46:41.733 474 474 E V4L2Device: Unhandled pixelformat YVYU
04-01 08:46:41.733 474 474 E V4L2Device: Unhandled pixelformat UYVY
04-01 08:46:41.733 474 474 E V4L2Device: Unhandled pixelformat VYUY
04-01 08:46:41.733 474 474 W V4L2Device: Driver doesn't support QUERY HEVC profiles, use default values, Main
04-01 08:46:41.737 525 588 I Codec2InfoBuilder: adding type 'video/hevc'
04-01 08:46:41.740 474 474 I ComponentStore: createInterface(): Invalid component name: c2.android.aac.decoder
04-01 08:46:41.742 452 452 I Zygote : Process 857 exited cleanly (0)
04-01 08:46:41.742 612 637 W com.android.internal.protolog.LogcatOnlyProtoLogImpl: ProtoLog message not processed. Failed to log it to proto. Logging it below to logcat instead.
04-01 08:46:41.743 612 637 V WindowManager: Binding proc com.android.networkstack.process with config {1.0 ?mcc0mnc [en_US] ldltr sw720dp w1280dp h720dp 240dpi xlrg long land -touch qwerty/v/v -nav/h winConfig={ mBounds=Rect(0, 0 - 1920, 1080) mAppBounds=Rect(0, 0 - 1920, 1080) mMaxBounds=Rect(0, 0 - 1920, 1080) mDisplayRotation=ROTATION_0 mWindowingMode=fullscreen mActivityType=undefined mAlwaysOnTop=undefined mRotation=ROTATION_0} s.6 fontWeightAdjustment=0}
04-01 08:46:41.743 612 637 D GameManagerService: User ID '0' does not have a Game Mode selected for package: 'com.android.networkstack'
04-01 08:46:41.747 525 588 I Codec2InfoBuilder: adding type 'audio/mp4a-latm'
04-01 08:46:41.749 612 643 D DisplayManagerService: Drop pending events for gone uid 1037
04-01 08:46:41.750 612 644 I DropBoxManagerService: add tag=system_server_strictmode isTagEnabled=true flags=0x2
04-01 08:46:41.751 612 655 I libprocessgroup: Removed cgroup /sys/fs/cgroup/uid_1037/pid_857
04-01 08:46:41.753 897 897 I libc : SetHeapTaggingLevel: tag level set to 0
04-01 08:46:41.757 612 612 W VoiceInteractionManager: no available voice recognition services found for user 0
04-01 08:46:41.758 612 612 V SystemServerTimingAsync: ssm.onStartUser-0_com.android.server.voiceinteraction.VoiceInteractionManagerService took to complete: 38ms
04-01 08:46:41.758 612 612 D SystemServerTimingAsync: ssm.onStartUser-0_com.android.server.GestureLauncherService
04-01 08:46:41.758 612 612 V SystemServerTimingAsync: ssm.onStartUser-0_com.android.server.GestureLauncherService took to complete: 0ms
04-01 08:46:41.758 612 612 D SystemServerTimingAsync: ssm.onStartUser-0_com.android.server.SensorNotificationService
04-01 08:46:41.758 612 612 V SystemServerTimingAsync: ssm.onStartUser-0_com.android.server.SensorNotificationService took to complete: 0ms
04-01 08:46:41.758 612 612 D SystemServerTimingAsync: ssm.onStartUser-0_com.android.server.emergency.EmergencyAffordanceService
04-01 08:46:41.758 612 612 V SystemServerTimingAsync: ssm.onStartUser-0_com.android.server.emergency.EmergencyAffordanceService took to complete: 0ms
04-01 08:46:41.758 612 612 D SystemServerTimingAsync: ssm.onStartUser-0_com.android.server.blob.BlobStoreManagerService
04-01 08:46:41.758 612 612 V SystemServerTimingAsync: ssm.onStartUser-0_com.android.server.blob.BlobStoreManagerService took to complete: 0ms
04-01 08:46:41.758 612 612 D SystemServerTimingAsync: ssm.onStartUser-0_com.android.server.dreams.DreamManagerService
04-01 08:46:41.758 612 612 V SystemServerTimingAsync: ssm.onStartUser-0_com.android.server.dreams.DreamManagerService took to complete: 0ms
04-01 08:46:41.758 612 612 D SystemServerTimingAsync: ssm.onStartUser-0_com.android.server.print.PrintManagerService
04-01 08:46:41.758 612 612 V SystemServerTimingAsync: ssm.onStartUser-0_com.android.server.print.PrintManagerService took to complete: 0ms
04-01 08:46:41.758 612 612 D SystemServerTimingAsync: ssm.onStartUser-0_com.android.server.security.AttestationVerificationManagerService
04-01 08:46:41.758 612 612 V SystemServerTimingAsync: ssm.onStartUser-0_com.android.server.security.AttestationVerificationManagerService took to complete: 0ms
04-01 08:46:41.758 612 612 D SystemServerTimingAsync: ssm.onStartUser-0_com.android.server.companion.CompanionDeviceManagerService
04-01 08:46:41.758 612 612 V SystemServerTimingAsync: ssm.onStartUser-0_com.android.server.companion.CompanionDeviceManagerService took to complete: 0ms
04-01 08:46:41.758 612 612 D SystemServerTimingAsync: ssm.onStartUser-0_com.android.server.companion.virtual.VirtualDeviceManagerService
04-01 08:46:41.758 612 612 V SystemServerTimingAsync: ssm.onStartUser-0_com.android.server.companion.virtual.VirtualDeviceManagerService took to complete: 0ms
04-01 08:46:41.758 612 612 D SystemServerTimingAsync: ssm.onStartUser-0_com.android.server.restrictions.RestrictionsManagerService
04-01 08:46:41.758 612 612 V SystemServerTimingAsync: ssm.onStartUser-0_com.android.server.restrictions.RestrictionsManagerService took to complete: 0ms
04-01 08:46:41.758 612 612 D SystemServerTimingAsync: ssm.onStartUser-0_com.android.server.media.MediaSessionService
04-01 08:46:41.758 612 612 V SystemServerTimingAsync: ssm.onStartUser-0_com.android.server.media.MediaSessionService took to complete: 0ms
04-01 08:46:41.758 612 612 D SystemServerTimingAsync: ssm.onStartUser-0_com.android.server.biometrics.BiometricService
04-01 08:46:41.758 612 612 V SystemServerTimingAsync: ssm.onStartUser-0_com.android.server.biometrics.BiometricService took to complete: 0ms
04-01 08:46:41.759 612 612 D SystemServerTimingAsync: ssm.onStartUser-0_com.android.server.biometrics.AuthService
04-01 08:46:41.759 612 612 V SystemServerTimingAsync: ssm.onStartUser-0_com.android.server.biometrics.AuthService took to complete: 0ms
04-01 08:46:41.759 612 612 D SystemServerTimingAsync: ssm.onStartUser-0_com.android.server.adaptiveauth.AdaptiveAuthService
04-01 08:46:41.759 612 612 V SystemServerTimingAsync: ssm.onStartUser-0_com.android.server.adaptiveauth.AdaptiveAuthService took to complete: 0ms
04-01 08:46:41.759 612 612 D SystemServerTimingAsync: ssm.onStartUser-0_com.android.server.pm.ShortcutService$Lifecycle
04-01 08:46:41.759 612 612 V SystemServerTimingAsync: ssm.onStartUser-0_com.android.server.pm.ShortcutService$Lifecycle took to complete: 0ms
04-01 08:46:41.759 612 612 D SystemServerTimingAsync: ssm.onStartUser-0_com.android.server.pm.LauncherAppsService
04-01 08:46:41.759 612 612 V SystemServerTimingAsync: ssm.onStartUser-0_com.android.server.pm.LauncherAppsService took to complete: 0ms
04-01 08:46:41.759 612 612 D SystemServerTimingAsync: ssm.onStartUser-0_com.android.server.pm.CrossProfileAppsService
04-01 08:46:41.759 612 612 V SystemServerTimingAsync: ssm.onStartUser-0_com.android.server.pm.CrossProfileAppsService took to complete: 0ms
04-01 08:46:41.759 612 612 D SystemServerTimingAsync: ssm.onStartUser-0_com.android.server.people.PeopleService
04-01 08:46:41.759 612 612 V SystemServerTimingAsync: ssm.onStartUser-0_com.android.server.people.PeopleService took to complete: 0ms
04-01 08:46:41.759 612 612 D SystemServerTimingAsync: ssm.onStartUser-0_com.android.server.media.metrics.MediaMetricsManagerService
04-01 08:46:41.759 612 612 V SystemServerTimingAsync: ssm.onStartUser-0_com.android.server.media.metrics.MediaMetricsManagerService took to complete: 0ms
04-01 08:46:41.759 612 612 D SystemServerTimingAsync: ssm.onStartUser-0_com.android.server.pm.BackgroundInstallControlService
04-01 08:46:41.759 612 612 V SystemServerTimingAsync: ssm.onStartUser-0_com.android.server.pm.BackgroundInstallControlService took to complete: 0ms
04-01 08:46:41.759 612 612 D SystemServerTimingAsync: ssm.onStartUser-0_com.android.server.media.projection.MediaProjectionManagerService
04-01 08:46:41.759 612 612 V SystemServerTimingAsync: ssm.onStartUser-0_com.android.server.media.projection.MediaProjectionManagerService took to complete: 0ms
04-01 08:46:41.759 612 612 D SystemServerTimingAsync: ssm.onStartUser-0_com.android.server.slice.SliceManagerService$Lifecycle
04-01 08:46:41.759 612 612 V SystemServerTimingAsync: ssm.onStartUser-0_com.android.server.slice.SliceManagerService$Lifecycle took to complete: 0ms
04-01 08:46:41.759 612 612 D SystemServerTimingAsync: ssm.onStartUser-0_com.android.server.stats.StatsCompanion$Lifecycle
04-01 08:46:41.759 612 612 V SystemServerTimingAsync: ssm.onStartUser-0_com.android.server.stats.StatsCompanion$Lifecycle took to complete: 0ms
04-01 08:46:41.759 612 612 D SystemServerTimingAsync: ssm.onStartUser-0_com.android.server.scheduling.RebootReadinessManagerService$Lifecycle
04-01 08:46:41.759 612 612 V SystemServerTimingAsync: ssm.onStartUser-0_com.android.server.scheduling.RebootReadinessManagerService$Lifecycle took to complete: 0ms
04-01 08:46:41.759 612 612 D SystemServerTimingAsync: ssm.onStartUser-0_com.android.server.stats.pull.StatsPullAtomService
04-01 08:46:41.759 612 612 V SystemServerTimingAsync: ssm.onStartUser-0_com.android.server.stats.pull.StatsPullAtomService took to complete: 0ms
04-01 08:46:41.759 612 612 D SystemServerTimingAsync: ssm.onStartUser-0_com.android.server.stats.bootstrap.StatsBootstrapAtomService$Lifecycle
04-01 08:46:41.759 612 612 V SystemServerTimingAsync: ssm.onStartUser-0_com.android.server.stats.bootstrap.StatsBootstrapAtomService$Lifecycle took to complete: 0ms
04-01 08:46:41.759 612 612 D SystemServerTimingAsync: ssm.onStartUser-0_com.android.server.incident.IncidentCompanionService
04-01 08:46:41.759 612 612 V SystemServerTimingAsync: ssm.onStartUser-0_com.android.server.incident.IncidentCompanionService took to complete: 0ms
04-01 08:46:41.759 612 612 D SystemServerTimingAsync: ssm.onStartUser-0_com.android.server.sdksandbox.SdkSandboxManagerService$Lifecycle
04-01 08:46:41.759 612 612 V SystemServerTimingAsync: ssm.onStartUser-0_com.android.server.sdksandbox.SdkSandboxManagerService$Lifecycle took to complete: 0ms
04-01 08:46:41.759 612 612 D SystemServerTimingAsync: ssm.onStartUser-0_com.android.server.adservices.AdServicesManagerService$Lifecycle
04-01 08:46:41.759 612 612 V SystemServerTimingAsync: ssm.onStartUser-0_com.android.server.adservices.AdServicesManagerService$Lifecycle took to complete: 0ms
04-01 08:46:41.759 612 612 D SystemServerTimingAsync: ssm.onStartUser-0_com.android.server.ondevicepersonalization.OnDevicePersonalizationSystemService$Lifecycle
04-01 08:46:41.759 612 612 V SystemServerTimingAsync: ssm.onStartUser-0_com.android.server.ondevicepersonalization.OnDevicePersonalizationSystemService$Lifecycle took to complete: 0ms
04-01 08:46:41.759 612 612 D SystemServerTimingAsync: ssm.onStartUser-0_android.os.profiling.ProfilingService$Lifecycle
04-01 08:46:41.759 612 612 V SystemServerTimingAsync: ssm.onStartUser-0_android.os.profiling.ProfilingService$Lifecycle took to complete: 0ms
04-01 08:46:41.759 612 612 D SystemServerTimingAsync: ssm.onStartUser-0_com.android.server.autofill.AutofillManagerService
04-01 08:46:41.759 612 612 V SystemServerTimingAsync: ssm.onStartUser-0_com.android.server.autofill.AutofillManagerService took to complete: 0ms
04-01 08:46:41.759 612 612 D SystemServerTimingAsync: ssm.onStartUser-0_com.android.server.clipboard.ClipboardService
04-01 08:46:41.759 612 612 V SystemServerTimingAsync: ssm.onStartUser-0_com.android.server.clipboard.ClipboardService took to complete: 0ms
04-01 08:46:41.759 612 612 D SystemServerTimingAsync: ssm.onStartUser-0_com.android.server.appbinding.AppBindingService$Lifecycle
04-01 08:46:41.760 612 612 W AppBindingService: [Default SMS app] u0 Target package not found
04-01 08:46:41.760 612 612 V SystemServerTimingAsync: ssm.onStartUser-0_com.android.server.appbinding.AppBindingService$Lifecycle took to complete: 0ms
04-01 08:46:41.760 612 612 D SystemServerTimingAsync: ssm.onStartUser-0_com.android.server.tracing.TracingServiceProxy
04-01 08:46:41.760 612 612 V SystemServerTimingAsync: ssm.onStartUser-0_com.android.server.tracing.TracingServiceProxy took to complete: 0ms
04-01 08:46:41.760 612 612 D SystemServerTimingAsync: ssm.onStartUser-0_com.android.server.policy.PermissionPolicyService
04-01 08:46:41.760 612 612 V SystemServerTimingAsync: ssm.onStartUser-0_com.android.server.policy.PermissionPolicyService took to complete: 0ms
04-01 08:46:41.760 612 612 D SystemServerTimingAsync: ssm.onStartUser-0_com.android.server.pm.StagingManager$Lifecycle
04-01 08:46:41.760 612 612 V SystemServerTimingAsync: ssm.onStartUser-0_com.android.server.pm.StagingManager$Lifecycle took to complete: 0ms
04-01 08:46:41.760 612 612 D SystemServerTimingAsync: ssm.onStartUser-0_com.android.server.app.GameManagerService$Lifecycle
04-01 08:46:41.760 612 612 D GameManagerService: Starting user 0
04-01 08:46:41.762 474 474 I ComponentStore: createInterface(): Invalid component name: c2.android.aac.encoder
04-01 08:46:41.763 612 612 V GameManagerService_GameManagerSettings: Settings file doesn't exist, skip reading
04-01 08:46:41.763 612 612 V SystemServerTimingAsync: ssm.onStartUser-0_com.android.server.app.GameManagerService$Lifecycle took to complete: 3ms
04-01 08:46:41.763 612 612 D SystemServerTimingAsync: ssm.onStartUser-0_com.android.safetycenter.SafetyCenterService
04-01 08:46:41.764 612 612 V SystemServerTimingAsync: ssm.onStartUser-0_com.android.safetycenter.SafetyCenterService took to complete: 0ms
04-01 08:46:41.764 612 612 D SystemServerTimingAsync: ssm.onStartUser-0_com.android.server.appsearch.AppSearchModule$Lifecycle
04-01 08:46:41.764 612 612 V SystemServerTimingAsync: ssm.onStartUser-0_com.android.server.appsearch.AppSearchModule$Lifecycle took to complete: 0ms
04-01 08:46:41.764 612 612 D SystemServerTimingAsync: ssm.onStartUser-0_com.android.server.compos.IsolatedCompilationService
04-01 08:46:41.764 612 612 V SystemServerTimingAsync: ssm.onStartUser-0_com.android.server.compos.IsolatedCompilationService took to complete: 0ms
04-01 08:46:41.764 612 612 D SystemServerTimingAsync: ssm.onStartUser-0_com.android.server.media.MediaCommunicationService
04-01 08:46:41.764 612 612 V SystemServerTimingAsync: ssm.onStartUser-0_com.android.server.media.MediaCommunicationService took to complete: 0ms
04-01 08:46:41.764 612 612 D SystemServerTimingAsync: ssm.onStartUser-0_com.android.server.compat.overrides.AppCompatOverridesService$Lifecycle
04-01 08:46:41.764 612 612 V SystemServerTimingAsync: ssm.onStartUser-0_com.android.server.compat.overrides.AppCompatOverridesService$Lifecycle took to complete: 0ms
04-01 08:46:41.764 612 612 D SystemServerTimingAsync: ssm.onStartUser-0_com.android.server.healthconnect.HealthConnectManagerService
04-01 08:46:41.764 897 897 I webview_zygote: Using CollectorTypeCMC GC.
04-01 08:46:41.764 612 612 V SystemServerTimingAsync: ssm.onStartUser-0_com.android.server.healthconnect.HealthConnectManagerService took to complete: 0ms
04-01 08:46:41.764 612 612 D SystemServerTimingAsync: ssm.onStartUser-0_com.android.server.devicelock.DeviceLockService
04-01 08:46:41.764 612 612 V SystemServerTimingAsync: ssm.onStartUser-0_com.android.server.devicelock.DeviceLockService took to complete: 0ms
04-01 08:46:41.764 612 612 D SystemServerTimingAsync: ssm.onStartUser-0_com.android.server.SensitiveContentProtectionManagerService
04-01 08:46:41.764 612 612 V SystemServerTimingAsync: ssm.onStartUser-0_com.android.server.SensitiveContentProtectionManagerService took to complete: 0ms
04-01 08:46:41.764 612 612 V SystemServerTimingAsync: ssm.StartUser-0 took to complete: 148ms
04-01 08:46:41.773 897 897 I WebViewZygoteInit: Starting WebViewZygoteInit
04-01 08:46:41.775 612 723 I InputReader: Reconfiguring input devices, changes=KEY_REMAPPING
04-01 08:46:41.775 525 588 I Codec2InfoBuilder: adding type 'audio/mp4a-latm'
04-01 08:46:41.781 612 612 D SystemServerTiming: startPersistentApps
04-01 08:46:41.784 449 476 I netd : tetherGetStats() -> {[]} <3.04ms>
04-01 08:46:41.785 612 612 V GrammaticalInflectionUtils: AttributionSource: AttributionSource { uid = 1068, packageName = null, attributionTag = null, token = android.os.Binder@4baf5bf, deviceId = 0, next = null } does not have READ_SYSTEM_GRAMMATICAL_GENDER permission.
04-01 08:46:41.786 612 612 D CompatChangeReporter: Compat change id reported: 151861875; UID 1068; state: ENABLED
04-01 08:46:41.787 474 474 I ComponentStore: createInterface(): Invalid component name: c2.android.amrnb.decoder
04-01 08:46:41.792 612 856 W ZygoteProcess: Got error connecting to zygote, retrying. msg= Connection refused
04-01 08:46:41.797 525 588 I Codec2InfoBuilder: adding type 'audio/3gpp'
04-01 08:46:41.801 612 612 V SystemServerTiming: startPersistentApps took to complete: 20ms
04-01 08:46:41.802 612 612 D SystemServerTiming: startHomeOnAllDisplays
04-01 08:46:41.803 838 838 V WindowManagerShell: UNKNOWN MESSAGE (-776239364395549896) OneHandedController
04-01 08:46:41.805 474 474 I ComponentStore: createInterface(): Invalid component name: c2.android.amrnb.encoder
04-01 08:46:41.808 612 612 W ActivityTaskManager: callingPackage for (uid=-1, pid=0) has no WPC
04-01 08:46:41.809 452 452 I Zygote : Entering forkRepeatedly native zygote loop
04-01 08:46:41.812 525 588 I Codec2InfoBuilder: adding type 'audio/3gpp'
04-01 08:46:41.815 474 474 I ComponentStore: createInterface(): Invalid component name: c2.android.amrwb.decoder
04-01 08:46:41.821 612 612 D CompatChangeReporter: Compat change id reported: 151861875; UID 1000; state: ENABLED
04-01 08:46:41.825 525 588 I Codec2InfoBuilder: adding type 'audio/amr-wb'
04-01 08:46:41.827 474 474 I ComponentStore: createInterface(): Invalid component name: c2.android.amrwb.encoder
04-01 08:46:41.833 525 588 I Codec2InfoBuilder: adding type 'audio/amr-wb'
04-01 08:46:41.835 612 612 W OptProp : Cannot read opt property android.window.PROPERTY_COMPAT_ALLOW_MIN_ASPECT_RATIO_OVERRIDE
04-01 08:46:41.837 474 474 I ComponentStore: createInterface(): Invalid component name: c2.android.av1-dav1d.decoder
04-01 08:46:41.838 612 612 D CompatChangeReporter: Compat change id reported: 306666082; UID 1000; state: ENABLED
04-01 08:46:41.843 612 612 E CellBroadcastUtils: getDefaultCellBroadcastReceiverPackageName: no package found
04-01 08:46:41.844 257 289 E IMGAidlAllocator: isSupported:328 Invalid BufferDescriptorInfo
04-01 08:46:41.844 257 289 E IMGAidlAllocator: isSupported:329 width -> 320
04-01 08:46:41.844 257 289 E IMGAidlAllocator: isSupported:330 height -> 240
04-01 08:46:41.844 257 289 E IMGAidlAllocator: isSupported:331 format -> 54
04-01 08:46:41.845 257 289 E IMGAidlAllocator: isSupported:332 usage -> 0x0962
04-01 08:46:41.849 838 838 V WindowManagerShell: UNKNOWN MESSAGE (-776239364395549896) RootTaskDisplayAreaOrganizer
04-01 08:46:41.851 452 452 D Zygote : Forked child process 915
04-01 08:46:41.858 612 612 W OptProp : Cannot read opt property android.window.PROPERTY_COMPAT_ALLOW_ORIENTATION_OVERRIDE
04-01 08:46:41.860 612 654 W ActivityManager: Slow operation: 71ms so far, now at startProcess: returned from zygote!
04-01 08:46:41.866 449 476 I netd : tetherGetStats() -> {[]} <4.76ms>
04-01 08:46:41.868 483 483 I android.hardware.power-service.example: Power isModeSupported: 5
04-01 08:46:41.870 838 838 V WindowManagerShell: UNKNOWN MESSAGE (-776239364395549896) DefaultTransitionHandler
04-01 08:46:41.872 257 289 E IMGAidlAllocator: isSupported:328 Invalid BufferDescriptorInfo
04-01 08:46:41.872 257 289 E IMGAidlAllocator: isSupported:329 width -> 320
04-01 08:46:41.872 257 289 E IMGAidlAllocator: isSupported:330 height -> 240
04-01 08:46:41.872 257 289 E IMGAidlAllocator: isSupported:331 format -> 54
04-01 08:46:41.872 257 289 E IMGAidlAllocator: isSupported:332 usage -> 0x0962
04-01 08:46:41.872 838 838 V WindowManagerShell: UNKNOWN MESSAGE (-6160073112438359978)
04-01 08:46:41.872 838 838 V WindowManagerShell: UNKNOWN MESSAGE (-2436748845961170270)
04-01 08:46:41.873 838 838 V WindowManagerShell: UNKNOWN MESSAGE (-776239364395549896) Transitions
04-01 08:46:41.877 838 838 V WindowManagerShell: UNKNOWN MESSAGE (-776239364395549896) DragAndDropController
04-01 08:46:41.882 525 588 I Codec2InfoBuilder: adding type 'video/av01'
04-01 08:46:41.886 612 612 I ActivityTaskManager: START u0 {act=android.intent.action.MAIN cat=[android.intent.category.HOME] flg=0x10000100 cmp=com.android.settings/.FallbackHome (has extras)} with LAUNCH_MULTIPLE from uid 0 (BAL_ALLOW_ALLOWLISTED_UID) result code=0
04-01 08:46:41.888 612 612 V SystemServerTiming: startHomeOnAllDisplays took to complete: 86ms
04-01 08:46:41.888 612 612 D SystemServerTiming: sendUserStartBroadcast
04-01 08:46:41.889 612 612 D SystemServerTiming: broadcastIntent-0-android.intent.action.USER_STARTED
04-01 08:46:41.890 612 612 V SystemServerTiming: broadcastIntent-0-android.intent.action.USER_STARTED took to complete: 1ms
04-01 08:46:41.891 612 612 D SystemServerTiming: broadcastIntent--1-android.intent.action.USER_STARTING
04-01 08:46:41.893 612 612 V SystemServerTiming: broadcastIntent--1-android.intent.action.USER_STARTING took to complete: 2ms
04-01 08:46:41.893 612 612 V SystemServerTiming: sendUserStartBroadcast took to complete: 5ms
04-01 08:46:41.893 612 612 D SystemServerTiming: resumeTopActivities
04-01 08:46:41.896 612 612 V SystemServerTiming: resumeTopActivities took to complete: 3ms
04-01 08:46:41.896 612 612 D SystemServerTiming: sendUserSwitchBroadcasts
04-01 08:46:41.897 612 612 D SystemServerTiming: broadcastIntent-0-android.intent.action.USER_FOREGROUND
04-01 08:46:41.898 612 612 V SystemServerTiming: broadcastIntent-0-android.intent.action.USER_FOREGROUND took to complete: 1ms
04-01 08:46:41.898 612 612 D SystemServerTiming: broadcastIntent--1-android.intent.action.USER_SWITCHED
04-01 08:46:41.902 897 897 I WebViewZygoteInit: Beginning application preload for com.android.webview
04-01 08:46:41.905 897 897 D ApplicationLoaders: Returning zygote-cached class loader: /system_ext/framework/androidx.window.extensions.jar
04-01 08:46:41.906 474 474 I ComponentStore: createInterface(): Invalid component name: c2.android.av1.decoder
04-01 08:46:41.913 915 915 I com.android.se: Using CollectorTypeCMC GC.
04-01 08:46:41.914 257 289 E IMGAidlAllocator: isSupported:328 Invalid BufferDescriptorInfo
04-01 08:46:41.914 257 289 E IMGAidlAllocator: isSupported:329 width -> 320
04-01 08:46:41.915 257 289 E IMGAidlAllocator: isSupported:330 height -> 240
04-01 08:46:41.915 257 289 E IMGAidlAllocator: isSupported:331 format -> 54
04-01 08:46:41.915 257 289 E IMGAidlAllocator: isSupported:332 usage -> 0x0962
04-01 08:46:41.917 612 612 V SystemServerTiming: broadcastIntent--1-android.intent.action.USER_SWITCHED took to complete: 4ms
04-01 08:46:41.917 612 612 V SystemServerTiming: sendUserSwitchBroadcasts took to complete: 21ms
04-01 08:46:41.917 612 612 D SystemServerTiming: setBinderProxies
04-01 08:46:41.920 838 838 V WindowManagerShell: UNKNOWN MESSAGE (-776239364395549896) BubbleController
04-01 08:46:41.923 915 915 E com.android.se: Not starting debugger since process cannot load the jdwp agent.
04-01 08:46:41.929 257 289 E IMGAidlAllocator: isSupported:328 Invalid BufferDescriptorInfo
04-01 08:46:41.930 257 289 E IMGAidlAllocator: isSupported:329 width -> 320
04-01 08:46:41.930 257 289 E IMGAidlAllocator: isSupported:330 height -> 240
04-01 08:46:41.930 257 289 E IMGAidlAllocator: isSupported:331 format -> 54
04-01 08:46:41.930 257 289 E IMGAidlAllocator: isSupported:332 usage -> 0x0962
04-01 08:46:41.931 612 612 V SystemServerTiming: setBinderProxies took to complete: 14ms
04-01 08:46:41.931 612 612 V SystemServerTiming: ActivityManagerStartApps took to complete: 331ms
04-01 08:46:41.931 612 612 D SystemServerTiming: componentAlias
04-01 08:46:41.933 612 612 D ComponentAliasResolver: Compat listener set.
04-01 08:46:41.933 612 612 V SystemServerTiming: componentAlias took to complete: 2ms
04-01 08:46:41.933 612 612 V SystemServerTiming: PhaseActivityManagerReady took to complete: 1223ms
04-01 08:46:41.933 612 612 D SystemServerTiming: LockSettingsThirdPartyAppsStarted
04-01 08:46:41.933 612 612 V SystemServerTiming: LockSettingsThirdPartyAppsStarted took to complete: 0ms
04-01 08:46:41.933 612 612 D SystemServerTiming: StartSystemUI
04-01 08:46:41.939 612 654 W ActivityManager: Slow operation: 150ms so far, now at startProcess: done updating battery stats
04-01 08:46:41.939 612 654 W ActivityManager: Slow operation: 150ms so far, now at startProcess: building log message
04-01 08:46:41.939 612 654 I ActivityManager: Start proc 915:com.android.se/1068 for added application com.android.se
04-01 08:46:41.939 612 654 W ActivityManager: Slow operation: 151ms so far, now at startProcess: starting to update pids map
04-01 08:46:41.940 612 654 W ActivityManager: Slow operation: 151ms so far, now at startProcess: done updating pids map
04-01 08:46:41.940 612 654 W ActivityManager: Slow operation: 141ms so far, now at startProcess: asking zygote to start proc
04-01 08:46:41.944 612 612 V SystemServerTiming: StartSystemUI took to complete: 10ms
04-01 08:46:41.944 612 612 V SystemServerTiming: startOtherServices took to complete: 4320ms
04-01 08:46:41.944 612 612 D SystemServerTiming: startApexServices
04-01 08:46:41.944 612 612 D SystemServerTiming: starting com.android.server.scheduling.RebootReadinessManagerService$Lifecycle
04-01 08:46:41.945 612 612 I SystemServiceManager: Starting com.android.server.scheduling.RebootReadinessManagerService$Lifecycle
04-01 08:46:41.945 612 612 I SystemServiceManager: Not starting an already started service com.android.server.scheduling.RebootReadinessManagerService$Lifecycle
04-01 08:46:41.945 612 612 V SystemServerTiming: starting com.android.server.scheduling.RebootReadinessManagerService$Lifecycle took to complete: 1ms
04-01 08:46:41.945 612 612 D SystemServerTiming: starting com.android.system.virtualmachine.VirtualizationSystemService
04-01 08:46:41.946 612 612 I system_server: Waiting for a blocking GC ClassLinker
04-01 08:46:41.950 915 915 D nativeloader: Load libframework-connectivity-tiramisu-jni.so using APEX ns com_android_tethering for caller /apex/com.android.tethering/javalib/framework-connectivity-t.jar: ok
04-01 08:46:41.955 612 653 W system_server: Long monitor contention with owner main (612) at android.content.ComponentName com.android.server.am.ActivityManagerService.startService(android.app.IApplicationThread, android.content.Intent, java.lang.String, boolean, java.lang.String, java.lang.String, int, boolean, int, java.lang.String, java.lang.String)(ActivityManagerService.java:13640) waiters=1 in boolean com.android.server.am.BroadcastQueueModernImpl.lambda$new$0(android.os.Message) for 171ms
04-01 08:46:41.958 612 653 I system_server: getFrameworkHalManifest: Reading VINTF information.
04-01 08:46:41.968 612 653 I system_server: Loaded APEX Infos from /apex/apex-info-list.xml
04-01 08:46:41.969 612 653 I system_server: getDeviceHalManifest: Reading VINTF information.
04-01 08:46:41.970 897 897 D nativeloader: InitLlndkLibrariesProduct: libEGL.so:libGLESv1_CM.so:libGLESv2.so:libGLESv3.so:libRS.so:libandroid_net.so:libapexsupport.so:libbinder_ndk.so:libc.so:libcgrouprc.so:libclang_rt.asan-aarch64-android.so:libclang_rt.hwasan-aarch64-android.so:libcom.android.tethering.connectivity_native.so:libdl.so:libft2.so:liblog.so:libm.so:libmediandk.so:libnativewindow.so:libneuralnetworks.so:libselinux.so:libsync.so:libvendorsupport.so:libvndksupport.so:libvulkan.so
04-01 08:46:41.976 452 452 D Zygote : Forked child process 925
04-01 08:46:41.977 877 877 D nativeloader: Configuring clns-shared-7 for other apk /system/priv-app/NetworkStack/NetworkStack.apk. target_sdk_version=35, uses_libraries=, library_path=/system/priv-app/NetworkStack/lib/arm64:/system/priv-app/NetworkStack/NetworkStack.apk!/lib/arm64-v8a:/system/lib64, permitted_path=/data:/mnt/expand:/data/user_de/0/com.android.networkstack:/system/priv-app/NetworkStack:/system/lib64
04-01 08:46:41.981 877 877 D CompatChangeReporter: Compat change id reported: 202956589; UID 1073; state: ENABLED
04-01 08:46:41.982 838 838 V WindowManagerShell: UNKNOWN MESSAGE (-776239364395549896) CaptionWindowDecorViewModel
04-01 08:46:41.984 612 654 W ActivityManager: Slow operation: 185ms so far, now at startProcess: returned from zygote!
04-01 08:46:41.987 525 588 I Codec2InfoBuilder: adding type 'video/av01'
04-01 08:46:41.985 612 654 W ActivityManager: Slow operation: 186ms so far, now at startProcess: done updating battery stats
04-01 08:46:41.991 897 897 D nativeloader: Configuring product-clns-7 for unbundled product apk /system/product/app/webview/webview.apk. target_sdk_version=34, uses_libraries=, library_path=/system/product/app/webview/lib/arm64:/system/product/app/webview/webview.apk!/lib/arm64-v8a:/product/lib64:/system/product/lib64, permitted_path=/data:/mnt/expand:/product/lib64:/system/product/lib64
04-01 08:46:41.991 838 838 V WindowManagerShell: UNKNOWN MESSAGE (-776239364395549896) SplitScreenController
04-01 08:46:41.992 838 838 V WindowManagerShell: UNKNOWN MESSAGE (-776239364395549896) FullscreenTaskListener
04-01 08:46:41.993 612 653 I system_server: Loaded APEX Infos from /apex/apex-info-list.xml
04-01 08:46:41.994 612 654 I Watchdog: Interesting Java process com.android.phone started. Pid 925
04-01 08:46:41.994 897 897 D nativeloader: InitVndkspLibrariesProduct: VNDK is deprecated with product
04-01 08:46:41.994 612 654 W ActivityManager: Slow operation: 195ms so far, now at startProcess: building log message
04-01 08:46:41.995 612 654 I ActivityManager: Start proc 925:com.android.phone/1001 for added application com.android.phone
04-01 08:46:41.996 612 654 W ActivityManager: Slow operation: 197ms so far, now at startProcess: starting to update pids map
04-01 08:46:41.996 612 654 W ActivityManager: Slow operation: 197ms so far, now at startProcess: done updating pids map
04-01 08:46:41.998 612 868 W com.android.internal.protolog.LogcatOnlyProtoLogImpl: ProtoLog message not processed. Failed to log it to proto. Logging it below to logcat instead.
04-01 08:46:41.998 612 868 V WindowManager: Binding proc com.android.se with config {1.0 ?mcc0mnc [en_US] ldltr sw720dp w1280dp h720dp 240dpi xlrg long land -touch qwerty/v/v -nav/h winConfig={ mBounds=Rect(0, 0 - 1920, 1080) mAppBounds=Rect(0, 0 - 1920, 1080) mMaxBounds=Rect(0, 0 - 1920, 1080) mDisplayRotation=ROTATION_0 mWindowingMode=fullscreen mActivityType=undefined mAlwaysOnTop=undefined mRotation=ROTATION_0} s.6 fontWeightAdjustment=0}
04-01 08:46:42.001 612 653 I system_server: getDeviceHalManifest: Successfully processed VINTF information
04-01 08:46:42.001 612 653 I system_server: getFrameworkHalManifest: Successfully processed VINTF information
04-01 08:46:42.001 612 653 W system_server: uname() reports kernel level 202404 but device manifest sets kernel level 8. Using kernel level 202404
04-01 08:46:42.001 612 653 I system_server: getFrameworkCompatibilityMatrix: Reading VINTF information.
04-01 08:46:42.015 474 474 I ComponentStore: createInterface(): Invalid component name: c2.android.av1.encoder
04-01 08:46:42.019 612 644 I DropBoxManagerService: add tag=system_server_strictmode isTagEnabled=true flags=0x2
04-01 08:46:42.022 612 644 I DropBoxManagerService: add tag=system_server_strictmode isTagEnabled=true flags=0x2
04-01 08:46:42.023 257 289 E IMGAidlAllocator: isSupported:328 Invalid BufferDescriptorInfo
04-01 08:46:42.023 257 289 E IMGAidlAllocator: isSupported:329 width -> 320
04-01 08:46:42.023 257 289 E IMGAidlAllocator: isSupported:330 height -> 240
04-01 08:46:42.023 257 289 E IMGAidlAllocator: isSupported:331 format -> 54
04-01 08:46:42.023 257 289 E IMGAidlAllocator: isSupported:332 usage -> 0x0962
04-01 08:46:42.024 612 644 I DropBoxManagerService: add tag=system_server_strictmode isTagEnabled=true flags=0x2
04-01 08:46:42.026 612 644 I DropBoxManagerService: add tag=system_server_strictmode isTagEnabled=true flags=0x2
04-01 08:46:42.026 925 925 I m.android.phone: Using CollectorTypeCMC GC.
04-01 08:46:42.029 612 644 I DropBoxManagerService: add tag=system_server_strictmode isTagEnabled=true flags=0x2
04-01 08:46:42.034 452 452 D Zygote : Forked child process 928
04-01 08:46:42.038 925 925 E m.android.phone: Not starting debugger since process cannot load the jdwp agent.
04-01 08:46:42.038 612 654 W ActivityManager: Slow operation: 66ms so far, now at startProcess: returned from zygote!
04-01 08:46:42.045 838 838 V WindowManagerShell: UNKNOWN MESSAGE (-776239364395549896) FreeformTaskTransitionHandler
04-01 08:46:42.046 838 838 V WindowManagerShell: UNKNOWN MESSAGE (-776239364395549896) RecentsTransitionHandler
04-01 08:46:42.049 612 654 W ActivityManager: Slow operation: 77ms so far, now at startProcess: done updating battery stats
04-01 08:46:42.049 612 654 W ActivityManager: Slow operation: 77ms so far, now at startProcess: building log message
04-01 08:46:42.049 925 925 D nativeloader: Load libframework-connectivity-tiramisu-jni.so using APEX ns com_android_tethering for caller /apex/com.android.tethering/javalib/framework-connectivity-t.jar: ok
04-01 08:46:42.049 612 654 I ActivityManager: Start proc 928:com.android.settings/1000 for top-activity {com.android.settings/com.android.settings.FallbackHome}
04-01 08:46:42.049 612 654 W ActivityManager: Slow operation: 77ms so far, now at startProcess: starting to update pids map
04-01 08:46:42.058 612 654 W ActivityManager: Slow operation: 86ms so far, now at startProcess: done updating pids map
04-01 08:46:42.061 877 877 V GraphicsEnvironment: Currently set values for:
04-01 08:46:42.061 877 877 V GraphicsEnvironment: angle_gl_driver_selection_pkgs=[]
04-01 08:46:42.061 877 877 V GraphicsEnvironment: angle_gl_driver_selection_values=[]
04-01 08:46:42.061 877 877 V GraphicsEnvironment: Global.Settings values are invalid: number of packages: 0, number of values: 0
04-01 08:46:42.062 877 877 V GraphicsEnvironment: Neither updatable production driver nor prerelease driver is supported.
04-01 08:46:42.062 928 928 I ndroid.settings: Using CollectorTypeCMC GC.
04-01 08:46:42.063 528 905 I mediaswcodec: missing struct descriptor #Param::CoreIndex(--1812) for field values of struct #Param::CoreIndex(F-11812)
04-01 08:46:42.070 257 289 E IMGAidlAllocator: isSupported:328 Invalid BufferDescriptorInfo
04-01 08:46:42.070 257 289 E IMGAidlAllocator: isSupported:329 width -> 320
04-01 08:46:42.071 257 289 E IMGAidlAllocator: isSupported:330 height -> 240
04-01 08:46:42.071 257 289 E IMGAidlAllocator: isSupported:331 format -> 54
04-01 08:46:42.071 257 289 E IMGAidlAllocator: isSupported:332 usage -> 0x0962
04-01 08:46:42.071 838 838 V WindowManagerShell: UNKNOWN MESSAGE (-776239364395549896) ActivityEmbeddingController
04-01 08:46:42.072 528 905 I mediaswcodec: missing struct descriptor #Param::CoreIndex(--1812) for field values of struct #Param::CoreIndex(F-11812)
04-01 08:46:42.074 928 928 E ndroid.settings: Not starting debugger since process cannot load the jdwp agent.
04-01 08:46:42.074 525 588 I Codec2InfoBuilder: adding type 'video/av01'
04-01 08:46:42.081 528 905 D C2SoftAomEnc: Given level 0 does not cover current configuration: adjusting to 9000
04-01 08:46:42.084 474 474 I ComponentStore: createInterface(): Invalid component name: c2.android.avc.decoder
04-01 08:46:42.090 928 928 D nativeloader: Load libframework-connectivity-tiramisu-jni.so using APEX ns com_android_tethering for caller /apex/com.android.tethering/javalib/framework-connectivity-t.jar: ok
04-01 08:46:42.100 525 588 I Codec2InfoBuilder: adding type 'video/avc'
04-01 08:46:42.104 897 897 D nativeloader: Load /system/product/app/webview/webview.apk!/lib/arm64-v8a/libwebviewchromium.so using ns product-clns-7 from class loader (caller=/product/app/webview/webview.apk): ok
04-01 08:46:42.110 474 474 I ComponentStore: createInterface(): Invalid component name: c2.android.avc.encoder
04-01 08:46:42.113 528 905 I mediaswcodec: missing struct descriptor #Param::CoreIndex(--004) for field values of struct #Param::CoreIndex(F-12004)
04-01 08:46:42.113 528 905 I mediaswcodec: missing struct descriptor #Param::CoreIndex(--1812) for field values of struct #Param::CoreIndex(F-11812)
04-01 08:46:42.115 528 905 I mediaswcodec: missing struct descriptor #Param::CoreIndex(--004) for field values of struct #Param::CoreIndex(F-12004)
04-01 08:46:42.115 528 905 I mediaswcodec: missing struct descriptor #Param::CoreIndex(--1812) for field values of struct #Param::CoreIndex(F-11812)
04-01 08:46:42.117 525 588 I Codec2InfoBuilder: adding type 'video/avc'
04-01 08:46:42.119 528 572 D C2SoftAvcEnc: Given level 0 does not cover current configuration: adjusting to 5000
04-01 08:46:42.127 474 474 I ComponentStore: createInterface(): Invalid component name: c2.android.flac.decoder
04-01 08:46:42.140 612 638 W com.android.internal.protolog.LogcatOnlyProtoLogImpl: ProtoLog message not processed. Failed to log it to proto. Logging it below to logcat instead.
04-01 08:46:42.141 612 638 V WindowManager: Binding proc com.android.phone with config {0.0 ?mcc0mnc ?localeList ?layoutDir ?swdp ?wdp ?hdp ?density ?lsize ?long ?ldr ?wideColorGamut ?orien ?uimode ?night ?touch ?keyb/?/? ?nav/? winConfig={ mBounds=Rect(0, 0 - 0, 0) mAppBounds=null mMaxBounds=Rect(0, 0 - 0, 0) mDisplayRotation=undefined mWindowingMode=undefined mActivityType=undefined mAlwaysOnTop=undefined mRotation=undefined} ?fontWeightAdjustment}
