04-01 08:46:47.218 612 645 V ActivityManagerTiming: OnBootPhase_1000_com.android.server.compos.IsolatedCompilationService took to complete: 1ms
04-01 08:46:47.218 612 645 D ActivityManagerTiming: OnBootPhase_1000_com.android.server.media.MediaCommunicationService
04-01 08:46:47.218 612 645 V ActivityManagerTiming: OnBootPhase_1000_com.android.server.media.MediaCommunicationService took to complete: 0ms
04-01 08:46:47.218 612 645 D ActivityManagerTiming: OnBootPhase_1000_com.android.server.compat.overrides.AppCompatOverridesService$Lifecycle
04-01 08:46:47.218 612 645 V ActivityManagerTiming: OnBootPhase_1000_com.android.server.compat.overrides.AppCompatOverridesService$Lifecycle took to complete: 0ms
04-01 08:46:47.218 612 645 D ActivityManagerTiming: OnBootPhase_1000_com.android.server.healthconnect.HealthConnectManagerService
04-01 08:46:47.218 612 645 V ActivityManagerTiming: OnBootPhase_1000_com.android.server.healthconnect.HealthConnectManagerService took to complete: 0ms
04-01 08:46:47.218 612 645 D ActivityManagerTiming: OnBootPhase_1000_com.android.server.devicelock.DeviceLockService
04-01 08:46:47.218 612 645 D DeviceLockService: onBootPhase: 1000
04-01 08:46:47.218 612 645 V ActivityManagerTiming: OnBootPhase_1000_com.android.server.devicelock.DeviceLockService took to complete: 0ms
04-01 08:46:47.218 612 645 D ActivityManagerTiming: OnBootPhase_1000_com.android.server.SensitiveContentProtectionManagerService
04-01 08:46:47.221 612 768 D ConnectivityService: Got NetworkProvider Messenger for WifiNetworkFactory
04-01 08:46:47.223 612 752 D UntrustedWifiNetworkFactory: Registering NetworkFactory
04-01 08:46:47.228 612 1096 W com.android.internal.protolog.LogcatOnlyProtoLogImpl: ProtoLog message not processed. Failed to log it to proto. Logging it below to logcat instead.
04-01 08:46:47.229 612 1096 V WindowManager: Binding proc com.android.inputmethod.latin with config {1.0 ?mcc0mnc [en_US] ldltr sw720dp w1280dp h720dp 240dpi xlrg long land -touch qwerty/v/v -nav/h winConfig={ mBounds=Rect(0, 0 - 1920, 1080) mAppBounds=Rect(0, 0 - 1920, 1080) mMaxBounds=Rect(0, 0 - 1920, 1080) mDisplayRotation=ROTATION_0 mWindowingMode=fullscreen mActivityType=undefined mAlwaysOnTop=undefined mRotation=ROTATION_0} s.6 fontWeightAdjustment=0}
04-01 08:46:47.235 612 645 V ActivityManagerTiming: OnBootPhase_1000_com.android.server.SensitiveContentProtectionManagerService took to complete: 17ms
04-01 08:46:47.235 612 645 D ActivityManagerTiming: OnBootPhase_1000_com.android.system.virtualmachine.VirtualizationSystemService
04-01 08:46:47.236 612 768 D ConnectivityService: Got NetworkProvider Messenger for UntrustedWifiNetworkFactory
04-01 08:46:47.239 612 752 D RestrictedWifiNetworkFactory: Registering NetworkFactory
04-01 08:46:47.251 612 752 D OemPaidWifiNetworkFactory: Registering NetworkFactory
04-01 08:46:47.252 612 752 D MultiInternetWifiNetworkFactory: Registering NetworkFactory
04-01 08:46:47.256 612 768 D ConnectivityService: Got NetworkProvider Messenger for RestrictedWifiNetworkFactory
04-01 08:46:47.256 612 768 D ConnectivityService: Got NetworkProvider Messenger for OemPaidWifiNetworkFactory
04-01 08:46:47.256 612 768 D ConnectivityService: Got NetworkProvider Messenger for MultiInternetWifiNetworkFactory
04-01 08:46:47.264 612 752 I SsidTranslator: Locale language changed to en, alternate charset is now null
04-01 08:46:47.275 612 693 I SELinux : SELinux: Loaded file context from:
04-01 08:46:47.276 612 693 I SELinux : /system/etc/selinux/plat_file_contexts
04-01 08:46:47.276 612 693 I SELinux : /system_ext/etc/selinux/system_ext_file_contexts
04-01 08:46:47.276 612 693 I SELinux : /product/etc/selinux/product_file_contexts
04-01 08:46:47.276 612 693 I SELinux : /vendor/etc/selinux/vendor_file_contexts
04-01 08:46:47.281 612 645 I com.android.system.virtualmachine.SecretkeeperJobService: Scheduled job
04-01 08:46:47.285 612 645 V ActivityManagerTiming: OnBootPhase_1000_com.android.system.virtualmachine.VirtualizationSystemService took to complete: 46ms
04-01 08:46:47.285 612 645 V ActivityManagerTiming: OnBootPhase_1000 took to complete: 476ms
04-01 08:46:47.285 612 645 V ActivityManagerTiming: TotalBootTime took to complete: 15311ms
04-01 08:46:47.285 612 645 D SystemServerInitThreadPool: Shutdown requested
04-01 08:46:47.285 612 645 D SystemServerTiming: WaitInitThreadPoolShutdown
04-01 08:46:47.296 612 645 D SystemServerInitThreadPool: Shutdown successful
04-01 08:46:47.296 612 645 V SystemServerTiming: WaitInitThreadPoolShutdown took to complete: 11ms
04-01 08:46:47.309 1 1 I init : processing action (sys.boot_completed=1) from (/system/etc/init/hw/init.rc:1267)
04-01 08:46:47.310 612 645 I ActivityManager: User 0 state changed from BOOTING to RUNNING_LOCKED
04-01 08:46:47.313 1 1 I init : starting service 'exec 20 (/bin/rm -rf /data/per_boot)'...
04-01 08:46:47.324 449 476 I netd : tetherGetStats() -> {[]} <12.06ms>
04-01 08:46:47.333 1 1 I init : ... started service 'exec 20 (/bin/rm -rf /data/per_boot)' has pid 1174
04-01 08:46:47.334 1 1 I init : SVC_EXEC service 'exec 20 (/bin/rm -rf /data/per_boot)' pid 1174 (uid 1000 gid 1000+0 context default) started; waiting...
04-01 08:46:47.338 452 452 D Zygote : Forked child process 1175
04-01 08:46:47.339 612 645 D SystemServerTiming: broadcastIntent-0-android.intent.action.LOCKED_BOOT_COMPLETED
04-01 08:46:47.342 612 645 V SystemServerTiming: broadcastIntent-0-android.intent.action.LOCKED_BOOT_COMPLETED took to complete: 3ms
04-01 08:46:47.351 612 654 W ActivityManager: Slow operation: 54ms so far, now at startProcess: returned from zygote!
04-01 08:46:47.360 612 645 I LockSettingsService: Unwrapping synthetic password for unsecured user 0
04-01 08:46:47.398 1 1 I init : Service 'exec 20 (/bin/rm -rf /data/per_boot)' (pid 1174) exited with status 0 waiting took 0.068000 seconds
04-01 08:46:47.399 1 1 I init : Sending signal 9 to service 'exec 20 (/bin/rm -rf /data/per_boot)' (pid 1174) process group...
04-01 08:46:47.403 1156 1156 D nativeloader: InitLlndkLibrariesProduct: libEGL.so:libGLESv1_CM.so:libGLESv2.so:libGLESv3.so:libRS.so:libandroid_net.so:libapexsupport.so:libbinder_ndk.so:libc.so:libcgrouprc.so:libclang_rt.asan-aarch64-android.so:libclang_rt.hwasan-aarch64-android.so:libcom.android.tethering.connectivity_native.so:libdl.so:libft2.so:liblog.so:libm.so:libmediandk.so:libnativewindow.so:libneuralnetworks.so:libselinux.so:libsync.so:libvendorsupport.so:libvndksupport.so:libvulkan.so
04-01 08:46:47.403 1156 1156 D nativeloader: Configuring product-clns-7 for unbundled product apk /system/product/app/LatinIME/LatinIME.apk. target_sdk_version=30, uses_libraries=, library_path=/system/product/app/LatinIME/lib/arm64:/system/product/app/LatinIME/LatinIME.apk!/lib/arm64-v8a:/product/lib64:/system/product/lib64, permitted_path=/data:/mnt/expand:/data/user_de/0/com.android.inputmethod.latin:/product/lib64:/system/product/lib64
04-01 08:46:47.418 1156 1156 D nativeloader: InitVndkspLibrariesProduct: VNDK is deprecated with product
04-01 08:46:47.418 1 1 I libprocessgroup: Removed cgroup /sys/fs/cgroup/uid_1000/pid_1174
04-01 08:46:47.432 1 1 I init : Encryption policy of /data/per_boot set to a1c50ac24e06f158daf16f816b1e1f2f v2 modes 1/4 flags 0x2
04-01 08:46:47.432 1 1 I init : Sending signal 9 to service 'idmap2d' (pid 516) process group...
04-01 08:46:47.450 1 1 I libprocessgroup: Removed cgroup /sys/fs/cgroup/uid_1000/pid_516
04-01 08:46:47.446 612 1096 W OverlayManager: service 'idmap' died
04-01 08:46:47.457 1175 1175 I id.ext.services: Using CollectorTypeCMC GC.
04-01 08:46:47.451 1 1 I init : Control message: Processed ctl.stop for 'idmap2d' from pid: 612 (system_server)
04-01 08:46:47.455 1 1 I init : processing action (sys.boot_completed=1) from (/vendor/etc/init/hw/init.am62p.rc:101)
04-01 08:46:47.457 1 1 I init : Service 'idmap2d' (pid 516) received signal 9
04-01 08:46:47.457 1 1 I init : Sending signal 9 to service 'idmap2d' (pid 516) process group...
04-01 08:46:47.473 1175 1175 E id.ext.services: Not starting debugger since process cannot load the jdwp agent.
04-01 08:46:47.464 1 1 E libprocessgroup: Failed to write 1 to /sys/fs/cgroup/uid_1000/pid_516/cgroup.kill: No such file or directory
04-01 08:46:47.475 336 336 I apexd : Deleting unused dm device com.android.adbd
04-01 08:46:47.490 1156 1156 V GraphicsEnvironment: Currently set values for:
04-01 08:46:47.490 1156 1156 V GraphicsEnvironment: angle_gl_driver_selection_pkgs=[]
04-01 08:46:47.490 1156 1156 V GraphicsEnvironment: angle_gl_driver_selection_values=[]
04-01 08:46:47.490 1156 1156 V GraphicsEnvironment: Global.Settings values are invalid: number of packages: 0, number of values: 0
04-01 08:46:47.490 1156 1156 V GraphicsEnvironment: Neither updatable production driver nor prerelease driver is supported.
04-01 08:46:47.494 1175 1175 D nativeloader: Load libframework-connectivity-tiramisu-jni.so using APEX ns com_android_tethering for caller /apex/com.android.tethering/javalib/framework-connectivity-t.jar: ok
04-01 08:46:47.491 1 1 E libprocessgroup: Failed to open /sys/fs/cgroup/uid_1000/pid_516/cgroup.procs: No such file or directory
04-01 08:46:47.507 336 336 I apexd : Deleting unused dm device com.android.adservices
04-01 08:46:47.517 1 1 I init : Command 'write /sys/kernel/debug/sched/features ENERGY_AWARE' action=sys.boot_completed=1 (/vendor/etc/init/hw/init.am62p.rc:104) took 1ms and failed: Unable to write to file '/sys/kernel/debug/sched/features': open() failed: Permission denied
04-01 08:46:47.522 1 1 I zram0 : detected capacity change from 0 to 614400
04-01 08:46:47.508 163 163 W init : type=1400 audit(0.0:21): avc: denied { write } for name="features" dev="debugfs" ino=1883 scontext=u:r:vendor_init:s0 tcontext=u:object_r:debugfs:s0 tclass=file permissive=0
04-01 08:46:47.537 281 301 I keystore2: system/security/keystore2/src/authorization.rs:128 - on_device_unlocked(user_id=0, password.is_some()=true)
04-01 08:46:47.538 281 301 I keystore2: system/security/keystore2/src/super_key.rs:1149 - unlock_user(user=0)
04-01 08:46:47.555 336 336 I apexd : Deleting unused dm device com.android.apex.cts.shim
04-01 08:46:47.557 254 254 D vold : fscrypt_unlock_ce_storage 0
04-01 08:46:47.558 254 254 D vold : Trying user CE key /data/misc/vold/user_keys/ce/0/current
04-01 08:46:47.563 531 531 I update_engine: [INFO:cleanup_previous_update_action.cc(192)] Boot completed, waiting on markBootSuccessful()
04-01 08:46:47.566 254 254 D vold : Successfully retrieved key
04-01 08:46:47.567 254 254 D vold : Installed fscrypt key with ref 7effac8dbe6b60bef93fc86b0a60754b to /data
04-01 08:46:47.567 254 254 D vold : Installed CE key for user 0
04-01 08:46:47.576 612 645 I LockSettingsService: Unlocked CE storage for unsecured user 0
04-01 08:46:47.576 612 645 D SystemServerTiming: finishUserUnlocking-0
04-01 08:46:47.576 531 531 I update_engine: [INFO:boot_config.cpp(46)] [libfstab] Using Android DT directory /proc/device-tree/firmware/android/
04-01 08:46:47.577 612 645 D ActivityManager: Started unlocking user 0
04-01 08:46:47.577 612 645 D ActivityManager: Unlocking user 0 progress 0
04-01 08:46:47.578 612 645 D ActivityManager: Unlocking user 0 progress 5
04-01 08:46:47.578 612 645 V SystemServerTiming: finishUserUnlocking-0 took to complete: 2ms
04-01 08:46:47.592 531 531 I update_engine: [INFO:snapshot.cpp(4017)] EnsureMetadataMounted does nothing in Android mode.
04-01 08:46:47.594 531 531 I update_engine: [INFO:snapshot_stats.cpp(37)] Read merge statistics file failed: No such file or directory
04-01 08:46:47.597 612 645 W PermissionService: getPermissionFlags: Unknown user -1
04-01 08:46:47.597 612 645 W PermissionService: getPermissionFlags: Unknown user -1
04-01 08:46:47.599 528 835 D BufferPoolAccessor2.0: evictor expired: 2, evicted: 0
04-01 08:46:47.601 612 1096 W ActivityManager: Slow operation: 304ms so far, now at startProcess: done updating battery stats
04-01 08:46:47.601 612 1096 W ActivityManager: Slow operation: 304ms so far, now at startProcess: building log message
04-01 08:46:47.601 612 1096 I ActivityManager: Start proc 1175:android.ext.services/u0a84 for on-hold
04-01 08:46:47.601 612 1096 W ActivityManager: Slow operation: 304ms so far, now at startProcess: starting to update pids map
04-01 08:46:47.602 612 645 V ActivityManagerTiming: FinishBooting took to complete: 808ms
04-01 08:46:47.603 612 645 E WindowManager: Display reconfigured outside of a transition: Display{#0 state=ON size=1920x1080 ROTATION_0}
04-01 08:46:47.607 612 1096 W ActivityManager: Slow operation: 310ms so far, now at startProcess: done updating pids map
04-01 08:46:47.611 612 612 W NotificationHistory: Attempted to add notif for locked/gone/disabled user 0
04-01 08:46:47.612 612 642 D SystemServerTiming: UM.onBeforeUnlockUser-0
04-01 08:46:47.613 612 1096 W com.android.internal.protolog.LogcatOnlyProtoLogImpl: ProtoLog message not processed. Failed to log it to proto. Logging it below to logcat instead.
04-01 08:46:47.614 612 1096 V WindowManager: Binding proc android.ext.services with config {1.0 ?mcc0mnc [en_US] ldltr sw720dp w1280dp h720dp 240dpi xlrg long land ?uimode ?night -touch qwerty/v/v -nav/h winConfig={ mBounds=Rect(0, 0 - 1920, 1080) mAppBounds=Rect(0, 0 - 1920, 1080) mMaxBounds=Rect(0, 0 - 1920, 1080) mDisplayRotation=ROTATION_0 mWindowingMode=fullscreen mActivityType=undefined mAlwaysOnTop=undefined mRotation=ROTATION_0} s.2 ?fontWeightAdjustment}
04-01 08:46:47.618 612 642 D SystemServerTiming: prepareUserData-0
04-01 08:46:47.619 612 642 D UserDataPreparer: Preparing user data; volumeUuid=null, userId=0, flags=0x2, isNewUser=false
04-01 08:46:47.620 254 254 D vold : fscrypt_prepare_user_storage for volume null, user 0, flags 2
04-01 08:46:47.621 254 254 D vold : Preparing: /data/system_ce/0
04-01 08:46:47.625 254 254 I vold : Verified that /data/system_ce/0 has the encryption policy 7effac8dbe6b60bef93fc86b0a60754b v2 modes 1/4 flags 0x2
04-01 08:46:47.628 531 531 I update_engine: [INFO:cleanup_previous_update_action.cc(291)] Waiting for any previous merge request to complete. This can take up to several minutes.
04-01 08:46:47.630 612 752 D WifiNative: mIsLocationModeEnabled true mLastLocationModeEnabledTimeMs 40699
04-01 08:46:47.639 336 336 I apexd : Deleting unused dm device com.android.appsearch
04-01 08:46:47.631 254 254 D vold : Preparing: /data/vendor_ce/0
04-01 08:46:47.632 254 254 I vold : Verified that /data/vendor_ce/0 has the encryption policy 7effac8dbe6b60bef93fc86b0a60754b v2 modes 1/4 flags 0x2
04-01 08:46:47.632 838 1169 W ActivityThread: Failed to find provider info for media (user not unlocked)
04-01 08:46:47.634 254 254 D vold : Preparing: /data/media/0
04-01 08:46:47.636 254 254 I vold : Verified that /data/media/0 has the encryption policy 7effac8dbe6b60bef93fc86b0a60754b v2 modes 1/4 flags 0x2
04-01 08:46:47.636 254 254 D vold : Preparing: /data/misc_ce/0
04-01 08:46:47.642 254 254 I vold : Verified that /data/misc_ce/0 has the encryption policy 7effac8dbe6b60bef93fc86b0a60754b v2 modes 1/4 flags 0x2
04-01 08:46:47.642 531 531 E update_engine: [ERROR:snapshot.cpp(3096)] Read state file failed: No such file or directory
04-01 08:46:47.645 531 531 E update_engine: [ERROR:snapshot.cpp(3096)] Read state file failed: No such file or directory
04-01 08:46:47.646 254 254 D vold : Preparing: /data/user/0
04-01 08:46:47.647 612 768 D ConnectivityService: register offer from providerId 4 : NetworkOffer [ Provider Id (4) Score(Policies : EVER_EVALUATED&IS_UNMETERED&EVER_VALIDATED&IS_VALIDATED ; KeepConnected : 0) Caps [ Transports: WIFI Capabilities: NOT_METERED&INTERNET&NOT_RESTRICTED&TRUSTED&NOT_VPN&NOT_ROAMING&NOT_CONGESTED&NOT_SUSPENDED&NOT_VCN_MANAGED&NOT_BANDWIDTH_CONSTRAINED LinkUpBandwidth>=1048576Kbps LinkDnBandwidth>=1048576Kbps Specifier: UnderlyingNetworks: Null] Needed by []]
04-01 08:46:47.648 612 768 D ConnectivityService: register offer from providerId 5 : NetworkOffer [ Provider Id (5) Score(Policies : EVER_EVALUATED&IS_INVINCIBLE&IS_UNMETERED&EVER_VALIDATED&IS_VALIDATED ; KeepConnected : 0) Caps [ Transports: WIFI Capabilities: NOT_METERED&INTERNET&NOT_RESTRICTED&TRUSTED&NOT_VPN&NOT_ROAMING&NOT_CONGESTED&NOT_SUSPENDED&NOT_VCN_MANAGED&NOT_BANDWIDTH_CONSTRAINED LinkUpBandwidth>=1048576Kbps LinkDnBandwidth>=1048576Kbps Specifier: UnderlyingNetworks: Null] Needed by []]
04-01 08:46:47.648 531 531 E update_engine: [ERROR:snapshot.cpp(3096)] Read state file failed: No such file or directory
04-01 08:46:47.649 254 254 I vold : Verified that /data/user/0 has the encryption policy 7effac8dbe6b60bef93fc86b0a60754b v2 modes 1/4 flags 0x2
04-01 08:46:47.649 254 254 D vold : Starting restorecon of /data/system_ce/0
04-01 08:46:47.650 531 531 I update_engine: [INFO:snapshot.cpp(1148)] CheckMergeState for snapshots returned: None
04-01 08:46:47.662 1 1 I mkswap : Swapspace size: 307196k, UUID=e27a117e-910b-4773-9aeb-969847d1b148
04-01 08:46:47.653 531 531 I update_engine: [INFO:snapshot.cpp(1113)] ProcessUpdateState handling state: None
04-01 08:46:47.659 531 531 I update_engine: [INFO:cleanup_previous_update_action.cc(328)] Can't find any snapshot to merge.
04-01 08:46:47.663 531 531 E update_engine: [ERROR:snapshot.cpp(3096)] Read state file failed: No such file or directory
04-01 08:46:47.663 254 254 D vold : Finished restorecon of /data/system_ce/0
04-01 08:46:47.663 254 254 D vold : Starting restorecon of /data/vendor_ce/0
04-01 08:46:47.664 1191 1191 I selinux : SELinux: Skipping restorecon on directory(/data/system_ce/0)
04-01 08:46:47.665 1 1 I : Adding 307196k swap on /dev/block/zram0. Priority:-2 extents:1 across:307196k SS
04-01 08:46:47.665 612 645 D ColorDisplayService: setUp: currentUser=0
04-01 08:46:47.666 531 531 I update_engine: [INFO:cleanup_previous_update_action.cc(133)] Stopping/suspending/completing CleanupPreviousUpdateAction
04-01 08:46:47.672 1 1 I init : Command 'swapon_all' action=sys.boot_completed=1 (/vendor/etc/init/hw/init.am62p.rc:107) took 154ms and succeeded
04-01 08:46:47.682 1192 1192 I selinux : SELinux: Skipping restorecon on directory(/data/vendor_ce/0)
04-01 08:46:47.675 531 531 I update_engine: [INFO:cleanup_previous_update_action.cc(513)] Not reporting merge stats because state is None
04-01 08:46:47.682 254 254 D vold : Finished restorecon of /data/vendor_ce/0
04-01 08:46:47.682 254 254 D vold : Starting restorecon of /data/misc_ce/0
04-01 08:46:47.682 531 531 I update_engine: [INFO:cleanup_previous_update_action.cc(133)] Stopping/suspending/completing CleanupPreviousUpdateAction
04-01 08:46:47.683 612 768 D ConnectivityService: register offer from providerId 6 : NetworkOffer [ Provider Id (6) Score(Policies : EVER_EVALUATED&IS_INVINCIBLE&IS_UNMETERED&EVER_VALIDATED&IS_VALIDATED ; KeepConnected : 0) Caps [ Transports: WIFI Capabilities: NOT_METERED&INTERNET&TRUSTED&NOT_VPN&NOT_ROAMING&NOT_CONGESTED&NOT_SUSPENDED&NOT_VCN_MANAGED&NOT_BANDWIDTH_CONSTRAINED LinkUpBandwidth>=1048576Kbps LinkDnBandwidth>=1048576Kbps Specifier: UnderlyingNetworks: Null] Needed by []]
04-01 08:46:47.684 531 531 I update_engine: [INFO:action_processor.cc(116)] ActionProcessor: finished last action CleanupPreviousUpdateAction with code ErrorCode::kSuccess
04-01 08:46:47.687 531 531 I update_engine: [INFO:update_attempter_android.cc(711)] Processing Done.
04-01 08:46:47.692 612 644 I DropBoxManagerService: add tag=system_server_strictmode isTagEnabled=true flags=0x2
04-01 08:46:47.693 612 752 D WifiNetworkFactory: got request NetworkRequest [ REQUEST id=7, [ Capabilities: INTERNET&NOT_RESTRICTED&TRUSTED&NOT_VCN_MANAGED&NOT_BANDWIDTH_CONSTRAINED Uid: 1000 RequestorUid: 1000 RequestorPkg: android UnderlyingNetworks: Null] ]
04-01 08:46:47.694 612 752 D WifiNetworkFactory: got request NetworkRequest [ REQUEST id=31, [ Capabilities: INTERNET&NOT_RESTRICTED&TRUSTED&NOT_VCN_MANAGED&NOT_BANDWIDTH_CONSTRAINED Uid: 10070 RequestorUid: 10070 RequestorPkg: com.android.systemui UnderlyingNetworks: Null] ]
04-01 08:46:47.694 612 752 D WifiNetworkFactory: got request NetworkRequest [ REQUEST id=29, [ Capabilities: INTERNET&NOT_RESTRICTED&TRUSTED&NOT_VCN_MANAGED&NOT_BANDWIDTH_CONSTRAINED Uid: 10070 RequestorUid: 10070 RequestorPkg: com.android.systemui UnderlyingNetworks: Null] ]
04-01 08:46:47.694 612 752 D WifiNetworkFactory: got request NetworkRequest [ REQUEST id=18, [ Capabilities: INTERNET&NOT_RESTRICTED&TRUSTED&NOT_VCN_MANAGED&NOT_BANDWIDTH_CONSTRAINED Uid: 1073 RequestorUid: 1073 RequestorPkg: com.android.networkstack UnderlyingNetworks: Null] ]
04-01 08:46:47.695 612 1002 D BufferPoolAccessor2.0: bufferpool2 0xb4000078dee4aaa8 : 0(0 size) total buffers - 0(0 size) used buffers - 2/7 (recycle/alloc) - 6/24 (fetch/transfer)
04-01 08:46:47.695 612 1002 D BufferPoolAccessor2.0: evictor expired: 1, evicted: 1
04-01 08:46:47.696 254 254 D vold : Finished restorecon of /data/misc_ce/0
04-01 08:46:47.696 254 254 D vold : /system/bin/vold_prepare_subdirs
04-01 08:46:47.696 254 254 D vold : prepare
04-01 08:46:47.696 254 254 D vold :
04-01 08:46:47.696 254 254 D vold : 0
04-01 08:46:47.696 254 254 D vold : 2
04-01 08:46:47.697 336 336 I apexd : Deleting unused dm device com.android.art
04-01 08:46:47.710 612 692 W ActivityManager: Slow operation: 72ms so far, now at finishAttachApplicationInner: after mServices.attachApplicationLocked
04-01 08:46:47.716 612 692 W ActivityManager: Slow operation: 78ms so far, now at finishAttachApplicationInner: after dispatching broadcasts
04-01 08:46:47.698 1193 1193 I selinux : SELinux: Skipping restorecon on directory(/data/misc_ce/0)
04-01 08:46:47.720 612 643 W Looper : Slow dispatch took 111ms android.ui h=com.android.server.am.ActivityManagerService$UiHandler c=null m=68
04-01 08:46:47.727 612 768 D ConnectivityService: register offer from providerId 7 : NetworkOffer [ Provider Id (7) Score(Policies : EVER_EVALUATED&IS_INVINCIBLE&IS_UNMETERED&EVER_VALIDATED&IS_VALIDATED ; KeepConnected : 0) Caps [ Transports: WIFI Capabilities: NOT_METERED&INTERNET&NOT_RESTRICTED&TRUSTED&NOT_VPN&NOT_ROAMING&NOT_CONGESTED&NOT_SUSPENDED&OEM_PAID&OEM_PRIVATE&NOT_VCN_MANAGED&NOT_BANDWIDTH_CONSTRAINED LinkUpBandwidth>=1048576Kbps LinkDnBandwidth>=1048576Kbps Specifier: UnderlyingNetworks: Null] Needed by []]
04-01 08:46:47.728 612 768 D ConnectivityService: register offer from providerId 8 : NetworkOffer [ Provider Id (8) Score(Policies : EVER_EVALUATED&IS_INVINCIBLE&IS_UNMETERED&EVER_VALIDATED&IS_VALIDATED ; KeepConnected : 0) Caps [ Transports: WIFI Capabilities: NOT_METERED&INTERNET&NOT_RESTRICTED&TRUSTED&NOT_VPN&NOT_ROAMING&NOT_CONGESTED&NOT_SUSPENDED&NOT_VCN_MANAGED&NOT_BANDWIDTH_CONSTRAINED LinkUpBandwidth>=1048576Kbps LinkDnBandwidth>=1048576Kbps Specifier: UnderlyingNetworks: Null] Needed by []]
04-01 08:46:47.732 612 752 D WifiNetworkFactory: got request NetworkRequest [ REQUEST id=16, [ Capabilities: INTERNET&NOT_RESTRICTED&TRUSTED&NOT_VCN_MANAGED&NOT_BANDWIDTH_CONSTRAINED Uid: 1000 RequestorUid: 1000 RequestorPkg: android UnderlyingNetworks: Null] ]
04-01 08:46:47.732 612 752 D WifiNetworkFactory: got request NetworkRequest [ REQUEST id=22, [ Capabilities: INTERNET&NOT_RESTRICTED&TRUSTED&NOT_VCN_MANAGED&NOT_BANDWIDTH_CONSTRAINED Uid: 10070 RequestorUid: 10070 RequestorPkg: com.android.systemui UnderlyingNetworks: Null] ]
04-01 08:46:47.732 612 752 D WifiNetworkFactory: got request NetworkRequest [ REQUEST id=25, [ Capabilities: INTERNET&NOT_RESTRICTED&TRUSTED&NOT_VCN_MANAGED&NOT_BANDWIDTH_CONSTRAINED Uid: 10070 RequestorUid: 10070 RequestorPkg: com.android.systemui UnderlyingNetworks: Null] ]
04-01 08:46:47.733 612 752 D WifiNetworkFactory: got request NetworkRequest [ REQUEST id=14, [ Capabilities: INTERNET&NOT_RESTRICTED&TRUSTED&NOT_VCN_MANAGED&NOT_BANDWIDTH_CONSTRAINED Uid: 10084 RequestorUid: 1000 RequestorPkg: android UnderlyingNetworks: Null] ]
04-01 08:46:47.733 612 752 D WifiNetworkFactory: got request NetworkRequest [ REQUEST id=1, [ Capabilities: INTERNET&NOT_RESTRICTED&TRUSTED&NOT_VPN&NOT_VCN_MANAGED&NOT_BANDWIDTH_CONSTRAINED RequestorUid: 1000 RequestorPkg: android UnderlyingNetworks: Null] ]
04-01 08:46:47.733 612 752 D UntrustedWifiNetworkFactory: got request NetworkRequest [ REQUEST id=7, [ Capabilities: INTERNET&NOT_RESTRICTED&TRUSTED&NOT_VCN_MANAGED&NOT_BANDWIDTH_CONSTRAINED Uid: 1000 RequestorUid: 1000 RequestorPkg: android UnderlyingNetworks: Null] ]
04-01 08:46:47.733 612 752 D UntrustedWifiNetworkFactory: got request NetworkRequest [ REQUEST id=31, [ Capabilities: INTERNET&NOT_RESTRICTED&TRUSTED&NOT_VCN_MANAGED&NOT_BANDWIDTH_CONSTRAINED Uid: 10070 RequestorUid: 10070 RequestorPkg: com.android.systemui UnderlyingNetworks: Null] ]
04-01 08:46:47.734 612 752 D UntrustedWifiNetworkFactory: got request NetworkRequest [ REQUEST id=29, [ Capabilities: INTERNET&NOT_RESTRICTED&TRUSTED&NOT_VCN_MANAGED&NOT_BANDWIDTH_CONSTRAINED Uid: 10070 RequestorUid: 10070 RequestorPkg: com.android.systemui UnderlyingNetworks: Null] ]
04-01 08:46:47.734 612 752 D UntrustedWifiNetworkFactory: got request NetworkRequest [ REQUEST id=18, [ Capabilities: INTERNET&NOT_RESTRICTED&TRUSTED&NOT_VCN_MANAGED&NOT_BANDWIDTH_CONSTRAINED Uid: 1073 RequestorUid: 1073 RequestorPkg: com.android.networkstack UnderlyingNetworks: Null] ]
04-01 08:46:47.734 612 752 D UntrustedWifiNetworkFactory: got request NetworkRequest [ REQUEST id=16, [ Capabilities: INTERNET&NOT_RESTRICTED&TRUSTED&NOT_VCN_MANAGED&NOT_BANDWIDTH_CONSTRAINED Uid: 1000 RequestorUid: 1000 RequestorPkg: android UnderlyingNetworks: Null] ]
04-01 08:46:47.734 612 752 D UntrustedWifiNetworkFactory: got request NetworkRequest [ REQUEST id=22, [ Capabilities: INTERNET&NOT_RESTRICTED&TRUSTED&NOT_VCN_MANAGED&NOT_BANDWIDTH_CONSTRAINED Uid: 10070 RequestorUid: 10070 RequestorPkg: com.android.systemui UnderlyingNetworks: Null] ]
04-01 08:46:47.734 612 752 D UntrustedWifiNetworkFactory: got request NetworkRequest [ REQUEST id=25, [ Capabilities: INTERNET&NOT_RESTRICTED&TRUSTED&NOT_VCN_MANAGED&NOT_BANDWIDTH_CONSTRAINED Uid: 10070 RequestorUid: 10070 RequestorPkg: com.android.systemui UnderlyingNetworks: Null] ]
04-01 08:46:47.739 336 336 I apexd : Deleting unused dm device com.android.btservices
04-01 08:46:47.753 1 1 I init : processing action (sys.boot_completed=1 && sys.bootstat.first_boot_completed=0) from (/system/etc/init/bootstat.rc:67)
04-01 08:46:47.746 525 983 D NuPlayerDriver: NuPlayerDriver(0xb4000076f7794790) created, clientPid(838)
04-01 08:46:47.747 612 752 D UntrustedWifiNetworkFactory: got request NetworkRequest [ REQUEST id=14, [ Capabilities: INTERNET&NOT_RESTRICTED&TRUSTED&NOT_VCN_MANAGED&NOT_BANDWIDTH_CONSTRAINED Uid: 10084 RequestorUid: 1000 RequestorPkg: android UnderlyingNetworks: Null] ]
04-01 08:46:47.747 612 752 D UntrustedWifiNetworkFactory: got request NetworkRequest [ REQUEST id=1, [ Capabilities: INTERNET&NOT_RESTRICTED&TRUSTED&NOT_VPN&NOT_VCN_MANAGED&NOT_BANDWIDTH_CONSTRAINED RequestorUid: 1000 RequestorPkg: android UnderlyingNetworks: Null] ]
04-01 08:46:47.747 612 752 D OemPaidWifiNetworkFactory: got request NetworkRequest [ REQUEST id=7, [ Capabilities: INTERNET&NOT_RESTRICTED&TRUSTED&NOT_VCN_MANAGED&NOT_BANDWIDTH_CONSTRAINED Uid: 1000 RequestorUid: 1000 RequestorPkg: android UnderlyingNetworks: Null] ]
04-01 08:46:47.748 612 752 D OemPaidWifiNetworkFactory: got request NetworkRequest [ REQUEST id=31, [ Capabilities: INTERNET&NOT_RESTRICTED&TRUSTED&NOT_VCN_MANAGED&NOT_BANDWIDTH_CONSTRAINED Uid: 10070 RequestorUid: 10070 RequestorPkg: com.android.systemui UnderlyingNetworks: Null] ]
04-01 08:46:47.748 612 752 D OemPaidWifiNetworkFactory: got request NetworkRequest [ REQUEST id=29, [ Capabilities: INTERNET&NOT_RESTRICTED&TRUSTED&NOT_VCN_MANAGED&NOT_BANDWIDTH_CONSTRAINED Uid: 10070 RequestorUid: 10070 RequestorPkg: com.android.systemui UnderlyingNetworks: Null] ]
04-01 08:46:47.749 612 752 D OemPaidWifiNetworkFactory: got request NetworkRequest [ REQUEST id=18, [ Capabilities: INTERNET&NOT_RESTRICTED&TRUSTED&NOT_VCN_MANAGED&NOT_BANDWIDTH_CONSTRAINED Uid: 1073 RequestorUid: 1073 RequestorPkg: com.android.networkstack UnderlyingNetworks: Null] ]
04-01 08:46:47.749 612 752 D OemPaidWifiNetworkFactory: got request NetworkRequest [ REQUEST id=16, [ Capabilities: INTERNET&NOT_RESTRICTED&TRUSTED&NOT_VCN_MANAGED&NOT_BANDWIDTH_CONSTRAINED Uid: 1000 RequestorUid: 1000 RequestorPkg: android UnderlyingNetworks: Null] ]
04-01 08:46:47.749 612 752 D OemPaidWifiNetworkFactory: got request NetworkRequest [ REQUEST id=22, [ Capabilities: INTERNET&NOT_RESTRICTED&TRUSTED&NOT_VCN_MANAGED&NOT_BANDWIDTH_CONSTRAINED Uid: 10070 RequestorUid: 10070 RequestorPkg: com.android.systemui UnderlyingNetworks: Null] ]
04-01 08:46:47.749 612 752 D OemPaidWifiNetworkFactory: got request NetworkRequest [ REQUEST id=25, [ Capabilities: INTERNET&NOT_RESTRICTED&TRUSTED&NOT_VCN_MANAGED&NOT_BANDWIDTH_CONSTRAINED Uid: 10070 RequestorUid: 10070 RequestorPkg: com.android.systemui UnderlyingNetworks: Null] ]
04-01 08:46:47.749 612 752 D OemPaidWifiNetworkFactory: got request NetworkRequest [ REQUEST id=14, [ Capabilities: INTERNET&NOT_RESTRICTED&TRUSTED&NOT_VCN_MANAGED&NOT_BANDWIDTH_CONSTRAINED Uid: 10084 RequestorUid: 1000 RequestorPkg: android UnderlyingNetworks: Null] ]
04-01 08:46:47.750 612 752 D OemPaidWifiNetworkFactory: got request NetworkRequest [ REQUEST id=1, [ Capabilities: INTERNET&NOT_RESTRICTED&TRUSTED&NOT_VPN&NOT_VCN_MANAGED&NOT_BANDWIDTH_CONSTRAINED RequestorUid: 1000 RequestorPkg: android UnderlyingNetworks: Null] ]
04-01 08:46:47.750 612 752 D MultiInternetWifiNetworkFactory: got request NetworkRequest [ REQUEST id=7, [ Capabilities: INTERNET&NOT_RESTRICTED&TRUSTED&NOT_VCN_MANAGED&NOT_BANDWIDTH_CONSTRAINED Uid: 1000 RequestorUid: 1000 RequestorPkg: android UnderlyingNetworks: Null] ]
04-01 08:46:47.750 612 752 D MultiInternetWifiNetworkFactory: got request NetworkRequest [ REQUEST id=31, [ Capabilities: INTERNET&NOT_RESTRICTED&TRUSTED&NOT_VCN_MANAGED&NOT_BANDWIDTH_CONSTRAINED Uid: 10070 RequestorUid: 10070 RequestorPkg: com.android.systemui UnderlyingNetworks: Null] ]
04-01 08:46:47.750 612 752 D MultiInternetWifiNetworkFactory: got request NetworkRequest [ REQUEST id=29, [ Capabilities: INTERNET&NOT_RESTRICTED&TRUSTED&NOT_VCN_MANAGED&NOT_BANDWIDTH_CONSTRAINED Uid: 10070 RequestorUid: 10070 RequestorPkg: com.android.systemui UnderlyingNetworks: Null] ]
04-01 08:46:47.756 1 1 I init : starting service 'exec 21 (/system/bin/bootstat --record_boot_complete --record_boot_reason --record_time_since_factory_reset -l)'...
04-01 08:46:47.771 336 336 I apexd : Deleting unused dm device com.android.compos
04-01 08:46:47.750 612 752 D MultiInternetWifiNetworkFactory: got request NetworkRequest [ REQUEST id=18, [ Capabilities: INTERNET&NOT_RESTRICTED&TRUSTED&NOT_VCN_MANAGED&NOT_BANDWIDTH_CONSTRAINED Uid: 1073 RequestorUid: 1073 RequestorPkg: com.android.networkstack UnderlyingNetworks: Null] ]
04-01 08:46:47.767 612 752 D MultiInternetWifiNetworkFactory: got request NetworkRequest [ REQUEST id=16, [ Capabilities: INTERNET&NOT_RESTRICTED&TRUSTED&NOT_VCN_MANAGED&NOT_BANDWIDTH_CONSTRAINED Uid: 1000 RequestorUid: 1000 RequestorPkg: android UnderlyingNetworks: Null] ]
04-01 08:46:47.767 612 752 D MultiInternetWifiNetworkFactory: got request NetworkRequest [ REQUEST id=22, [ Capabilities: INTERNET&NOT_RESTRICTED&TRUSTED&NOT_VCN_MANAGED&NOT_BANDWIDTH_CONSTRAINED Uid: 10070 RequestorUid: 10070 RequestorPkg: com.android.systemui UnderlyingNetworks: Null] ]
04-01 08:46:47.767 612 752 D MultiInternetWifiNetworkFactory: got request NetworkRequest [ REQUEST id=25, [ Capabilities: INTERNET&NOT_RESTRICTED&TRUSTED&NOT_VCN_MANAGED&NOT_BANDWIDTH_CONSTRAINED Uid: 10070 RequestorUid: 10070 RequestorPkg: com.android.systemui UnderlyingNetworks: Null] ]
04-01 08:46:47.768 612 644 I DropBoxManagerService: add tag=system_server_strictmode isTagEnabled=true flags=0x2
04-01 08:46:47.773 612 644 I DropBoxManagerService: add tag=system_server_strictmode isTagEnabled=true flags=0x2
04-01 08:46:47.775 612 752 D MultiInternetWifiNetworkFactory: got request NetworkRequest [ REQUEST id=14, [ Capabilities: INTERNET&NOT_RESTRICTED&TRUSTED&NOT_VCN_MANAGED&NOT_BANDWIDTH_CONSTRAINED Uid: 10084 RequestorUid: 1000 RequestorPkg: android UnderlyingNetworks: Null] ]
04-01 08:46:47.776 242 242 I hwservicemanager: getTransport: Cannot find entry android.hardware.media.omx@1.0::IOmx/default in either framework or device VINTF manifest.
04-01 08:46:47.777 612 644 I DropBoxManagerService: add tag=system_server_strictmode isTagEnabled=true flags=0x2
04-01 08:46:47.779 525 983 D MediaPlayerService: OMX service is not available
04-01 08:46:47.779 612 644 I DropBoxManagerService: add tag=system_server_strictmode isTagEnabled=true flags=0x2
04-01 08:46:47.784 1175 1175 D ApplicationLoaders: Returning zygote-cached class loader: /system_ext/framework/androidx.window.extensions.jar
04-01 08:46:47.785 612 752 D MultiInternetWifiNetworkFactory: got request NetworkRequest [ REQUEST id=1, [ Capabilities: INTERNET&NOT_RESTRICTED&TRUSTED&NOT_VPN&NOT_VCN_MANAGED&NOT_BANDWIDTH_CONSTRAINED RequestorUid: 1000 RequestorPkg: android UnderlyingNetworks: Null] ]
04-01 08:46:47.791 1175 1175 D ApplicationLoaders: Returning zygote-cached class loader: /system_ext/framework/androidx.window.sidecar.jar
04-01 08:46:47.789 612 644 I DropBoxManagerService: add tag=system_server_strictmode isTagEnabled=true flags=0x2
04-01 08:46:47.802 1156 1156 D nativeloader: Load /system/product/app/LatinIME/lib/arm64/libjni_latinime.so using ns product-clns-7 from class loader (caller=/product/app/LatinIME/LatinIME.apk): ok
04-01 08:46:47.814 1194 1194 D vold_prepare_subdirs: Setting up mode 771 uid 1000 gid 1000 context u:object_r:system_data_file:s0:c512,c768 on path: /data/user/0
04-01 08:46:47.816 1194 1194 D vold_prepare_subdirs: Setting up mode 771 uid 1000 gid 1000 context u:object_r:sdk_sandbox_system_data_file:s0:c512,c768 on path: /data/misc_ce/0/sdksandbox
04-01 08:46:47.818 1194 1194 D vold_prepare_subdirs: Setting up mode 700 uid 0 gid 0 context u:object_r:vold_data_file:s0 on path: /data/misc_ce/0/vold
04-01 08:46:47.822 1 1 I init : ... started service 'exec 21 (/system/bin/bootstat --record_boot_complete --record_boot_reason --record_time_since_factory_reset -l)' has pid 1197
04-01 08:46:47.822 1 1 I init : Command 'exec_background - system log -- /system/bin/bootstat --record_boot_complete --record_boot_reason --record_time_since_factory_reset -l' action=sys.boot_completed=1 && sys.bootstat.first_boot_completed=0 (/system/etc/init/bootstat.rc:72) took 69ms and succeeded
04-01 08:46:47.824 1 1 I init : processing action (sys.boot_completed=1) from (/system/etc/init/dmesgd.rc:4)
04-01 08:46:47.829 1194 1194 D vold_prepare_subdirs: Setting up mode 700 uid 0 gid 0 context u:object_r:storaged_data_file:s0 on path: /data/misc_ce/0/storaged
04-01 08:46:47.831 1156 1156 I LatinIME: Hardware accelerated drawing: true
04-01 08:46:47.834 612 644 I DropBoxManagerService: add tag=system_server_strictmode isTagEnabled=true flags=0x2
04-01 08:46:47.835 531 531 I update_engine: [INFO:update_attempter_android.cc(964)] Clearing update complete marker.
04-01 08:46:47.835 1194 1194 D vold_prepare_subdirs: Setting up mode 700 uid 0 gid 0 context u:object_r:rollback_data_file:s0 on path: /data/misc_ce/0/rollback
04-01 08:46:47.840 612 644 I DropBoxManagerService: add tag=system_server_strictmode isTagEnabled=true flags=0x2
04-01 08:46:47.842 1194 1194 D vold_prepare_subdirs: Setting up mode 700 uid 0 gid 0 context u:object_r:apex_rollback_data_file:s0 on path: /data/misc_ce/0/apexrollback
04-01 08:46:47.849 1194 1194 D vold_prepare_subdirs: Setting up mode 711 uid 0 gid 0 context u:object_r:apex_module_data_file:s0 on path: /data/misc_ce/0/apexdata
04-01 08:46:47.851 531 531 I update_engine: [INFO:update_attempter_android.cc(859)] Terminating cleanup previous update.
04-01 08:46:47.853 1194 1194 D vold_prepare_subdirs: Setting up mode 771 uid 0 gid 1000 context u:object_r:apex_module_data_file:s0 on path: /data/misc_ce/0/apexdata/com.android.adbd
04-01 08:46:47.859 1194 1194 D vold_prepare_subdirs: Setting up mode 771 uid 0 gid 1000 context u:object_r:apex_module_data_file:s0 on path: /data/misc_ce/0/apexdata/com.android.adservices
04-01 08:46:47.861 1194 1194 D vold_prepare_subdirs: Setting up mode 771 uid 0 gid 1000 context u:object_r:apex_module_data_file:s0 on path: /data/misc_ce/0/apexdata/com.android.apex.cts.shim
04-01 08:46:47.863 1194 1194 D vold_prepare_subdirs: Setting up mode 771 uid 0 gid 1000 context u:object_r:apex_system_server_data_file:s0 on path: /data/misc_ce/0/apexdata/com.android.appsearch
04-01 08:46:47.866 1194 1194 D vold_prepare_subdirs: Setting up mode 771 uid 0 gid 1000 context u:object_r:apex_module_data_file:s0 on path: /data/misc_ce/0/apexdata/com.android.art
04-01 08:46:47.828 336 336 I apexd : Deleting unused dm device com.android.configinfrastructure
04-01 08:46:47.831 1 1 I init : processing action (sys.boot_completed=1) from (/system/etc/init/flags_health_check.rc:7)
04-01 08:46:47.863 1 1 I init : processing action (persist.dbg.keep_debugfs_mounted= && ro.product.debugfs_restrictions.enabled=true && sys.boot_completed=1) from (/system/etc/init/init-debug.rc:15)
04-01 08:46:47.871 1 1 I init : processing action (sys.boot_completed=1) from (/system/etc/init/lmkd.rc:13)
04-01 08:46:47.871 1 1 I init : starting service 'exec 22 (/system/bin/lmkd --boot_completed)'...
04-01 08:46:47.868 1194 1194 D vold_prepare_subdirs: Setting up mode 771 uid 0 gid 1000 context u:object_r:apex_module_data_file:s0 on path: /data/misc_ce/0/apexdata/com.android.btservices
04-01 08:46:47.871 1194 1194 D vold_prepare_subdirs: Setting up mode 771 uid 0 gid 1000 context u:object_r:apex_module_data_file:s0 on path: /data/misc_ce/0/apexdata/com.android.compos
04-01 08:46:47.874 1156 1156 D WindowTokenClient: Only apply configuration update to Resources because shouldReportConfigChange is false. context=com.android.inputmethod.latin.LatinIME@672f7d4, config={1.0 ?mcc0mnc [en_US] ldltr sw720dp w1280dp h720dp 240dpi xlrg long land -touch qwerty/v/v -nav/h winConfig={ mBounds=Rect(0, 0 - 1920, 1080) mAppBounds=Rect(0, 0 - 1920, 1080) mMaxBounds=Rect(0, 0 - 1920, 1080) mDisplayRotation=ROTATION_0 mWindowingMode=fullscreen mActivityType=undefined mAlwaysOnTop=undefined mRotation=ROTATION_0} s.6 fontWeightAdjustment=0}, display ID=0
04-01 08:46:47.874 1156 1156 D WindowTokenClient: android.window.WindowTokenClient.onConfigurationChanged:159 android.window.WindowTokenClientController.onWindowContextTokenAttached:197 android.window.WindowTokenClientController.attachToDisplayArea:116 android.window.WindowContextController.attachToDisplayArea:108 android.window.WindowProviderService.attachBaseContext:218
04-01 08:46:47.879 1194 1194 D vold_prepare_subdirs: Setting up mode 771 uid 0 gid 1000 context u:object_r:apex_module_data_file:s0 on path: /data/misc_ce/0/apexdata/com.android.configinfrastructure
04-01 08:46:47.879 612 644 I DropBoxManagerService: add tag=system_server_strictmode isTagEnabled=true flags=0x2
04-01 08:46:47.882 1194 1194 D vold_prepare_subdirs: Setting up mode 771 uid 0 gid 1000 context u:object_r:apex_module_data_file:s0 on path: /data/misc_ce/0/apexdata/com.android.conscrypt
04-01 08:46:47.892 1194 1194 D vold_prepare_subdirs: Setting up mode 771 uid 0 gid 1000 context u:object_r:apex_module_data_file:s0 on path: /data/misc_ce/0/apexdata/com.android.devicelock
04-01 08:46:47.898 612 644 I DropBoxManagerService: add tag=system_server_strictmode isTagEnabled=true flags=0x2
04-01 08:46:47.902 1175 1175 D nativeloader: Configuring clns-shared-7 for other apk /apex/com.android.extservices/priv-app/ExtServices-sminus@AP4A.250105.002.A1/ExtServices-sminus.apk. target_sdk_version=35, uses_libraries=, library_path=/apex/com.android.extservices/priv-app/ExtServices-sminus@AP4A.250105.002.A1/lib/arm64:/apex/com.android.extservices/priv-app/ExtServices-sminus@AP4A.250105.002.A1/ExtServices-sminus.apk!/lib/arm64-v8a:/system/lib64, permitted_path=/data:/mnt/expand:/data/user/0/android.ext.services:/apex/com.android.extservices/priv-app/ExtServices-sminus@AP4A.250105.002.A1:/system/lib64
04-01 08:46:47.909 1194 1194 D vold_prepare_subdirs: Setting up mode 771 uid 0 gid 1000 context u:object_r:apex_module_data_file:s0 on path: /data/misc_ce/0/apexdata/com.android.extservices
04-01 08:46:47.911 1194 1194 D vold_prepare_subdirs: Setting up mode 771 uid 0 gid 1000 context u:object_r:apex_module_data_file:s0 on path: /data/misc_ce/0/apexdata/com.android.hardware.audio.ti
04-01 08:46:47.913 1194 1194 D vold_prepare_subdirs: Setting up mode 771 uid 0 gid 1000 context u:object_r:apex_module_data_file:s0 on path: /data/misc_ce/0/apexdata/com.android.hardware.boot
04-01 08:46:47.915 1194 1194 D vold_prepare_subdirs: Setting up mode 771 uid 0 gid 1000 context u:object_r:apex_module_data_file:s0 on path: /data/misc_ce/0/apexdata/com.android.hardware.camera.libcamera
04-01 08:46:47.916 1194 1194 D vold_prepare_subdirs: Setting up mode 771 uid 0 gid 1000 context u:object_r:apex_module_data_file:s0 on path: /data/misc_ce/0/apexdata/com.android.hardware.cas
04-01 08:46:47.919 1194 1194 D vold_prepare_subdirs: Setting up mode 771 uid 0 gid 1000 context u:object_r:apex_module_data_file:s0 on path: /data/misc_ce/0/apexdata/com.android.hardware.drm.clearkey
04-01 08:46:47.922 1194 1194 D vold_prepare_subdirs: Setting up mode 771 uid 0 gid 1000 context u:object_r:apex_module_data_file:s0 on path: /data/misc_ce/0/apexdata/com.android.hardware.power
04-01 08:46:47.915 336 336 I apexd : Deleting unused dm device com.android.conscrypt
04-01 08:46:47.928 1194 1194 D vold_prepare_subdirs: Setting up mode 771 uid 0 gid 1000 context u:object_r:apex_module_data_file:s0 on path: /data/misc_ce/0/apexdata/com.android.hardware.thermal.ti
04-01 08:46:47.931 1175 1175 D nativeloader: InitApexLibraries:
04-01 08:46:47.931 1175 1175 D nativeloader: com_android_adservices: libhpke_jni.so:libtflite_support_classifiers_native.so
04-01 08:46:47.931 1175 1175 D nativeloader: com_android_appsearch: libicing.so
04-01 08:46:47.931 1175 1175 D nativeloader: com_android_art: libartservice.so
04-01 08:46:47.931 1175 1175 D nativeloader: com_android_btservices: libbluetooth_jni.so
04-01 08:46:47.931 1175 1175 D nativeloader: com_android_conscrypt: libjavacrypto.so
04-01 08:46:47.931 1175 1175 D nativeloader: com_android_extservices: libtflite_support_classifiers_native.so
04-01 08:46:47.931 1175 1175 D nativeloader: com_android_mediaprovider: libpdfclient.so
04-01 08:46:47.931 1175 1175 D nativeloader: com_android_nfcservices: libnfc_nci_jni.so
04-01 08:46:47.931 1175 1175 D nativeloader: com_android_ondevicepersonalization: libfcp_cpp_dep_jni.so:libfcp_hpke_jni.so
04-01 08:46:47.931 1175 1175 D nativeloader: com_android_os_statsd: libstats_jni.so
04-01 08:46:47.931 1175 1175 D nativeloader: com_android_tethering: libandroid_net_connectivity_com_android_net_module_util_jni.so:libcrypto.so:libframework-connectivity-jni.so:libframework-connectivity-tiramisu-jni.so:libmainlinecronet.126.0.6423.0.so:libservice-connectivity.so:libservice-thread-jni.so:libssl.so
04-01 08:46:47.931 1175 1175 D nativeloader: com_android_uwb: libuwb_uci_jni_rust.so
04-01 08:46:47.931 1175 1175 D nativeloader: com_android_virt: libvirtualizationservice_jni.so:libvirtualmachine_jni.so
04-01 08:46:47.935 525 1202 D GenericSource: FileSource remote
04-01 08:46:47.947 1194 1194 D vold_prepare_subdirs: Setting up mode 771 uid 0 gid 1000 context u:object_r:apex_module_data_file:s0 on path: /data/misc_ce/0/apexdata/com.android.hardware.usb.generic
04-01 08:46:47.962 1 1 I init : ... started service 'exec 22 (/system/bin/lmkd --boot_completed)' has pid 1201
04-01 08:46:47.963 1 1 I init : Command 'exec_background /system/bin/lmkd --boot_completed' action=sys.boot_completed=1 (/system/etc/init/lmkd.rc:14) took 92ms and succeeded
04-01 08:46:47.963 1 1 I init : processing action (sys.boot_completed=1) from (/system/etc/init/logd.rc:34)
04-01 08:46:47.965 1 1 I init : starting service 'logd-auditctl'...
04-01 08:46:47.971 1194 1194 D vold_prepare_subdirs: Setting up mode 771 uid 0 gid 1000 context u:object_r:apex_module_data_file:s0 on path: /data/misc_ce/0/apexdata/com.android.healthfitness
04-01 08:46:47.979 1194 1194 D vold_prepare_subdirs: Setting up mode 771 uid 0 gid 1000 context u:object_r:apex_module_data_file:s0 on path: /data/misc_ce/0/apexdata/com.android.i18n
04-01 08:46:47.991 336 336 I apexd : Deleting unused dm device com.android.devicelock
04-01 08:46:47.992 1194 1194 D vold_prepare_subdirs: Setting up mode 771 uid 0 gid 1000 context u:object_r:apex_module_data_file:s0 on path: /data/misc_ce/0/apexdata/com.android.ipsec
04-01 08:46:47.997 1175 1175 D CompatChangeReporter: Compat change id reported: 202956589; UID 10084; state: ENABLED
04-01 08:46:47.998 1197 1197 I bootstat: Service started: /system/bin/bootstat --record_boot_complete --record_boot_reason --record_time_since_factory_reset -l
04-01 08:46:48.032 1194 1194 D vold_prepare_subdirs: Setting up mode 771 uid 0 gid 1000 context u:object_r:apex_module_data_file:s0 on path: /data/misc_ce/0/apexdata/com.android.media
04-01 08:46:48.032 1 1 I init : ... started service 'logd-auditctl' has pid 1203
04-01 08:46:48.032 1 1 I init : Command 'start logd-auditctl' action=sys.boot_completed=1 (/system/etc/init/logd.rc:35) took 68ms and succeeded
04-01 08:46:48.032 1 1 I init : processing action (sys.boot_completed=1 && sys.wifitracing.started=0) from (/system/etc/init/wifi.rc:28)
04-01 08:46:48.049 1194 1194 D vold_prepare_subdirs: Setting up mode 771 uid 0 gid 1000 context u:object_r:apex_module_data_file:s0 on path: /data/misc_ce/0/apexdata/com.android.media.swcodec
04-01 08:46:48.050 1175 1175 V GraphicsEnvironment: Currently set values for:
04-01 08:46:48.051 1175 1175 V GraphicsEnvironment: angle_gl_driver_selection_pkgs=[]
04-01 08:46:48.051 1175 1175 V GraphicsEnvironment: angle_gl_driver_selection_values=[]
04-01 08:46:48.051 1175 1175 V GraphicsEnvironment: Global.Settings values are invalid: number of packages: 0, number of values: 0
04-01 08:46:48.051 1175 1175 V GraphicsEnvironment: Neither updatable production driver nor prerelease driver is supported.
04-01 08:46:48.047 1 1 E selinux : SELinux: Could not get canonical path for /sys/kernel/debug/tracing/instances/wifi restorecon: No such file or directory.
04-01 08:46:48.064 336 336 I apexd : Deleting unused dm device com.android.extservices
04-01 08:46:48.071 1194 1194 D vold_prepare_subdirs: Setting up mode 771 uid 0 gid 1000 context u:object_r:apex_module_data_file:s0 on path: /data/misc_ce/0/apexdata/com.android.mediaprovider
04-01 08:46:48.079 1194 1194 D vold_prepare_subdirs: Setting up mode 771 uid 0 gid 1000 context u:object_r:apex_module_data_file:s0 on path: /data/misc_ce/0/apexdata/com.android.neuralnetworks
04-01 08:46:48.085 1194 1194 D vold_prepare_subdirs: Setting up mode 771 uid 0 gid 1000 context u:object_r:apex_module_data_file:s0 on path: /data/misc_ce/0/apexdata/com.android.nfcservices
04-01 08:46:48.091 838 1169 D RingtonePlayer: requesting AudioFocus
04-01 08:46:48.110 612 871 I MediaFocusControl: requestAudioFocus() from uid/pid 10070/838 AA=USAGE_NOTIFICATION/CONTENT_TYPE_SONIFICATION clientId=android.media.AudioManager@e22d7f8 callingPack=com.android.systemui req=3 flags=0x0 sdk=35
04-01 08:46:48.113 1194 1194 D vold_prepare_subdirs: Setting up mode 771 uid 0 gid 1000 context u:object_r:apex_module_data_file:s0 on path: /data/misc_ce/0/apexdata/com.android.ondevicepersonalization
04-01 08:46:48.116 612 871 I AS.FadeOutManager: unfadeOutUid() uid:10070
04-01 08:46:48.117 240 240 I lowmemorykiller: lmkd data connection established
04-01 08:46:48.119 1194 1194 D vold_prepare_subdirs: Setting up mode 771 uid 0 gid 1000 context u:object_r:apex_module_data_file:s0 on path: /data/misc_ce/0/apexdata/com.android.os.statsd
04-01 08:46:48.122 1194 1194 D vold_prepare_subdirs: Setting up mode 771 uid 0 gid 1000 context u:object_r:apex_system_server_data_file:s0 on path: /data/misc_ce/0/apexdata/com.android.permission
04-01 08:46:48.124 1197 1197 W bootstat: LogBootEvents, atomInfo not defined for events:last_boot_time_utc,build_date,ro.boottime.init.cold_boot_wait,boot_reason,system_boot_reason,time_since_last_boot
04-01 08:46:48.129 1194 1194 D vold_prepare_subdirs: Setting up mode 771 uid 0 gid 1000 context u:object_r:apex_module_data_file:s0 on path: /data/misc_ce/0/apexdata/com.android.profiling
04-01 08:46:48.126 1156 1156 D DesktopModeFlagsUtil: Toggle override initialized to: OVERRIDE_UNSET
04-01 08:46:48.131 1194 1194 D vold_prepare_subdirs: Setting up mode 771 uid 0 gid 1000 context u:object_r:apex_module_data_file:s0 on path: /data/misc_ce/0/apexdata/com.android.resolv
04-01 08:46:48.133 1194 1194 D vold_prepare_subdirs: Setting up mode 771 uid 0 gid 1000 context u:object_r:apex_module_data_file:s0 on path: /data/misc_ce/0/apexdata/com.android.rkpd
04-01 08:46:48.141 240 240 I lowmemorykiller: Using memevents for direct reclaim and kswapd detection
04-01 08:46:48.142 240 240 I lowmemorykiller: lmkd data connection dropped
04-01 08:46:48.142 240 240 I lowmemorykiller: closing lmkd data connection
04-01 08:46:48.146 1194 1194 D vold_prepare_subdirs: Setting up mode 771 uid 0 gid 1000 context u:object_r:apex_module_data_file:s0 on path: /data/misc_ce/0/apexdata/com.android.runtime
04-01 08:46:48.148 1194 1194 D vold_prepare_subdirs: Setting up mode 771 uid 0 gid 1000 context u:object_r:apex_module_data_file:s0 on path: /data/misc_ce/0/apexdata/com.android.scheduling
04-01 08:46:48.154 1 1 I init : Command 'restorecon_recursive /sys/kernel/debug/tracing/instances/wifi' action=sys.boot_completed=1 && sys.wifitracing.started=0 (/system/etc/init/wifi.rc:31) took 107ms and succeeded
04-01 08:46:48.150 1194 1194 D vold_prepare_subdirs: Setting up mode 771 uid 0 gid 1000 context u:object_r:apex_module_data_file:s0 on path: /data/misc_ce/0/apexdata/com.android.sdkext
04-01 08:46:48.150 1156 1156 W InputAttributes: No editor info for this field. Bug?
