01-01 00:00:34.273 612 612 D nativeloader: Configuring clns-shared-12 for other apk /apex/com.android.scheduling/javalib/service-scheduling.jar. target_sdk_version=35, uses_libraries=ALL, library_path=, permitted_path=/data:/mnt/expand
01-01 00:00:34.307 612 612 D nativeloader: Configuring clns-shared-13 for other apk /apex/com.android.tethering/javalib/service-connectivity.jar. target_sdk_version=35, uses_libraries=ALL, library_path=, permitted_path=/data:/mnt/expand
01-01 00:00:34.352 612 612 D nativeloader: Configuring clns-shared-14 for other apk /apex/com.android.uwb/javalib/service-uwb.jar. target_sdk_version=35, uses_libraries=ALL, library_path=, permitted_path=/data:/mnt/expand
01-01 00:00:34.379 492 492 W ServiceManagerCppClient: Waited one second for activity (is service started? Number of threads started in the threadpool: 16. Are binder threads started and available?)
01-01 00:00:34.383 241 241 I servicemanager: Caller(pid=492,uid=1041,sid=u:r:audioserver:s0) Since 'activity' could not be found trying to start it as a lazy AIDL service. (if it's not configured to be a lazy service, it may be stuck starting or still starting).
01-01 00:00:34.384 1 1 E init : Control message: Could not find 'aidl/activity' for ctl.interface_start from pid: 241 (/system/bin/servicemanager)
01-01 00:00:34.394 241 627 W libc : Unable to set property "ctl.interface_start" to "aidl/activity": PROP_ERROR_HANDLE_CONTROL_MESSAGE (0x20)
01-01 00:00:34.398 627 627 I servicemanager: Caller(pid=492,uid=1041,sid=u:r:audioserver:s0) Tried to start aidl service activity as a lazy service, but was unable to. Usually this happens when a service is not installed, but if the service is intended to be used as a lazy service, then it may be configured incorrectly.
01-01 00:00:34.551 612 612 D nativeloader: Configuring clns-shared-15 for other apk /apex/com.android.wifi/javalib/service-wifi.jar. target_sdk_version=35, uses_libraries=ALL, library_path=, permitted_path=/data:/mnt/expand
01-01 00:00:34.601 612 612 I system_server: Using CollectorTypeCMC GC.
01-01 00:00:34.605 612 612 W system_server: Failed to upload odrefresh metrics: Unable to open or parse metrics file /data/misc/odrefresh/odrefresh-metrics.xml (error: Error=XML_ERROR_FILE_NOT_FOUND ErrorID=3 (0x3) Line number=0: filename=/data/misc/odrefresh/odrefresh-metrics.xml)
01-01 00:00:34.608 612 612 E system_server: Not starting debugger since process cannot load the jdwp agent.
01-01 00:00:34.609 612 631 W system_server: AIBinder_linkToDeath is being called with a non-null cookie and no onUnlink callback set. This might not be intended. AIBinder_DeathRecipient_setOnUnlinked should be called first.
01-01 00:00:34.609 612 631 W BpBinder: Linking to death on android.os.IStatsd but there are no threads (yet?) listening to incoming transactions. See ProcessState::startThreadPool and ProcessState::setThreadPoolMaxThreadCount. Generally you should setup the binder threadpool before other initialization steps.
01-01 00:00:34.616 612 612 D nativeloader: Load libframework-connectivity-tiramisu-jni.so using APEX ns com_android_tethering for caller /apex/com.android.tethering/javalib/framework-connectivity-t.jar: ok
01-01 00:00:34.619 451 457 I ServiceManagerCppClient: Waiting for service 'statscompanion' on '/dev/binder'...
01-01 00:00:34.667 492 563 D AudioSystem: getService: waiting for media.audio_policy
01-01 00:00:35.085 612 612 D nativeloader: Load /system/lib64/libandroid_servers.so using ns default for caller /system/framework/services.jar in same partition (is_bridged=0): ok
01-01 00:00:35.115 612 612 E Binder : Outgoing transactions from this process must be FLAG_ONEWAY
01-01 00:00:35.115 612 612 E Binder : java.lang.Throwable
01-01 00:00:35.115 612 612 E Binder : at android.os.BinderProxy.transact(BinderProxy.java:543)
01-01 00:00:35.115 612 612 E Binder : at android.os.IServiceManager$Stub$Proxy.checkService(IServiceManager.java:501)
01-01 00:00:35.115 612 612 E Binder : at android.os.ServiceManagerProxy.checkService(ServiceManagerNative.java:73)
01-01 00:00:35.115 612 612 E Binder : at android.os.ServiceManagerProxy.getService2(ServiceManagerNative.java:69)
01-01 00:00:35.115 612 612 E Binder : at android.os.ServiceManager.rawGetService(ServiceManager.java:428)
01-01 00:00:35.115 612 612 E Binder : at android.os.ServiceManager.getService(ServiceManager.java:175)
01-01 00:00:35.115 612 612 E Binder : at android.hardware.display.DisplayManagerGlobal.getInstance(DisplayManagerGlobal.java:189)
01-01 00:00:35.115 612 612 E Binder : at android.app.ResourcesManager.getDisplayMetrics(ResourcesManager.java:438)
01-01 00:00:35.115 612 612 E Binder : at android.app.ResourcesManager.getDisplayMetrics(ResourcesManager.java:430)
01-01 00:00:35.115 612 612 E Binder : at android.app.ContextImpl.createSystemContext(ContextImpl.java:3432)
01-01 00:00:35.115 612 612 E Binder : at android.app.ActivityThread.getSystemContext(ActivityThread.java:3129)
01-01 00:00:35.115 612 612 E Binder : at android.app.ActivityThread.attach(ActivityThread.java:8510)
01-01 00:00:35.115 612 612 E Binder : at android.app.ActivityThread.systemMain(ActivityThread.java:8545)
01-01 00:00:35.115 612 612 E Binder : at com.android.server.SystemServer.createSystemContext(SystemServer.java:1057)
01-01 00:00:35.115 612 612 E Binder : at com.android.server.SystemServer.run(SystemServer.java:890)
01-01 00:00:35.115 612 612 E Binder : at com.android.server.SystemServer.main(SystemServer.java:669)
01-01 00:00:35.115 612 612 E Binder : at java.lang.reflect.Method.invoke(Native Method)
01-01 00:00:35.115 612 612 E Binder : at com.android.internal.os.RuntimeInit$MethodAndArgsCaller.run(RuntimeInit.java:591)
01-01 00:00:35.115 612 612 E Binder : at com.android.internal.os.ZygoteInit.main(ZygoteInit.java:849)
01-01 00:00:35.169 612 649 I incfs : Initial API level of the device: 35
01-01 00:00:35.169 612 649 I incfs : ro.incremental.enable: on
01-01 00:00:35.169 612 649 I incfs : isFsAvailable: true
01-01 00:00:35.170 612 649 I incfs : isFsAvailable: true
01-01 00:00:35.170 612 649 I incfs : IncFs_Features: v2
01-01 00:00:35.226 241 241 I servicemanager: Notifying apexservice they do (previously: don't) have clients when service is guaranteed to be in use
01-01 00:00:35.226 429 429 I AidlLazyServiceRegistrar: Process has 1 (of 1 available) client(s) in use after notification apexservice has clients: 1
01-01 00:00:35.226 429 429 I AidlLazyServiceRegistrar: Shutdown prevented by forcePersist override flag.
01-01 00:00:35.226 429 429 I apexd : getActivePackages received by ApexService
01-01 00:00:35.320 521 534 D installd: Found quota mount /dev/block/dm-49 at /data
01-01 00:00:35.322 521 534 D installd: Found quota mount /dev/block/dm-49 at /data/user/0
01-01 00:00:35.345 241 241 I servicemanager: Caller(pid=612,uid=1000,sid=u:r:system_server:s0) Found android.hardware.power.stats.IPowerStats/default in device VINTF manifest.
01-01 00:00:35.346 242 242 I hwservicemanager: getTransport: Cannot find entry android.frameworks.stats@1.0::IStats/default in either framework or device VINTF manifest.
01-01 00:00:35.347 612 612 E HidlServiceManagement: Service android.frameworks.stats@1.0::IStats/default must be in VINTF manifest in order to register/get.
01-01 00:00:35.347 612 612 W system_server: Cannot register HIDL android.frameworks.stats@1.0::IStats: -2147483648
01-01 00:00:35.352 241 241 I servicemanager: Caller(pid=612,uid=1000,sid=u:r:system_server:s0) Found android.frameworks.stats.IStats/default in framework VINTF manifest.
01-01 00:00:35.351 612 612 I Stability: Interface set with vintf stability downgraded to system stability stability
01-01 00:00:35.353 241 241 I servicemanager: Caller(pid=612,uid=1000,sid=u:r:system_server:s0) Found android.hardware.memtrack.IMemtrack/default in device VINTF manifest.
01-01 00:00:35.380 492 492 W ServiceManagerCppClient: Waited one second for activity (is service started? Number of threads started in the threadpool: 16. Are binder threads started and available?)
01-01 00:00:35.384 241 241 I servicemanager: Caller(pid=492,uid=1041,sid=u:r:audioserver:s0) Since 'activity' could not be found trying to start it as a lazy AIDL service. (if it's not configured to be a lazy service, it may be stuck starting or still starting).
01-01 00:00:35.396 241 652 W libc : Unable to set property "ctl.interface_start" to "aidl/activity": PROP_ERROR_HANDLE_CONTROL_MESSAGE (0x20)
01-01 00:00:35.386 1 1 E init : Control message: Could not find 'aidl/activity' for ctl.interface_start from pid: 241 (/system/bin/servicemanager)
01-01 00:00:35.400 652 652 I servicemanager: Caller(pid=492,uid=1041,sid=u:r:audioserver:s0) Tried to start aidl service activity as a lazy service, but was unable to. Usually this happens when a service is not installed, but if the service is intended to be used as a lazy service, then it may be configured incorrectly.
01-01 00:00:35.462 242 242 I hwservicemanager: getTransport: Cannot find entry android.hardware.power.stats@1.0::IPowerStats/default in either framework or device VINTF manifest.
01-01 00:00:35.462 612 662 E BatteryStatsService: Unable to load Power.Stats.HAL. Setting rail availability to false
01-01 00:00:35.466 612 662 E BluetoothAdapter: Bluetooth service is null
01-01 00:00:35.476 280 280 W android.system.: type=1400 audit(0.0:14): avc: denied { read } for name="wakeup7" dev="sysfs" ino=37074 scontext=u:r:system_suspend:s0 tcontext=u:object_r:sysfs:s0 tclass=dir permissive=0
01-01 00:00:35.476 280 280 W android.system.: type=1400 audit(0.0:15): avc: denied { read } for name="wakeup3" dev="sysfs" ino=31511 scontext=u:r:system_suspend:s0 tcontext=u:object_r:sysfs:s0 tclass=dir permissive=0
01-01 00:00:35.479 280 280 E android.system.suspend-service: Error opening kernel wakelock stats for: wakeup7 (../../devices/platform/bus@f0000/f910000.usb/31100000.usb/xhci-hcd.0.auto/usb1/1-1/1-1.1/wakeup/wakeup7): Permission denied
01-01 00:00:35.481 280 280 E android.system.suspend-service: Error opening kernel wakelock stats for: wakeup3 (../../devices/platform/bus@f0000/20000000.i2c/i2c-1/1-003f/power_supply/tps6598x-source-psy-1-003f/wakeup3): Permission denied
01-01 00:00:35.668 492 563 D AudioSystem: getService: waiting for media.audio_policy
01-01 00:00:35.695 612 612 I incfs-mounts: [incfs] Loaded incremental-fs mount info: 0 instances, 0 mount points
01-01 00:00:35.717 241 241 I servicemanager: Caller(pid=612,uid=1000,sid=u:r:system_server:s0) Found android.system.suspend.ISystemSuspend/default in framework VINTF manifest.
01-01 00:00:35.721 241 241 I servicemanager: Caller(pid=612,uid=1000,sid=u:r:system_server:s0) Found android.hardware.power.IPower/default in device VINTF manifest.
01-01 00:00:35.719 612 612 I PowerHalLoader: Successfully connected to Power HAL AIDL service.
01-01 00:00:35.721 483 483 I android.hardware.power-service.example: Power isModeSupported: 7
01-01 00:00:35.722 483 483 I android.hardware.power-service.example: Power isModeSupported: 0
01-01 00:00:35.742 241 241 I servicemanager: Caller(pid=612,uid=1000,sid=u:r:system_server:s0) Found android.hardware.light.ILights/default in device VINTF manifest.
01-01 00:00:35.820 612 645 W StrictMode: No activity manager; failed to Dropbox violation.
01-01 00:00:35.821 612 645 W StrictMode: No activity manager; failed to Dropbox violation.
01-01 00:00:35.822 612 645 W StrictMode: No activity manager; failed to Dropbox violation.
01-01 00:00:35.823 612 645 W StrictMode: No activity manager; failed to Dropbox violation.
01-01 00:00:35.825 612 645 W StrictMode: No activity manager; failed to Dropbox violation.
01-01 00:00:35.827 612 645 W StrictMode: No activity manager; failed to Dropbox violation.
01-01 00:00:35.828 612 645 W StrictMode: No activity manager; failed to Dropbox violation.
01-01 00:00:35.858 612 612 I fs-verity: sha256 using implementation "sha256-ce" (multibuffer)
01-01 00:00:35.917 612 612 D FallbackCategoryProvider: Found 1 fallback categories
01-01 00:00:36.152 612 612 W PackageManager: Could not find package com.android.companiondevicemanager --------- beginning of system
01-01 00:00:36.311 612 612 V AconfigFlags: Read Aconfig default flag value android.content.pm.get_package_info = true
01-01 00:00:36.311 612 612 V AconfigFlags: Read Aconfig default flag value android.content.pm.get_package_info_with_fd = false
01-01 00:00:36.311 612 612 V AconfigFlags: Read Aconfig default flag value android.content.pm.get_package_storage_stats = true
01-01 00:00:36.311 612 612 V AconfigFlags: Read Aconfig default flag value android.content.pm.get_packages_from_launcher_apps = false
01-01 00:00:36.311 612 612 V AconfigFlags: Read Aconfig default flag value android.content.pm.get_resolved_apk_path = true
01-01 00:00:36.311 612 612 V AconfigFlags: Read Aconfig default flag value android.content.pm.improve_home_app_behavior = true
01-01 00:00:36.312 612 612 V AconfigFlags: Read Aconfig default flag value android.content.pm.improve_install_dont_kill = true
01-01 00:00:36.312 612 612 V AconfigFlags: Read Aconfig default flag value android.content.pm.improve_install_freeze = false
01-01 00:00:36.312 612 612 V AconfigFlags: Read Aconfig default flag value android.content.pm.introduce_media_processing_type = true
01-01 00:00:36.312 612 612 V AconfigFlags: Read Aconfig default flag value android.content.pm.lightweight_invisible_label_detection = true
01-01 00:00:36.312 612 612 V AconfigFlags: Read Aconfig default flag value android.content.pm.min_target_sdk_24 = true
01-01 00:00:36.312 612 612 V AconfigFlags: Read Aconfig default flag value android.content.pm.nullable_data_dir = true
01-01 00:00:36.312 612 612 V AconfigFlags: Read Aconfig default flag value android.content.pm.package_restart_query_disabled_by_default = true
01-01 00:00:36.312 612 612 V AconfigFlags: Read Aconfig default flag value android.content.pm.provide_info_of_apk_in_apex = true
01-01 00:00:36.312 612 612 V AconfigFlags: Read Aconfig default flag value android.content.pm.quarantined_enabled = false
01-01 00:00:36.312 612 612 V AconfigFlags: Read Aconfig default flag value android.content.pm.read_install_info = true
01-01 00:00:36.312 612 612 V AconfigFlags: Read Aconfig default flag value android.content.pm.recoverability_detection = true
01-01 00:00:36.312 612 612 V AconfigFlags: Read Aconfig default flag value android.content.pm.relative_reference_intent_filters = true
01-01 00:00:36.312 612 612 V AconfigFlags: Read Aconfig default flag value android.content.pm.restrict_nonpreloads_system_shareduids = true
01-01 00:00:36.312 612 612 V AconfigFlags: Read Aconfig default flag value android.content.pm.rollback_lifetime = true
01-01 00:00:36.312 612 612 V AconfigFlags: Read Aconfig default flag value android.content.pm.sdk_lib_independence = false
01-01 00:00:36.312 612 612 V AconfigFlags: Read Aconfig default flag value android.content.pm.set_pre_verified_domains = true
01-01 00:00:36.312 612 612 V AconfigFlags: Read Aconfig default flag value android.content.pm.stay_stopped = true
01-01 00:00:36.312 612 612 V AconfigFlags: Read Aconfig default flag value android.content.pm.use_art_service_v2 = true
01-01 00:00:36.312 612 612 V AconfigFlags: Read Aconfig default flag value android.content.pm.use_pia_v2 = false
01-01 00:00:36.312 612 612 V AconfigFlags: Read Aconfig default flag value android.content.pm.wait_application_killed = true
01-01 00:00:36.312 612 612 V AconfigFlags: Read Aconfig default flag value android.content.res.asset_file_descriptor_frro = true
01-01 00:00:36.312 612 612 V AconfigFlags: Read Aconfig default flag value android.content.res.default_locale = true
01-01 00:00:36.312 612 612 V AconfigFlags: Read Aconfig default flag value android.content.res.font_scale_converter_public = true
01-01 00:00:36.312 612 612 V AconfigFlags: Read Aconfig default flag value android.content.res.handle_all_config_changes = false
01-01 00:00:36.312 612 612 V AconfigFlags: Read Aconfig default flag value android.content.res.manifest_flagging = true
01-01 00:00:36.312 612 612 V AconfigFlags: Read Aconfig default flag value android.content.res.nine_patch_frro = true
01-01 00:00:36.312 612 612 V AconfigFlags: Read Aconfig default flag value android.content.res.register_resource_paths = true
01-01 00:00:36.312 612 612 V AconfigFlags: Read Aconfig default flag value android.crashrecovery.flags.allow_rescue_party_flag_resets = false
01-01 00:00:36.312 612 612 V AconfigFlags: Read Aconfig default flag value android.crashrecovery.flags.deprecate_flags_and_settings_resets = true
01-01 00:00:36.312 612 612 V AconfigFlags: Read Aconfig default flag value android.crashrecovery.flags.enable_crashrecovery = false
01-01 00:00:36.312 612 612 V AconfigFlags: Read Aconfig default flag value android.crashrecovery.flags.recoverability_detection = true
01-01 00:00:36.312 612 612 V AconfigFlags: Read Aconfig default flag value android.crashrecovery.flags.refactor_crashrecovery = false
01-01 00:00:36.312 612 612 V AconfigFlags: Read Aconfig default flag value android.credentials.flags.clear_credentials_fix_enabled = true
01-01 00:00:36.312 612 612 V AconfigFlags: Read Aconfig default flag value android.credentials.flags.clear_session_enabled = true
01-01 00:00:36.312 612 612 V AconfigFlags: Read Aconfig default flag value android.credentials.flags.configurable_selector_ui_enabled = true
01-01 00:00:36.312 612 612 V AconfigFlags: Read Aconfig default flag value android.credentials.flags.credman_biometric_api_enabled = true
01-01 00:00:36.312 612 612 V AconfigFlags: Read Aconfig default flag value android.credentials.flags.hybrid_filter_opt_fix_enabled = true
01-01 00:00:36.312 612 612 V AconfigFlags: Read Aconfig default flag value android.credentials.flags.instant_apps_enabled = true
01-01 00:00:36.312 612 612 V AconfigFlags: Read Aconfig default flag value android.credentials.flags.new_framework_metrics = false
01-01 00:00:36.312 612 612 V AconfigFlags: Read Aconfig default flag value android.credentials.flags.new_settings_intents = true
01-01 00:00:36.312 612 612 V AconfigFlags: Read Aconfig default flag value android.credentials.flags.new_settings_ui = true
01-01 00:00:36.312 612 612 V AconfigFlags: Read Aconfig default flag value android.credentials.flags.selector_ui_improvements_enabled = true
01-01 00:00:36.312 612 612 V AconfigFlags: Read Aconfig default flag value android.credentials.flags.settings_activity_enabled = true
01-01 00:00:36.312 612 612 V AconfigFlags: Read Aconfig default flag value android.credentials.flags.wear_credential_manager_enabled = true
01-01 00:00:36.312 612 612 V AconfigFlags: Read Aconfig default flag value android.database.sqlite.simple_sql_comment_scanner = true
01-01 00:00:36.313 612 612 V AconfigFlags: Read Aconfig default flag value android.database.sqlite.sqlite_allow_temp_tables = true
01-01 00:00:36.313 612 612 V AconfigFlags: Read Aconfig default flag value android.database.sqlite.sqlite_apis_35 = true
01-01 00:00:36.313 612 612 V AconfigFlags: Read Aconfig default flag value android.hardware.biometrics.add_key_agreement_crypto_object = false
01-01 00:00:36.313 612 612 V AconfigFlags: Read Aconfig default flag value android.hardware.biometrics.custom_biometric_prompt = true
01-01 00:00:36.313 612 612 V AconfigFlags: Read Aconfig default flag value android.hardware.biometrics.get_op_id_crypto_object = true
01-01 00:00:36.313 612 612 V AconfigFlags: Read Aconfig default flag value android.hardware.biometrics.last_authentication_time = true
01-01 00:00:36.313 612 612 V AconfigFlags: Read Aconfig default flag value android.hardware.biometrics.mandatory_biometrics = true
01-01 00:00:36.313 612 612 V AconfigFlags: Read Aconfig default flag value android.hardware.devicestate.feature.flags.device_state_property_api = true
01-01 00:00:36.313 612 612 V AconfigFlags: Read Aconfig default flag value android.hardware.devicestate.feature.flags.device_state_property_migration = false
01-01 00:00:36.313 612 612 V AconfigFlags: Read Aconfig default flag value android.hardware.devicestate.feature.flags.device_state_requester_cancel_state = true
01-01 00:00:36.313 612 612 V AconfigFlags: Read Aconfig default flag value android.hardware.flags.overlayproperties_class_api = true
01-01 00:00:36.313 612 612 V AconfigFlags: Read Aconfig default flag value android.hardware.radio.hd_radio_emergency_alert_system = false
01-01 00:00:36.313 612 612 V AconfigFlags: Read Aconfig default flag value android.hardware.radio.hd_radio_improved = true
01-01 00:00:36.313 612 612 V AconfigFlags: Read Aconfig default flag value android.hardware.usb.flags.enable_input_power_limited_warning = true
01-01 00:00:36.313 612 612 V AconfigFlags: Read Aconfig default flag value android.hardware.usb.flags.enable_interface_name_device_filter = true
01-01 00:00:36.313 612 612 V AconfigFlags: Read Aconfig default flag value android.hardware.usb.flags.enable_is_mode_change_supported_api = true
01-01 00:00:36.313 612 612 V AconfigFlags: Read Aconfig default flag value android.hardware.usb.flags.enable_is_pd_compliant_api = true
01-01 00:00:36.313 612 612 V AconfigFlags: Read Aconfig default flag value android.hardware.usb.flags.enable_report_usb_data_compliance_warning = true
01-01 00:00:36.313 612 612 V AconfigFlags: Read Aconfig default flag value android.hardware.usb.flags.enable_udc_sysfs_usb_state_update = false
01-01 00:00:36.313 612 612 V AconfigFlags: Read Aconfig default flag value android.hardware.usb.flags.enable_usb_data_compliance_warning = true
01-01 00:00:36.313 612 612 V AconfigFlags: Read Aconfig default flag value android.hardware.usb.flags.enable_usb_data_signal_staking = true
01-01 00:00:36.313 612 612 V AconfigFlags: Read Aconfig default flag value android.hardware.usb.flags.enable_usb_sysfs_midi_identification = false
01-01 00:00:36.313 612 612 V AconfigFlags: Read Aconfig default flag value android.location.flags.deprecate_provider_request_apis = false
01-01 00:00:36.313 612 612 V AconfigFlags: Read Aconfig default flag value android.location.flags.disable_stationary_throttling = true
01-01 00:00:36.313 612 612 V AconfigFlags: Read Aconfig default flag value android.location.flags.enable_location_bypass = true
01-01 00:00:36.313 612 612 V AconfigFlags: Read Aconfig default flag value android.location.flags.enable_ni_supl_message_injection_by_carrier_config = false
01-01 00:00:36.313 612 612 V AconfigFlags: Read Aconfig default flag value android.location.flags.enable_ni_supl_message_injection_by_carrier_config_bugfix = false
01-01 00:00:36.313 612 612 V AconfigFlags: Read Aconfig default flag value android.location.flags.fix_service_watcher = true
01-01 00:00:36.313 612 612 V AconfigFlags: Read Aconfig default flag value android.location.flags.geoid_heights_via_altitude_hal = true
01-01 00:00:36.313 612 612 V AconfigFlags: Read Aconfig default flag value android.location.flags.gnss_api_measurement_request_work_source = true
01-01 00:00:36.313 612 612 V AconfigFlags: Read Aconfig default flag value android.location.flags.gnss_api_navic_l1 = true
01-01 00:00:36.313 612 612 V AconfigFlags: Read Aconfig default flag value android.location.flags.gnss_configuration_from_resource = true
01-01 00:00:36.313 612 612 V AconfigFlags: Read Aconfig default flag value android.location.flags.keep_gnss_stationary_throttling = false
01-01 00:00:36.313 612 612 V AconfigFlags: Read Aconfig default flag value android.location.flags.location_bypass = true
01-01 00:00:36.313 612 612 V AconfigFlags: Read Aconfig default flag value android.location.flags.location_validation = true
01-01 00:00:36.313 612 612 V AconfigFlags: Read Aconfig default flag value android.location.flags.new_geocoder = true
01-01 00:00:36.313 612 612 V AconfigFlags: Read Aconfig default flag value android.location.flags.release_supl_connection_on_timeout = true
01-01 00:00:36.313 612 612 V AconfigFlags: Read Aconfig default flag value android.location.flags.replace_future_elapsed_realtime_jni = true
01-01 00:00:36.313 612 612 V AconfigFlags: Read Aconfig default flag value android.location.flags.subscriptions_changed_listener_thread = true
01-01 00:00:36.313 612 612 V AconfigFlags: Read Aconfig default flag value android.location.flags.use_legacy_ntp_time = false
01-01 00:00:36.314 612 612 V AconfigFlags: Read Aconfig default flag value android.media.audio.auto_public_volume_api_hardening = false
01-01 00:00:36.314 612 612 V AconfigFlags: Read Aconfig default flag value android.media.audio.automatic_bt_device_type = true
01-01 00:00:36.314 612 612 V AconfigFlags: Read Aconfig default flag value android.media.audio.enable_ringtone_haptics_customization = false
01-01 00:00:36.314 612 612 V AconfigFlags: Read Aconfig default flag value android.media.audio.feature_spatial_audio_headtracking_low_latency = false
01-01 00:00:36.314 612 612 V AconfigFlags: Read Aconfig default flag value android.media.audio.focus_exclusive_with_recording = true
01-01 00:00:36.314 612 612 V AconfigFlags: Read Aconfig default flag value android.media.audio.focus_freeze_test_api = true
01-01 00:00:36.314 612 612 V AconfigFlags: Read Aconfig default flag value android.media.audio.foreground_audio_control = false
01-01 00:00:36.314 612 612 V AconfigFlags: Read Aconfig default flag value android.media.audio.loudness_configurator_api = true
01-01 00:00:36.314 612 612 V AconfigFlags: Read Aconfig default flag value android.media.audio.mute_background_audio = false
01-01 00:00:36.314 612 612 V AconfigFlags: Read Aconfig default flag value android.media.audio.muted_by_port_volume_api = false
01-01 00:00:36.314 612 612 V AconfigFlags: Read Aconfig default flag value android.media.audio.ro_foreground_audio_control = true
01-01 00:00:36.314 612 612 V AconfigFlags: Read Aconfig default flag value android.media.audio.ro_volume_ringer_api_hardening = false
01-01 00:00:36.314 612 612 V AconfigFlags: Read Aconfig default flag value android.media.audio.sco_managed_by_audio = false
01-01 00:00:36.314 612 612 V AconfigFlags: Read Aconfig default flag value android.media.audio.supported_device_types_api = true
01-01 00:00:36.314 612 612 V AconfigFlags: Read Aconfig default flag value android.media.audio.volume_ringer_api_hardening = false
01-01 00:00:36.314 612 612 V AconfigFlags: Read Aconfig default flag value android.media.audiopolicy.audio_mix_ownership = true
01-01 00:00:36.314 612 612 V AconfigFlags: Read Aconfig default flag value android.media.audiopolicy.audio_mix_policy_ordering = false
01-01 00:00:36.314 612 612 V AconfigFlags: Read Aconfig default flag value android.media.audiopolicy.audio_mix_test_api = true
01-01 00:00:36.314 612 612 V AconfigFlags: Read Aconfig default flag value android.media.audiopolicy.audio_policy_update_mixing_rules_api = true
01-01 00:00:36.314 612 612 V AconfigFlags: Read Aconfig default flag value android.media.audiopolicy.enable_fade_manager_configuration = true
01-01 00:00:36.314 612 612 V AconfigFlags: Read Aconfig default flag value android.media.audiopolicy.multi_zone_audio = false
01-01 00:00:36.314 612 612 V AconfigFlags: Read Aconfig default flag value android.media.audiopolicy.record_audio_device_aware_permission = true
01-01 00:00:36.314 612 612 V AconfigFlags: Read Aconfig default flag value android.media.codec.aidl_hal_input_surface = false
01-01 00:00:36.314 612 612 V AconfigFlags: Read Aconfig default flag value android.media.codec.dataspace_v0_partial = false
01-01 00:00:36.314 612 612 V AconfigFlags: Read Aconfig default flag value android.media.codec.dynamic_color_aspects = true
01-01 00:00:36.314 612 612 V AconfigFlags: Read Aconfig default flag value android.media.codec.hlg_editing = true
01-01 00:00:36.314 612 612 V AconfigFlags: Read Aconfig default flag value android.media.codec.in_process_sw_audio_codec = false
01-01 00:00:36.314 612 612 V AconfigFlags: Read Aconfig default flag value android.media.codec.in_process_sw_audio_codec_support = false
01-01 00:00:36.314 612 612 V AconfigFlags: Read Aconfig default flag value android.media.codec.input_surface_throttle = true
01-01 00:00:36.314 612 612 V AconfigFlags: Read Aconfig default flag value android.media.codec.large_audio_frame_finish = true
01-01 00:00:36.314 612 612 V AconfigFlags: Read Aconfig default flag value android.media.codec.native_capabilites = false
01-01 00:00:36.314 612 612 V AconfigFlags: Read Aconfig default flag value android.media.codec.null_output_surface = true
01-01 00:00:36.314 612 612 V AconfigFlags: Read Aconfig default flag value android.media.codec.null_output_surface_support = true
01-01 00:00:36.314 612 612 V AconfigFlags: Read Aconfig default flag value android.media.codec.region_of_interest = true
01-01 00:00:36.314 612 612 V AconfigFlags: Read Aconfig default flag value android.media.codec.region_of_interest_support = true
01-01 00:00:36.315 612 612 V AconfigFlags: Read Aconfig default flag value android.media.codec.secure_codecs_require_crypto = false
01-01 00:00:36.315 612 612 V AconfigFlags: Read Aconfig default flag value android.media.codec.set_callback_stall = false
01-01 00:00:36.315 612 612 V AconfigFlags: Read Aconfig default flag value android.media.codec.set_state_early = true
01-01 00:00:36.315 612 612 V AconfigFlags: Read Aconfig default flag value android.media.codec.stop_hal_before_surface = true
01-01 00:00:36.315 612 612 V AconfigFlags: Read Aconfig default flag value android.media.codec.teamfood = false
01-01 00:00:36.315 612 612 V AconfigFlags: Read Aconfig default flag value android.media.codec.thumbnail_block_model = false
01-01 00:00:36.315 612 612 V AconfigFlags: Read Aconfig default flag value android.media.midi.virtual_ump = true
01-01 00:00:36.315 612 612 V AconfigFlags: Read Aconfig default flag value android.media.soundtrigger.generic_model_api = false
01-01 00:00:36.315 612 612 V AconfigFlags: Read Aconfig default flag value android.media.soundtrigger.manager_api = false
01-01 00:00:36.315 612 612 V AconfigFlags: Read Aconfig default flag value android.media.tv.flags.broadcast_visibility_types = false
01-01 00:00:36.315 612 612 V AconfigFlags: Read Aconfig default flag value android.media.tv.flags.enable_ad_service_fw = false
01-01 00:00:36.315 612 612 V AconfigFlags: Read Aconfig default flag value android.media.tv.flags.hdmi_control_enhanced_behavior = false
01-01 00:00:36.315 612 612 V AconfigFlags: Read Aconfig default flag value android.media.tv.flags.kids_mode_tvdb_sharing = false
01-01 00:00:36.315 612 612 V AconfigFlags: Read Aconfig default flag value android.media.tv.flags.tiaf_v_apis = false
01-01 00:00:36.315 612 612 V AconfigFlags: Read Aconfig default flag value android.media.tv.flags.tif_unbind_inactive_tis = false
01-01 00:00:36.315 612 612 V AconfigFlags: Read Aconfig default flag value android.media.tv.flags.tuner_w_apis = false
01-01 00:00:36.315 612 612 V AconfigFlags: Read Aconfig default flag value android.multiuser.add_ui_for_sounds_from_background_users = true
01-01 00:00:36.315 612 612 V AconfigFlags: Read Aconfig default flag value android.multiuser.allow_main_user_to_access_blocked_number_provider = true
01-01 00:00:36.315 612 612 V AconfigFlags: Read Aconfig default flag value android.multiuser.allow_resolver_sheet_for_private_space = true
01-01 00:00:36.315 612 612 V AconfigFlags: Read Aconfig default flag value android.multiuser.avatar_sync = true
01-01 00:00:36.315 612 612 V AconfigFlags: Read Aconfig default flag value android.multiuser.bind_wallpaper_service_on_its_own_thread_during_a_user_switch = true
01-01 00:00:36.315 612 612 V AconfigFlags: Read Aconfig default flag value android.multiuser.block_private_space_creation = true
01-01 00:00:36.315 612 612 V AconfigFlags: Read Aconfig default flag value android.multiuser.cache_profile_parent = false
01-01 00:00:36.315 612 612 V AconfigFlags: Read Aconfig default flag value android.multiuser.cache_quiet_mode_state = true
01-01 00:00:36.315 612 612 V AconfigFlags: Read Aconfig default flag value android.multiuser.cache_user_serial_number = true
01-01 00:00:36.315 612 612 V AconfigFlags: Read Aconfig default flag value android.multiuser.cache_user_serial_number_read_only = true
01-01 00:00:36.315 612 612 V AconfigFlags: Read Aconfig default flag value android.multiuser.caches_not_invalidated_at_start_read_only = true
01-01 00:00:36.315 612 612 V AconfigFlags: Read Aconfig default flag value android.multiuser.caching_development_improvements = false
01-01 00:00:36.315 612 612 V AconfigFlags: Read Aconfig default flag value android.multiuser.delete_private_space_from_reset = true
01-01 00:00:36.315 612 612 V AconfigFlags: Read Aconfig default flag value android.multiuser.disable_private_space_items_on_home = true
01-01 00:00:36.315 612 612 V AconfigFlags: Read Aconfig default flag value android.multiuser.enable_biometrics_to_unlock_private_space = true
01-01 00:00:36.315 612 612 V AconfigFlags: Read Aconfig default flag value android.multiuser.enable_hiding_profiles = true
01-01 00:00:36.315 612 612 V AconfigFlags: Read Aconfig default flag value android.multiuser.enable_launcher_apps_hidden_profile_checks = true
01-01 00:00:36.315 612 612 V AconfigFlags: Read Aconfig default flag value android.multiuser.enable_permission_to_access_hidden_profiles = true
01-01 00:00:36.315 612 612 V AconfigFlags: Read Aconfig default flag value android.multiuser.enable_private_space_autolock_on_restarts = true
01-01 00:00:36.316 612 612 V AconfigFlags: Read Aconfig default flag value android.multiuser.enable_private_space_features = true
01-01 00:00:36.316 612 612 V AconfigFlags: Read Aconfig default flag value android.multiuser.enable_private_space_intent_redirection = true
01-01 00:00:36.316 612 612 V AconfigFlags: Read Aconfig default flag value android.multiuser.enable_ps_sensitive_notifications_toggle = true
01-01 00:00:36.316 612 612 V AconfigFlags: Read Aconfig default flag value android.multiuser.enable_system_user_only_for_services_and_providers = true
01-01 00:00:36.316 612 612 V AconfigFlags: Read Aconfig default flag value android.multiuser.fix_avatar_concurrent_file_write = true
01-01 00:00:36.316 612 612 V AconfigFlags: Read Aconfig default flag value android.multiuser.fix_avatar_content_provider_null_authority = false
01-01 00:00:36.316 612 612 V AconfigFlags: Read Aconfig default flag value android.multiuser.fix_avatar_cross_user_leak = false
01-01 00:00:36.316 612 612 V AconfigFlags: Read Aconfig default flag value android.multiuser.fix_avatar_picker_not_responding_for_new_user = true
01-01 00:00:36.316 612 612 V AconfigFlags: Read Aconfig default flag value android.multiuser.fix_avatar_picker_read_back_order = true
01-01 00:00:36.316 612 612 V AconfigFlags: Read Aconfig default flag value android.multiuser.fix_avatar_picker_selected_read_back = true
01-01 00:00:36.316 612 612 V AconfigFlags: Read Aconfig default flag value android.multiuser.fix_disabling_of_mu_toggle_when_restriction_applied = true
01-01 00:00:36.316 612 612 V AconfigFlags: Read Aconfig default flag value android.multiuser.fix_get_user_property_cache = true
01-01 00:00:36.316 612 612 V AconfigFlags: Read Aconfig default flag value android.multiuser.fix_large_display_private_space_settings = false
01-01 00:00:36.316 612 612 V AconfigFlags: Read Aconfig default flag value android.multiuser.handle_interleaved_settings_for_private_space = true
01-01 00:00:36.316 612 612 V AconfigFlags: Read Aconfig default flag value android.multiuser.modify_private_space_secondary_unlock_setup_flow = false
01-01 00:00:36.316 612 612 V AconfigFlags: Read Aconfig default flag value android.multiuser.move_quiet_mode_operations_to_separate_thread = true
01-01 00:00:36.316 612 612 V AconfigFlags: Read Aconfig default flag value android.multiuser.new_multiuser_settings_ux = true
01-01 00:00:36.316 612 612 V AconfigFlags: Read Aconfig default flag value android.multiuser.private_space_search_illustration_config = false
01-01 00:00:36.316 612 612 V AconfigFlags: Read Aconfig default flag value android.multiuser.reorder_wallpaper_during_user_switch = true
01-01 00:00:36.316 612 612 V AconfigFlags: Read Aconfig default flag value android.multiuser.restrict_quiet_mode_credential_bug_fix_to_managed_profiles = true
01-01 00:00:36.316 612 612 V AconfigFlags: Read Aconfig default flag value android.multiuser.save_global_and_guest_restrictions_on_system_user_xml = false
01-01 00:00:36.316 612 612 V AconfigFlags: Read Aconfig default flag value android.multiuser.save_global_and_guest_restrictions_on_system_user_xml_read_only = true
01-01 00:00:36.316 612 612 V AconfigFlags: Read Aconfig default flag value android.multiuser.schedule_stop_of_background_user = false
01-01 00:00:36.316 612 612 V AconfigFlags: Read Aconfig default flag value android.multiuser.set_power_mode_during_user_switch = true
01-01 00:00:36.316 612 612 V AconfigFlags: Read Aconfig default flag value android.multiuser.show_different_creation_error_for_unsupported_devices = false
01-01 00:00:36.316 612 612 V AconfigFlags: Read Aconfig default flag value android.multiuser.show_set_screen_lock_dialog = true
01-01 00:00:36.316 612 612 V AconfigFlags: Read Aconfig default flag value android.multiuser.start_user_before_scheduled_alarms = false
01-01 00:00:36.316 612 612 V AconfigFlags: Read Aconfig default flag value android.multiuser.stop_previous_user_apps = false
01-01 00:00:36.316 612 612 V AconfigFlags: Read Aconfig default flag value android.multiuser.support_autolock_for_private_space = true
01-01 00:00:36.316 612 612 V AconfigFlags: Read Aconfig default flag value android.multiuser.support_communal_profile = false
01-01 00:00:36.316 612 612 V AconfigFlags: Read Aconfig default flag value android.multiuser.support_communal_profile_nextgen = false
01-01 00:00:36.316 612 612 V AconfigFlags: Read Aconfig default flag value android.multiuser.unicorn_mode_refactoring_for_hsum_read_only = true
01-01 00:00:36.316 612 612 V AconfigFlags: Read Aconfig default flag value android.multiuser.use_all_cpus_during_user_switch = true
01-01 00:00:36.316 612 612 V AconfigFlags: Read Aconfig default flag value android.multiuser.use_private_space_icon_in_biometric_prompt = true
01-01 00:00:36.316 612 612 V AconfigFlags: Read Aconfig default flag value android.net.platform.flags.deprecate_network_policy_callback = false
01-01 00:00:36.316 612 612 V AconfigFlags: Read Aconfig default flag value android.net.platform.flags.ipsec_transform_state = false
01-01 00:00:36.317 612 612 V AconfigFlags: Read Aconfig default flag value android.net.platform.flags.powered_off_finding_platform = true
01-01 00:00:36.317 612 612 V AconfigFlags: Read Aconfig default flag value android.net.platform.flags.register_nsd_offload_engine = false
01-01 00:00:36.317 612 612 V AconfigFlags: Read Aconfig default flag value android.net.vcn.enforce_main_user = true
01-01 00:00:36.317 612 612 V AconfigFlags: Read Aconfig default flag value android.net.vcn.evaluate_ipsec_loss_on_lp_nc_change = true
01-01 00:00:36.317 612 612 V AconfigFlags: Read Aconfig default flag value android.net.vcn.handle_seq_num_leap = true
01-01 00:00:36.317 612 612 V AconfigFlags: Read Aconfig default flag value android.net.vcn.network_metric_monitor = true
01-01 00:00:36.317 612 612 V AconfigFlags: Read Aconfig default flag value android.net.vcn.safe_mode_config = true
01-01 00:00:36.317 612 612 V AconfigFlags: Read Aconfig default flag value android.net.vcn.safe_mode_timeout_config = true
01-01 00:00:36.317 612 612 V AconfigFlags: Read Aconfig default flag value android.net.vcn.validate_network_on_ipsec_loss = true
01-01 00:00:36.317 612 612 V AconfigFlags: Read Aconfig default flag value android.net.wifi.flags.get_device_cross_akm_roaming_support = true
01-01 00:00:36.317 612 612 V AconfigFlags: Read Aconfig default flag value android.net.wifi.flags.hotspot_network_connecting_state_for_details_page = false
01-01 00:00:36.317 612 612 V AconfigFlags: Read Aconfig default flag value android.net.wifi.flags.hotspot_network_unknown_status_resets_connecting_state = false
01-01 00:00:36.317 612 612 V AconfigFlags: Read Aconfig default flag value android.net.wifi.flags.legacy_keystore_to_wifi_blobstore_migration_read_only = false
01-01 00:00:36.317 612 612 V AconfigFlags: Read Aconfig default flag value android.net.wifi.flags.network_provider_battery_charging_status = true
01-01 00:00:36.317 612 612 V AconfigFlags: Read Aconfig default flag value android.nfc.enable_card_emulation_euicc = false
01-01 00:00:36.317 612 612 V AconfigFlags: Read Aconfig default flag value android.nfc.enable_nfc_charging = false
01-01 00:00:36.317 612 612 V AconfigFlags: Read Aconfig default flag value android.nfc.enable_nfc_mainline = true
01-01 00:00:36.317 612 612 V AconfigFlags: Read Aconfig default flag value android.nfc.enable_nfc_reader_option = true
01-01 00:00:36.317 612 612 V AconfigFlags: Read Aconfig default flag value android.nfc.enable_nfc_set_discovery_tech = true
01-01 00:00:36.317 612 612 V AconfigFlags: Read Aconfig default flag value android.nfc.enable_nfc_user_restriction = true
01-01 00:00:36.317 612 612 V AconfigFlags: Read Aconfig default flag value android.nfc.enable_tag_detection_broadcasts = false
01-01 00:00:36.317 612 612 V AconfigFlags: Read Aconfig default flag value android.nfc.nfc_action_manage_services_settings = false
01-01 00:00:36.317 612 612 V AconfigFlags: Read Aconfig default flag value android.nfc.nfc_event_listener = false
01-01 00:00:36.317 612 612 V AconfigFlags: Read Aconfig default flag value android.nfc.nfc_observe_mode = true
01-01 00:00:36.317 612 612 V AconfigFlags: Read Aconfig default flag value android.nfc.nfc_observe_mode_st_shim = true
01-01 00:00:36.317 612 612 V AconfigFlags: Read Aconfig default flag value android.nfc.nfc_oem_extension = false
01-01 00:00:36.317 612 612 V AconfigFlags: Read Aconfig default flag value android.nfc.nfc_override_recover_routing_table = false
01-01 00:00:36.317 612 612 V AconfigFlags: Read Aconfig default flag value android.nfc.nfc_persist_log = false
01-01 00:00:36.317 612 612 V AconfigFlags: Read Aconfig default flag value android.nfc.nfc_read_polling_loop = true
01-01 00:00:36.317 612 612 V AconfigFlags: Read Aconfig default flag value android.nfc.nfc_read_polling_loop_st_shim = true
01-01 00:00:36.317 612 612 V AconfigFlags: Read Aconfig default flag value android.nfc.nfc_set_default_disc_tech = false
01-01 00:00:36.317 612 612 V AconfigFlags: Read Aconfig default flag value android.nfc.nfc_state_change = false
01-01 00:00:36.317 612 612 V AconfigFlags: Read Aconfig default flag value android.nfc.nfc_vendor_cmd = true
01-01 00:00:36.318 612 612 V AconfigFlags: Read Aconfig default flag value android.nfc.nfc_watchdog = false
01-01 00:00:36.318 612 612 V AconfigFlags: Read Aconfig default flag value android.os.adpf_gpu_report_actual_work_duration = true
01-01 00:00:36.318 612 612 V AconfigFlags: Read Aconfig default flag value android.os.adpf_hwui_gpu = false
01-01 00:00:36.318 612 612 V AconfigFlags: Read Aconfig default flag value android.os.adpf_measure_during_input_event_boost = true
01-01 00:00:36.318 612 612 V AconfigFlags: Read Aconfig default flag value android.os.adpf_obtainview_boost = false
01-01 00:00:36.318 612 612 V AconfigFlags: Read Aconfig default flag value android.os.adpf_platform_power_efficiency = false
01-01 00:00:36.318 612 612 V AconfigFlags: Read Aconfig default flag value android.os.adpf_prefer_power_efficiency = true
01-01 00:00:36.318 612 612 V AconfigFlags: Read Aconfig default flag value android.os.adpf_use_fmq_channel = true
01-01 00:00:36.318 612 612 V AconfigFlags: Read Aconfig default flag value android.os.adpf_use_fmq_channel_fixed = false
01-01 00:00:36.318 612 612 V AconfigFlags: Read Aconfig default flag value android.os.allow_consentless_bugreport_delegated_consent = false
01-01 00:00:36.318 612 612 V AconfigFlags: Read Aconfig default flag value android.os.allow_private_profile = true
01-01 00:00:36.318 612 612 V AconfigFlags: Read Aconfig default flag value android.os.allow_thermal_headroom_thresholds = true
01-01 00:00:36.318 612 612 V AconfigFlags: Read Aconfig default flag value android.os.android_os_build_vanilla_ice_cream = false
01-01 00:00:36.318 612 612 V AconfigFlags: Read Aconfig default flag value android.os.battery_part_status_api = true
01-01 00:00:36.318 612 612 V AconfigFlags: Read Aconfig default flag value android.os.battery_saver_supported_check_api = false
01-01 00:00:36.318 612 612 V AconfigFlags: Read Aconfig default flag value android.os.battery_service_support_current_adb_command = false
01-01 00:00:36.318 612 612 V AconfigFlags: Read Aconfig default flag value android.os.binder_frozen_state_change_callback = false
01-01 00:00:36.318 612 612 V AconfigFlags: Read Aconfig default flag value android.os.disallow_cellular_null_ciphers_restriction = false
01-01 00:00:36.318 612 612 V AconfigFlags: Read Aconfig default flag value android.os.get_private_space_settings = false
01-01 00:00:36.318 612 612 V AconfigFlags: Read Aconfig default flag value android.os.mainline_vcn_platform_api = false
01-01 00:00:36.318 612 612 V AconfigFlags: Read Aconfig default flag value android.os.message_queue_tail_tracking = true
01-01 00:00:36.318 612 612 V AconfigFlags: Read Aconfig default flag value android.os.ordered_broadcast_multiple_permissions = false
01-01 00:00:36.318 612 612 V AconfigFlags: Read Aconfig default flag value android.os.perfetto_sdk_tracing = false
01-01 00:00:36.318 612 612 V AconfigFlags: Read Aconfig default flag value android.os.remove_app_profiler_pss_collection = true
01-01 00:00:36.318 612 612 V AconfigFlags: Read Aconfig default flag value android.os.security_state_service = true
01-01 00:00:36.318 612 612 V AconfigFlags: Read Aconfig default flag value android.os.state_of_health_public = false
01-01 00:00:36.318 612 612 V AconfigFlags: Read Aconfig default flag value android.os.storage_lifetime_api = true
01-01 00:00:36.318 612 612 V AconfigFlags: Read Aconfig default flag value android.os.strict_mode_restricted_network = false
01-01 00:00:36.318 612 612 V AconfigFlags: Read Aconfig default flag value android.os.telemetry_apis_framework_initialization = true
01-01 00:00:36.318 612 612 V AconfigFlags: Read Aconfig default flag value android.os.vibrator.adaptive_haptics_enabled = true
01-01 00:00:36.318 612 612 V AconfigFlags: Read Aconfig default flag value android.os.vibrator.cancel_by_appops = true
01-01 00:00:36.318 612 612 V AconfigFlags: Read Aconfig default flag value android.os.vibrator.fix_audio_coupled_haptics_scaling = false
01-01 00:00:36.318 612 612 V AconfigFlags: Read Aconfig default flag value android.os.vibrator.haptic_feedback_input_source_customization_enabled = false
01-01 00:00:36.318 612 612 V AconfigFlags: Read Aconfig default flag value android.os.vibrator.haptic_feedback_vibration_oem_customization_enabled = true
01-01 00:00:36.319 612 612 V AconfigFlags: Read Aconfig default flag value android.os.vibrator.haptics_scale_v2_enabled = false
01-01 00:00:36.319 612 612 V AconfigFlags: Read Aconfig default flag value android.os.vibrator.load_haptic_feedback_vibration_customization_from_resources = false
01-01 00:00:36.319 612 612 V AconfigFlags: Read Aconfig default flag value android.os.vibrator.normalized_pwle_effects = false
01-01 00:00:36.319 612 612 V AconfigFlags: Read Aconfig default flag value android.os.vibrator.throttle_vibration_params_requests = true
01-01 00:00:36.319 612 612 V AconfigFlags: Read Aconfig default flag value android.os.vibrator.vendor_vibration_effects = false
01-01 00:00:36.319 612 612 V AconfigFlags: Read Aconfig default flag value android.os.vibrator.vibration_attribute_ime_usage_api = false
01-01 00:00:36.319 612 612 V AconfigFlags: Read Aconfig default flag value android.os.vibrator.vibration_xml_apis = false
01-01 00:00:36.319 612 612 V AconfigFlags: Read Aconfig default flag value android.permission.flags.apex_signature_permission_allowlist_enabled = true
01-01 00:00:36.319 612 612 V AconfigFlags: Read Aconfig default flag value android.permission.flags.appop_access_tracking_logging_enabled = false
01-01 00:00:36.319 612 612 V AconfigFlags: Read Aconfig default flag value android.permission.flags.check_op_validate_package = false
01-01 00:00:36.319 612 612 V AconfigFlags: Read Aconfig default flag value android.permission.flags.device_aware_app_op_new_schema_enabled = false
01-01 00:00:36.319 612 612 V AconfigFlags: Read Aconfig default flag value android.permission.flags.device_aware_permission_apis_enabled = true
01-01 00:00:36.319 612 612 V AconfigFlags: Read Aconfig default flag value android.permission.flags.device_aware_permissions_enabled = true
01-01 00:00:36.319 612 612 V AconfigFlags: Read Aconfig default flag value android.permission.flags.device_id_in_op_proxy_info_enabled = false
01-01 00:00:36.319 612 612 V AconfigFlags: Read Aconfig default flag value android.permission.flags.dont_remove_existing_uid_states = true
01-01 00:00:36.319 612 612 V AconfigFlags: Read Aconfig default flag value android.permission.flags.enhanced_confirmation_mode_apis_enabled = true
01-01 00:00:36.319 612 612 V AconfigFlags: Read Aconfig default flag value android.permission.flags.factory_reset_prep_permission_apis = true
01-01 00:00:36.319 612 612 V AconfigFlags: Read Aconfig default flag value android.permission.flags.finish_running_ops_for_killed_packages = true
01-01 00:00:36.319 612 612 V AconfigFlags: Read Aconfig default flag value android.permission.flags.get_emergency_role_holder_api_enabled = true
01-01 00:00:36.319 612 612 V AconfigFlags: Read Aconfig default flag value android.permission.flags.ignore_process_text = false
01-01 00:00:36.319 612 612 V AconfigFlags: Read Aconfig default flag value android.permission.flags.location_bypass_privacy_dashboard_enabled = true
01-01 00:00:36.319 612 612 V AconfigFlags: Read Aconfig default flag value android.permission.flags.op_enable_mobile_data_by_user = true
