01-01 00:00:39.447 612 612 I PackageManager: Finished scanning non-system apps. Time: 1 ms, packageCount: 0 , timePerPackage: 0 , cached: 0
01-01 00:00:39.449 612 612 W PackageManager: There should probably be a verifier, but, none were found
01-01 00:00:39.452 612 612 W PackageManager: Missing required system package: .
01-01 00:00:39.453 612 612 W PackageManager: Missing required system package: .
01-01 00:00:39.461 612 612 I PackageManager: Time to scan packages: 3.24 seconds
01-01 00:00:39.605 612 612 W AppIdPermissionPolicy: Ignoring permission android.permission.ACCESS_ADSERVICES_TOPICS declared in system package com.android.adservices.api: already declared in another system package android.ext.services
01-01 00:00:39.605 612 612 W AppIdPermissionPolicy: Ignoring permission android.permission.ACCESS_ADSERVICES_ATTRIBUTION declared in system package com.android.adservices.api: already declared in another system package android.ext.services
01-01 00:00:39.605 612 612 W AppIdPermissionPolicy: Ignoring permission android.permission.ACCESS_ADSERVICES_CUSTOM_AUDIENCE declared in system package com.android.adservices.api: already declared in another system package android.ext.services
01-01 00:00:39.605 612 612 W AppIdPermissionPolicy: Ignoring permission android.permission.ACCESS_ADSERVICES_AD_SELECTION declared in system package com.android.adservices.api: already declared in another system package android.ext.services
01-01 00:00:39.605 612 612 W AppIdPermissionPolicy: Ignoring permission android.permission.ACCESS_ADSERVICES_PROTECTED_SIGNALS declared in system package com.android.adservices.api: already declared in another system package android.ext.services
01-01 00:00:39.605 612 612 W AppIdPermissionPolicy: Ignoring permission android.permission.ACCESS_ADSERVICES_AD_ID declared in system package com.android.adservices.api: already declared in another system package android.ext.services
01-01 00:00:39.651 612 612 V PackageManager: reconcileAppsData for null u0 0x1 migrateAppData=true
01-01 00:00:39.653 451 457 W ServiceManagerCppClient: Service statscompanion didn't start. Returning NULL
01-01 00:00:39.653 451 457 E statsd : Uid 1000 does not have the android.permission.REGISTER_STATS_PULL_ATOM permission when registering atom 10205 (-1)
01-01 00:00:39.671 492 563 D AudioSystem: getService: waiting for media.audio_policy
01-01 00:00:39.681 521 534 I SELinux : SELinux: Loaded file context from:
01-01 00:00:39.681 521 534 I SELinux : /system/etc/selinux/plat_file_contexts
01-01 00:00:39.681 521 534 I SELinux : /system_ext/etc/selinux/system_ext_file_contexts
01-01 00:00:39.681 521 534 I SELinux : /product/etc/selinux/product_file_contexts
01-01 00:00:39.681 521 534 I SELinux : /vendor/etc/selinux/vendor_file_contexts
01-01 00:00:39.786 612 612 V PackageManager: reconcileAppsData finished 24 packages
01-01 00:00:39.787 612 612 D PackageManagerTiming: write settings
01-01 00:00:39.788 612 689 D SystemServerTimingAsync: InitThreadPoolExec:prepareAppData
01-01 00:00:39.788 612 689 D SystemServerInitThreadPool: Started executing prepareAppData
01-01 00:00:39.830 612 612 I SELinux : SELinux: Loaded file context from:
01-01 00:00:39.830 612 612 I SELinux : /system/etc/selinux/plat_file_contexts
01-01 00:00:39.830 612 612 I SELinux : /system_ext/etc/selinux/system_ext_file_contexts
01-01 00:00:39.830 612 612 I SELinux : /product/etc/selinux/product_file_contexts
01-01 00:00:39.830 612 612 I SELinux : /vendor/etc/selinux/vendor_file_contexts
01-01 00:00:39.846 612 612 V PackageManagerTiming: write settings took to complete: 59ms
01-01 00:00:39.849 612 612 W PackageManager: Domain verification agent not found
01-01 00:00:39.858 612 612 D PackageManager: Ephemeral resolver NOT found; no matching intent filters
01-01 00:00:39.858 612 612 D PackageManager: Instant App installer not found with android.intent.action.INSTALL_INSTANT_APP_PACKAGE
01-01 00:00:39.858 612 612 D PackageManager: Clear ephemeral installer activity
01-01 00:00:39.867 612 612 I PackageManager: Fix for b/169414761 is applied
01-01 00:00:39.867 612 612 V PackageManagerTiming: create package manager took to complete: 4037ms
01-01 00:00:39.868 612 612 V UserSystemPackageInstaller: Checking that all system packages are whitelisted.
01-01 00:00:39.871 612 612 W UserSystemPackageInstaller: checkWhitelistedSystemPackages(mode=d) has 55 warnings:
01-01 00:00:39.871 612 612 W UserSystemPackageInstaller: com.android.theme.color.amethyst is allowlisted but not present.
01-01 00:00:39.871 612 612 W UserSystemPackageInstaller: com.android.theme.icon.pebble is allowlisted but not present.
01-01 00:00:39.872 612 612 W UserSystemPackageInstaller: com.android.internal.systemui.navbar.gestural_wide_back is allowlisted but not present.
01-01 00:00:39.872 612 612 W UserSystemPackageInstaller: com.android.theme.color.sand is allowlisted but not present.
01-01 00:00:39.872 612 612 W UserSystemPackageInstaller: com.android.theme.icon.vessel is allowlisted but not present.
01-01 00:00:39.872 612 612 W UserSystemPackageInstaller: com.android.theme.color.cinnamon is allowlisted but not present.
01-01 00:00:39.872 612 612 W UserSystemPackageInstaller: com.android.theme.icon_pack.victor.settings is allowlisted but not present.
01-01 00:00:39.872 612 612 W UserSystemPackageInstaller: com.android.theme.icon_pack.rounded.systemui is allowlisted but not present.
01-01 00:00:39.872 612 612 W UserSystemPackageInstaller: com.android.theme.icon.taperedrect is allowlisted but not present.
01-01 00:00:39.872 612 612 W UserSystemPackageInstaller: com.android.theme.icon_pack.rounded.android is allowlisted but not present.
01-01 00:00:39.872 612 612 W UserSystemPackageInstaller: com.android.internal.systemui.onehanded.gestural is allowlisted but not present.
01-01 00:00:39.872 612 612 W UserSystemPackageInstaller: com.android.theme.icon_pack.victor.systemui is allowlisted but not present.
01-01 00:00:39.872 612 612 W UserSystemPackageInstaller: com.android.theme.icon_pack.circular.themepicker is allowlisted but not present.
01-01 00:00:39.872 612 612 W UserSystemPackageInstaller: com.android.avatarpicker is allowlisted but not present.
01-01 00:00:39.872 612 612 W UserSystemPackageInstaller: com.android.theme.color.tangerine is allowlisted but not present.
01-01 00:00:39.872 612 612 W UserSystemPackageInstaller: com.android.theme.color.aquamarine is allowlisted but not present.
01-01 00:00:39.872 612 612 W UserSystemPackageInstaller: com.android.theme.color.black is allowlisted but not present.
01-01 00:00:39.872 612 612 W UserSystemPackageInstaller: com.android.theme.color.green is allowlisted but not present.
01-01 00:00:39.872 612 612 W UserSystemPackageInstaller: com.android.theme.color.ocean is allowlisted but not present.
01-01 00:00:39.872 612 612 W UserSystemPackageInstaller: com.android.theme.color.space is allowlisted but not present.
01-01 00:00:39.872 612 612 W UserSystemPackageInstaller: com.android.theme.icon_pack.rounded.launcher is allowlisted but not present.
01-01 00:00:39.872 612 612 W UserSystemPackageInstaller: com.android.theme.icon_pack.kai.settings is allowlisted but not present.
01-01 00:00:39.872 612 612 W UserSystemPackageInstaller: com.android.internal.systemui.navbar.twobutton is allowlisted but not present.
01-01 00:00:39.872 612 612 W UserSystemPackageInstaller: com.android.theme.icon_pack.sam.settings is allowlisted but not present.
01-01 00:00:39.872 612 612 W UserSystemPackageInstaller: com.android.internal.systemui.navbar.gestural_extra_wide_back is allowlisted but not present.
01-01 00:00:39.872 612 612 W UserSystemPackageInstaller: com.android.theme.icon_pack.kai.themepicker is allowlisted but not present.
01-01 00:00:39.872 612 612 W UserSystemPackageInstaller: com.android.theme.icon_pack.victor.launcher is allowlisted but not present.
01-01 00:00:39.872 612 612 W UserSystemPackageInstaller: com.android.theme.icon_pack.filled.settings is allowlisted but not present.
01-01 00:00:39.872 612 612 W UserSystemPackageInstaller: com.android.theme.icon_pack.kai.systemui is allowlisted but not present.
01-01 00:00:39.872 612 612 W UserSystemPackageInstaller: com.android.theme.icon_pack.circular.settings is allowlisted but not present.
01-01 00:00:39.872 612 612 W UserSystemPackageInstaller: com.android.theme.icon_pack.sam.systemui is allowlisted but not present.
01-01 00:00:39.872 612 612 W UserSystemPackageInstaller: com.android.theme.icon.teardrop is allowlisted but not present.
01-01 00:00:39.872 612 612 W UserSystemPackageInstaller: com.android.theme.icon_pack.rounded.themepicker is allowlisted but not present.
01-01 00:00:39.872 612 612 W UserSystemPackageInstaller: com.android.theme.icon_pack.filled.systemui is allowlisted but not present.
01-01 00:00:39.872 612 612 W UserSystemPackageInstaller: com.android.theme.icon_pack.sam.android is allowlisted but not present.
01-01 00:00:39.872 612 612 W UserSystemPackageInstaller: com.android.theme.icon_pack.filled.android is allowlisted but not present.
01-01 00:00:39.872 612 612 W UserSystemPackageInstaller: com.android.theme.icon_pack.circular.systemui is allowlisted but not present.
01-01 00:00:39.872 612 612 W UserSystemPackageInstaller: com.android.theme.icon_pack.kai.android is allowlisted but not present.
01-01 00:00:39.872 612 612 W UserSystemPackageInstaller: com.android.theme.icon_pack.kai.launcher is allowlisted but not present.
01-01 00:00:39.872 612 612 W UserSystemPackageInstaller: com.android.theme.icon_pack.sam.launcher is allowlisted but not present.
01-01 00:00:39.872 612 612 W UserSystemPackageInstaller: com.android.theme.icon.squircle is allowlisted but not present.
01-01 00:00:39.872 612 612 W UserSystemPackageInstaller: com.android.theme.icon_pack.victor.android is allowlisted but not present.
01-01 00:00:39.872 612 612 W UserSystemPackageInstaller: com.android.theme.color.palette is allowlisted but not present.
01-01 00:00:39.872 612 612 W UserSystemPackageInstaller: com.android.theme.icon_pack.filled.launcher is allowlisted but not present.
01-01 00:00:39.872 612 612 W UserSystemPackageInstaller: com.android.theme.color.carbon is allowlisted but not present.
01-01 00:00:39.872 612 612 W UserSystemPackageInstaller: com.android.theme.icon_pack.circular.launcher is allowlisted but not present.
01-01 00:00:39.872 612 612 W UserSystemPackageInstaller: com.android.theme.icon_pack.filled.themepicker is allowlisted but not present.
01-01 00:00:39.872 612 612 W UserSystemPackageInstaller: com.android.theme.icon_pack.victor.themepicker is allowlisted but not present.
01-01 00:00:39.872 612 612 W UserSystemPackageInstaller: com.android.theme.color.orchid is allowlisted but not present.
01-01 00:00:39.872 612 612 W UserSystemPackageInstaller: com.android.theme.color.purple is allowlisted but not present.
01-01 00:00:39.872 612 612 W UserSystemPackageInstaller: com.android.theme.icon_pack.sam.themepicker is allowlisted but not present.
01-01 00:00:39.872 612 612 W UserSystemPackageInstaller: com.android.theme.icon.roundedrect is allowlisted but not present.
01-01 00:00:39.872 612 612 W UserSystemPackageInstaller: com.android.internal.systemui.navbar.gestural_narrow_back is allowlisted but not present.
01-01 00:00:39.872 612 612 W UserSystemPackageInstaller: com.android.theme.icon_pack.rounded.settings is allowlisted but not present.
01-01 00:00:39.872 612 612 W UserSystemPackageInstaller: com.android.theme.icon_pack.circular.android is allowlisted but not present.
01-01 00:00:39.876 612 612 I Watchdog: Resuming HandlerChecker: main thread for reason: packagemanagermain. Pause count: 0
01-01 00:00:39.877 612 612 V SystemServerTiming: StartPackageManagerService took to complete: 4051ms
01-01 00:00:39.877 612 612 D SystemServerTiming: DexUseManagerLocal
01-01 00:00:39.908 612 612 V SystemServerTiming: DexUseManagerLocal took to complete: 31ms
01-01 00:00:39.908 612 612 D SystemServerTiming: StartOtaDexOptService
01-01 00:00:39.909 612 612 I Watchdog: Pausing HandlerChecker: main thread for reason: moveab. Pause count: 1
01-01 00:00:39.911 612 612 D OTADexopt: No upgrade, skipping A/B artifacts check.
01-01 00:00:39.911 612 612 I Watchdog: Resuming HandlerChecker: main thread for reason: moveab. Pause count: 0
01-01 00:00:39.911 612 612 V SystemServerTiming: StartOtaDexOptService took to complete: 3ms
01-01 00:00:39.911 612 612 D SystemServerTiming: StartUserManagerService
01-01 00:00:39.911 612 612 I SystemServiceManager: Starting com.android.server.pm.UserManagerService$LifeCycle
01-01 00:00:39.913 612 612 V SystemServerTiming: StartUserManagerService took to complete: 2ms
01-01 00:00:39.913 612 612 D SystemServerTiming: InitAttributerCache
01-01 00:00:39.913 612 612 V SystemServerTiming: InitAttributerCache took to complete: 0ms
01-01 00:00:39.913 612 612 D SystemServerTiming: SetSystemProcess
01-01 00:00:39.918 241 241 I BpBinder: onLastStrongRef automatically unlinking death recipients:
01-01 00:00:39.926 241 241 I servicemanager: Caller(pid=492,uid=1041,sid=u:r:audioserver:s0) Since 'sensor_privacy' could not be found trying to start it as a lazy AIDL service. (if it's not configured to be a lazy service, it may be stuck starting or still starting).
01-01 00:00:39.927 1 1 E init : Control message: Could not find 'aidl/sensor_privacy' for ctl.interface_start from pid: 241 (/system/bin/servicemanager)
01-01 00:00:39.938 241 694 W libc : Unable to set property "ctl.interface_start" to "aidl/sensor_privacy": PROP_ERROR_HANDLE_CONTROL_MESSAGE (0x20)
01-01 00:00:39.939 612 612 D ActivityManager: StatsPullAtomService not ready yet
01-01 00:00:39.942 694 694 I servicemanager: Caller(pid=492,uid=1041,sid=u:r:audioserver:s0) Tried to start aidl service sensor_privacy as a lazy service, but was unable to. Usually this happens when a service is not installed, but if the service is intended to be used as a lazy service, then it may be configured incorrectly.
01-01 00:00:39.947 240 240 I lowmemorykiller: lmkd data connection established
01-01 00:00:39.947 612 655 I ActivityManager: Connection with lmkd established
01-01 00:00:39.951 612 612 D ActivityManager: StatsPullAtomService not ready yet
01-01 00:00:39.953 612 612 V SystemServerTiming: SetSystemProcess took to complete: 40ms
01-01 00:00:39.958 612 612 D SystemServerTiming: InitWatchdog
01-01 00:00:39.959 612 612 V SystemServerTiming: InitWatchdog took to complete: 1ms
01-01 00:00:39.974 612 612 D SystemServerTiming: StartOverlayManagerService
01-01 00:00:39.987 612 612 I OverlayManager: Updating overlays for starting user 0
01-01 00:00:39.997 1 1 I init : service 'idmap2d' requested start, but it is already running (flags: 4)
01-01 00:00:39.997 1 1 I init : Control message: Processed ctl.start for 'idmap2d' from pid: 612 (system_server)
01-01 00:00:40.011 612 689 V SystemServerTimingAsync: AppDataFixup took to complete: 223ms
01-01 00:00:40.012 612 689 W PackageManager: Skipping preparing app data for com.android.configinfrastructure
01-01 00:00:40.012 612 689 W PackageManager: Skipping preparing app data for com.android.appsearch
01-01 00:00:40.012 612 689 W PackageManager: Skipping preparing app data for com.android.hardware.boot
01-01 00:00:40.012 612 689 W PackageManager: Skipping preparing app data for com.android.hardware.power
01-01 00:00:40.012 612 689 W PackageManager: Skipping preparing app data for com.google.cf.health.storage
01-01 00:00:40.013 612 689 W PackageManager: Skipping preparing app data for com.android.hardware.usb.generic
01-01 00:00:40.013 612 689 W PackageManager: Skipping preparing app data for com.android.adservices
01-01 00:00:40.013 612 689 W PackageManager: Skipping preparing app data for com.android.scheduling
01-01 00:00:40.013 612 689 W PackageManager: Skipping preparing app data for com.android.permission
01-01 00:00:40.014 612 689 W PackageManager: Skipping preparing app data for com.android.profiling
01-01 00:00:40.014 612 689 W PackageManager: Skipping preparing app data for com.android.art
01-01 00:00:40.015 612 689 W PackageManager: Skipping preparing app data for com.android.uwb
01-01 00:00:40.016 612 689 W PackageManager: Skipping preparing app data for com.android.tethering
01-01 00:00:40.016 612 689 W PackageManager: Skipping preparing app data for com.android.btservices
01-01 00:00:40.016 612 689 W PackageManager: Skipping preparing app data for com.android.media.swcodec
01-01 00:00:40.017 612 689 W PackageManager: Skipping preparing app data for com.android.conscrypt
01-01 00:00:40.017 612 689 W PackageManager: Skipping preparing app data for com.android.adbd
01-01 00:00:40.017 612 689 W PackageManager: Skipping preparing app data for com.android.i18n
01-01 00:00:40.018 612 689 W PackageManager: Skipping preparing app data for com.android.rkpd
01-01 00:00:40.018 612 689 W PackageManager: Skipping preparing app data for com.android.virt
01-01 00:00:40.018 612 689 W PackageManager: Skipping preparing app data for com.android.wifi
01-01 00:00:40.018 612 689 W PackageManager: Skipping preparing app data for com.android.runtime
01-01 00:00:40.018 612 689 W PackageManager: Skipping preparing app data for com.android.devicelock
01-01 00:00:40.018 612 689 W PackageManager: Skipping preparing app data for com.android.apex.cts.shim
01-01 00:00:40.018 612 689 W PackageManager: Skipping preparing app data for com.android.compos
01-01 00:00:40.018 612 689 W PackageManager: Skipping preparing app data for com.android.neuralnetworks
01-01 00:00:40.018 612 689 W PackageManager: Skipping preparing app data for com.android.healthfitness
01-01 00:00:40.019 612 689 W PackageManager: Skipping preparing app data for com.android.hardware.cas
01-01 00:00:40.019 612 689 W PackageManager: Skipping preparing app data for com.android.hardware.thermal.ti
01-01 00:00:40.019 612 689 W PackageManager: Skipping preparing app data for com.android.resolv
01-01 00:00:40.019 612 689 W PackageManager: Skipping preparing app data for com.android.sdkext
01-01 00:00:40.019 612 689 W PackageManager: Skipping preparing app data for com.android.tzdata
01-01 00:00:40.020 612 689 W PackageManager: Skipping preparing app data for com.android.os.statsd
01-01 00:00:40.020 612 689 W PackageManager: Skipping preparing app data for com.android.hardware.camera.libcamera
01-01 00:00:40.020 612 689 W PackageManager: Skipping preparing app data for com.android.extservices
01-01 00:00:40.020 612 689 W PackageManager: Skipping preparing app data for com.android.hardware.drm.clearkey
01-01 00:00:40.020 612 689 W PackageManager: Skipping preparing app data for com.android.hardware.audio.ti
01-01 00:00:40.020 612 689 W PackageManager: Skipping preparing app data for com.android.ipsec
01-01 00:00:40.021 612 689 W PackageManager: Skipping preparing app data for com.android.media
01-01 00:00:40.021 612 689 W PackageManager: Skipping preparing app data for com.android.sdksandbox
01-01 00:00:40.021 612 689 W PackageManager: Skipping preparing app data for com.google.cf.health
01-01 00:00:40.021 612 689 W PackageManager: Skipping preparing app data for com.android.mediaprovider
01-01 00:00:40.022 612 689 W PackageManager: Skipping preparing app data for com.android.nfcservices
01-01 00:00:40.022 612 689 W PackageManager: Skipping preparing app data for com.android.ondevicepersonalization
01-01 00:00:40.078 612 612 V SystemServerTiming: StartOverlayManagerService took to complete: 104ms
01-01 00:00:40.079 612 612 D SystemServerTiming: StartResourcesManagerService
01-01 00:00:40.081 612 612 V SystemServerTiming: StartResourcesManagerService took to complete: 2ms
01-01 00:00:40.081 612 612 D SystemServerTiming: StartSensorPrivacyService
01-01 00:00:40.091 612 642 W ActivityTaskManager: Skip updateConfiguration because mWindowManager isn't set
01-01 00:00:40.093 612 642 I ProtoLogImpl: Setting up ProtoLogImpl with viewerConfigPath = /etc/core.protolog.pb
01-01 00:00:40.146 612 642 I ProtoLog: Loaded 763 log definitions from /system/etc/protolog.conf.json.gz
01-01 00:00:40.149 612 642 W BroadcastLoopers: Found previously unknown looper Thread[android.fg,5,main]
01-01 00:00:40.153 612 612 V SystemServerTiming: StartSensorPrivacyService took to complete: 72ms
01-01 00:00:40.154 612 612 D SystemServerTiming: StartSensorService
01-01 00:00:40.154 612 612 I SystemServiceManager: Starting com.android.server.sensors.SensorService
01-01 00:00:40.156 612 612 V SystemServerTiming: StartSensorService took to complete: 2ms
01-01 00:00:40.156 612 612 V SystemServerTiming: startBootstrapServices took to complete: 5028ms
01-01 00:00:40.156 612 612 D SystemServerTiming: startCoreServices
01-01 00:00:40.156 612 612 D SystemServerTiming: StartSystemConfigService
01-01 00:00:40.156 612 697 D SystemServerTimingAsync: InitThreadPoolExec:StartNativeSensorService
01-01 00:00:40.156 612 612 I SystemServiceManager: Starting com.android.server.SystemConfigService
01-01 00:00:40.156 612 697 D SystemServerInitThreadPool: Started executing StartNativeSensorService
01-01 00:00:40.156 612 697 D SystemServerTimingAsync: StartNativeSensorService
01-01 00:00:40.158 612 697 D SensorService: nuSensorService starting...
01-01 00:00:40.159 241 241 I BpBinder: onLastStrongRef automatically unlinking death recipients:
01-01 00:00:40.158 612 612 V SystemServerTiming: StartSystemConfigService took to complete: 2ms
01-01 00:00:40.158 612 612 D SystemServerTiming: StartBatteryService
01-01 00:00:40.159 612 612 I SystemServiceManager: Starting com.android.server.BatteryService
01-01 00:00:40.163 241 241 I servicemanager: Caller(pid=612,uid=1000,sid=u:r:system_server:s0) Could not find android.hardware.sensors.ISensors/default in the VINTF manifest. No alternative instances declared in VINTF.
01-01 00:00:40.163 492 492 D audioserver: main: AudioPolicy created
01-01 00:00:40.163 242 242 I hwservicemanager: getTransport: Cannot find entry android.hardware.sensors@2.1::ISensors/default in either framework or device VINTF manifest.
01-01 00:00:40.164 242 242 I hwservicemanager: getTransport: Cannot find entry android.hardware.sensors@2.0::ISensors/default in either framework or device VINTF manifest.
01-01 00:00:40.166 242 242 I hwservicemanager: getTransport: Cannot find entry android.hardware.sensors@1.0::ISensors/default in either framework or device VINTF manifest.
01-01 00:00:40.169 524 611 W AudioAnalytics: onAudioServerStart: (key=audio.policy) AudioPolicy ctor, loadTimeMs:11496.922852
01-01 00:00:40.170 492 492 D DeviceHalAidl: [default] getMmapPolicyInfos
01-01 00:00:40.175 241 241 I servicemanager: Caller(pid=612,uid=1000,sid=u:r:system_server:s0) Found android.hardware.health.IHealth/default in device VINTF manifest.
01-01 00:00:40.172 478 478 D AHAL_Module: getMmapPolicyInfos: default: mmap policy type DEFAULT
01-01 00:00:40.174 492 492 D DeviceHalAidl: [r_submix] getMmapPolicyInfos
01-01 00:00:40.174 612 697 V SystemServerTimingAsync: StartNativeSensorService took to complete: 17ms
01-01 00:00:40.174 612 697 D SystemServerInitThreadPool: Finished executing StartNativeSensorService
01-01 00:00:40.174 612 697 V SystemServerTimingAsync: InitThreadPoolExec:StartNativeSensorService took to complete: 18ms
01-01 00:00:40.174 478 478 D AHAL_Module: getMmapPolicyInfos: r_submix: mmap policy type DEFAULT
01-01 00:00:40.175 492 492 D DeviceHalAidl: [bluetooth] getMmapPolicyInfos
01-01 00:00:40.175 478 478 D AHAL_Module: getMmapPolicyInfos: bluetooth: mmap policy type DEFAULT
01-01 00:00:40.177 492 492 D audioserver: main: Do not init aaudio service, status 0, policy info size 3
01-01 00:00:40.177 492 492 I audioserver: main: initialization done in 12976.094 ms, joining thread pool
01-01 00:00:40.179 612 612 I HealthServiceWrapperAidl: health: HealthServiceWrapper listening to AIDL HAL
01-01 00:00:40.179 489 489 W healthd : battery none chg=
01-01 00:00:40.183 612 612 I BatteryService: health: Waited 4ms and received the update.
01-01 00:00:40.187 612 612 V SystemServerTiming: StartBatteryService took to complete: 28ms
01-01 00:00:40.188 612 612 D SystemServerTiming: StartUsageService
01-01 00:00:40.188 612 612 I SystemServiceManager: Starting com.android.server.usage.UsageStatsService
01-01 00:00:40.191 612 662 W KernelCpuProcStringReader: File not found. It's normal if not implemented: /proc/uid_concurrent_policy_time
01-01 00:00:40.206 612 612 V SystemServerTiming: StartUsageService took to complete: 18ms
01-01 00:00:40.206 612 612 D SystemServerTiming: StartWebViewUpdateService
01-01 00:00:40.207 612 612 I SystemServiceManager: Starting com.android.server.webkit.WebViewUpdateService
01-01 00:00:40.213 612 612 V SystemServerTiming: StartWebViewUpdateService took to complete: 7ms
01-01 00:00:40.213 612 612 D SystemServerTiming: StartCachedDeviceStateService
01-01 00:00:40.213 612 612 I SystemServiceManager: Starting com.android.server.CachedDeviceStateService
01-01 00:00:40.214 612 612 V SystemServerTiming: StartCachedDeviceStateService took to complete: 1ms
01-01 00:00:40.215 612 612 D SystemServerTiming: StartBinderCallsStatsService
01-01 00:00:40.215 612 612 I SystemServiceManager: Starting com.android.server.BinderCallsStatsService$LifeCycle
01-01 00:00:40.217 612 612 V SystemServerTiming: StartBinderCallsStatsService took to complete: 2ms
01-01 00:00:40.217 612 612 D SystemServerTiming: StartLooperStatsService
01-01 00:00:40.218 612 612 I SystemServiceManager: Starting com.android.server.LooperStatsService$Lifecycle
01-01 00:00:40.220 612 612 V SystemServerTiming: StartLooperStatsService took to complete: 3ms
01-01 00:00:40.220 612 612 D SystemServerTiming: StartRollbackManagerService
01-01 00:00:40.220 612 612 I SystemServiceManager: Starting com.android.server.rollback.RollbackManagerService
01-01 00:00:40.224 521 521 D installd: Found quota mount /dev/block/dm-49 at /data
01-01 00:00:40.227 521 521 D installd: Found quota mount /dev/block/dm-49 at /data/user/0
01-01 00:00:40.232 612 612 I PackageWatchdog: Syncing state, reason: added new observer
01-01 00:00:40.232 612 612 I PackageWatchdog: Not pruning observers, elapsed time: 0ms
01-01 00:00:40.232 612 612 I PackageWatchdog: Cancelling state sync, nothing to sync
01-01 00:00:40.232 612 651 I PackageWatchdog: Saving observer state to file
01-01 00:00:40.241 612 612 V SystemServerTiming: StartRollbackManagerService took to complete: 21ms
01-01 00:00:40.242 612 612 D SystemServerTiming: StartNativeTombstoneManagerService
01-01 00:00:40.242 612 612 I SystemServiceManager: Starting com.android.server.os.NativeTombstoneManagerService
01-01 00:00:40.244 612 612 V SystemServerTiming: StartNativeTombstoneManagerService took to complete: 2ms
01-01 00:00:40.245 612 612 D SystemServerTiming: StartBugreportManagerService
01-01 00:00:40.245 612 612 I SystemServiceManager: Starting com.android.server.os.BugreportManagerService
01-01 00:00:40.247 612 612 V SystemServerTiming: StartBugreportManagerService took to complete: 2ms
01-01 00:00:40.247 612 612 D SystemServerTiming: GpuService
01-01 00:00:40.247 612 612 I SystemServiceManager: Starting com.android.server.gpu.GpuService
01-01 00:00:40.248 612 612 V SystemServerTiming: GpuService took to complete: 1ms
01-01 00:00:40.248 612 612 D SystemServerTiming: StartRemoteProvisioningService
01-01 00:00:40.248 612 612 I SystemServiceManager: Starting com.android.server.security.rkp.RemoteProvisioningService
01-01 00:00:40.250 612 612 V SystemServerTiming: StartRemoteProvisioningService took to complete: 2ms
01-01 00:00:40.250 612 612 D SystemServerTiming: CpuMonitorService
01-01 00:00:40.251 612 612 I SystemServiceManager: Starting com.android.server.cpu.CpuMonitorService
01-01 00:00:40.271 612 612 I CpuMonitorService: Starting debug monitoring
01-01 00:00:40.271 612 612 V SystemServerTiming: CpuMonitorService took to complete: 21ms
01-01 00:00:40.271 612 612 V SystemServerTiming: startCoreServices took to complete: 115ms
01-01 00:00:40.271 612 612 D SystemServerTiming: startOtherServices
01-01 00:00:40.271 612 707 W CpuMonitorService: Skipping reading from device and returning the last read CpuInfos. Last read was 12 ms ago, min read interval is 500 ms
01-01 00:00:40.272 612 612 D SystemServerTiming: StartKeyAttestationApplicationIdProviderService
01-01 00:00:40.273 612 708 D SystemServerTimingAsync: InitThreadPoolExec:SecondaryZygotePreload
01-01 00:00:40.274 612 708 D SystemServerInitThreadPool: Started executing SecondaryZygotePreload
01-01 00:00:40.274 612 708 I SystemServer: SecondaryZygotePreload
01-01 00:00:40.274 612 708 D SystemServerTimingAsync: SecondaryZygotePreload
01-01 00:00:40.274 612 708 V SystemServerTimingAsync: SecondaryZygotePreload took to complete: 0ms
01-01 00:00:40.274 612 708 D SystemServerInitThreadPool: Finished executing SecondaryZygotePreload
01-01 00:00:40.274 612 708 V SystemServerTimingAsync: InitThreadPoolExec:SecondaryZygotePreload took to complete: 0ms
01-01 00:00:40.274 612 612 V SystemServerTiming: StartKeyAttestationApplicationIdProviderService took to complete: 2ms
01-01 00:00:40.274 612 612 D SystemServerTiming: StartKeyChainSystemService
01-01 00:00:40.275 612 612 I SystemServiceManager: Starting com.android.server.security.KeyChainSystemService
01-01 00:00:40.276 612 612 V SystemServerTiming: StartKeyChainSystemService took to complete: 2ms
01-01 00:00:40.276 612 612 D SystemServerTiming: StartBinaryTransparencyService
01-01 00:00:40.276 612 612 I SystemServiceManager: Starting com.android.server.BinaryTransparencyService
01-01 00:00:40.279 612 612 I TransparencyService: Started BinaryTransparencyService
01-01 00:00:40.279 612 612 V SystemServerTiming: StartBinaryTransparencyService took to complete: 3ms
01-01 00:00:40.279 612 612 D SystemServerTiming: StartSchedulingPolicyService
01-01 00:00:40.280 612 649 D SystemServerTimingAsync: InitThreadPoolExec:SchedulingPolicyService.
01-01 00:00:40.281 612 649 D SystemServerInitThreadPool: Started executing SchedulingPolicyService.
01-01 00:00:40.281 612 612 V SystemServerTiming: StartSchedulingPolicyService took to complete: 2ms
01-01 00:00:40.281 612 612 D SystemServerTiming: StartTelephonyRegistry
01-01 00:00:40.285 612 612 V SystemServerTiming: StartTelephonyRegistry took to complete: 4ms
01-01 00:00:40.285 612 612 D SystemServerTiming: StartEntropyMixer
01-01 00:00:40.287 612 612 I EntropyMixer: Loaded existing seed file
01-01 00:00:40.292 612 612 I EntropyMixer: Updated seed file
01-01 00:00:40.292 612 649 I SchedulingPolicyService: Moving 528 back to group default
01-01 00:00:40.293 612 612 V SystemServerTiming: StartEntropyMixer took to complete: 8ms
01-01 00:00:40.293 612 612 D SystemServerTiming: StartAccountManagerService
01-01 00:00:40.294 612 612 I SystemServiceManager: Starting com.android.server.accounts.AccountManagerService$Lifecycle
01-01 00:00:40.307 612 612 V SystemServerTiming: StartAccountManagerService took to complete: 14ms
01-01 00:00:40.307 612 612 D SystemServerTiming: StartContentService
01-01 00:00:40.308 612 612 I SystemServiceManager: Starting com.android.server.content.ContentService$Lifecycle
01-01 00:00:40.312 612 612 V SystemServerTiming: StartContentService took to complete: 5ms
01-01 00:00:40.312 612 612 D SystemServerTiming: InstallSystemProviders
01-01 00:00:40.318 612 649 D SystemServerInitThreadPool: Finished executing SchedulingPolicyService.
01-01 00:00:40.318 612 649 V SystemServerTimingAsync: InitThreadPoolExec:SchedulingPolicyService. took to complete: 38ms
01-01 00:00:40.333 612 612 D nativeloader: Configuring clns-shared-16 for other apk /system/priv-app/SettingsProvider/SettingsProvider.apk. target_sdk_version=35, uses_libraries=, library_path=/system/priv-app/SettingsProvider/lib/arm64:/system/priv-app/SettingsProvider/SettingsProvider.apk!/lib/arm64-v8a:/system/lib64, permitted_path=/data:/mnt/expand:/data/user_de/0/com.android.providers.settings:/system/priv-app/SettingsProvider:/system/lib64
01-01 00:00:40.387 612 612 W SettingsState: No settings state /data/system/users/0/settings_config.xml
01-01 00:00:40.444 612 689 V SystemServerTimingAsync: AppDataPrepare took to complete: 433ms
01-01 00:00:40.444 612 689 I PackageManager: Deferred reconcileAppsData finished 143 packages
01-01 00:00:40.444 612 689 D SystemServerInitThreadPool: Finished executing prepareAppData
01-01 00:00:40.444 612 689 V SystemServerTimingAsync: InitThreadPoolExec:prepareAppData took to complete: 656ms
01-01 00:00:40.465 612 612 E SettingsState: failed to read protobuf
01-01 00:00:40.465 612 612 E SettingsState: java.io.FileNotFoundException: /system_ext/etc/aconfig_flags.pb: open failed: ENOENT (No such file or directory)
01-01 00:00:40.465 612 612 E SettingsState: at libcore.io.IoBridge.open(IoBridge.java:574)
01-01 00:00:40.465 612 612 E SettingsState: at java.io.FileInputStream.(FileInputStream.java:179)
01-01 00:00:40.465 612 612 E SettingsState: at java.io.FileInputStream.(FileInputStream.java:133)
01-01 00:00:40.465 612 612 E SettingsState: at com.android.providers.settings.SettingsState.loadAconfigDefaultValuesLocked(SettingsState.java:639)
01-01 00:00:40.465 612 612 E SettingsState: at com.android.providers.settings.SettingsState.(SettingsState.java:386)
01-01 00:00:40.465 612 612 E SettingsState: at com.android.providers.settings.SettingsProvider$SettingsRegistry.ensureSettingsStateLocked(SettingsProvider.java:3211)
01-01 00:00:40.465 612 612 E SettingsState: at com.android.providers.settings.SettingsProvider$SettingsRegistry.ensureSettingsForUserLocked(SettingsProvider.java:3175)
01-01 00:00:40.465 612 612 E SettingsState: at com.android.providers.settings.SettingsProvider.onCreate(SettingsProvider.java:416)
01-01 00:00:40.465 612 612 E SettingsState: at android.content.ContentProvider.attachInfo(ContentProvider.java:2649)
01-01 00:00:40.465 612 612 E SettingsState: at android.content.ContentProvider.attachInfo(ContentProvider.java:2618)
01-01 00:00:40.465 612 612 E SettingsState: at android.app.ActivityThread.installProvider(ActivityThread.java:8374)
01-01 00:00:40.465 612 612 E SettingsState: at android.app.ActivityThread.installContentProviders(ActivityThread.java:7889)
01-01 00:00:40.465 612 612 E SettingsState: at android.app.ActivityThread.installSystemProviders(ActivityThread.java:8557)
01-01 00:00:40.465 612 612 E SettingsState: at com.android.server.am.ContentProviderHelper.installSystemProviders(ContentProviderHelper.java:1370)
01-01 00:00:40.465 612 612 E SettingsState: at com.android.server.SystemServer.startOtherServices(SystemServer.java:1581)
01-01 00:00:40.465 612 612 E SettingsState: at com.android.server.SystemServer.run(SystemServer.java:948)
01-01 00:00:40.465 612 612 E SettingsState: at com.android.server.SystemServer.main(SystemServer.java:669)
01-01 00:00:40.465 612 612 E SettingsState: at java.lang.reflect.Method.invoke(Native Method)
01-01 00:00:40.465 612 612 E SettingsState: at com.android.internal.os.RuntimeInit$MethodAndArgsCaller.run(RuntimeInit.java:591)
01-01 00:00:40.465 612 612 E SettingsState: at com.android.internal.os.ZygoteInit.main(ZygoteInit.java:849)
01-01 00:00:40.465 612 612 E SettingsState: Caused by: android.system.ErrnoException: open failed: ENOENT (No such file or directory)
01-01 00:00:40.465 612 612 E SettingsState: at libcore.io.Linux.open(Native Method)
01-01 00:00:40.465 612 612 E SettingsState: at libcore.io.ForwardingOs.open(ForwardingOs.java:563)
01-01 00:00:40.465 612 612 E SettingsState: at libcore.io.BlockGuardOs.open(BlockGuardOs.java:274)
01-01 00:00:40.465 612 612 E SettingsState: at libcore.io.IoBridge.open(IoBridge.java:560)
01-01 00:00:40.465 612 612 E SettingsState: ... 19 more
01-01 00:00:40.466 612 612 E SettingsState: failed to read protobuf
01-01 00:00:40.466 612 612 E SettingsState: java.io.FileNotFoundException: /product/etc/aconfig_flags.pb: open failed: ENOENT (No such file or directory)
01-01 00:00:40.466 612 612 E SettingsState: at libcore.io.IoBridge.open(IoBridge.java:574)
01-01 00:00:40.466 612 612 E SettingsState: at java.io.FileInputStream.(FileInputStream.java:179)
01-01 00:00:40.466 612 612 E SettingsState: at java.io.FileInputStream.(FileInputStream.java:133)
01-01 00:00:40.466 612 612 E SettingsState: at com.android.providers.settings.SettingsState.loadAconfigDefaultValuesLocked(SettingsState.java:639)
01-01 00:00:40.466 612 612 E SettingsState: at com.android.providers.settings.SettingsState.(SettingsState.java:386)
01-01 00:00:40.466 612 612 E SettingsState: at com.android.providers.settings.SettingsProvider$SettingsRegistry.ensureSettingsStateLocked(SettingsProvider.java:3211)
01-01 00:00:40.466 612 612 E SettingsState: at com.android.providers.settings.SettingsProvider$SettingsRegistry.ensureSettingsForUserLocked(SettingsProvider.java:3175)
01-01 00:00:40.466 612 612 E SettingsState: at com.android.providers.settings.SettingsProvider.onCreate(SettingsProvider.java:416)
01-01 00:00:40.466 612 612 E SettingsState: at android.content.ContentProvider.attachInfo(ContentProvider.java:2649)
01-01 00:00:40.466 612 612 E SettingsState: at android.content.ContentProvider.attachInfo(ContentProvider.java:2618)
01-01 00:00:40.466 612 612 E SettingsState: at android.app.ActivityThread.installProvider(ActivityThread.java:8374)
01-01 00:00:40.466 612 612 E SettingsState: at android.app.ActivityThread.installContentProviders(ActivityThread.java:7889)
01-01 00:00:40.466 612 612 E SettingsState: at android.app.ActivityThread.installSystemProviders(ActivityThread.java:8557)
01-01 00:00:40.466 612 612 E SettingsState: at com.android.server.am.ContentProviderHelper.installSystemProviders(ContentProviderHelper.java:1370)
01-01 00:00:40.466 612 612 E SettingsState: at com.android.server.SystemServer.startOtherServices(SystemServer.java:1581)
01-01 00:00:40.466 612 612 E SettingsState: at com.android.server.SystemServer.run(SystemServer.java:948)
01-01 00:00:40.466 612 612 E SettingsState: at com.android.server.SystemServer.main(SystemServer.java:669)
01-01 00:00:40.466 612 612 E SettingsState: at java.lang.reflect.Method.invoke(Native Method)
01-01 00:00:40.466 612 612 E SettingsState: at com.android.internal.os.RuntimeInit$MethodAndArgsCaller.run(RuntimeInit.java:591)
01-01 00:00:40.466 612 612 E SettingsState: at com.android.internal.os.ZygoteInit.main(ZygoteInit.java:849)
01-01 00:00:40.466 612 612 E SettingsState: Caused by: android.system.ErrnoException: open failed: ENOENT (No such file or directory)
01-01 00:00:40.466 612 612 E SettingsState: at libcore.io.Linux.open(Native Method)
01-01 00:00:40.466 612 612 E SettingsState: at libcore.io.ForwardingOs.open(ForwardingOs.java:563)
01-01 00:00:40.466 612 612 E SettingsState: at libcore.io.BlockGuardOs.open(BlockGuardOs.java:274)
01-01 00:00:40.466 612 612 E SettingsState: at libcore.io.IoBridge.open(IoBridge.java:560)
01-01 00:00:40.466 612 612 E SettingsState: ... 19 more
01-01 00:00:40.494 612 612 W SettingsState: No settings state /data/system/users/0/settings_ssaid.xml
01-01 00:00:40.523 612 612 D nativeloader: Configuring clns-shared-17 for other apk /system/priv-app/Telecom/Telecom.apk. target_sdk_version=35, uses_libraries=, library_path=/system/priv-app/Telecom/lib/arm64:/system/priv-app/Telecom/Telecom.apk!/lib/arm64-v8a:/system/lib64, permitted_path=/data:/mnt/expand:/data/user_de/0/com.android.server.telecom:/system/priv-app/Telecom:/system/lib64
01-01 00:00:40.589 612 612 D ActivityManager: Freezer timeout set to 10000
01-01 00:00:40.589 612 612 D ActivityManager: Freezer exemption set to false
01-01 00:00:40.590 612 653 D ActivityManager: Freezer enabled
01-01 00:00:40.590 612 653 D ActivityManager: freezer override set to false
01-01 00:00:40.591 612 612 I SystemServiceManager: Starting com.android.server.deviceconfig.DeviceConfigInit$Lifecycle
01-01 00:00:40.593 612 612 I DeviceConfig: Bootstrap values not found
01-01 00:00:40.593 612 612 V SystemServerTiming: InstallSystemProviders took to complete: 281ms
01-01 00:00:40.594 612 612 D SystemServerTiming: StartDropBoxManager
01-01 00:00:40.594 612 612 I SystemServiceManager: Starting com.android.server.DropBoxManagerService
01-01 00:00:40.597 612 612 V SystemServerTiming: StartDropBoxManager took to complete: 3ms
01-01 00:00:40.597 612 612 D SystemServerTiming: StartEnhancedConfirmationService
01-01 00:00:40.598 612 612 I SystemServiceManager: Starting com.android.ecm.EnhancedConfirmationService
01-01 00:00:40.601 612 612 V SystemServerTiming: StartEnhancedConfirmationService took to complete: 4ms
01-01 00:00:40.601 612 612 D SystemServerTiming: StartHintManager
01-01 00:00:40.602 612 612 I SystemServiceManager: Starting com.android.server.power.hint.HintManagerService
01-01 00:00:40.609 241 241 I servicemanager: Caller(pid=612,uid=1000,sid=u:r:system_server:s0) Found android.hardware.power.IPower/default in device VINTF manifest.
01-01 00:00:40.608 612 612 V SystemServerTiming: StartHintManager took to complete: 7ms
01-01 00:00:40.608 612 612 D SystemServerTiming: StartRoleManagerService
01-01 00:00:40.610 612 612 I SystemServiceManager: Starting com.android.role.RoleService
01-01 00:00:40.616 612 612 V SystemServerTiming: StartRoleManagerService took to complete: 7ms
01-01 00:00:40.617 612 612 D SystemServerTiming: StartVibratorManagerService
01-01 00:00:40.617 612 612 I SystemServiceManager: Starting com.android.server.vibrator.VibratorManagerService$Lifecycle
01-01 00:00:40.628 241 241 I servicemanager: Caller(pid=612,uid=1000,sid=u:r:system_server:s0) Could not find android.hardware.vibrator.IVibratorManager/default in the VINTF manifest. No alternative instances declared in VINTF.
01-01 00:00:40.627 242 242 I hwservicemanager: getTransport: Cannot find entry android.hardware.vibrator@1.0::IVibrator/default in either framework or device VINTF manifest.
01-01 00:00:40.629 241 241 I servicemanager: Caller(pid=612,uid=1000,sid=u:r:system_server:s0) Could not find android.hardware.vibrator.IVibrator/default in the VINTF manifest. No alternative instances declared in VINTF.
01-01 00:00:40.633 612 612 V SystemServerTiming: StartVibratorManagerService took to complete: 16ms
01-01 00:00:40.634 241 241 I servicemanager: Caller(pid=612,uid=1000,sid=u:r:system_server:s0) Found android.frameworks.vibrator.IVibratorControlService/default in framework VINTF manifest.
01-01 00:00:40.633 612 612 D SystemServerTiming: StartDynamicSystemService
01-01 00:00:40.636 241 241 I servicemanager: Caller(pid=612,uid=1000,sid=u:r:system_server:s0) Found android.frameworks.vibrator.IVibratorControlService/default in framework VINTF manifest.
01-01 00:00:40.635 612 612 V SystemServerTiming: StartDynamicSystemService took to complete: 2ms
01-01 00:00:40.635 612 612 D SystemServerTiming: StartAlarmManagerService
01-01 00:00:40.636 612 612 I SystemServiceManager: Starting com.android.server.alarm.AlarmManagerService
01-01 00:00:40.642 612 612 D nativeloader: Load /system/lib64/libalarm_jni.so using ns default for caller /system/framework/services.jar in same partition (is_bridged=0): ok
01-01 00:00:40.646 612 612 I SystemClockTime: Current time only 40646, advancing to build time 1743497198000
01-01 00:00:40.647 612 612 D SystemClockTime: Setting time of day to sec=1743497198
04-01 08:46:38.006 612 612 V SystemServerTiming: StartAlarmManagerService took to complete: 18ms
04-01 08:46:38.007 612 612 D SystemServerTiming: StartInputManagerService
04-01 08:46:38.014 612 612 D inputflinger: Creating InputFlingerRust
04-01 08:46:38.014 612 612 E system_server: Class descriptors 'com.android.server.inputflinger.IInputFlingerRust' match during associateClass, but they are different class objects (0xb40000798ee17c10 vs 0xb40000798ee4e270). Class descriptor collision?
04-01 08:46:38.068 612 612 I InputTracer: InputTracer initialized for data source: android.input.inputevent
04-01 08:46:38.071 451 457 I ServiceManagerCppClient: Waiting for service 'statscompanion' on '/dev/binder'...
04-01 08:46:38.072 612 612 D inputflinger: Creating InputFilter
04-01 08:46:38.072 612 612 E system_server: Class descriptors 'com.android.server.inputflinger.IInputFilter' match during associateClass, but they are different class objects (0xb40000798ee0da70 vs 0xb40000798ee4ebd0). Class descriptor collision?
04-01 08:46:38.088 612 612 I InputManager: Initializing input manager, mUseDevInputEventForAudioJack=false
04-01 08:46:38.088 612 612 V SystemServerTiming: StartInputManagerService took to complete: 82ms
04-01 08:46:38.089 612 612 D SystemServerTiming: DeviceStateManagerService
04-01 08:46:38.089 612 612 I SystemServiceManager: Starting com.android.server.devicestate.DeviceStateManagerService
04-01 08:46:38.096 612 612 E DeviceStateManagerService: Cannot notify device state info change before the initial state has been committed.
04-01 08:46:38.097 612 612 I DeviceStateManagerService: Cannot notify device state info change when pending state is present.
04-01 08:46:38.101 612 612 V SystemServerTiming: DeviceStateManagerService took to complete: 12ms
04-01 08:46:38.101 612 612 D SystemServerTiming: StartCameraServiceProxy
04-01 08:46:38.102 612 612 I SystemServiceManager: Starting com.android.server.camera.CameraServiceProxy
04-01 08:46:38.106 612 612 V SystemServerTiming: StartCameraServiceProxy took to complete: 5ms
04-01 08:46:38.107 612 612 D SystemServerTiming: StartWindowManagerService
04-01 08:46:38.107 612 612 I SystemServiceManager: Starting phase 200
04-01 08:46:38.107 612 612 D SystemServerTiming: OnBootPhase_200
04-01 08:46:38.107 612 612 D SystemServerTiming: OnBootPhase_200_com.android.server.security.FileIntegrityService
04-01 08:46:38.107 612 612 V SystemServerTiming: OnBootPhase_200_com.android.server.security.FileIntegrityService took to complete: 0ms
04-01 08:46:38.107 612 612 D SystemServerTiming: OnBootPhase_200_com.android.server.pm.Installer
04-01 08:46:38.107 612 612 V SystemServerTiming: OnBootPhase_200_com.android.server.pm.Installer took to complete: 0ms
04-01 08:46:38.107 612 612 D SystemServerTiming: OnBootPhase_200_com.android.server.os.DeviceIdentifiersPolicyService
04-01 08:46:38.107 612 612 V SystemServerTiming: OnBootPhase_200_com.android.server.os.DeviceIdentifiersPolicyService took to complete: 0ms
04-01 08:46:38.107 612 612 D SystemServerTiming: OnBootPhase_200_com.android.server.flags.FeatureFlagsService
04-01 08:46:38.107 612 612 V SystemServerTiming: OnBootPhase_200_com.android.server.flags.FeatureFlagsService took to complete: 0ms
04-01 08:46:38.107 612 612 D SystemServerTiming: OnBootPhase_200_com.android.server.uri.UriGrantsManagerService$Lifecycle
04-01 08:46:38.107 612 612 V SystemServerTiming: OnBootPhase_200_com.android.server.uri.UriGrantsManagerService$Lifecycle took to complete: 0ms
04-01 08:46:38.107 612 612 D SystemServerTiming: OnBootPhase_200_com.android.server.powerstats.PowerStatsService
04-01 08:46:38.108 612 612 V SystemServerTiming: OnBootPhase_200_com.android.server.powerstats.PowerStatsService took to complete: 0ms
04-01 08:46:38.108 612 612 D SystemServerTiming: OnBootPhase_200_com.android.server.permission.access.AccessCheckingService
04-01 08:46:38.108 612 612 V SystemServerTiming: OnBootPhase_200_com.android.server.permission.access.AccessCheckingService took to complete: 0ms
04-01 08:46:38.108 612 612 D SystemServerTiming: OnBootPhase_200_com.android.server.wm.ActivityTaskManagerService$Lifecycle
04-01 08:46:38.108 612 612 V SystemServerTiming: OnBootPhase_200_com.android.server.wm.ActivityTaskManagerService$Lifecycle took to complete: 0ms
04-01 08:46:38.108 612 612 D SystemServerTiming: OnBootPhase_200_com.android.server.am.ActivityManagerService$Lifecycle
04-01 08:46:38.108 612 612 V SystemServerTiming: OnBootPhase_200_com.android.server.am.ActivityManagerService$Lifecycle took to complete: 0ms
04-01 08:46:38.108 612 612 D SystemServerTiming: OnBootPhase_200_com.android.server.pm.DataLoaderManagerService
04-01 08:46:38.108 612 612 V SystemServerTiming: OnBootPhase_200_com.android.server.pm.DataLoaderManagerService took to complete: 0ms
04-01 08:46:38.108 612 612 D SystemServerTiming: OnBootPhase_200_com.android.server.power.PowerManagerService
04-01 08:46:38.108 612 612 V SystemServerTiming: OnBootPhase_200_com.android.server.power.PowerManagerService took to complete: 0ms
04-01 08:46:38.108 612 612 D SystemServerTiming: OnBootPhase_200_com.android.server.power.ThermalManagerService
04-01 08:46:38.108 612 612 V SystemServerTiming: OnBootPhase_200_com.android.server.power.ThermalManagerService took to complete: 0ms
04-01 08:46:38.108 612 612 D SystemServerTiming: OnBootPhase_200_com.android.server.recoverysystem.RecoverySystemService$Lifecycle
04-01 08:46:38.108 612 612 V SystemServerTiming: OnBootPhase_200_com.android.server.recoverysystem.RecoverySystemService$Lifecycle took to complete: 0ms
04-01 08:46:38.108 612 612 D SystemServerTiming: OnBootPhase_200_com.android.server.lights.LightsService
04-01 08:46:38.108 612 612 V SystemServerTiming: OnBootPhase_200_com.android.server.lights.LightsService took to complete: 0ms
04-01 08:46:38.108 612 612 D SystemServerTiming: OnBootPhase_200_com.android.server.display.DisplayManagerService
04-01 08:46:38.108 612 612 V SystemServerTiming: OnBootPhase_200_com.android.server.display.DisplayManagerService took to complete: 0ms
04-01 08:46:38.108 612 612 D SystemServerTiming: OnBootPhase_200_com.android.server.pm.verify.domain.DomainVerificationService
04-01 08:46:38.108 612 612 V SystemServerTiming: OnBootPhase_200_com.android.server.pm.verify.domain.DomainVerificationService took to complete: 0ms
04-01 08:46:38.109 612 612 D SystemServerTiming: OnBootPhase_200_com.android.server.pm.PackageInstallerService$Lifecycle
04-01 08:46:38.109 612 612 V SystemServerTiming: OnBootPhase_200_com.android.server.pm.PackageInstallerService$Lifecycle took to complete: 0ms
04-01 08:46:38.109 612 612 D SystemServerTiming: OnBootPhase_200_com.android.server.pm.UserManagerService$LifeCycle
04-01 08:46:38.109 612 612 V SystemServerTiming: OnBootPhase_200_com.android.server.pm.UserManagerService$LifeCycle took to complete: 0ms
