04-01 08:46:48.152 1194 1194 D vold_prepare_subdirs: Setting up mode 771 uid 0 gid 1000 context u:object_r:apex_module_data_file:s0 on path: /data/misc_ce/0/apexdata/com.android.tethering
04-01 08:46:48.155 1194 1194 D vold_prepare_subdirs: Setting up mode 771 uid 0 gid 1000 context u:object_r:apex_module_data_file:s0 on path: /data/misc_ce/0/apexdata/com.android.tzdata
04-01 08:46:48.184 1194 1194 D vold_prepare_subdirs: Setting up mode 771 uid 0 gid 1000 context u:object_r:apex_system_server_data_file:s0 on path: /data/misc_ce/0/apexdata/com.android.uwb
04-01 08:46:48.186 838 1169 D RingtonePlayer: notification will be delayed by 500ms
04-01 08:46:48.191 1194 1194 D vold_prepare_subdirs: Setting up mode 771 uid 0 gid 1000 context u:object_r:apex_module_data_file:s0 on path: /data/misc_ce/0/apexdata/com.android.virt
04-01 08:46:48.193 612 868 W ActivityManager: Slow operation: 74ms so far, now at finishAttachApplicationInner: after mServices.attachApplicationLocked
04-01 08:46:48.193 612 868 W ActivityManager: Slow operation: 75ms so far, now at finishAttachApplicationInner: after dispatching broadcasts
04-01 08:46:48.197 612 632 I system_server: Compiler allocated 4962KB to compile int com.android.server.am.BroadcastController.broadcastIntentLockedTraced(com.android.server.am.ProcessRecord, java.lang.String, java.lang.String, android.content.Intent, java.lang.String, com.android.server.am.ProcessRecord, android.content.IIntentReceiver, int, java.lang.String, android.os.Bundle, java.lang.String[], java.lang.String[], java.lang.String[], int, android.app.BroadcastOptions, boolean, boolean, int, int, int, int, int, android.app.BackgroundStartPrivileges, int[], java.util.function.BiFunction, com.android.server.am.BroadcastSentEventRecord)
04-01 08:46:48.179 336 336 I apexd : Deleting unused dm device com.android.hardware.audio.ti
04-01 08:46:48.195 1 1 I init : Service 'exec 22 (/system/bin/lmkd --boot_completed)' (pid 1201) exited with status 0 oneshot service took 0.310000 seconds in background
04-01 08:46:48.195 1 1 I init : Sending signal 9 to service 'exec 22 (/system/bin/lmkd --boot_completed)' (pid 1201) process group...
04-01 08:46:48.196 1 1 I libprocessgroup: Removed cgroup /sys/fs/cgroup/uid_0/pid_1201
04-01 08:46:48.196 1 1 I init : Service 'logd-auditctl' (pid 1203) exited with status 0 oneshot service took 0.200000 seconds in background
04-01 08:46:48.197 1 1 I init : Sending signal 9 to service 'logd-auditctl' (pid 1203) process group...
04-01 08:46:48.197 1 1 I libprocessgroup: Removed cgroup /sys/fs/cgroup/uid_1036/pid_1203
04-01 08:46:48.202 1194 1194 D vold_prepare_subdirs: Setting up mode 771 uid 0 gid 1000 context u:object_r:apex_system_server_data_file:s0 on path: /data/misc_ce/0/apexdata/com.android.wifi
04-01 08:46:48.202 1156 1210 I LatinIME:LogUtils: Dictionary info: dictionary = UserHistoryDictionary.en_US ; version = 1743497208 ; date = ?
04-01 08:46:48.207 1194 1194 D vold_prepare_subdirs: Setting up mode 771 uid 0 gid 1000 context u:object_r:apex_module_data_file:s0 on path: /data/misc_ce/0/apexdata/com.google.cf.health
04-01 08:46:48.210 1194 1194 D vold_prepare_subdirs: Setting up mode 771 uid 0 gid 1000 context u:object_r:apex_module_data_file:s0 on path: /data/misc_ce/0/apexdata/com.google.cf.health.storage
04-01 08:46:48.211 1156 1210 I LatinIME:LogUtils: Dictionary info: dictionary = userunigram.en_US ; version = 1743497208 ; date = ?
04-01 08:46:48.212 1194 1194 D vold_prepare_subdirs: Setting up mode 770 uid 1000 gid 2001 context u:object_r:checkin_data_file:s0:c512,c768 on path: /data/misc_ce/0/checkin
04-01 08:46:48.215 1194 1194 D vold_prepare_subdirs: Setting up mode 700 uid 1000 gid 1000 context u:object_r:backup_data_file:s0 on path: /data/system_ce/0/backup
04-01 08:46:48.217 1194 1194 D vold_prepare_subdirs: Setting up mode 700 uid 1000 gid 1000 context u:object_r:backup_data_file:s0 on path: /data/system_ce/0/backup_stage
04-01 08:46:48.226 1194 1194 D vold_prepare_subdirs: Setting up mode 700 uid 1000 gid 1000 context u:object_r:face_vendor_data_file:s0 on path: /data/vendor_ce/0/facedata
04-01 08:46:48.230 336 336 I apexd : Deleting unused dm device com.android.hardware.boot
04-01 08:46:48.235 612 642 V UserDataPreparer: Found /data/user/0 with serial number 0
04-01 08:46:48.237 612 642 V UserDataPreparer: Found /data/system_ce/0 with serial number 0
04-01 08:46:48.242 1156 1210 W ActivityThread: Failed to find provider info for user_dictionary (user not unlocked)
04-01 08:46:48.243 612 642 D UserDataPreparer: Setting property: sys.user.0.ce_available=true
04-01 08:46:48.246 612 642 V SystemServerTiming: prepareUserData-0 took to complete: 627ms
04-01 08:46:48.250 612 642 D SystemServerTiming: reconcileAppsData-0
04-01 08:46:48.250 612 642 V PackageManager: reconcileAppsData for null u0 0x2 migrateAppData=false
04-01 08:46:48.267 612 642 W PackageManager: Skipping preparing app data for com.android.configinfrastructure
04-01 08:46:48.267 612 642 W PackageManager: Skipping preparing app data for com.android.appsearch
04-01 08:46:48.268 612 642 W PackageManager: Skipping preparing app data for com.android.hardware.boot
04-01 08:46:48.268 612 642 W PackageManager: Skipping preparing app data for com.android.hardware.power
04-01 08:46:48.268 612 642 W PackageManager: Skipping preparing app data for com.google.cf.health.storage
04-01 08:46:48.268 612 642 W PackageManager: Skipping preparing app data for com.android.hardware.usb.generic
04-01 08:46:48.268 612 642 W PackageManager: Skipping preparing app data for com.android.adservices
04-01 08:46:48.268 612 642 W PackageManager: Skipping preparing app data for com.android.scheduling
04-01 08:46:48.268 612 642 W PackageManager: Skipping preparing app data for com.android.permission
04-01 08:46:48.268 612 642 W PackageManager: Skipping preparing app data for com.android.profiling
04-01 08:46:48.269 612 642 W PackageManager: Skipping preparing app data for com.android.art
04-01 08:46:48.269 612 642 W PackageManager: Skipping preparing app data for com.android.uwb
04-01 08:46:48.269 612 642 W PackageManager: Skipping preparing app data for com.android.tethering
04-01 08:46:48.269 612 642 W PackageManager: Skipping preparing app data for com.android.btservices
04-01 08:46:48.269 612 642 W PackageManager: Skipping preparing app data for com.android.media.swcodec
04-01 08:46:48.269 612 642 W PackageManager: Skipping preparing app data for com.android.conscrypt
04-01 08:46:48.269 612 642 W PackageManager: Skipping preparing app data for com.android.adbd
04-01 08:46:48.269 612 642 W PackageManager: Skipping preparing app data for com.android.i18n
04-01 08:46:48.269 612 642 W PackageManager: Skipping preparing app data for com.android.rkpd
04-01 08:46:48.269 612 642 W PackageManager: Skipping preparing app data for com.android.virt
04-01 08:46:48.269 612 642 W PackageManager: Skipping preparing app data for com.android.wifi
04-01 08:46:48.269 612 642 W PackageManager: Skipping preparing app data for com.android.runtime
04-01 08:46:48.269 612 642 W PackageManager: Skipping preparing app data for com.android.devicelock
04-01 08:46:48.270 612 642 W PackageManager: Skipping preparing app data for com.android.apex.cts.shim
04-01 08:46:48.270 612 642 W PackageManager: Skipping preparing app data for com.android.compos
04-01 08:46:48.270 612 642 W PackageManager: Skipping preparing app data for com.android.neuralnetworks
04-01 08:46:48.270 612 642 W PackageManager: Skipping preparing app data for com.android.healthfitness
04-01 08:46:48.270 612 642 W PackageManager: Skipping preparing app data for com.android.hardware.cas
04-01 08:46:48.270 612 642 W PackageManager: Skipping preparing app data for com.android.hardware.thermal.ti
04-01 08:46:48.270 612 642 W PackageManager: Skipping preparing app data for com.android.resolv
04-01 08:46:48.270 612 642 W PackageManager: Skipping preparing app data for com.android.sdkext
04-01 08:46:48.270 612 642 W PackageManager: Skipping preparing app data for com.android.tzdata
04-01 08:46:48.271 336 336 I apexd : Deleting unused dm device com.android.hardware.camera.libcamera
04-01 08:46:48.275 612 642 W PackageManager: Skipping preparing app data for com.android.os.statsd
04-01 08:46:48.275 612 642 W PackageManager: Skipping preparing app data for com.android.hardware.camera.libcamera
04-01 08:46:48.275 612 642 W PackageManager: Skipping preparing app data for com.android.extservices
04-01 08:46:48.275 612 642 W PackageManager: Skipping preparing app data for com.android.hardware.drm.clearkey
04-01 08:46:48.275 612 642 W PackageManager: Skipping preparing app data for com.android.hardware.audio.ti
04-01 08:46:48.275 612 642 W PackageManager: Skipping preparing app data for com.android.ipsec
04-01 08:46:48.276 612 642 W PackageManager: Skipping preparing app data for com.android.media
04-01 08:46:48.276 612 642 W PackageManager: Skipping preparing app data for com.android.sdksandbox
04-01 08:46:48.276 612 642 W PackageManager: Skipping preparing app data for com.google.cf.health
04-01 08:46:48.276 612 642 W PackageManager: Skipping preparing app data for com.android.mediaprovider
04-01 08:46:48.276 612 642 W PackageManager: Skipping preparing app data for com.android.nfcservices
04-01 08:46:48.276 612 642 W PackageManager: Skipping preparing app data for com.android.ondevicepersonalization
04-01 08:46:48.281 1 1 I init : Service 'exec 21 (/system/bin/bootstat --record_boot_complete --record_boot_reason --record_time_since_factory_reset -l)' (pid 1197) exited with status 0 oneshot service took 0.494000 seconds in background
04-01 08:46:48.281 1 1 I init : Sending signal 9 to service 'exec 21 (/system/bin/bootstat --record_boot_complete --record_boot_reason --record_time_since_factory_reset -l)' (pid 1197) process group...
04-01 08:46:48.282 1 1 I libprocessgroup: Removed cgroup /sys/fs/cgroup/uid_1000/pid_1197
04-01 08:46:48.280 1156 1156 W HWUI : Unknown dataspace 0
04-01 08:46:48.304 336 336 I apexd : Deleting unused dm device com.android.hardware.cas
04-01 08:46:48.335 336 336 I apexd : Deleting unused dm device com.android.hardware.drm.clearkey
04-01 08:46:48.348 1156 1156 D WindowTokenClient: Configuration not dispatch to IME because configuration is up to date. Current config={1.0 ?mcc0mnc [en_US] ldltr sw720dp w1280dp h720dp 240dpi xlrg long land -touch qwerty/v/v -nav/h winConfig={ mBounds=Rect(0, 0 - 1920, 1080) mAppBounds=Rect(0, 0 - 1920, 1080) mMaxBounds=Rect(0, 0 - 1920, 1080) mDisplayRotation=ROTATION_0 mWindowingMode=fullscreen mActivityType=undefined mAlwaysOnTop=undefined mRotation=ROTATION_0} s.6 fontWeightAdjustment=0}, reported config={1.0 ?mcc0mnc [en_US] ldltr sw720dp w1280dp h720dp 240dpi xlrg long land -touch qwerty/v/v -nav/h winConfig={ mBounds=Rect(0, 0 - 1920, 1080) mAppBounds=Rect(0, 0 - 1920, 1080) mMaxBounds=Rect(0, 0 - 1920, 1080) mDisplayRotation=ROTATION_0 mWindowingMode=fullscreen mActivityType=undefined mAlwaysOnTop=undefined mRotation=ROTATION_0} s.6 fontWeightAdjustment=0}, updated config={1.0 ?mcc0mnc [en_US] ldltr sw720dp w1280dp h720dp 240dpi xlrg long land -touch qwerty/v/v -nav/h winConfig={ mBounds=Rect(0, 0 - 1920, 1080) mAppBounds=Rect(0, 0 - 1920, 1080) mMaxBounds=Rect(0, 0 - 1920, 1080) mDisplayRotation=ROTATION_0 mWindowingMode=fullscreen mActivityType=undefined mAlwaysOnTop=undefined mRotation=ROTATION_0} s.6 fontWeightAdjustment=0}, updated display ID=0
04-01 08:46:48.350 1156 1156 D WindowTokenClient: Configuration not dispatch to IME because configuration is up to date. Current config={1.0 ?mcc0mnc [en_US] ldltr sw720dp w1280dp h720dp 240dpi xlrg long land -touch qwerty/v/v -nav/h winConfig={ mBounds=Rect(0, 0 - 1920, 1080) mAppBounds=Rect(0, 0 - 1920, 1080) mMaxBounds=Rect(0, 0 - 1920, 1080) mDisplayRotation=ROTATION_0 mWindowingMode=fullscreen mActivityType=undefined mAlwaysOnTop=undefined mRotation=ROTATION_0} s.6 fontWeightAdjustment=0}, reported config={1.0 ?mcc0mnc [en_US] ldltr sw720dp w1280dp h720dp 240dpi xlrg long land -touch qwerty/v/v -nav/h winConfig={ mBounds=Rect(0, 0 - 1920, 1080) mAppBounds=Rect(0, 0 - 1920, 1080) mMaxBounds=Rect(0, 0 - 1920, 1080) mDisplayRotation=ROTATION_0 mWindowingMode=fullscreen mActivityType=undefined mAlwaysOnTop=undefined mRotation=ROTATION_0} s.6 fontWeightAdjustment=0}, updated config={1.0 ?mcc0mnc [en_US] ldltr sw720dp w1280dp h720dp 240dpi xlrg long land -touch qwerty/v/v -nav/h winConfig={ mBounds=Rect(0, 0 - 1920, 1080) mAppBounds=Rect(0, 0 - 1920, 1080) mMaxBounds=Rect(0, 0 - 1920, 1080) mDisplayRotation=ROTATION_0 mWindowingMode=fullscreen mActivityType=undefined mAlwaysOnTop=undefined mRotation=ROTATION_0} s.6 fontWeightAdjustment=0}, updated display ID=0
04-01 08:46:48.366 1175 1175 D CompatChangeReporter: Compat change id reported: 303742236; UID 10084; state: ENABLED
04-01 08:46:48.371 612 692 D CoreBackPreview: Window{d819e91 u0 InputMethod}: Setting back callback OnBackInvokedCallbackInfo{mCallback=android.window.IOnBackInvokedCallback$Stub$Proxy@9b19e93, mPriority=0, mIsAnimationCallback=false}
04-01 08:46:48.378 1156 1210 I LatinIME:LogUtils: Dictionary info: dictionary = main:en ; version = 54 ; date = 1414726273
04-01 08:46:48.383 336 336 I apexd : Deleting unused dm device com.android.hardware.power
04-01 08:46:48.397 612 612 V NotificationManagerService.NotificationAssistants: 0 notification assistant service connected: ComponentInfo{android.ext.services/android.ext.services.notification.Assistant}
04-01 08:46:48.415 336 336 I apexd : Deleting unused dm device com.android.hardware.thermal.ti
04-01 08:46:48.424 1 1 W init : type=1400 audit(0.0:22): avc: denied { write } for name="net" dev="tracefs" ino=16448 scontext=u:r:init:s0 tcontext=u:object_r:debugfs_wifi_tracing:s0 tclass=dir permissive=0
04-01 08:46:48.454 612 612 I ExplicitHealthCheckController: Explicit health check service is connected ComponentInfo{android.ext.services/android.ext.services.watchdog.ExplicitHealthCheckServiceImpl}
04-01 08:46:48.455 336 336 I apexd : Deleting unused dm device com.android.hardware.usb.generic
04-01 08:46:48.465 612 612 I ExplicitHealthCheckController: Service initialized, syncing requests
04-01 08:46:48.469 612 612 I PackageWatchdog: Syncing health check requests for packages: {}
04-01 08:46:48.478 612 612 D ExplicitHealthCheckController: Getting health check supported packages
04-01 08:46:48.468 1 1 W init : type=1400 audit(0.0:23): avc: denied { write } for name="net_dev_queue" dev="tracefs" ino=16454 scontext=u:r:init:s0 tcontext=u:object_r:debugfs_wifi_tracing:s0 tclass=dir permissive=0
04-01 08:46:48.496 336 336 I apexd : Deleting unused dm device com.android.healthfitness
04-01 08:46:48.476 1 1 W init : type=1400 audit(0.0:24): avc: denied { write } for name="net_dev_xmit" dev="tracefs" ino=16457 scontext=u:r:init:s0 tcontext=u:object_r:debugfs_wifi_tracing:s0 tclass=dir permissive=0
04-01 08:46:48.488 1 1 W init : type=1400 audit(0.0:25): avc: denied { write } for name="netif_rx" dev="tracefs" ino=16462 scontext=u:r:init:s0 tcontext=u:object_r:debugfs_wifi_tracing:s0 tclass=dir permissive=0
04-01 08:46:48.496 612 1096 I ExplicitHealthCheckController: Explicit health check supported packages [PackageConfig{com.android.networkstack, 86400000}]
04-01 08:46:48.504 1 1 W init : type=1400 audit(0.0:26): avc: denied { write } for name="netif_receive_skb" dev="tracefs" ino=16469 scontext=u:r:init:s0 tcontext=u:object_r:debugfs_wifi_tracing:s0 tclass=dir permissive=0
04-01 08:46:48.523 1 1 I init : processing action (bootreceiver.enable=1 && dmesgd.start=1 && ro.product.cpu.abilist64=*) from (/system/etc/init/dmesgd.rc:12)
04-01 08:46:48.525 1 1 I init : starting service 'dmesgd'...
04-01 08:46:48.496 612 1096 D PackageWatchdog: Received supported packages [PackageConfig{com.android.networkstack, 86400000}]
04-01 08:46:48.497 612 1096 D ExplicitHealthCheckController: Getting health check requested packages
04-01 08:46:48.510 612 1096 I ExplicitHealthCheckController: Explicit health check requested packages []
04-01 08:46:48.511 612 1096 I ExplicitHealthCheckController: No more health check requests, unbinding...
04-01 08:46:48.512 838 843 I ndroid.systemui: JIT allocated 53KB for compiled code of java.lang.Object com.android.systemui.dagger.DaggerReferenceGlobalRootComponent$ReferenceSysUIComponentImpl$SwitchingProvider.get7()
04-01 08:46:48.512 612 1096 D CompatChangeReporter: Compat change id reported: 311208629; UID 10084; state: ENABLED
04-01 08:46:48.513 838 843 I ndroid.systemui: Compiler allocated 4523KB to compile java.lang.Object com.android.systemui.dagger.DaggerReferenceGlobalRootComponent$ReferenceSysUIComponentImpl$SwitchingProvider.get7()
04-01 08:46:48.519 612 1096 I ExplicitHealthCheckController: Explicit health check service is unbound
04-01 08:46:48.539 336 336 I apexd : Deleting unused dm device com.android.i18n
04-01 08:46:48.567 336 336 I apexd : Deleting unused dm device com.android.ipsec
04-01 08:46:48.607 528 835 D BufferPoolAccessor2.0: bufferpool2 0xb400007a92e7fce8 : 0(0 size) total buffers - 0(0 size) used buffers - 10/15 (recycle/alloc) - 5/14 (fetch/transfer)
04-01 08:46:48.608 528 835 D BufferPoolAccessor2.0: bufferpool2 0xb400007a92e80d18 : 0(0 size) total buffers - 0(0 size) used buffers - 4/7 (recycle/alloc) - 3/6 (fetch/transfer)
04-01 08:46:48.609 528 835 D BufferPoolAccessor2.0: bufferpool2 0xb400007a92e87088 : 0(0 size) total buffers - 0(0 size) used buffers - 13/15 (recycle/alloc) - 2/14 (fetch/transfer)
04-01 08:46:48.609 528 835 D BufferPoolAccessor2.0: bufferpool2 0xb400007a92e7abf8 : 0(0 size) total buffers - 0(0 size) used buffers - 7/10 (recycle/alloc) - 3/9 (fetch/transfer)
04-01 08:46:48.609 528 835 D BufferPoolAccessor2.0: bufferpool2 0xb400007a92e83ff8 : 0(0 size) total buffers - 0(0 size) used buffers - 9/10 (recycle/alloc) - 1/9 (fetch/transfer)
04-01 08:46:48.609 528 835 D BufferPoolAccessor2.0: bufferpool2 0xb400007a92e87778 : 0(0 size) total buffers - 0(0 size) used buffers - 7/11 (recycle/alloc) - 4/10 (fetch/transfer)
04-01 08:46:48.609 528 835 D BufferPoolAccessor2.0: evictor expired: 10, evicted: 6
04-01 08:46:48.615 336 336 I apexd : Deleting unused dm device com.android.media
04-01 08:46:48.622 1 1 I init : ... started service 'dmesgd' has pid 1217
04-01 08:46:48.622 1 1 I init : Command 'start dmesgd' action=bootreceiver.enable=1 && dmesgd.start=1 && ro.product.cpu.abilist64=* (/system/etc/init/dmesgd.rc:13) took 98ms and succeeded
04-01 08:46:48.631 1 1 I init : processing action (sys.user.0.ce_available=true) from (/system/etc/init/wifi.rc:21)
04-01 08:46:48.635 1 1 I selinux : SELinux: Skipping restorecon on directory(/data/misc_ce/0/apexdata/com.android.wifi)
04-01 08:46:48.635 1 1 I init : processing action (sys.boot_completed=1 && sys.wifitracing.started=1) from (/vendor/etc/init/hw/init.am62p.rc:130)
04-01 08:46:48.645 612 1096 D PermissionCache: checking android.permission.ACCESS_SURFACE_FLINGER for uid=10070 => granted (251 us)
04-01 08:46:48.645 612 1096 D PermissionCache: checking android.permission.ROTATE_SURFACE_FLINGER for uid=10070 => granted (179 us)
04-01 08:46:48.645 612 1096 D PermissionCache: checking android.permission.INTERNAL_SYSTEM_WINDOW for uid=10070 => granted (146 us)
04-01 08:46:48.651 336 336 I apexd : Deleting unused dm device com.android.media.swcodec
04-01 08:46:48.681 838 851 I HWUI : Davey! duration=2461ms; Flags=1, FrameTimelineVsyncId=1837, IntendedVsync=39250660615, Vsync=39933983384, InputEventId=0, HandleInputStart=39951337755, AnimationStart=39951340380, PerformTraversalsStart=39987084375, DrawStart=41547299470, FrameDeadline=39267327282, FrameInterval=39949484385, FrameStartTime=16666409, SyncQueued=41570444895, SyncStart=41571021500, IssueDrawCommandsStart=41583551450, SwapBuffers=41707120905, FrameCompleted=41712869135, DequeueBufferDuration=32425, QueueBufferDuration=4999975, GpuCompleted=41707120905, SwapBuffersCompleted=41712869135, DisplayPresentTime=0, CommandSubmissionCompleted=41707120905,
04-01 08:46:48.690 525 1196 I GenericSource: start
04-01 08:46:48.696 612 1002 D BufferPoolAccessor2.0: bufferpool2 0xb4000078dee522e8 : 0(0 size) total buffers - 0(0 size) used buffers - 2/7 (recycle/alloc) - 11/34 (fetch/transfer)
04-01 08:46:48.696 612 1002 D BufferPoolAccessor2.0: bufferpool2 0xb4000078dee5d058 : 0(0 size) total buffers - 0(0 size) used buffers - 2/7 (recycle/alloc) - 5/34 (fetch/transfer)
04-01 08:46:48.696 612 1002 D BufferPoolAccessor2.0: bufferpool2 0xb4000078dee4fde8 : 0(0 size) total buffers - 0(0 size) used buffers - 2/7 (recycle/alloc) - 5/18 (fetch/transfer)
04-01 08:46:48.696 612 1002 D BufferPoolAccessor2.0: bufferpool2 0xb4000078dee641a8 : 0(0 size) total buffers - 0(0 size) used buffers - 2/7 (recycle/alloc) - 6/24 (fetch/transfer)
04-01 08:46:48.696 612 1002 D BufferPoolAccessor2.0: bufferpool2 0xb4000078dee27668 : 0(0 size) total buffers - 0(0 size) used buffers - 2/7 (recycle/alloc) - 5/26 (fetch/transfer)
04-01 08:46:48.696 612 1002 D BufferPoolAccessor2.0: evictor expired: 5, evicted: 5
04-01 08:46:48.689 838 1169 D RingtonePlayer: player.start piid:167
04-01 08:46:48.702 336 336 I apexd : Deleting unused dm device com.android.mediaprovider
04-01 08:46:48.707 838 1167 W RingtonePlayer: Notification sound delayed by 1569msecs
04-01 08:46:48.718 525 1220 D CCodec : allocate(c2.android.vorbis.decoder)
04-01 08:46:48.725 525 1220 I CCodec : setting up 'default' as default (vendor) store
04-01 08:46:48.737 525 1220 I CCodec : Created component [c2.android.vorbis.decoder]
04-01 08:46:48.738 525 1220 D CCodecConfig: read media type: audio/vorbis
04-01 08:46:48.741 612 1016 D BufferPoolAccessor2.0: Destruction - bufferpool2 0xb4000078dee4aaa8 cached: 0/0M, 0/0% in use; allocs: 7, 29% recycled; transfers: 24, 75% unfetched
04-01 08:46:48.742 612 1016 D BufferPoolAccessor2.0: Destruction - bufferpool2 0xb4000078dee4fde8 cached: 0/0M, 0/0% in use; allocs: 7, 29% recycled; transfers: 18, 72% unfetched
04-01 08:46:48.742 612 1016 D BufferPoolAccessor2.0: Destruction - bufferpool2 0xb4000078dee641a8 cached: 0/0M, 0/0% in use; allocs: 7, 29% recycled; transfers: 24, 75% unfetched
04-01 08:46:48.743 612 1016 D BufferPoolAccessor2.0: Destruction - bufferpool2 0xb4000078dee27668 cached: 0/0M, 0/0% in use; allocs: 7, 29% recycled; transfers: 26, 81% unfetched
04-01 08:46:48.743 612 1016 D BufferPoolAccessor2.0: Destruction - bufferpool2 0xb4000078dee522e8 cached: 0/0M, 0/0% in use; allocs: 7, 29% recycled; transfers: 34, 68% unfetched
04-01 08:46:48.744 612 1016 D BufferPoolAccessor2.0: Destruction - bufferpool2 0xb4000078dee5d058 cached: 0/0M, 0/0% in use; allocs: 7, 29% recycled; transfers: 34, 85% unfetched
04-01 08:46:48.742 336 336 I apexd : Deleting unused dm device com.android.neuralnetworks
04-01 08:46:48.750 525 1220 D ReflectedParamUpdater: extent() != 1 for single value type: algo.buffers.max-count.values
04-01 08:46:48.752 525 1220 D ReflectedParamUpdater: extent() != 1 for single value type: output.subscribed-indices.values
04-01 08:46:48.753 525 1220 D ReflectedParamUpdater: extent() != 1 for single value type: input.buffers.allocator-ids.values
04-01 08:46:48.753 525 1220 D ReflectedParamUpdater: extent() != 1 for single value type: output.buffers.allocator-ids.values
04-01 08:46:48.755 525 1220 D ReflectedParamUpdater: extent() != 1 for single value type: algo.buffers.allocator-ids.values
04-01 08:46:48.756 525 1220 D ReflectedParamUpdater: extent() != 1 for single value type: output.buffers.pool-ids.values
04-01 08:46:48.758 525 1220 D ReflectedParamUpdater: extent() != 1 for single value type: algo.buffers.pool-ids.values
04-01 08:46:48.766 525 1220 I CCodecConfig: query failed after returning 8 values (BAD_INDEX)
04-01 08:46:48.766 525 1220 D CCodecConfig: c2 config diff is Dict {
04-01 08:46:48.766 525 1220 D CCodecConfig: c2::u32 coded.bitrate.value = 64000
04-01 08:46:48.766 525 1220 D CCodecConfig: c2::u32 input.buffers.max-size.value = 32768
04-01 08:46:48.766 525 1220 D CCodecConfig: c2::u32 input.delay.value = 0
04-01 08:46:48.766 525 1220 D CCodecConfig: string input.media-type.value = "audio/vorbis"
04-01 08:46:48.766 525 1220 D CCodecConfig: c2::u32 output.large-frame.max-size = 0
04-01 08:46:48.766 525 1220 D CCodecConfig: c2::u32 output.large-frame.threshold-size = 0
04-01 08:46:48.766 525 1220 D CCodecConfig: string output.media-type.value = "audio/raw"
04-01 08:46:48.766 525 1220 D CCodecConfig: c2::u32 raw.channel-count.value = 1
04-01 08:46:48.766 525 1220 D CCodecConfig: c2::u32 raw.sample-rate.value = 48000
04-01 08:46:48.766 525 1220 D CCodecConfig: }
04-01 08:46:48.769 525 1220 D CCodec : [c2.android.vorbis.decoder] buffers are bound to CCodec for this session
04-01 08:46:48.769 525 1220 D CCodecConfig: no c2 equivalents for durationUs
04-01 08:46:48.770 525 1220 D CCodecConfig: no c2 equivalents for csd-1
04-01 08:46:48.770 525 1220 D CCodecConfig: no c2 equivalents for flags
04-01 08:46:48.770 1217 1217 E dmesgd : /data/misc/dmesgd/sent_reports.txt is empty: No such file or directory
04-01 08:46:48.775 525 1220 D CCodecConfig: c2 config diff is c2::u32 coded.bitrate.value = 80000
04-01 08:46:48.775 525 1220 D CCodecConfig: c2::u32 raw.sample-rate.value = 44100
04-01 08:46:48.777 525 1220 W Codec2Client: query -- param skipped: index = 1107298332.
04-01 08:46:48.777 525 1220 D CCodec : encoding statistics level = 0
04-01 08:46:48.777 525 1220 D CCodec : setup formats input: AMessage(what = 0x00000000) = {
04-01 08:46:48.777 525 1220 D CCodec : int32_t bitrate = 80000
04-01 08:46:48.777 525 1220 D CCodec : int32_t channel-count = 1
04-01 08:46:48.777 525 1220 D CCodec : int32_t max-input-size = 32768
04-01 08:46:48.777 525 1220 D CCodec : string mime = "audio/vorbis"
04-01 08:46:48.777 525 1220 D CCodec : int32_t sample-rate = 44100
04-01 08:46:48.777 525 1220 D CCodec : }
04-01 08:46:48.777 525 1220 D CCodec : setup formats output: AMessage(what = 0x00000000) = {
04-01 08:46:48.777 525 1220 D CCodec : int32_t buffer-batch-max-output-size = 0
04-01 08:46:48.777 525 1220 D CCodec : int32_t buffer-batch-threshold-output-size = 0
04-01 08:46:48.777 525 1220 D CCodec : int32_t channel-count = 1
04-01 08:46:48.777 525 1220 D CCodec : string mime = "audio/raw"
04-01 08:46:48.777 525 1220 D CCodec : int32_t sample-rate = 44100
04-01 08:46:48.777 525 1220 D CCodec : int32_t channel-mask = 1
04-01 08:46:48.777 525 1220 D CCodec : int32_t android._config-pcm-encoding = 2
04-01 08:46:48.777 525 1220 D CCodec : }
04-01 08:46:48.781 525 1220 I CCodecConfig: query failed after returning 8 values (BAD_INDEX)
04-01 08:46:48.782 525 1220 I MediaCodec: MediaCodec will operate in async mode
04-01 08:46:48.782 525 1219 D MediaCodec: keep callback message for reclaim
04-01 08:46:48.786 525 1220 W Codec2Client: query -- param skipped: index = 1342179345.
04-01 08:46:48.786 525 1220 W Codec2Client: query -- param skipped: index = 2415921170.
04-01 08:46:48.787 525 1220 D C2Store : Using DMABUF Heaps
04-01 08:46:48.799 336 336 I apexd : Deleting unused dm device com.android.nfcservices
04-01 08:46:48.803 525 1220 D CCodecBufferChannel: [c2.android.vorbis.decoder#971] Created input block pool with allocatorID 16 => poolID 17 - OK (0)
04-01 08:46:48.811 525 1220 I CCodecBufferChannel: [c2.android.vorbis.decoder#971] Created output block pool with allocatorID 16 => poolID 36 - OK
04-01 08:46:48.812 525 1220 D CCodecBufferChannel: [c2.android.vorbis.decoder#971] Configured output block pool ids 36 => OK
04-01 08:46:48.812 528 1075 E Codec2-ComponentInterface: We have a failed config
04-01 08:46:48.814 525 1220 I DMABUFHEAPS: Using DMA-BUF heap named: system
04-01 08:46:48.818 528 1224 D SimpleC2Component: Using output block pool with poolID 36 => got 36 - 0
04-01 08:46:48.835 336 336 I apexd : Deleting unused dm device com.android.ondevicepersonalization
04-01 08:46:48.883 336 336 I apexd : Deleting unused dm device com.android.os.statsd
04-01 08:46:48.911 492 492 D PermissionCache: checking android.permission.MODIFY_PHONE_STATE for uid=10070 => granted (930 us)
04-01 08:46:48.918 492 492 D AudioFlinger: Client defaulted notificationFrames to 12288 for frameCount 24576
04-01 08:46:48.920 336 336 I apexd : Deleting unused dm device com.android.permission
04-01 08:46:48.947 838 838 D QSPanel : setUsingHorizontalLayout: false, true
04-01 08:46:48.948 838 838 D QSPanel : Reattaching media host: false, current null, new com.android.systemui.qs.QSPanel{1baa800 V.E...... ......I. 0,0-0,0 #7f0a0632 app:id/quick_settings_panel}
04-01 08:46:48.956 336 336 I apexd : Deleting unused dm device com.android.profiling
04-01 08:46:48.973 492 492 D audioserver: logFgsApiBegin: FGS Logger Transaction failed, -129
04-01 08:46:48.978 478 478 D AHAL_Stream: updateMetadataCommon
04-01 08:46:48.979 478 575 D AHAL_Stream: cycle: received command Command{start: Void{}} in writer
04-01 08:46:48.979 478 575 D alsa_device_proxy: proxy_prepare_from_default_config(c:0, d:0)
04-01 08:46:48.979 478 575 D alsa_device_proxy: proxy_open(card:0 device:0 PCM_OUT)
04-01 08:46:48.981 478 575 D AHAL_Stream: cycle: writing reply Reply{status: 0, fmqByteCount: 0, observable: Position{frames: 0, timeNs: 42050132710}, hardware: Position{frames: -1, timeNs: -1}, latencyMs: 0, xrunFrames: 0, state: IDLE}
04-01 08:46:48.986 838 838 D QSPanel : setUsingHorizontalLayout: false, true
04-01 08:46:48.986 838 838 D QSPanel : Reattaching media host: false, current com.android.systemui.qs.QSPanel{1baa800 V.E...... ......I. 0,0-0,0 #7f0a0632 app:id/quick_settings_panel}, new com.android.systemui.qs.QSPanel{1baa800 V.E...... ......I. 0,0-0,0 #7f0a0632 app:id/quick_settings_panel}
04-01 08:46:48.989 336 336 I apexd : Deleting unused dm device com.android.resolv
04-01 08:46:49.007 838 838 D QuickQSPanel: setUsingHorizontalLayout: false, true
04-01 08:46:49.008 838 838 D QuickQSPanel: Reattaching media host: false, current null, new com.android.systemui.qs.QuickQSPanel{3caaafb VFE...... ......I. 0,0-0,0 #7f0a0630 app:id/quick_qs_panel}
04-01 08:46:49.035 336 336 I apexd : Deleting unused dm device com.android.rkpd
04-01 08:46:49.096 336 336 I apexd : Deleting unused dm device com.android.runtime
04-01 08:46:49.130 336 336 I apexd : Deleting unused dm device com.android.scheduling
04-01 08:46:49.179 612 642 V PackageManager: reconcileAppsData finished 167 packages
04-01 08:46:49.180 612 642 V SystemServerTiming: reconcileAppsData-0 took to complete: 930ms
04-01 08:46:49.180 612 642 V SystemServerTiming: UM.onBeforeUnlockUser-0 took to complete: 1567ms
04-01 08:46:49.181 612 642 I ActivityManager: User 0 state changed from RUNNING_LOCKED to RUNNING_UNLOCKING
04-01 08:46:49.183 612 642 D ActivityManager: Unlocking user 0 progress 20
04-01 08:46:49.183 612 642 W Looper : Slow dispatch took 1586ms android.fg h=android.os.Handler c=com.android.server.am.UserController$$ExternalSyntheticLambda5@ac1c8c m=0
04-01 08:46:49.184 612 642 W Looper : Slow delivery took 1602ms android.fg h=android.os.Handler c=com.android.server.am.UserController$$ExternalSyntheticLambda4@a42ffd5 m=0
04-01 08:46:49.188 336 336 I apexd : Deleting unused dm device com.android.sdkext
04-01 08:46:49.195 612 653 D SystemServerTimingAsync: ssm.UnlockingUser-0
04-01 08:46:49.195 612 653 I SystemServiceManager: Calling onUnlockingUser 0
04-01 08:46:49.195 612 653 D SystemServerTimingAsync: ssm.onUnlockingUser-0_com.android.server.security.FileIntegrityService
04-01 08:46:49.195 612 653 V SystemServerTimingAsync: ssm.onUnlockingUser-0_com.android.server.security.FileIntegrityService took to complete: 0ms
04-01 08:46:49.195 612 653 D SystemServerTimingAsync: ssm.onUnlockingUser-0_com.android.server.pm.Installer
04-01 08:46:49.195 612 653 V SystemServerTimingAsync: ssm.onUnlockingUser-0_com.android.server.pm.Installer took to complete: 0ms
04-01 08:46:49.195 612 653 D SystemServerTimingAsync: ssm.onUnlockingUser-0_com.android.server.os.DeviceIdentifiersPolicyService
04-01 08:46:49.195 612 653 V SystemServerTimingAsync: ssm.onUnlockingUser-0_com.android.server.os.DeviceIdentifiersPolicyService took to complete: 0ms
04-01 08:46:49.195 612 653 D SystemServerTimingAsync: ssm.onUnlockingUser-0_com.android.server.flags.FeatureFlagsService
04-01 08:46:49.195 612 653 V SystemServerTimingAsync: ssm.onUnlockingUser-0_com.android.server.flags.FeatureFlagsService took to complete: 0ms
04-01 08:46:49.195 612 653 D SystemServerTimingAsync: ssm.onUnlockingUser-0_com.android.server.uri.UriGrantsManagerService$Lifecycle
04-01 08:46:49.195 612 653 V SystemServerTimingAsync: ssm.onUnlockingUser-0_com.android.server.uri.UriGrantsManagerService$Lifecycle took to complete: 0ms
04-01 08:46:49.195 612 653 D SystemServerTimingAsync: ssm.onUnlockingUser-0_com.android.server.powerstats.PowerStatsService
04-01 08:46:49.195 612 653 V SystemServerTimingAsync: ssm.onUnlockingUser-0_com.android.server.powerstats.PowerStatsService took to complete: 0ms
04-01 08:46:49.195 612 653 D SystemServerTimingAsync: ssm.onUnlockingUser-0_com.android.server.permission.access.AccessCheckingService
04-01 08:46:49.195 612 653 V SystemServerTimingAsync: ssm.onUnlockingUser-0_com.android.server.permission.access.AccessCheckingService took to complete: 0ms
04-01 08:46:49.195 612 653 D SystemServerTimingAsync: ssm.onUnlockingUser-0_com.android.server.wm.ActivityTaskManagerService$Lifecycle
04-01 08:46:49.195 612 653 V SystemServerTimingAsync: ssm.onUnlockingUser-0_com.android.server.wm.ActivityTaskManagerService$Lifecycle took to complete: 0ms
04-01 08:46:49.195 612 653 D SystemServerTimingAsync: ssm.onUnlockingUser-0_com.android.server.am.ActivityManagerService$Lifecycle
04-01 08:46:49.195 612 653 V SystemServerTimingAsync: ssm.onUnlockingUser-0_com.android.server.am.ActivityManagerService$Lifecycle took to complete: 0ms
04-01 08:46:49.195 612 653 D SystemServerTimingAsync: ssm.onUnlockingUser-0_com.android.server.pm.DataLoaderManagerService
04-01 08:46:49.195 612 653 V SystemServerTimingAsync: ssm.onUnlockingUser-0_com.android.server.pm.DataLoaderManagerService took to complete: 0ms
04-01 08:46:49.195 612 653 D SystemServerTimingAsync: ssm.onUnlockingUser-0_com.android.server.power.PowerManagerService
04-01 08:46:49.195 612 653 V SystemServerTimingAsync: ssm.onUnlockingUser-0_com.android.server.power.PowerManagerService took to complete: 0ms
04-01 08:46:49.196 612 653 D SystemServerTimingAsync: ssm.onUnlockingUser-0_com.android.server.power.ThermalManagerService
04-01 08:46:49.196 612 653 V SystemServerTimingAsync: ssm.onUnlockingUser-0_com.android.server.power.ThermalManagerService took to complete: 0ms
04-01 08:46:49.196 612 653 D SystemServerTimingAsync: ssm.onUnlockingUser-0_com.android.server.recoverysystem.RecoverySystemService$Lifecycle
04-01 08:46:49.196 612 653 V SystemServerTimingAsync: ssm.onUnlockingUser-0_com.android.server.recoverysystem.RecoverySystemService$Lifecycle took to complete: 0ms
04-01 08:46:49.196 612 653 D SystemServerTimingAsync: ssm.onUnlockingUser-0_com.android.server.lights.LightsService
04-01 08:46:49.196 612 653 V SystemServerTimingAsync: ssm.onUnlockingUser-0_com.android.server.lights.LightsService took to complete: 0ms
04-01 08:46:49.196 612 653 D SystemServerTimingAsync: ssm.onUnlockingUser-0_com.android.server.display.DisplayManagerService
04-01 08:46:49.196 612 653 V SystemServerTimingAsync: ssm.onUnlockingUser-0_com.android.server.display.DisplayManagerService took to complete: 0ms
04-01 08:46:49.196 612 653 D SystemServerTimingAsync: ssm.onUnlockingUser-0_com.android.server.pm.verify.domain.DomainVerificationService
04-01 08:46:49.196 612 653 V SystemServerTimingAsync: ssm.onUnlockingUser-0_com.android.server.pm.verify.domain.DomainVerificationService took to complete: 0ms
04-01 08:46:49.196 612 653 D SystemServerTimingAsync: ssm.onUnlockingUser-0_com.android.server.pm.PackageInstallerService$Lifecycle
04-01 08:46:49.196 612 653 V SystemServerTimingAsync: ssm.onUnlockingUser-0_com.android.server.pm.PackageInstallerService$Lifecycle took to complete: 0ms
04-01 08:46:49.196 612 653 D SystemServerTimingAsync: ssm.onUnlockingUser-0_com.android.server.pm.UserManagerService$LifeCycle
04-01 08:46:49.196 612 653 V SystemServerTimingAsync: ssm.onUnlockingUser-0_com.android.server.pm.UserManagerService$LifeCycle took to complete: 0ms
04-01 08:46:49.196 612 653 D SystemServerTimingAsync: ssm.onUnlockingUser-0_com.android.server.om.OverlayManagerService
04-01 08:46:49.196 612 653 V SystemServerTimingAsync: ssm.onUnlockingUser-0_com.android.server.om.OverlayManagerService took to complete: 0ms
04-01 08:46:49.196 612 653 D SystemServerTimingAsync: ssm.onUnlockingUser-0_com.android.server.resources.ResourcesManagerService
04-01 08:46:49.196 612 653 V SystemServerTimingAsync: ssm.onUnlockingUser-0_com.android.server.resources.ResourcesManagerService took to complete: 0ms
04-01 08:46:49.196 612 653 D SystemServerTimingAsync: ssm.onUnlockingUser-0_com.android.server.sensorprivacy.SensorPrivacyService
04-01 08:46:49.196 612 653 V SystemServerTimingAsync: ssm.onUnlockingUser-0_com.android.server.sensorprivacy.SensorPrivacyService took to complete: 0ms
04-01 08:46:49.196 612 653 D SystemServerTimingAsync: ssm.onUnlockingUser-0_com.android.server.sensors.SensorService
04-01 08:46:49.196 612 653 V SystemServerTimingAsync: ssm.onUnlockingUser-0_com.android.server.sensors.SensorService took to complete: 0ms
04-01 08:46:49.196 612 653 D SystemServerTimingAsync: ssm.onUnlockingUser-0_com.android.server.SystemConfigService
04-01 08:46:49.196 612 653 V SystemServerTimingAsync: ssm.onUnlockingUser-0_com.android.server.SystemConfigService took to complete: 0ms
04-01 08:46:49.196 612 653 D SystemServerTimingAsync: ssm.onUnlockingUser-0_com.android.server.BatteryService
04-01 08:46:49.196 612 653 V SystemServerTimingAsync: ssm.onUnlockingUser-0_com.android.server.BatteryService took to complete: 0ms
04-01 08:46:49.196 612 653 D SystemServerTimingAsync: ssm.onUnlockingUser-0_com.android.server.usage.UsageStatsService
04-01 08:46:49.196 612 653 V SystemServerTimingAsync: ssm.onUnlockingUser-0_com.android.server.usage.UsageStatsService took to complete: 1ms
04-01 08:46:49.197 612 653 D SystemServerTimingAsync: ssm.onUnlockingUser-0_com.android.server.webkit.WebViewUpdateService
04-01 08:46:49.197 612 653 V SystemServerTimingAsync: ssm.onUnlockingUser-0_com.android.server.webkit.WebViewUpdateService took to complete: 0ms
04-01 08:46:49.197 612 653 D SystemServerTimingAsync: ssm.onUnlockingUser-0_com.android.server.CachedDeviceStateService
04-01 08:46:49.197 612 653 V SystemServerTimingAsync: ssm.onUnlockingUser-0_com.android.server.CachedDeviceStateService took to complete: 0ms
04-01 08:46:49.197 612 653 D SystemServerTimingAsync: ssm.onUnlockingUser-0_com.android.server.BinderCallsStatsService$LifeCycle
04-01 08:46:49.197 612 653 V SystemServerTimingAsync: ssm.onUnlockingUser-0_com.android.server.BinderCallsStatsService$LifeCycle took to complete: 0ms
04-01 08:46:49.197 612 653 D SystemServerTimingAsync: ssm.onUnlockingUser-0_com.android.server.LooperStatsService$Lifecycle
04-01 08:46:49.197 612 653 V SystemServerTimingAsync: ssm.onUnlockingUser-0_com.android.server.LooperStatsService$Lifecycle took to complete: 0ms
04-01 08:46:49.197 612 653 D SystemServerTimingAsync: ssm.onUnlockingUser-0_com.android.server.rollback.RollbackManagerService
04-01 08:46:49.228 612 653 V SystemServerTimingAsync: ssm.onUnlockingUser-0_com.android.server.rollback.RollbackManagerService took to complete: 31ms
04-01 08:46:49.228 612 653 D SystemServerTimingAsync: ssm.onUnlockingUser-0_com.android.server.os.NativeTombstoneManagerService
04-01 08:46:49.228 612 653 V SystemServerTimingAsync: ssm.onUnlockingUser-0_com.android.server.os.NativeTombstoneManagerService took to complete: 1ms
04-01 08:46:49.228 612 653 D SystemServerTimingAsync: ssm.onUnlockingUser-0_com.android.server.os.BugreportManagerService
04-01 08:46:49.228 612 653 V SystemServerTimingAsync: ssm.onUnlockingUser-0_com.android.server.os.BugreportManagerService took to complete: 0ms
04-01 08:46:49.228 612 653 D SystemServerTimingAsync: ssm.onUnlockingUser-0_com.android.server.gpu.GpuService
04-01 08:46:49.229 612 653 V SystemServerTimingAsync: ssm.onUnlockingUser-0_com.android.server.gpu.GpuService took to complete: 0ms
04-01 08:46:49.229 612 653 D SystemServerTimingAsync: ssm.onUnlockingUser-0_com.android.server.security.rkp.RemoteProvisioningService
04-01 08:46:49.229 612 653 V SystemServerTimingAsync: ssm.onUnlockingUser-0_com.android.server.security.rkp.RemoteProvisioningService took to complete: 0ms
04-01 08:46:49.229 612 653 D SystemServerTimingAsync: ssm.onUnlockingUser-0_com.android.server.cpu.CpuMonitorService
04-01 08:46:49.229 612 653 V SystemServerTimingAsync: ssm.onUnlockingUser-0_com.android.server.cpu.CpuMonitorService took to complete: 0ms
04-01 08:46:49.229 612 653 D SystemServerTimingAsync: ssm.onUnlockingUser-0_com.android.server.security.KeyChainSystemService
04-01 08:46:49.229 612 653 V SystemServerTimingAsync: ssm.onUnlockingUser-0_com.android.server.security.KeyChainSystemService took to complete: 0ms
04-01 08:46:49.229 612 653 D SystemServerTimingAsync: ssm.onUnlockingUser-0_com.android.server.BinaryTransparencyService
04-01 08:46:49.229 612 653 V SystemServerTimingAsync: ssm.onUnlockingUser-0_com.android.server.BinaryTransparencyService took to complete: 0ms
04-01 08:46:49.229 612 653 D SystemServerTimingAsync: ssm.onUnlockingUser-0_com.android.server.accounts.AccountManagerService$Lifecycle
04-01 08:46:49.229 612 653 V SystemServerTimingAsync: ssm.onUnlockingUser-0_com.android.server.accounts.AccountManagerService$Lifecycle took to complete: 0ms
04-01 08:46:49.229 612 653 D SystemServerTimingAsync: ssm.onUnlockingUser-0_com.android.server.content.ContentService$Lifecycle
04-01 08:46:49.235 525 1218 D AudioTrack: getTimestamp_l(8): device stall time corrected using current time 42304178030
04-01 08:46:49.237 612 700 W JobInfo : Job 'android/com.android.server.usage.UsageStatsIdleService#0' has a deadline with no functional constraints. The deadline won't improve job execution latency. Consider removing the deadline.
04-01 08:46:49.238 612 653 V SystemServerTimingAsync: ssm.onUnlockingUser-0_com.android.server.content.ContentService$Lifecycle took to complete: 0ms
04-01 08:46:49.239 612 653 D SystemServerTimingAsync: ssm.onUnlockingUser-0_com.android.server.deviceconfig.DeviceConfigInit$Lifecycle
04-01 08:46:49.239 612 653 V SystemServerTimingAsync: ssm.onUnlockingUser-0_com.android.server.deviceconfig.DeviceConfigInit$Lifecycle took to complete: 0ms
04-01 08:46:49.239 612 653 D SystemServerTimingAsync: ssm.onUnlockingUser-0_com.android.server.DropBoxManagerService
04-01 08:46:49.239 612 653 V SystemServerTimingAsync: ssm.onUnlockingUser-0_com.android.server.DropBoxManagerService took to complete: 0ms
04-01 08:46:49.239 612 653 D SystemServerTimingAsync: ssm.onUnlockingUser-0_com.android.ecm.EnhancedConfirmationService
04-01 08:46:49.239 612 653 V SystemServerTimingAsync: ssm.onUnlockingUser-0_com.android.ecm.EnhancedConfirmationService took to complete: 0ms
04-01 08:46:49.239 612 653 D SystemServerTimingAsync: ssm.onUnlockingUser-0_com.android.server.power.hint.HintManagerService
04-01 08:46:49.239 612 653 V SystemServerTimingAsync: ssm.onUnlockingUser-0_com.android.server.power.hint.HintManagerService took to complete: 0ms
04-01 08:46:49.239 612 653 D SystemServerTimingAsync: ssm.onUnlockingUser-0_com.android.role.RoleService
04-01 08:46:49.239 612 653 V SystemServerTimingAsync: ssm.onUnlockingUser-0_com.android.role.RoleService took to complete: 0ms
04-01 08:46:49.239 612 653 D SystemServerTimingAsync: ssm.onUnlockingUser-0_com.android.server.vibrator.VibratorManagerService$Lifecycle
04-01 08:46:49.239 612 653 V SystemServerTimingAsync: ssm.onUnlockingUser-0_com.android.server.vibrator.VibratorManagerService$Lifecycle took to complete: 0ms
04-01 08:46:49.242 429 429 I apexd : destroyCeSnapshotsNotSpecified() received by ApexService user_id : 0 retain_rollback_ids : []
04-01 08:46:49.239 612 653 D SystemServerTimingAsync: ssm.onUnlockingUser-0_com.android.server.alarm.AlarmManagerService
04-01 08:46:49.239 612 653 V SystemServerTimingAsync: ssm.onUnlockingUser-0_com.android.server.alarm.AlarmManagerService took to complete: 0ms
04-01 08:46:49.239 612 653 D SystemServerTimingAsync: ssm.onUnlockingUser-0_com.android.server.devicestate.DeviceStateManagerService
04-01 08:46:49.239 612 653 V SystemServerTimingAsync: ssm.onUnlockingUser-0_com.android.server.devicestate.DeviceStateManagerService took to complete: 0ms
04-01 08:46:49.239 612 653 D SystemServerTimingAsync: ssm.onUnlockingUser-0_com.android.server.camera.CameraServiceProxy
04-01 08:46:49.239 612 653 V SystemServerTimingAsync: ssm.onUnlockingUser-0_com.android.server.camera.CameraServiceProxy took to complete: 0ms
04-01 08:46:49.239 612 653 D SystemServerTimingAsync: ssm.onUnlockingUser-0_com.android.server.connectivity.IpConnectivityMetrics
04-01 08:46:49.239 612 653 V SystemServerTimingAsync: ssm.onUnlockingUser-0_com.android.server.connectivity.IpConnectivityMetrics took to complete: 0ms
04-01 08:46:49.239 612 653 D SystemServerTimingAsync: ssm.onUnlockingUser-0_com.android.server.net.watchlist.NetworkWatchlistService$Lifecycle
04-01 08:46:49.263 336 336 I apexd : Deleting unused dm device com.android.tethering
04-01 08:46:49.239 612 653 V SystemServerTimingAsync: ssm.onUnlockingUser-0_com.android.server.net.watchlist.NetworkWatchlistService$Lifecycle took to complete: 0ms
04-01 08:46:49.239 612 653 D SystemServerTimingAsync: ssm.onUnlockingUser-0_com.android.server.PinnerService
04-01 08:46:49.239 612 653 V SystemServerTimingAsync: ssm.onUnlockingUser-0_com.android.server.PinnerService took to complete: 0ms
04-01 08:46:49.239 612 653 D SystemServerTimingAsync: ssm.onUnlockingUser-0_com.android.server.integrity.AppIntegrityManagerService
04-01 08:46:49.239 612 653 V SystemServerTimingAsync: ssm.onUnlockingUser-0_com.android.server.integrity.AppIntegrityManagerService took to complete: 0ms
04-01 08:46:49.239 612 653 D SystemServerTimingAsync: ssm.onUnlockingUser-0_com.android.server.logcat.LogcatManagerService
04-01 08:46:49.239 612 653 V SystemServerTimingAsync: ssm.onUnlockingUser-0_com.android.server.logcat.LogcatManagerService took to complete: 0ms
04-01 08:46:49.239 612 653 D SystemServerTimingAsync: ssm.onUnlockingUser-0_com.android.server.inputmethod.InputMethodManagerService$Lifecycle
04-01 08:46:49.247 612 653 V SystemServerTimingAsync: ssm.onUnlockingUser-0_com.android.server.inputmethod.InputMethodManagerService$Lifecycle took to complete: 8ms
04-01 08:46:49.247 612 653 D SystemServerTimingAsync: ssm.onUnlockingUser-0_com.android.server.accessibility.AccessibilityManagerService$Lifecycle
04-01 08:46:49.247 612 653 V SystemServerTimingAsync: ssm.onUnlockingUser-0_com.android.server.accessibility.AccessibilityManagerService$Lifecycle took to complete: 0ms
04-01 08:46:49.247 612 653 D SystemServerTimingAsync: ssm.onUnlockingUser-0_com.android.server.StorageManagerService$Lifecycle
04-01 08:46:49.247 612 653 D StorageManagerService: onUserUnlocking 0
04-01 08:46:49.247 612 653 I StorageSessionController: On user unlock 0
04-01 08:46:49.247 612 653 I StorageSessionController: Initialialising...
04-01 08:46:49.253 254 254 I vold : onUserStarted: 0
04-01 08:46:49.261 612 700 W JobInfo : Job 'android/com.android.server.usage.UsageStatsIdleService#0' has a deadline with no functional constraints. The deadline won't improve job execution latency. Consider removing the deadline.
04-01 08:46:49.266 612 1096 V StorageManagerService: Found primary storage at VolumeInfo{emulated;0}:
04-01 08:46:49.266 612 1096 V StorageManagerService: type=EMULATED diskId=null partGuid= mountFlags=0 mountUserId=0
04-01 08:46:49.266 612 1096 V StorageManagerService: state=UNMOUNTED
04-01 08:46:49.266 612 1096 V StorageManagerService: fsType=null fsUuid=null fsLabel=null
04-01 08:46:49.266 612 1096 V StorageManagerService: path=null internalPath=null
04-01 08:46:49.267 612 642 W Looper : Drained
04-01 08:46:49.269 612 653 V SystemServerTimingAsync: ssm.onUnlockingUser-0_com.android.server.StorageManagerService$Lifecycle took to complete: 22ms
04-01 08:46:49.269 612 653 D SystemServerTimingAsync: ssm.onUnlockingUser-0_com.android.server.usage.StorageStatsService$Lifecycle
04-01 08:46:49.269 612 653 V SystemServerTimingAsync: ssm.onUnlockingUser-0_com.android.server.usage.StorageStatsService$Lifecycle took to complete: 0ms
04-01 08:46:49.269 612 653 D SystemServerTimingAsync: ssm.onUnlockingUser-0_com.android.server.UiModeManagerService
04-01 08:46:49.269 612 653 V SystemServerTimingAsync: ssm.onUnlockingUser-0_com.android.server.UiModeManagerService took to complete: 0ms
04-01 08:46:49.270 612 653 D SystemServerTimingAsync: ssm.onUnlockingUser-0_com.android.server.locales.LocaleManagerService
04-01 08:46:49.270 612 653 V SystemServerTimingAsync: ssm.onUnlockingUser-0_com.android.server.locales.LocaleManagerService took to complete: 0ms
04-01 08:46:49.270 612 653 D SystemServerTimingAsync: ssm.onUnlockingUser-0_com.android.server.grammaticalinflection.GrammaticalInflectionService
04-01 08:46:49.270 612 653 V SystemServerTimingAsync: ssm.onUnlockingUser-0_com.android.server.grammaticalinflection.GrammaticalInflectionService took to complete: 0ms
04-01 08:46:49.270 612 653 D SystemServerTimingAsync: ssm.onUnlockingUser-0_com.android.server.apphibernation.AppHibernationService
04-01 08:46:49.272 612 731 I StorageManagerService: Mounting volume VolumeInfo{emulated;0}:
04-01 08:46:49.272 612 731 I StorageManagerService: type=EMULATED diskId=null partGuid= mountFlags=PRIMARY|VISIBLE_FOR_WRITE
04-01 08:46:49.272 612 731 I StorageManagerService: mountUserId=0 state=UNMOUNTED
04-01 08:46:49.272 612 731 I StorageManagerService: fsType=null fsUuid=null fsLabel=null
04-01 08:46:49.272 612 731 I StorageManagerService: path=null internalPath=null
