01-01 00:00:24.722 448 448 D NetBpfLoad: BPF_PROG_LOAD call for /apex/com.android.tethering/etc/bpf/net_shared/clatd.o (schedcls_ingress6_clat_rawip$4_14) returned 'processed 623 insns (limit 1000000) max_states_per_insn 1 total_states 22 peak_states 22 mark_read 6' fd: 8 (ok)
01-01 00:00:24.722 448 448 I NetBpfLoad: prog /sys/fs/bpf/net_shared/prog_clatd_schedcls_ingress6_clat_rawip id 34
01-01 00:00:24.722 448 448 D NetBpfLoad: cs[3].name:schedcls_ingress6_clat_rawip$4_9 min_kver:0 .max_kver:40e0000 (kvers:6060042)
01-01 00:00:24.722 448 448 D NetBpfLoad: cs[4].name:schedcls_egress4_clat_rawip min_kver:0 .max_kver:ffffffff (kvers:6060042)
01-01 00:00:24.722 448 448 D NetBpfLoad: cs[4].name:schedcls_egress4_clat_rawip requires bpfloader version [0x0002b,0x10000)
01-01 00:00:24.731 448 448 D NetBpfLoad: BPF_PROG_LOAD call for /apex/com.android.tethering/etc/bpf/net_shared/clatd.o (schedcls_egress4_clat_rawip) returned 'processed 374 insns (limit 1000000) max_states_per_insn 1 total_states 14 peak_states 14 mark_read 3' fd: 9 (ok)
01-01 00:00:24.731 448 448 I NetBpfLoad: prog /sys/fs/bpf/net_shared/prog_clatd_schedcls_egress4_clat_rawip id 35
01-01 00:00:24.731 448 448 D NetBpfLoad: Loaded object: /apex/com.android.tethering/etc/bpf/net_shared/clatd.o
01-01 00:00:24.732 448 448 I NetBpfLoad: done, transferring control to platform bpfloader.
01-01 00:00:24.774 448 448 I BpfLoader: Platform BpfLoader loading optional ELF object /system/etc/bpf/gpuMem.o with license Apache 2.0
01-01 00:00:24.777 448 448 D BpfLoader: map /sys/fs/bpf/map_gpuMem_gpu_mem_total_map id 37
01-01 00:00:24.781 448 448 D BpfLoader: prog /sys/fs/bpf/prog_gpuMem_tracepoint_gpu_mem_gpu_mem_total id 36
01-01 00:00:24.782 448 448 I BpfLoader: Platform BpfLoader loading critical for BPF Ringbuf test ELF object /system/etc/bpf/bpfRingbufProg.o with license Apache 2.0
01-01 00:00:24.784 448 448 D BpfLoader: map /sys/fs/bpf/map_bpfRingbufProg_test_ringbuf id 38
01-01 00:00:24.787 448 448 D BpfLoader: prog /sys/fs/bpf/prog_bpfRingbufProg_skfilter_ringbuf_test id 37
01-01 00:00:24.789 448 448 I BpfLoader: Platform BpfLoader loading optional ELF object /system/etc/bpf/timeInState.o with license GPL
01-01 00:00:24.796 448 448 D BpfLoader: map /sys/fs/bpf/map_timeInState_total_time_in_state_map id 39
01-01 00:00:24.801 448 448 D BpfLoader: map /sys/fs/bpf/map_timeInState_uid_time_in_state_map id 40
01-01 00:00:24.803 448 448 D BpfLoader: map /sys/fs/bpf/map_timeInState_uid_concurrent_times_map id 41
01-01 00:00:24.804 448 448 D BpfLoader: map /sys/fs/bpf/map_timeInState_uid_last_update_map id 42
01-01 00:00:24.804 448 448 D BpfLoader: map /sys/fs/bpf/map_timeInState_cpu_last_update_map id 43
01-01 00:00:24.804 448 448 D BpfLoader: map /sys/fs/bpf/map_timeInState_cpu_last_pid_map id 44
01-01 00:00:24.804 448 448 D BpfLoader: map /sys/fs/bpf/map_timeInState_cpu_policy_map id 45
01-01 00:00:24.804 448 448 D BpfLoader: map /sys/fs/bpf/map_timeInState_policy_freq_idx_map id 46
01-01 00:00:24.805 448 448 D BpfLoader: map /sys/fs/bpf/map_timeInState_freq_to_idx_map id 47
01-01 00:00:24.805 448 448 D BpfLoader: map /sys/fs/bpf/map_timeInState_nr_active_map id 48
01-01 00:00:24.805 448 448 D BpfLoader: map /sys/fs/bpf/map_timeInState_policy_nr_active_map id 49
01-01 00:00:24.806 448 448 D BpfLoader: map /sys/fs/bpf/map_timeInState_pid_tracked_hash_map id 50
01-01 00:00:24.806 448 448 D BpfLoader: map /sys/fs/bpf/map_timeInState_pid_tracked_map id 51
01-01 00:00:24.806 448 448 D BpfLoader: map /sys/fs/bpf/map_timeInState_pid_task_aggregation_map id 52
01-01 00:00:24.810 448 448 D BpfLoader: map /sys/fs/bpf/map_timeInState_pid_time_in_state_map id 53
01-01 00:00:24.850 448 448 D BpfLoader: prog /sys/fs/bpf/prog_timeInState_tracepoint_sched_sched_switch id 38
01-01 00:00:24.853 448 448 D BpfLoader: prog /sys/fs/bpf/prog_timeInState_tracepoint_power_cpu_frequency id 39
01-01 00:00:24.863 448 448 D BpfLoader: prog /sys/fs/bpf/prog_timeInState_tracepoint_sched_sched_process_free id 40
01-01 00:00:24.864 448 448 I BpfLoader: Platform BpfLoader loading optional ELF object /system/etc/bpf/fuseMedia.o with license GPL
01-01 00:00:24.867 448 448 W BpfLoader: No maps section could be found in elf object
01-01 00:00:24.872 448 448 D BpfLoader: prog /sys/fs/bpf/prog_fuseMedia_fuse_media id 41
01-01 00:00:24.873 448 448 I BpfLoader: Platform BpfLoader loading optional ELF object /system/etc/bpf/gpuWork.o with license Apache 2.0
01-01 00:00:24.875 448 448 D BpfLoader: map /sys/fs/bpf/map_gpuWork_gpu_work_map id 54
01-01 00:00:24.875 448 448 D BpfLoader: map /sys/fs/bpf/map_gpuWork_gpu_work_global_data id 55
01-01 00:00:24.881 448 448 D BpfLoader: prog /sys/fs/bpf/prog_gpuWork_tracepoint_power_gpu_work_period id 42
01-01 00:00:24.883 448 448 I BpfLoader: Platform BpfLoader loading optional ELF object /system/etc/bpf/memevents/bpfMemEventsTest.o with license GPL
01-01 00:00:24.890 448 448 D BpfLoader: map /sys/fs/bpf/memevents/map_bpfMemEventsTest_rb id 56
01-01 00:00:24.894 448 448 D BpfLoader: prog /sys/fs/bpf/memevents/prog_bpfMemEventsTest_tracepoint_oom_mark_victim id 43
01-01 00:00:24.897 448 448 D BpfLoader: prog /sys/fs/bpf/memevents/prog_bpfMemEventsTest_skfilter_oom_kill id 44
01-01 00:00:24.900 448 448 D BpfLoader: prog /sys/fs/bpf/memevents/prog_bpfMemEventsTest_skfilter_direct_reclaim_begin id 45
01-01 00:00:24.903 448 448 D BpfLoader: prog /sys/fs/bpf/memevents/prog_bpfMemEventsTest_skfilter_direct_reclaim_end id 46
01-01 00:00:24.905 448 448 D BpfLoader: prog /sys/fs/bpf/memevents/prog_bpfMemEventsTest_skfilter_kswapd_wake id 47
01-01 00:00:24.908 448 448 D BpfLoader: prog /sys/fs/bpf/memevents/prog_bpfMemEventsTest_skfilter_kswapd_sleep id 48
01-01 00:00:24.909 448 448 I BpfLoader: Platform BpfLoader loading optional ELF object /system/etc/bpf/memevents/bpfMemEvents.o with license GPL
01-01 00:00:24.914 448 448 D BpfLoader: map /sys/fs/bpf/memevents/map_bpfMemEvents_ams_rb id 57
01-01 00:00:24.915 448 448 D BpfLoader: map /sys/fs/bpf/memevents/map_bpfMemEvents_lmkd_rb id 58
01-01 00:00:24.919 448 448 D BpfLoader: prog /sys/fs/bpf/memevents/prog_bpfMemEvents_tracepoint_oom_mark_victim_ams id 49
01-01 00:00:24.922 448 448 D BpfLoader: prog /sys/fs/bpf/memevents/prog_bpfMemEvents_tracepoint_vmscan_mm_vmscan_direct_reclaim_begin_lmkd id 50
01-01 00:00:24.924 448 448 D BpfLoader: prog /sys/fs/bpf/memevents/prog_bpfMemEvents_tracepoint_vmscan_mm_vmscan_direct_reclaim_end_lmkd id 51
01-01 00:00:24.927 448 448 D BpfLoader: prog /sys/fs/bpf/memevents/prog_bpfMemEvents_tracepoint_vmscan_mm_vmscan_kswapd_wake_lmkd id 52
01-01 00:00:24.929 448 448 D BpfLoader: prog /sys/fs/bpf/memevents/prog_bpfMemEvents_tracepoint_vmscan_mm_vmscan_kswapd_sleep_lmkd id 53
01-01 00:00:24.931 448 448 I BpfLoader: Platform BpfLoader loading optional ELF object /system/etc/bpf/uprobestats/GenericInstrumentation.o with license GPL
01-01 00:00:24.937 448 448 D BpfLoader: map /sys/fs/bpf/uprobestats/map_GenericInstrumentation_call_detail_buf id 59
01-01 00:00:24.937 448 448 D BpfLoader: map /sys/fs/bpf/uprobestats/map_GenericInstrumentation_call_timestamp_buf id 60
01-01 00:00:24.942 448 448 D BpfLoader: prog /sys/fs/bpf/uprobestats/prog_GenericInstrumentation_uprobe_call_detail id 54
01-01 00:00:24.945 448 448 D BpfLoader: prog /sys/fs/bpf/uprobestats/prog_GenericInstrumentation_uprobe_call_timestamp_1 id 55
01-01 00:00:24.947 448 448 D BpfLoader: prog /sys/fs/bpf/uprobestats/prog_GenericInstrumentation_uprobe_call_timestamp_2 id 56
01-01 00:00:24.950 448 448 D BpfLoader: prog /sys/fs/bpf/uprobestats/prog_GenericInstrumentation_uprobe_call_timestamp_3 id 57
01-01 00:00:24.952 448 448 D BpfLoader: prog /sys/fs/bpf/uprobestats/prog_GenericInstrumentation_uprobe_call_timestamp_4 id 58
01-01 00:00:24.955 448 448 D BpfLoader: prog /sys/fs/bpf/uprobestats/prog_GenericInstrumentation_uprobe_call_timestamp_5 id 59
01-01 00:00:24.956 448 448 I BpfLoader: Platform BpfLoader loading optional ELF object /system/etc/bpf/uprobestats/BitmapAllocation.o with license GPL
01-01 00:00:24.958 448 448 D BpfLoader: map /sys/fs/bpf/uprobestats/map_BitmapAllocation_output_buf id 61
01-01 00:00:24.961 448 448 D BpfLoader: prog /sys/fs/bpf/uprobestats/prog_BitmapAllocation_uprobe_bitmap_constructor_heap id 60
01-01 00:00:24.963 448 448 I BpfLoader: Platform BpfLoader loading optional ELF object /system/etc/bpf/uprobestats/ProcessManagement.o with license GPL
01-01 00:00:24.964 448 448 D BpfLoader: map /sys/fs/bpf/uprobestats/map_ProcessManagement_output_buf id 62
01-01 00:00:24.969 448 448 D BpfLoader: prog /sys/fs/bpf/uprobestats/prog_ProcessManagement_uprobe_set_uid_temp_allowlist_state id 61
01-01 00:00:24.971 448 448 I BpfLoader: Platform BpfLoader loading critical for healthd ELF object /vendor/etc/bpf/filterPowerSupplyEvents.o with license Apache 2.0
01-01 00:00:24.973 448 448 W BpfLoader: No maps section could be found in elf object
01-01 00:00:25.398 448 448 D BpfLoader: prog /sys/fs/bpf/vendor/prog_filterPowerSupplyEvents_skfilter_power_supply id 62
01-01 00:00:25.427 448 448 I NetBpfLoad: success.
01-01 00:00:25.430 1 1 I init : Service 'bpfloader' (pid 448) exited with status 0 waiting took 1.444000 seconds
01-01 00:00:25.430 1 1 I init : Sending signal 9 to service 'bpfloader' (pid 448) process group...
01-01 00:00:25.430 1 1 I libprocessgroup: Removed cgroup /sys/fs/cgroup/uid_0/pid_448
01-01 00:00:25.432 1 1 I init : processing action (sys.init.perf_lsm_hooks=1 && load-bpf-programs) from (/system/etc/init/hw/init.rc:1296)
01-01 00:00:25.433 1 1 I init : processing action (bpf-progs-loaded) from (/system/etc/init/hw/init.rc:1126)
01-01 00:00:25.434 1 1 I init : starting service 'netd'...
01-01 00:00:25.435 1 1 I init : Created socket '/dev/socket/dnsproxyd', mode 660, user 0, group 3003
01-01 00:00:25.436 1 1 I init : Created socket '/dev/socket/mdns', mode 660, user 0, group 1000
01-01 00:00:25.436 1 1 I init : Created socket '/dev/socket/fwmarkd', mode 660, user 0, group 3003
01-01 00:00:25.446 1 1 I init : ... started service 'netd' has pid 449
01-01 00:00:25.447 1 1 I init : processing action (zygote-start) from (/system/etc/init/hw/init.rc:1131)
01-01 00:00:25.447 1 1 I init : start_waiting_for_property("odsign.verification.done", "1"): already set
01-01 00:00:25.448 1 1 I init : starting service 'update_verifier'...
01-01 00:00:25.460 1 1 I init : ... started service 'update_verifier' has pid 450
01-01 00:00:25.460 1 1 I init : SVC_EXEC service 'update_verifier' pid 450 (uid 0 gid 2001+1 context default) started; waiting...
01-01 00:00:25.524 241 241 I servicemanager: getDeviceHalManifest: Reloading VINTF information.
01-01 00:00:25.524 241 241 I servicemanager: getDeviceHalManifest: Reading VINTF information.
01-01 00:00:25.530 241 241 I servicemanager: Loaded APEX Infos from /apex/apex-info-list.xml
01-01 00:00:25.573 241 241 I servicemanager: getDeviceHalManifest: Successfully processed VINTF information
01-01 00:00:25.573 241 241 I servicemanager: getFrameworkHalManifest: Reloading VINTF information.
01-01 00:00:25.573 241 241 I servicemanager: getFrameworkHalManifest: Reading VINTF information.
01-01 00:00:25.579 241 241 I servicemanager: Loaded APEX Infos from /apex/apex-info-list.xml
01-01 00:00:25.581 241 241 I servicemanager: getFrameworkHalManifest: Successfully processed VINTF information
01-01 00:00:25.581 241 241 I servicemanager: Caller(pid=450,uid=0,sid=u:r:update_verifier:s0) Found android.hardware.boot.IBootControl/default in device VINTF manifest.
01-01 00:00:25.584 450 450 I update_verifier: Using AIDL version of IBootControl
01-01 00:00:25.586 450 450 I update_verifier: Booting slot 0: isSlotMarkedSuccessful=1
01-01 00:00:25.586 450 450 I update_verifier: Leaving update_verifier.
01-01 00:00:25.591 1 1 I init : Service 'update_verifier' (pid 450) exited with status 0 waiting took 0.136000 seconds
01-01 00:00:25.591 1 1 I init : Sending signal 9 to service 'update_verifier' (pid 450) process group...
01-01 00:00:25.591 1 1 I libprocessgroup: Removed cgroup /sys/fs/cgroup/uid_0/pid_450
01-01 00:00:25.596 1 1 I init : starting service 'statsd'...
01-01 00:00:25.597 1 1 I init : Created socket '/dev/socket/statsdw', mode 222, user 1066, group 1066
01-01 00:00:25.603 449 449 I netdClient: Skipping libnetd_client init since *we* are netd
01-01 00:00:25.615 1 1 I init : ... started service 'statsd' has pid 451
01-01 00:00:25.616 1 1 I init : starting service 'zygote'...
01-01 00:00:25.618 1 1 I init : Created socket '/dev/socket/zygote', mode 660, user 0, group 1000
01-01 00:00:25.619 1 1 I init : Created socket '/dev/socket/usap_pool_primary', mode 660, user 0, group 1000
01-01 00:00:25.638 1 1 I init : ... started service 'zygote' has pid 452
01-01 00:00:25.639 1 1 I init : Command 'start zygote_secondary' action=zygote-start (/system/etc/init/hw/init.rc:1137) took 0ms and failed: service zygote_secondary not found
01-01 00:00:25.639 1 1 I init : processing action (firmware_mounts_complete) from (/system/etc/init/hw/init.rc:544)
01-01 00:00:25.639 1 1 I init : processing action (early-boot) from (/system/etc/init/installd.rc:7)
01-01 00:00:25.654 449 449 I netd : netd 1.0 starting
01-01 00:00:25.674 449 449 I netd : Pid file removed
01-01 00:00:25.674 449 449 I netd : SIGPIPE is blocked
01-01 00:00:25.675 449 449 I netd : setCloseOnExec(dnsproxyd)
01-01 00:00:25.675 449 449 I netd : setCloseOnExec(fwmarkd)
01-01 00:00:25.675 449 449 I NetdUpdatable: libnetd_updatable_init: Initializing
01-01 00:00:25.676 449 449 I NetdUpdatable: BPF programs are loaded
01-01 00:00:25.678 449 449 I NetdUpdatable: initMaps successfully
01-01 00:00:25.678 449 449 I netd : libnetd_updatable_init success
01-01 00:00:25.678 449 449 I netd : NetlinkManager instanced
01-01 00:00:25.678 449 449 I netd : enter NetworkController ctor
01-01 00:00:25.687 449 449 E TcUtils : NLMSG_ERROR message return error: -2
01-01 00:00:25.688 449 449 E TcUtils : NLMSG_ERROR message return error: -2
01-01 00:00:25.688 449 449 E TcUtils : NLMSG_ERROR message return error: -2
01-01 00:00:25.688 449 449 E TcUtils : NLMSG_ERROR message return error: -2
01-01 00:00:25.688 449 449 E TcUtils : NLMSG_ERROR message return error: -2
01-01 00:00:25.688 449 449 E TcUtils : NLMSG_ERROR message return error: -2
01-01 00:00:25.689 449 449 E TcUtils : NLMSG_ERROR message return error: -2
01-01 00:00:25.689 449 449 E TcUtils : NLMSG_ERROR message return error: -2
01-01 00:00:25.689 449 449 E TcUtils : NLMSG_ERROR message return error: -2
01-01 00:00:25.689 449 449 E TcUtils : NLMSG_ERROR message return error: -2
01-01 00:00:25.689 449 449 E TcUtils : NLMSG_ERROR message return error: -2
01-01 00:00:25.689 449 449 E TcUtils : NLMSG_ERROR message return error: -2
01-01 00:00:25.693 449 449 E TcUtils : NLMSG_ERROR message return error: -2
01-01 00:00:25.693 449 449 E TcUtils : NLMSG_ERROR message return error: -2
01-01 00:00:25.693 449 449 E TcUtils : NLMSG_ERROR message return error: -2
01-01 00:00:25.693 449 449 I netd : leave NetworkController ctor
01-01 00:00:25.693 449 449 I netd : enter TetherController ctor
01-01 00:00:25.694 449 449 D TetherController: Setting IP forward enable = 0
01-01 00:00:25.703 449 449 I netd : leave TetherController ctor
01-01 00:00:25.741 451 451 I statsd : Statsd starts to listen to socket.
01-01 00:00:25.770 1 1 I init : processing action (early-boot) from (/system/etc/init/kcmdlinectrl.rc:17)
01-01 00:00:25.771 1 1 I init : starting service 'exec 13 (/system/bin/kcmdlinectrl update-props)'...
01-01 00:00:25.780 1 1 I init : ... started service 'exec 13 (/system/bin/kcmdlinectrl update-props)' has pid 461
01-01 00:00:25.781 1 1 I init : processing action (early-boot) from (/vendor/etc/init/init.am62p.usb.rc:1)
01-01 00:00:25.799 1 1 I init : Command 'write /config/usb_gadget/g1/strings/0x409/serialnumber ${ro.serialno}' action=early-boot (/vendor/etc/init/init.am62p.usb.rc:7) took 0ms and failed: property 'ro.serialno' doesn't exist while expanding '${ro.serialno}'
01-01 00:00:25.820 163 163 I : file system registered
01-01 00:00:25.831 449 449 I netd : Creating child chains: 95692us
01-01 00:00:25.831 449 449 I netd : Setting up OEM hooks: 347us
01-01 00:00:25.835 449 449 I netd : Setting up FirewallController hooks: 3634us
01-01 00:00:25.833 461 461 I kcmdlinectrl: [libfstab] Using Android DT directory /proc/device-tree/firmware/android/
01-01 00:00:25.844 449 449 I netd : Setting up TetherController hooks: 8775us
01-01 00:00:25.853 1 1 I init : Service 'exec 13 (/system/bin/kcmdlinectrl update-props)' (pid 461) exited with status 0 oneshot service took 0.075000 seconds in background
01-01 00:00:25.853 1 1 I init : Sending signal 9 to service 'exec 13 (/system/bin/kcmdlinectrl update-props)' (pid 461) process group...
01-01 00:00:25.854 1 1 I libprocessgroup: Removed cgroup /sys/fs/cgroup/uid_0/pid_461
01-01 00:00:25.855 449 449 I netd : Setting up BandwidthController hooks: 11387us
01-01 00:00:25.855 449 449 I netd : Setting up IdletimerController hooks: 210us
01-01 00:00:25.865 449 449 I netd : Setting up StrictController hooks: 9711us
01-01 00:00:25.871 449 449 I netd : Setting up connmark hooks: 5841us
01-01 00:00:25.883 1 1 I init : processing action (boot) from (/system/etc/init/hw/init.rc:1147)
01-01 00:00:25.892 449 449 I netd : Enabling bandwidth control: 20852us
01-01 00:00:25.901 449 449 I netd : Initializing RouteController: 9273us
01-01 00:00:25.902 449 449 D XfrmController: XfrmController::ipSecAddXfrmInterface, line=1495
01-01 00:00:25.904 449 449 D XfrmController: XfrmController::ipSecRemoveTunnelInterface, line=1708
01-01 00:00:25.906 449 449 D XfrmController: deviceName=ipsec_test
01-01 00:00:25.917 1 1 I init : starting service 'hidl_memory'...
01-01 00:00:25.928 1 1 I init : ... started service 'hidl_memory' has pid 462
01-01 00:00:25.930 449 449 D XfrmController: Sending Netlink XFRM Message: XFRM_MSG_FLUSHSA
01-01 00:00:25.930 449 449 D XfrmController: Sending Netlink XFRM Message: XFRM_MSG_FLUSHPOLICY
01-01 00:00:25.930 1 1 I init : starting service 'vendor.camera.provider-ext'...
01-01 00:00:25.934 449 449 I netd : Initializing XfrmController: 32960us
01-01 00:00:25.948 1 1 I init : ... started service 'vendor.camera.provider-ext' has pid 464
01-01 00:00:25.948 1 1 I init : service 'vendor.graphics.allocator' requested start, but it is already running (flags: 4)
01-01 00:00:25.949 1 1 I init : starting service 'vendor.light-default'...
01-01 00:00:25.956 449 449 I resolv : resolv_init: Initializing resolver
01-01 00:00:25.961 1 1 I init : ... started service 'vendor.light-default' has pid 469
01-01 00:00:25.962 1 1 I init : starting service 'android-hardware-media-c2-v4l2-hal-1-2'...
01-01 00:00:25.986 449 449 I netd : Registering NetdNativeService: 2582us
01-01 00:00:25.990 242 242 I hwservicemanager: getFrameworkHalManifest: Reloading VINTF information.
01-01 00:00:25.990 242 242 I hwservicemanager: getFrameworkHalManifest: Reading VINTF information.
01-01 00:00:25.991 449 449 I netd : Registering MDnsService: 4943us
01-01 00:00:25.999 242 242 I hwservicemanager: Loaded APEX Infos from /apex/apex-info-list.xml
01-01 00:00:26.000 242 242 I hwservicemanager: getDeviceHalManifest: Reloading VINTF information.
01-01 00:00:26.001 242 242 I hwservicemanager: getDeviceHalManifest: Reading VINTF information.
01-01 00:00:26.003 241 241 I servicemanager: Caller(pid=449,uid=0,sid=u:r:netd:s0) Found android.system.net.netd.INetd/default in framework VINTF manifest.
01-01 00:00:26.007 242 242 I hwservicemanager: Loaded APEX Infos from /apex/apex-info-list.xml
01-01 00:00:26.015 242 242 I hwservicemanager: getDeviceHalManifest: Successfully processed VINTF information
01-01 00:00:26.016 242 242 I hwservicemanager: getFrameworkHalManifest: Successfully processed VINTF information
01-01 00:00:26.017 242 242 I hwservicemanager: getTransport: Cannot find entry android.system.net.netd@1.1::INetd/default in either framework or device VINTF manifest.
01-01 00:00:26.021 462 462 I HidlServiceManagement: Registered android.hidl.allocator@1.0::IAllocator/ashmem
01-01 00:00:26.021 462 462 I HidlServiceManagement: Removing namespace from process name android.hidl.allocator@1.0-service to allocator@1.0-service.
01-01 00:00:26.022 449 449 E HidlServiceManagement: Service android.system.net.netd@1.1::INetd/default must be in VINTF manifest in order to register/get.
01-01 00:00:26.022 449 449 E Netd : Unable to start HIDL NetdHwService: -2147483648
01-01 00:00:26.026 1 1 I init : ... started service 'android-hardware-media-c2-v4l2-hal-1-2' has pid 474
01-01 00:00:26.026 1 1 I init : service 'vendor.hwcomposer-3' requested start, but it is already running (flags: 4)
01-01 00:00:26.027 1 1 I init : starting service 'vendor.memtrack-default'...
01-01 00:00:26.026 449 449 I netd : Registering NetdHwService: 31619us
01-01 00:00:26.026 449 449 I netd : Netd started in 372872us
01-01 00:00:26.058 1 1 I init : ... started service 'vendor.memtrack-default' has pid 477
01-01 00:00:26.062 1 1 I init : starting service 'vendor.audio-hal-aidl'...
01-01 00:00:26.082 1 1 I init : ... started service 'vendor.audio-hal-aidl' has pid 478
01-01 00:00:26.082 1 1 I init : starting service 'vendor.audio-effect-hal-aidl'...
01-01 00:00:26.100 1 1 I init : ... started service 'vendor.audio-effect-hal-aidl' has pid 479
01-01 00:00:26.104 469 469 E android.hardware.lights-service: Failed to open /sys/class/backlight
01-01 00:00:26.104 469 469 I android.hardware.lights-service: Found 0 backlights
01-01 00:00:26.105 469 469 E android.hardware.lights-service: Failed to read `max_brightness` for /sys/class/leds/input0::scrolllock
01-01 00:00:26.100 469 469 W android.hardwar: type=1400 audit(0.0:5): avc: denied { read } for name="backlight" dev="sysfs" ino=4266 scontext=u:r:hal_light_default:s0 tcontext=u:object_r:sysfs:s0 tclass=dir permissive=0
01-01 00:00:26.100 469 469 W android.hardwar: type=1400 audit(0.0:6): avc: denied { read } for name="max_brightness" dev="sysfs" ino=37168 scontext=u:r:hal_light_default:s0 tcontext=u:object_r:sysfs:s0 tclass=file permissive=0
01-01 00:00:26.100 469 469 W android.hardwar: type=1400 audit(0.0:7): avc: denied { read } for name="max_brightness" dev="sysfs" ino=37168 scontext=u:r:hal_light_default:s0 tcontext=u:object_r:sysfs:s0 tclass=file permissive=0
01-01 00:00:26.110 1 1 I init : starting service 'vendor.camera.provider-libcamera'...
01-01 00:00:26.114 469 469 E android.hardware.lights-service: Failed to read `max_brightness` for /sys/class/leds/input0::capslock
01-01 00:00:26.115 469 469 E android.hardware.lights-service: Failed to read `max_brightness` for /sys/class/leds/input0::numlock
01-01 00:00:26.115 469 469 I android.hardware.lights-service: Found 3 leds
01-01 00:00:26.112 469 469 W android.hardwar: type=1400 audit(0.0:8): avc: denied { read } for name="max_brightness" dev="sysfs" ino=37150 scontext=u:r:hal_light_default:s0 tcontext=u:object_r:sysfs:s0 tclass=file permissive=0
01-01 00:00:26.112 469 469 W android.hardwar: type=1400 audit(0.0:9): avc: denied { read } for name="max_brightness" dev="sysfs" ino=37150 scontext=u:r:hal_light_default:s0 tcontext=u:object_r:sysfs:s0 tclass=file permissive=0
01-01 00:00:26.112 469 469 W android.hardwar: type=1400 audit(0.0:10): avc: denied { read } for name="max_brightness" dev="sysfs" ino=37132 scontext=u:r:hal_light_default:s0 tcontext=u:object_r:sysfs:s0 tclass=file permissive=0
01-01 00:00:26.112 469 469 W android.hardwar: type=1400 audit(0.0:11): avc: denied { read } for name="max_brightness" dev="sysfs" ino=37132 scontext=u:r:hal_light_default:s0 tcontext=u:object_r:sysfs:s0 tclass=file permissive=0
01-01 00:00:26.125 1 1 I init : ... started service 'vendor.camera.provider-libcamera' has pid 480
01-01 00:00:26.128 1 1 I init : starting service 'vendor.cas-default'...
01-01 00:00:26.130 241 241 I servicemanager: Caller(pid=469,uid=1000,sid=u:r:hal_light_default:s0) Found android.hardware.light.ILights/default in device VINTF manifest.
01-01 00:00:26.146 1 1 I init : ... started service 'vendor.cas-default' has pid 481
01-01 00:00:26.148 1 1 I init : starting service 'vendor.drm-clearkey-service'...
01-01 00:00:26.158 241 241 I servicemanager: Caller(pid=477,uid=9999,sid=u:r:hal_memtrack_default:s0) Found android.hardware.memtrack.IMemtrack/default in device VINTF manifest.
01-01 00:00:26.164 1 1 I init : ... started service 'vendor.drm-clearkey-service' has pid 482
01-01 00:00:26.175 1 1 I init : starting service 'vendor.power-default'...
01-01 00:00:26.191 1 1 I init : ... started service 'vendor.power-default' has pid 483
01-01 00:00:26.192 1 1 I init : starting service 'vendor.power.stats-default'...
01-01 00:00:26.204 1 1 I init : ... started service 'vendor.power.stats-default' has pid 484
01-01 00:00:26.208 1 1 I init : starting service 'vendor.thermal-ti'...
01-01 00:00:26.226 1 1 I init : ... started service 'vendor.thermal-ti' has pid 485
01-01 00:00:26.236 1 1 I init : starting service 'vendor.usb-hal'...
01-01 00:00:26.251 1 1 I init : ... started service 'vendor.usb-hal' has pid 486
01-01 00:00:26.254 241 241 I servicemanager: Caller(pid=481,uid=1013,sid=u:r:hal_cas_default:s0) Found android.hardware.cas.IMediaCasService/default in device VINTF manifest.
01-01 00:00:26.259 1 1 I init : starting service 'vendor.health-cuttlefish'...
01-01 00:00:26.287 1 1 I init : ... started service 'vendor.health-cuttlefish' has pid 489
01-01 00:00:26.287 1 1 I init : Command 'class_start hal' action=boot (/system/etc/init/hw/init.rc:1253) took 374ms and succeeded
01-01 00:00:26.287 1 1 I init : service 'ueventd' requested start, but it is already running (flags: 2084)
01-01 00:00:26.287 1 1 I init : service 'console' requested start, but it is already running (flags: 2196)
01-01 00:00:26.288 1 1 I init : starting service 'pvrsrvinit'...
01-01 00:00:26.311 1 1 I init : ... started service 'pvrsrvinit' has pid 490
01-01 00:00:26.311 1 1 I init : service 'apexd' requested start, but it is already running (flags: 134)
01-01 00:00:26.312 1 1 I init : starting service 'audioserver'...
01-01 00:00:26.313 485 485 W android.hardware.thermal-service.ti: loadDevices - Ignoring sensor main2-thermal)
01-01 00:00:26.342 1 1 I init : ... started service 'audioserver' has pid 492
01-01 00:00:26.342 1 1 I init : service 'bootanim' requested start, but it is already running (flags: 134)
01-01 00:00:26.343 1 1 I init : starting service 'credstore'...
01-01 00:00:26.343 241 241 I servicemanager: Caller(pid=485,uid=9999,sid=u:r:hal_thermal_default:s0) Found android.hardware.thermal.IThermal/default in device VINTF manifest.
01-01 00:00:26.343 485 485 I thermal_service_ti: Thermal Service started successfully.
01-01 00:00:26.378 241 241 I servicemanager: Caller(pid=483,uid=9999,sid=u:r:hal_power_default:s0) Found android.hardware.power.IPower/default in device VINTF manifest.
01-01 00:00:26.385 1 1 I init : ... started service 'credstore' has pid 493
01-01 00:00:26.386 1 1 I init : starting service 'gpu'...
01-01 00:00:26.386 241 241 I servicemanager: Caller(pid=484,uid=1000,sid=u:r:hal_power_stats_default:s0) Found android.hardware.power.stats.IPowerStats/default in device VINTF manifest.
01-01 00:00:26.397 241 241 I servicemanager: Caller(pid=482,uid=1013,sid=u:r:hal_drm_clearkey_aidl:s0) Found android.hardware.drm.IDrmFactory/clearkey in device VINTF manifest.
01-01 00:00:26.405 1 1 I init : ... started service 'gpu' has pid 494
01-01 00:00:26.405 1 1 I init : service 'lmkd' requested start, but it is already running (flags: 36)
01-01 00:00:26.406 1 1 I init : starting service 'misctrl'...
01-01 00:00:26.417 1 1 I init : ... started service 'misctrl' has pid 495
01-01 00:00:26.417 1 1 I init : service 'servicemanager' requested start, but it is already running (flags: 2084)
01-01 00:00:26.417 1 1 I init : service 'surfaceflinger' requested start, but it is already running (flags: 4)
01-01 00:00:26.417 1 1 I init : service 'vold' requested start, but it is already running (flags: 2052)
01-01 00:00:26.417 1 1 I init : Command 'class_start core' action=boot (/system/etc/init/hw/init.rc:1255) took 130ms and succeeded
01-01 00:00:26.416 489 489 I android.hardware.health-service.cuttlefish: Starting health HAL.
01-01 00:00:26.418 1 1 I init : Service 'pvrsrvinit' (pid 490) exited with status 1 oneshot service took 0.117000 seconds in background
01-01 00:00:26.418 1 1 I init : Sending signal 9 to service 'pvrsrvinit' (pid 490) process group...
01-01 00:00:26.418 1 1 I libprocessgroup: Removed cgroup /sys/fs/cgroup/uid_0/pid_490
01-01 00:00:26.421 1 1 I init : processing action (persist.sys.usb.config=* && boot) from (/system/etc/init/hw/init.usb.rc:109)
01-01 00:00:26.423 1 1 I init : processing action (boot) from (/vendor/etc/init/hw/init.am62p.rc:67)
01-01 00:00:26.420 489 489 W android.hardwar: type=1400 audit(0.0:12): avc: denied { read } for name="type" dev="sysfs" ino=31490 scontext=u:r:hal_health_default:s0 tcontext=u:object_r:sysfs:s0 tclass=file permissive=0
01-01 00:00:26.424 489 489 I android.hardware.health-service.cuttlefish: default instance initializing with healthd_config...
01-01 00:00:26.425 1 1 I init : processing action (boot) from (/system/etc/init/dumpstate.rc:1)
01-01 00:00:26.426 1 1 I init : Command 'chown root mount /sys/kernel/debug/mmc0/mmc0:0001/ext_csd' action=boot (/system/etc/init/dumpstate.rc:3) took 0ms and failed: lchown() failed: Permission denied
01-01 00:00:26.426 1 1 I init : Command 'chmod 0440 /sys/kernel/debug/mmc0/mmc0:0001/ext_csd' action=boot (/system/etc/init/dumpstate.rc:4) took 0ms and failed: fchmodat() failed: Permission denied
01-01 00:00:26.426 1 1 I init : processing action (boot) from (/system/etc/init/gsid.rc:25)
01-01 00:00:26.427 489 489 W healthd : No battery devices found
01-01 00:00:26.427 1 1 I init : starting service 'exec 14 (/system/bin/gsid run-startup-tasks)'...
01-01 00:00:26.436 1 1 I init : ... started service 'exec 14 (/system/bin/gsid run-startup-tasks)' has pid 496
01-01 00:00:26.436 241 241 I servicemanager: Caller(pid=489,uid=1000,sid=u:r:hal_health_default:s0) Found android.hardware.health.IHealth/default in device VINTF manifest.
01-01 00:00:26.436 1 1 I init : processing action (persist.device_config.aconfig_flags.profcollect_native_boot.enabled= && boot) from (/system/etc/init/profcollectd.rc:19)
01-01 00:00:26.437 1 1 I init : starting service 'exec 15 (/system/bin/profcollectctl reset)'...
01-01 00:00:26.438 489 489 I android.hardware.health-service.cuttlefish: default: Hal init done
01-01 00:00:26.446 489 489 I HealthLoop: Successfully attached the BPF filter to the uevent socket
01-01 00:00:26.448 1 1 I init : ... started service 'exec 15 (/system/bin/profcollectctl reset)' has pid 497
01-01 00:00:26.448 1 1 I init : processing action (boot) from (/vendor/etc/init/init.am62p.usb.rc:94)
01-01 00:00:26.454 489 489 W healthd : battery none chg=
01-01 00:00:26.454 1 1 I init : processing action (boot) from (/apex/com.android.hardware.usb.generic/etc/android.hardware.usb.generic.rc:6)
01-01 00:00:26.481 1 1 I init : processing action (enable_property_trigger) from (:0)
01-01 00:00:26.482 1 1 I init : processing action (bootreceiver.enable=1 && ro.product.cpu.abilist64=*) from (/system/etc/init/hw/init.rc:688)
01-01 00:00:26.516 1 1 W init : type=1400 audit(0.0:13): avc: denied { write } for name="error_report_end" dev="tracefs" ino=12434 scontext=u:r:init:s0 tcontext=u:object_r:debugfs_bootreceiver_tracing:s0 tclass=dir permissive=0
01-01 00:00:26.529 495 495 I misctrl : [libfstab] Using Android DT directory /proc/device-tree/firmware/android/
01-01 00:00:26.530 1 1 I init : processing action (net.tcp_def_init_rwnd=*) from (/system/etc/init/hw/init.rc:1285)
01-01 00:00:26.532 1 1 I init : processing action (security.perf_harden=1) from (/system/etc/init/hw/init.rc:1310)
01-01 00:00:26.543 495 495 I misctrl : System reserved space empty? 1
01-01 00:00:26.550 1 1 I init : processing action (ro.debuggable=1) from (/system/etc/init/hw/init.rc:1347)
01-01 00:00:26.550 1 1 I init : Service 'misctrl' (pid 495) exited with status 1 oneshot service took 0.138000 seconds in background
01-01 00:00:26.550 1 1 I init : Sending signal 9 to service 'misctrl' (pid 495) process group...
01-01 00:00:26.551 1 1 I libprocessgroup: Removed cgroup /sys/fs/cgroup/uid_0/pid_495
01-01 00:00:26.554 1 1 I init : processing action (apexd.status=ready && ro.product.cpu.abilist64=*) from (/system/etc/init/hw/init.boringssl.zygote64.rc:3)
01-01 00:00:26.556 1 1 I init : starting service 'boringssl_self_test_apex64'...
01-01 00:00:26.577 1 1 I init : ... started service 'boringssl_self_test_apex64' has pid 498
01-01 00:00:26.577 1 1 I init : SVC_EXEC service 'boringssl_self_test_apex64' pid 498 (uid 9999 gid 0+0 context default) started; waiting...
01-01 00:00:26.602 241 241 I servicemanager: Caller(pid=486,uid=1000,sid=u:r:hal_usb_impl:s0) Found android.hardware.usb.IUsb/default in device VINTF manifest.
01-01 00:00:26.607 241 241 I servicemanager: Caller(pid=486,uid=1000,sid=u:r:hal_usb_impl:s0) Found android.hardware.usb.gadget.IUsbGadget/default in device VINTF manifest.
01-01 00:00:26.618 493 493 I credstore: Registered binder service
01-01 00:00:26.648 1 1 I init : Service 'exec 14 (/system/bin/gsid run-startup-tasks)' (pid 496) exited with status 0 oneshot service took 0.215000 seconds in background
01-01 00:00:26.648 1 1 I init : Sending signal 9 to service 'exec 14 (/system/bin/gsid run-startup-tasks)' (pid 496) process group...
01-01 00:00:26.649 1 1 I libprocessgroup: Removed cgroup /sys/fs/cgroup/uid_0/pid_496
01-01 00:00:26.796 464 464 I android.hardware.camera.provider-V1-external-service: CameraProvider: external webcam service is starting.
01-01 00:00:26.799 464 464 I ExtCamUtils: loadFromCfg: load external camera config succeeded!
01-01 00:00:26.800 464 464 I ExtCamUtils: loadFromCfg: depth output is not enabled
01-01 00:00:26.800 464 464 I ExtCamUtils: loadFromCfg: no minimum stream size specified
01-01 00:00:26.800 464 464 I ExtCamUtils: loadFromCfg: no sensor orientation specified
01-01 00:00:26.800 464 464 I ExtCamUtils: loadFromCfg: external camera cfg loaded: maxJpgBufSize 3145728, num video buffers 4, num still buffers 2, orientation 0
01-01 00:00:26.800 464 464 I ExtCamUtils: loadFromCfg: fpsLimitList: 640x480@30.000000
01-01 00:00:26.800 464 464 I ExtCamUtils: loadFromCfg: fpsLimitList: 1280x720@15.000000
01-01 00:00:26.800 464 464 I ExtCamUtils: loadFromCfg: fpsLimitList: 1920x1080@10.000000
01-01 00:00:26.800 464 464 I ExtCamUtils: loadFromCfg: minStreamSize: 0x0
01-01 00:00:26.801 464 505 W ExtCamPrvdr: deviceAdded device /dev/video0 does not support VIDEO_CAPTURE
01-01 00:00:26.801 464 505 W ExtCamPrvdr: deviceAdded device /dev/video1 does not support VIDEO_CAPTURE
01-01 00:00:26.806 241 241 I servicemanager: Caller(pid=464,uid=1047,sid=u:r:hal_camera_default:s0) Found android.hardware.camera.provider.ICameraProvider/external/0 in device VINTF manifest.
01-01 00:00:26.917 1 1 I init : Service 'exec 15 (/system/bin/profcollectctl reset)' (pid 497) exited with status 0 oneshot service took 0.473000 seconds in background
01-01 00:00:26.918 1 1 I init : Sending signal 9 to service 'exec 15 (/system/bin/profcollectctl reset)' (pid 497) process group...
01-01 00:00:26.918 1 1 I libprocessgroup: Removed cgroup /sys/fs/cgroup/uid_0/pid_497
01-01 00:00:26.980 474 474 D android.hardware.media.c2@1.0-service-v4l2: Service starting...
01-01 00:00:26.984 474 474 W android.hardware.media.c2@1.2-service-v4l2-64: libminijail[474]: failed to get path of fd 4: No such file or directory
01-01 00:00:26.984 474 474 W android.hardware.media.c2@1.2-service-v4l2-64: libminijail[474]: allowing syscall: connect
01-01 00:00:26.984 474 474 W android.hardware.media.c2@1.2-service-v4l2-64: libminijail[474]: allowing syscall: fcntl
01-01 00:00:26.984 474 474 W android.hardware.media.c2@1.2-service-v4l2-64: libminijail[474]: allowing syscall: sendto
01-01 00:00:26.984 474 474 W android.hardware.media.c2@1.2-service-v4l2-64: libminijail[474]: allowing syscall: socket
01-01 00:00:26.984 474 474 W android.hardware.media.c2@1.2-service-v4l2-64: libminijail[474]: allowing syscall: writev
01-01 00:00:26.985 474 474 W android.hardware.media.c2@1.2-service-v4l2-64: libminijail[474]: compile_file: (75): syscall munmap redefined here
01-01 00:00:26.985 474 474 W android.hardware.media.c2@1.2-service-v4l2-64: libminijail[474]: compile_file: (39): previous definition here
01-01 00:00:26.986 474 474 W android.hardware.media.c2@1.2-service-v4l2-64: libminijail[474]: logging seccomp filter failures
01-01 00:00:26.988 474 474 D android.hardware.media.c2@1.0-service-v4l2: Instantiating Codec2's V4L2 IComponentStore service...
01-01 00:00:26.992 474 474 E Codec2-FilterWrapper: plugin not OK: -19
01-01 00:00:27.000 474 474 I HidlServiceManagement: Registered android.hardware.media.c2@1.2::IComponentStore/default
01-01 00:00:27.000 474 474 I HidlServiceManagement: Removing namespace from process name android.hardware.media.c2@1.2-service-v4l2-64 to c2@1.2-service-v4l2-64.
01-01 00:00:27.001 474 474 I android.hardware.media.c2@1.0-service-v4l2: Codec2's IComponentStore service created.
01-01 00:00:27.024 452 452 D AndroidRuntime: >>>>>> START com.android.internal.os.ZygoteInit uid 0 <<<<<<
01-01 00:00:27.083 1 1 I init : Service 'boringssl_self_test_apex64' (pid 498) exited with status 0 waiting took 0.517000 seconds
01-01 00:00:27.083 1 1 I init : Sending signal 9 to service 'boringssl_self_test_apex64' (pid 498) process group...
01-01 00:00:27.084 1 1 I libprocessgroup: Removed cgroup /sys/fs/cgroup/uid_9999/pid_498
01-01 00:00:27.086 1 1 I init : processing action (ro.persistent_properties.ready=true) from (/system/etc/init/atrace.rc:407)
01-01 00:00:27.086 1 1 I init : processing action (init.svc.audioserver=running) from (/system/etc/init/audioserver.rc:37)
01-01 00:00:27.086 1 1 I init : Command 'start vendor.audio-hal' action=init.svc.audioserver=running (/system/etc/init/audioserver.rc:38) took 0ms and failed: service vendor.audio-hal not found
01-01 00:00:27.086 1 1 I init : service 'vendor.audio-hal-aidl' requested start, but it is already running (flags: 4)
01-01 00:00:27.087 1 1 I init : service 'vendor.audio-effect-hal-aidl' requested start, but it is already running (flags: 4)
01-01 00:00:27.087 1 1 I init : Command 'start vendor.audio-hal-4-0-msd' action=init.svc.audioserver=running (/system/etc/init/audioserver.rc:41) took 0ms and failed: service vendor.audio-hal-4-0-msd not found
01-01 00:00:27.087 1 1 I init : Command 'start audio_proxy_service' action=init.svc.audioserver=running (/system/etc/init/audioserver.rc:42) took 0ms and failed: service audio_proxy_service not found
01-01 00:00:27.087 1 1 I init : processing action (ro.persistent_properties.ready=true) from (/system/etc/init/bootstat.rc:57)
01-01 00:00:27.088 1 1 I init : processing action (ro.persistent_properties.ready=true) from (/system/etc/init/bootstat.rc:61)
01-01 00:00:27.089 1 1 I init : starting service 'exec 16 (/system/bin/bootstat --set_system_boot_reason)'...
01-01 00:00:27.097 1 1 I init : ... started service 'exec 16 (/system/bin/bootstat --set_system_boot_reason)' has pid 508
01-01 00:00:27.097 1 1 I init : processing action (bootreceiver.enable=1 && ro.product.cpu.abilist64=*) from (/system/etc/init/dmesgd.rc:7)
01-01 00:00:27.100 1 1 I init : processing action (persist.heapprofd.enable= && traced.lazy.heapprofd=) from (/system/etc/init/heapprofd.rc:49)
01-01 00:00:27.102 1 1 I init : processing action (kcmdline.binder=*) from (/system/etc/init/kcmdlinectrl.rc:20)
01-01 00:00:27.102 1 1 I init : start_waiting_for_property("kcmdline.loaded", "1"): already set
01-01 00:00:27.103 1 1 I init : starting service 'exec 17 (/system/bin/kcmdlinectrl store binder c)'...
01-01 00:00:27.105 479 479 D android.hardware.audio.effect.service-aidl.ti: config_file_path effect lib path /apex/com.android.hardware.audio.ti/etc/audio_effects_config.xml
01-01 00:00:27.112 1 1 I init : ... started service 'exec 17 (/system/bin/kcmdlinectrl store binder c)' has pid 509
01-01 00:00:27.114 1 1 I init : SVC_EXEC service 'exec 17 (/system/bin/kcmdlinectrl store binder c)' pid 509 (uid 0 gid 0+0 context default) started; waiting...
01-01 00:00:27.107 479 479 D android.hardware.audio.effect.service-aidl.ti: config_file_path: Unable to resolve config file path in APEX
01-01 00:00:27.121 479 479 D android.hardware.audio.effect.service-aidl.ti: main: start factory with configFile:/vendor/etc/audio_effects_config.xml
01-01 00:00:27.141 509 509 I kcmdlinectrl: [libfstab] Using Android DT directory /proc/device-tree/firmware/android/
01-01 00:00:27.146 479 479 D AHAL_EffectConfig: resolveLibrary effect lib path /apex/com.android.hardware.audio.ti/lib64/soundfx/libbundleaidl_ti.so
01-01 00:00:27.167 479 479 D AHAL_EffectConfig: parseLibrary bundle : /apex/com.android.hardware.audio.ti/lib64/soundfx/libbundleaidl_ti.so
01-01 00:00:27.167 479 479 D AHAL_EffectConfig: resolveLibrary effect lib path /apex/com.android.hardware.audio.ti/lib64/soundfx/libvisualizeraidl_ti.so
01-01 00:00:27.167 479 479 D AHAL_EffectConfig: parseLibrary visualizer : /apex/com.android.hardware.audio.ti/lib64/soundfx/libvisualizeraidl_ti.so
01-01 00:00:27.167 479 479 D AHAL_EffectConfig: EffectConfig successfully parsed /vendor/etc/audio_effects_config.xml, skipping 0 element(s)
01-01 00:00:27.168 479 479 D AHAL_EffectFactory: Factory with config file: /vendor/etc/audio_effects_config.xml
01-01 00:00:27.168 479 479 W AHAL_EffectFactory: createIdentityWithConfig loading lib /apex/com.android.hardware.audio.ti/lib64/soundfx/libbundleaidl_ti.so: typeUuid 0bed4300-ddd6-11db-8f34-0002a5d5c51b
01-01 00:00:27.168 479 479 W AHAL_EffectFactory: implUuid ce772f20-847d-11df-bb17-0002a5d5c51b proxyUuid null
01-01 00:00:27.180 479 479 D AHAL_EffectFactory: openEffectLibrary dlopen lib: /apex/com.android.hardware.audio.ti/lib64/soundfx/libbundleaidl_ti.so
01-01 00:00:27.180 479 479 D AHAL_EffectFactory: impl:ce772f20-847d-11df-bb17-0002a5d5c51b
01-01 00:00:27.180 479 479 D AHAL_EffectFactory: handle:0xe4e6e51f6ed975c1
01-01 00:00:27.180 479 479 W AHAL_EffectFactory: createIdentityWithConfig loading lib /apex/com.android.hardware.audio.ti/lib64/soundfx/libvisualizeraidl_ti.so: typeUuid e46b26a0-dddd-11db-8afd-0002a5d5c51b
01-01 00:00:27.180 479 479 W AHAL_EffectFactory: implUuid d069d9e0-8329-11df-9168-0002a5d5c51b proxyUuid null
01-01 00:00:27.186 492 492 I FastMixerState: sMaxFastTracks = 8
01-01 00:00:27.192 479 479 D AHAL_EffectFactory: openEffectLibrary dlopen lib: /apex/com.android.hardware.audio.ti/lib64/soundfx/libvisualizeraidl_ti.so
01-01 00:00:27.192 479 479 D AHAL_EffectFactory: impl:d069d9e0-8329-11df-9168-0002a5d5c51b
01-01 00:00:27.192 479 479 D AHAL_EffectFactory: handle:0x81f021f1075d9e5b
01-01 00:00:27.195 479 479 D android.hardware.audio.effect.service-aidl.ti: main: effectFactory: android.hardware.audio.effect.IFactory/default start
01-01 00:00:27.198 241 241 I servicemanager: Caller(pid=479,uid=1041,sid=u:r:hal_audio_default:s0) Found android.hardware.audio.effect.IFactory/default in device VINTF manifest.
01-01 00:00:27.201 492 492 D audioserver: main: starting
01-01 00:00:27.202 492 492 V MediaUtils: physMem: 7510867968
01-01 00:00:27.203 492 492 V MediaUtils: requested limit: 536870912
01-01 00:00:27.203 492 492 I libc : malloc_limit: Allocation limit enabled, max size 536870912 bytes
01-01 00:00:27.207 492 492 D audio_utils::mutex: get_enable_flag: mutex_priority_inheritance: true
01-01 00:00:27.213 241 241 I servicemanager: Caller(pid=492,uid=1041,sid=u:r:audioserver:s0) Found android.hardware.audio.core.IModule/default in device VINTF manifest.
01-01 00:00:27.213 492 492 I FactoryHal: hasAidlHalService android.hardware.audio.core.IModule/default: true, version AudioHalVersion{type: AIDL, major: 1, minor: 0}
01-01 00:00:27.214 492 492 I FactoryHal: hasAidlHalService android.hardware.audio.effect.IFactory/default: true, version AudioHalVersion{type: AIDL, major: 1, minor: 0}
01-01 00:00:27.217 241 241 I servicemanager: Caller(pid=492,uid=1041,sid=u:r:audioserver:s0) Found android.hardware.audio.effect.IFactory/default in device VINTF manifest.
01-01 00:00:27.269 241 241 I servicemanager: Caller(pid=492,uid=1041,sid=u:r:audioserver:s0) Since 'android.hardware.audio.core.IConfig/default' could not be found trying to start it as a lazy AIDL service. (if it's not configured to be a lazy service, it may be stuck starting or still starting).
01-01 00:00:27.283 241 512 W libc : Unable to set property "ctl.interface_start" to "aidl/android.hardware.audio.core.IConfig/default": PROP_ERROR_HANDLE_CONTROL_MESSAGE (0x20)
01-01 00:00:27.271 1 1 E init : Control message: Could not find 'aidl/android.hardware.audio.core.IConfig/default' for ctl.interface_start from pid: 241 (/system/bin/servicemanager)
01-01 00:00:27.287 512 512 I servicemanager: Caller(pid=492,uid=1041,sid=u:r:audioserver:s0) Tried to start aidl service android.hardware.audio.core.IConfig/default as a lazy service, but was unable to. Usually this happens when a service is not installed, but if the service is intended to be used as a lazy service, then it may be configured incorrectly.
01-01 00:00:27.289 508 508 I bootstat: Service started: /system/bin/bootstat --set_system_boot_reason
01-01 00:00:27.291 1 1 I init : Service 'exec 17 (/system/bin/kcmdlinectrl store binder c)' (pid 509) exited with status 0 waiting took 0.183000 seconds
01-01 00:00:27.291 1 1 I init : Sending signal 9 to service 'exec 17 (/system/bin/kcmdlinectrl store binder c)' (pid 509) process group...
01-01 00:00:27.292 1 1 I libprocessgroup: Removed cgroup /sys/fs/cgroup/uid_0/pid_509
01-01 00:00:27.293 1 1 I init : processing action (ro.debuggable=1) from (/system/etc/init/llkd-debuggable.rc:1)
01-01 00:00:27.295 1 1 I init : processing action (ro.debuggable=*) from (/system/etc/init/llkd.rc:2)
01-01 00:00:27.297 1 1 I init : processing action (persist.logd.logpersistd=logcatd) from (/system/etc/init/logcatd.rc:25)
01-01 00:00:27.298 1 1 I init : processing action (debug.atrace.user_initiated= && persist.traced.enable=1) from (/system/etc/init/perfetto.rc:47)
01-01 00:00:27.299 1 1 I init : starting service 'traced_probes'...
01-01 00:00:27.313 1 1 I init : ... started service 'traced_probes' has pid 513
01-01 00:00:27.314 1 1 I init : processing action (persist.traced.enable=1) from (/system/etc/init/perfetto.rc:50)
01-01 00:00:27.334 508 508 I bootstat: Canonical boot reason: reboot,shell
01-01 00:00:27.334 508 508 I bootstat: Canonical boot reason: reboot,shell
01-01 00:00:27.346 1 1 I init : starting service 'traced'...
01-01 00:00:27.347 1 1 I init : Created socket '/dev/socket/traced_consumer', mode 666, user 0, group 0
01-01 00:00:27.348 1 1 I init : Created socket '/dev/socket/traced_producer', mode 666, user 0, group 0
01-01 00:00:27.408 508 508 I bootstat: Last reboot reason read from /metadata/bootstat/persist.sys.boot.reason : reboot,shell. Last reboot reason read from persist.sys.boot.reason : reboot,shell
01-01 00:00:27.409 508 508 I bootstat: Normalized last reboot reason : reboot,shell
01-01 00:00:27.424 1 1 I init : ... started service 'traced' has pid 514
01-01 00:00:27.424 1 1 I init : Command 'start traced' action=persist.traced.enable=1 (/system/etc/init/perfetto.rc:68) took 78ms and succeeded
01-01 00:00:27.424 1 1 I init : service 'traced_probes' requested start, but it is already running (flags: 132)
01-01 00:00:27.424 1 1 I init : processing action (ro.persistent_properties.ready=true) from (/system/etc/init/perfetto.rc:119)
01-01 00:00:27.424 1 1 I init : processing action (persist.debug.perfetto.persistent_sysui_tracing_for_bugreport=) from (/system/etc/init/perfetto.rc:178)
01-01 00:00:27.423 452 452 I AndroidRuntime: Using default boot image
01-01 00:00:27.423 452 452 I AndroidRuntime: Leaving lock profiling enabled
01-01 00:00:27.430 1 1 I init : processing action (persist.traced_perf.enable= && sys.init.perf_lsm_hooks=1 && traced.lazy.traced_perf=) from (/system/etc/init/traced_perf.rc:43)
01-01 00:00:27.432 1 1 I init : processing action (ro.boot.slot_suffix=*) from (/system/etc/init/update_engine.rc:9)
01-01 00:00:27.432 1 1 I init : processing action (nonencrypted) from (/system/etc/init/hw/init.rc:1257)
01-01 00:00:27.432 1 1 I init : service 'zygote' requested start, but it is already running (flags: 36)
01-01 00:00:27.433 1 1 I init : starting service 'cameraserver'...
01-01 00:00:27.444 452 452 I zygote64: option[0]=-Xzygote
01-01 00:00:27.444 452 452 I zygote64: option[1]=-Xdeny-art-apex-data-files
01-01 00:00:27.444 452 452 I zygote64: option[2]=exit
01-01 00:00:27.444 452 452 I zygote64: option[3]=vfprintf
01-01 00:00:27.444 452 452 I zygote64: option[4]=sensitiveThread
01-01 00:00:27.444 452 452 I zygote64: option[5]=-verbose:gc
01-01 00:00:27.444 452 452 I zygote64: option[6]=-XX:PerfettoHprof=true
01-01 00:00:27.444 452 452 I zygote64: option[7]=-XX:PerfettoJavaHeapStackProf=true
01-01 00:00:27.444 452 452 I zygote64: option[8]=-Xprimaryzygote
01-01 00:00:27.444 452 452 I zygote64: option[9]=-Xms16m
01-01 00:00:27.444 452 452 I zygote64: option[10]=-Xmx512m
01-01 00:00:27.444 452 452 I zygote64: option[11]=-XX:HeapGrowthLimit=192m
01-01 00:00:27.444 452 452 I zygote64: option[12]=-XX:HeapMinFree=512k
01-01 00:00:27.444 452 452 I zygote64: option[13]=-XX:HeapMaxFree=8m
01-01 00:00:27.444 452 452 I zygote64: option[14]=-XX:HeapTargetUtilization=0.75
01-01 00:00:27.444 452 452 I zygote64: option[15]=-Xusejit:true
01-01 00:00:27.444 452 452 I zygote64: option[16]=-Xjitsaveprofilinginfo
01-01 00:00:27.444 452 452 I zygote64: option[17]=-XMadviseWillNeedVdexFileSize:104857600
01-01 00:00:27.444 452 452 I zygote64: option[18]=-XMadviseWillNeedOdexFileSize:104857600
01-01 00:00:27.444 452 452 I zygote64: option[19]=-XMadviseWillNeedArtFileSize:4294967295
01-01 00:00:27.444 452 452 I zygote64: option[20]=-XjdwpOptions:suspend=n,server=y
