04-01 08:46:38.347 663 763 D EventHub: configureLightsLocked rawLightId 2 name f4000.pinctrl
04-01 08:46:38.347 663 763 D EventHub: configureLightsLocked rawLightId 3 name of_node
04-01 08:46:38.346 242 242 I servicemanager: Caller(pid=663,uid=1000,sid=u:r:system_server:s0) Found android.frameworks.sensorservice.ISensorManager/default in framework VINTF manifest.
04-01 08:46:38.348 663 763 D EventHub: configureLightsLocked rawLightId 4 name power
04-01 08:46:38.348 663 763 D EventHub: configureLightsLocked rawLightId 5 name driver_override
04-01 08:46:38.348 663 763 D EventHub: configureLightsLocked rawLightId 6 name subsystem
04-01 08:46:38.348 663 763 D EventHub: configureLightsLocked rawLightId 7 name waiting_for_supplier
04-01 08:46:38.349 663 663 I WatchlistSettings: Reload watchlist settings done
04-01 08:46:38.349 663 763 D EventHub: configureLightsLocked rawLightId 8 name 601000.gpio
04-01 08:46:38.349 663 763 D EventHub: configureLightsLocked rawLightId 9 name modalias
04-01 08:46:38.349 663 763 D EventHub: No input device configuration file found for device 'Dell Dell USB Entry Keyboard'.
04-01 08:46:38.351 663 764 I WatchlistLoggingHandler: No need to aggregate record yet.
04-01 08:46:38.351 663 764 I WatchlistLoggingHandler: Milliseconds spent on tryAggregateRecords(): 1
04-01 08:46:38.351 663 663 V SystemServerTiming: NetworkWatchlistService took to complete: 10ms
04-01 08:46:38.351 663 663 D SystemServerTiming: PinnerService
04-01 08:46:38.352 663 663 I SystemServiceManager: Starting com.android.server.PinnerService
04-01 08:46:38.357 663 663 V SystemServerTiming: PinnerService took to complete: 6ms
04-01 08:46:38.359 663 663 D SystemServerTiming: SignedConfigService
04-01 08:46:38.359 663 763 I EventHub: usingClockIoctl=true
04-01 08:46:38.359 663 763 I EventHub: New device: id=2, fd=153, path='/dev/input/event0', name='Dell Dell USB Entry Keyboard', classes=KEYBOARD | ALPHAKEY | LIGHT | EXTERNAL, configuration='', keyLayout='/system/usr/keylayout/Generic.kl', keyCharacterMap='/system/usr/keychars/Generic.kcm', builtinKeyboard=false,
04-01 08:46:38.360 663 663 V SystemServerTiming: SignedConfigService took to complete: 1ms
04-01 08:46:38.360 663 663 D SystemServerTiming: AppIntegrityService
04-01 08:46:38.361 663 663 I SystemServiceManager: Starting com.android.server.integrity.AppIntegrityManagerService
04-01 08:46:38.364 663 663 E IntegrityFileManager: Error creating staging and rules directory
04-01 08:46:38.366 663 763 I InputReader: Device added: id=-1, eventHubId=-1, name='Virtual', descriptor='a718a782d34bc767f4689c232d64d527998ea7fd',sources=KEYBOARD | DPAD
04-01 08:46:38.366 663 763 E input::data_store: couldn't open "/data/system/inputflinger-data.json": No such file or directory (os error 2)
04-01 08:46:38.367 663 763 I InputReader: Device added: id=2, eventHubId=2, name='Dell Dell USB Entry Keyboard', descriptor='3240b99a1750394f9d0b55447b2994b48e513e21',sources=KEYBOARD
04-01 08:46:38.369 663 663 V SystemServerTiming: AppIntegrityService took to complete: 9ms
04-01 08:46:38.369 663 663 D SystemServerTiming: StartLogcatManager
04-01 08:46:38.369 663 763 E InputReader: Cannot release pointer capture, device is not in MODE_POINTER_RELATIVE
04-01 08:46:38.369 663 763 E InputReader: Cannot release pointer capture, device is not in MODE_POINTER_RELATIVE
04-01 08:46:38.369 663 763 I InputReader: Device added: id=3, eventHubId=1, name='Logitech USB Optical Mouse', descriptor='45dd693031521900f038547baa8709cf60c2611f',sources=MOUSE
04-01 08:46:38.370 663 663 I SystemServiceManager: Starting com.android.server.logcat.LogcatManagerService
04-01 08:46:38.372 663 663 V SystemServerTiming: StartLogcatManager took to complete: 3ms
04-01 08:46:38.373 663 663 I WindowManager: SAFE MODE not enabled
04-01 08:46:38.374 663 663 D SystemServerTiming: StartInputMethodManagerLifecycle
04-01 08:46:38.374 663 663 I SystemServiceManager: Starting com.android.server.inputmethod.InputMethodManagerService$Lifecycle
04-01 08:46:38.383 663 663 D InputMethodManagerService: Schedule initialization for users=[0]
04-01 08:46:38.387 663 767 D InputMethodManagerService: Start initialization for user=0
04-01 08:46:38.388 663 663 V SystemServerTiming: StartInputMethodManagerLifecycle took to complete: 14ms
04-01 08:46:38.389 663 663 D SystemServerTiming: StartAccessibilityManagerService
04-01 08:46:38.389 663 663 I SystemServiceManager: Starting com.android.server.accessibility.AccessibilityManagerService$Lifecycle
04-01 08:46:38.411 663 663 V SystemServerTiming: StartAccessibilityManagerService took to complete: 22ms
04-01 08:46:38.411 663 663 D SystemServerTiming: MakeDisplayReady
04-01 08:46:38.413 243 243 I hwservicemanager: getTransport: Cannot find entry android.hardware.configstore@1.1::ISurfaceFlingerConfigs/default in either framework or device VINTF manifest.
04-01 08:46:38.413 663 767 D InputMethodManagerService: Complete initialization for user=0
04-01 08:46:38.414 243 243 I hwservicemanager: getTransport: Cannot find entry android.hardware.configstore@1.1::ISurfaceFlingerConfigs/default in either framework or device VINTF manifest.
04-01 08:46:38.420 663 663 I ActivityTaskManager: Config changes=20005df8 {1.0 ?mcc0mnc [en_US] ldltr sw720dp w1280dp h720dp 240dpi xlrg long land ?uimode ?night -touch qwerty/v/v -nav/h winConfig={ mBounds=Rect(0, 0 - 1920, 1080) mAppBounds=Rect(0, 0 - 1920, 1080) mMaxBounds=Rect(0, 0 - 1920, 1080) mDisplayRotation=ROTATION_0 mWindowingMode=fullscreen mActivityType=undefined mAlwaysOnTop=undefined mRotation=ROTATION_0} s.2 ?fontWeightAdjustment}
04-01 08:46:38.424 663 663 D CompatChangeReporter: Compat change id reported: 151861875; UID 1000; state: ENABLED
04-01 08:46:38.425 663 663 I WindowManager: Override config changes=60007dfc {1.0 ?mcc0mnc [en_US] ldltr sw720dp w1280dp h720dp 240dpi xlrg long land ?uimode ?night -touch qwerty/v/v -nav/h winConfig={ mBounds=Rect(0, 0 - 1920, 1080) mAppBounds=Rect(0, 0 - 1920, 1080) mMaxBounds=Rect(0, 0 - 1920, 1080) mDisplayRotation=ROTATION_0 mWindowingMode=fullscreen mActivityType=undefined mAlwaysOnTop=undefined mRotation=ROTATION_0} s.2 ?fontWeightAdjustment} for displayId=0
04-01 08:46:38.430 663 663 I DisplayDevice: [0] Layerstack set to 0 for local:4621271769366227712
04-01 08:46:38.432 663 663 D DisplayManagerService: supportedStates=[0]
04-01 08:46:38.433 663 663 D DisplayManagerService: possibleInfos={DisplayInfo{"Built-in Screen", displayId 0, displayGroupId 0, FLAG_SECURE, FLAG_SUPPORTS_PROTECTED_BUFFERS, FLAG_TRUSTED, real 1920 x 1080, largest app 1920 x 1920, smallest app 1080 x 1080, appVsyncOff 1000000, presDeadline 16666667, mode 1, renderFrameRate 60.0, defaultMode 1, userPreferredModeId -1, supportedModes [{id=1, width=1920, height=1080, fps=60.0, vsync=60.0, synthetic=false, alternativeRefreshRates=[], supportedHdrTypes=[]}, {id=2, width=1920, height=1080, fps=59.940205, vsync=59.940205, synthetic=false, alternativeRefreshRates=[], supportedHdrTypes=[]}, {id=3, width=1920, height=1080, fps=50.0, vsync=50.0, synthetic=false, alternativeRefreshRates=[], supportedHdrTypes=[]}, {id=4, width=1680, height=1050, fps=59.883255, vsync=59.883255, synthetic=false, alternativeRefreshRates=[], supportedHdrTypes=[]}, {id=5, width=1600, height=900, fps=60.0, vsync=60.0, synthetic=false, alternativeRefreshRates=[], supportedHdrTypes=[]}, {id=6, width=1280, height=1024, fps=60.01974, vsync=60.01974, synthetic=false, alternativeRefreshRates=[], supportedHdrTypes=[]}, {id=7, width=1440, height=900, fps=59.901463, vsync=59.901463, synthetic=false, alternativeRefreshRates=[], supportedHdrTypes=[]}, {id=8, width=1280, height=800, fps=59.90955, vsync=59.90955, synthetic=false, alternativeRefreshRates=[], supportedHdrTypes=[]}, {id=9, width=1280, height=720, fps=60.0, vsync=60.0, synthetic=false, alternativeRefreshRates=[], supportedHdrTypes=[]}, {id=10, width=1280, height=720, fps=59.940205, vsync=59.940205, synthetic=false, alternativeRefreshRates=[], supportedHdrTypes=[]}, {id=11, width=1280, height=720, fps=50.0, vsync=50.0, synthetic=false, alternativeRefreshRates=[], supportedHdrTypes=[]}, {id=12, width=1024, height=768, fps=60.00384, vsync=60.00384, synthetic=false, alternativeRefreshRates=[], supportedHdrTypes=[]}, {id=13, width=800, height=600, fps=60.316544, vsync=60.316544, synthetic=false, alternativeRefreshRates=[], supportedHdrTypes=[]}, {id=14, width=720, height=576, fps=50.0, vsync=50.0, synthetic=false, alternativeRefreshRates=[], supportedHdrTypes=[]}, {id=15, width=720, height=480, fps=60.0, vsync=60.0, synthetic=false, alternativeRefreshRates=[], supportedHdrTypes=[]}, {id=16, width=720, height=480, fps=59.940063, vsync=59.940063, synthetic=false, alternativeRefreshRates=[], supportedHdrTypes=[]}, {id=17, width=640, height=480, fps=60.0, vsync=60.0, synthetic=false, alternativeRefreshRates=[], supportedHdrTypes=[]}, {id=18, width=640, height=480, fps=59.94048, vsync=59.94048, synthetic=false, alternativeRefreshRates=[], supportedHdrTypes=[]}, {id=19, width=720, height=400, fps=70.08167, vsync=70.08167, synthetic=false, alternativeRefreshRates=[], supportedHdrTypes=[]}], appsSupportedModes [{id=1, width=1920, height=1080, fps=60.0, vsync=60.0, synthetic=false, alternativeRefreshRates=[], supportedHdrTypes=[]}, {id=2, width=1920, height=1080, fps=59.940205, vsync=59.940205, synthetic=false, alternativeRefreshRates=[], supportedHdrTypes=[]}, {id=3, width=1920, height=1080, fps=50.0, vsync=50.0, synthetic=false, alternativeRefreshRates=[], supportedHdrTypes=[]}, {id=4, width=1680, height=1050, fps=59.883255, vsync=59.883255, synthetic=false, alternativeRefreshRates=[], supportedHdrTypes=[]}, {id=5, width=1600, height=900, fps=60.0, vsync=60.0, synthetic=false, alternativeRefreshRates=[], supportedHdrTypes=[]}, {id=6, width=1280, height=1024, fps=60.01974, vsync=60.01974, synthetic=false, alternativeRefreshRates=[], supportedHdrTypes=[]}, {id=7, width=1440, height=900, fps=59.901463, vsync=59.901463, synthetic=false, alternativeRefreshRates=[], supportedHdrTypes=[]}, {id=8, width=1280, height=800, fps=59.90955, vsync=59.90955, synthetic=false, alternativeRefreshRates=[], supportedHdrTypes=[]}, {id=9, width=1280, height=720, fps=60.0, vsync=60.0, synthetic=false, alternativeRefreshRates=[], supportedHdrTypes=[]}, {id=10, width=1280, height=720, fps=59.940205, vsync=59.940205, synthetic=false, alternativeRefreshRates=[], supportedHdrTypes=[]}, {id=11, w
04-01 08:46:38.433 663 663 V SystemServerTiming: MakeDisplayReady took to complete: 22ms
04-01 08:46:38.433 663 663 D SystemServerTiming: StartStorageManagerService
04-01 08:46:38.434 663 663 I SystemServiceManager: Starting com.android.server.StorageManagerService$Lifecycle
04-01 08:46:38.438 663 688 W BroadcastLoopers: Found previously unknown looper Thread[android.display,5,main]
04-01 08:46:38.439 663 688 I InputManager-JNI: Viewport [0] to add: local:4621271769366227712, isActive: false
04-01 08:46:38.439 1 1 I init : processing action (sys.sysctl.extra_free_kbytes=*) from (/system/etc/init/hw/init.rc:1276)
04-01 08:46:38.442 1 1 I init : starting service 'exec 19 (/system/bin/extra_free_kbytes.sh 24300)'...
04-01 08:46:38.444 573 584 D installd: Found quota mount /dev/block/dm-49 at /data
04-01 08:46:38.447 573 584 D installd: Found quota mount /dev/block/dm-49 at /data/user/0
04-01 08:46:38.461 663 770 D StorageManagerService: Thinking about reset, mBootCompleted=false, mDaemonConnected=true
04-01 08:46:38.463 663 770 D StorageManagerService: Thinking about reset, mBootCompleted=false, mDaemonConnected=true
04-01 08:46:38.464 663 663 V SystemServerTiming: StartStorageManagerService took to complete: 31ms
04-01 08:46:38.464 663 663 D SystemServerTiming: StartStorageStatsService
04-01 08:46:38.464 663 663 I SystemServiceManager: Starting com.android.server.usage.StorageStatsService$Lifecycle
04-01 08:46:38.468 573 584 D installd: Found quota mount /dev/block/dm-49 at /data
04-01 08:46:38.470 573 584 D installd: Found quota mount /dev/block/dm-49 at /data/user/0
04-01 08:46:38.474 573 584 D installd: Found quota mount /dev/block/dm-49 at /data
04-01 08:46:38.476 573 584 D installd: Found quota mount /dev/block/dm-49 at /data/user/0
04-01 08:46:38.483 663 663 V SystemServerTiming: StartStorageStatsService took to complete: 19ms
04-01 08:46:38.483 663 663 D SystemServerTiming: StartUiModeManager
04-01 08:46:38.484 663 663 I SystemServiceManager: Starting com.android.server.UiModeManagerService
04-01 08:46:38.486 1 1 I init : ... started service 'exec 19 (/system/bin/extra_free_kbytes.sh 24300)' has pid 771
04-01 08:46:38.486 1 1 I init : SVC_EXEC service 'exec 19 (/system/bin/extra_free_kbytes.sh 24300)' pid 771 (uid 0 gid 0+0 context default) started; waiting...
04-01 08:46:38.490 663 692 D SystemServerTimingAsync: InitThreadPoolExec:UiModeManager.onStart
04-01 08:46:38.490 663 692 D SystemServerInitThreadPool: Started executing UiModeManager.onStart
04-01 08:46:38.491 663 663 V SystemServerTiming: StartUiModeManager took to complete: 8ms
04-01 08:46:38.491 663 663 D SystemServerTiming: StartLocaleManagerService
04-01 08:46:38.491 663 663 I SystemServiceManager: Starting com.android.server.locales.LocaleManagerService
04-01 08:46:38.494 663 692 D SystemServerInitThreadPool: Finished executing UiModeManager.onStart
04-01 08:46:38.495 663 692 V SystemServerTimingAsync: InitThreadPoolExec:UiModeManager.onStart took to complete: 5ms
04-01 08:46:38.499 663 663 V SystemServerTiming: StartLocaleManagerService took to complete: 8ms
04-01 08:46:38.499 663 663 D SystemServerTiming: StartGrammarInflectionService
04-01 08:46:38.499 663 663 I SystemServiceManager: Starting com.android.server.grammaticalinflection.GrammaticalInflectionService
04-01 08:46:38.502 663 663 V SystemServerTiming: StartGrammarInflectionService took to complete: 3ms
04-01 08:46:38.502 663 663 D SystemServerTiming: StartAppHibernationService
04-01 08:46:38.503 663 663 I SystemServiceManager: Starting com.android.server.apphibernation.AppHibernationService
04-01 08:46:38.508 663 663 V SystemServerTiming: StartAppHibernationService took to complete: 6ms
04-01 08:46:38.508 663 663 D SystemServerTiming: ArtManagerLocal
04-01 08:46:38.516 663 663 V SystemServerTiming: ArtManagerLocal took to complete: 7ms
04-01 08:46:38.516 663 663 D SystemServerTiming: UpdatePackagesIfNeeded
04-01 08:46:38.516 663 663 I Watchdog: Pausing HandlerChecker: main thread for reason: dexopt. Pause count: 1
04-01 08:46:38.517 663 663 I Watchdog: Resuming HandlerChecker: main thread for reason: dexopt. Pause count: 0
04-01 08:46:38.518 663 663 V SystemServerTiming: UpdatePackagesIfNeeded took to complete: 2ms
04-01 08:46:38.518 663 663 D SystemServerTiming: PerformFstrimIfNeeded
04-01 08:46:38.519 663 663 V SystemServerTiming: PerformFstrimIfNeeded took to complete: 1ms
04-01 08:46:38.520 663 663 D SystemServerTiming: StartLockSettingsService
04-01 08:46:38.520 663 663 I SystemServiceManager: Starting com.android.server.locksettings.LockSettingsService$Lifecycle
04-01 08:46:38.563 663 663 V SystemServerTiming: StartLockSettingsService took to complete: 43ms
04-01 08:46:38.563 663 663 D SystemServerTiming: StartPersistentDataBlock
04-01 08:46:38.563 663 663 I SystemServiceManager: Starting com.android.server.pdb.PersistentDataBlockService
04-01 08:46:38.565 663 663 V SystemServerTiming: StartPersistentDataBlock took to complete: 2ms
04-01 08:46:38.566 663 663 D SystemServerTiming: StartTestHarnessMode
04-01 08:46:38.566 663 730 D SystemServerTimingAsync: InitThreadPoolExec:PersistentDataBlockService.onStart
04-01 08:46:38.566 663 730 D SystemServerInitThreadPool: Started executing PersistentDataBlockService.onStart
04-01 08:46:38.566 663 663 I SystemServiceManager: Starting com.android.server.testharness.TestHarnessModeService
04-01 08:46:38.569 663 663 V SystemServerTiming: StartTestHarnessMode took to complete: 3ms
04-01 08:46:38.569 663 663 D SystemServerTiming: StartOemLockService
04-01 08:46:38.570 663 663 I SystemServiceManager: Starting com.android.server.oemlock.OemLockService
04-01 08:46:38.575 243 243 I hwservicemanager: getTransport: Cannot find entry android.hardware.oemlock@1.0::IOemLock/default in either framework or device VINTF manifest.
04-01 08:46:38.575 242 242 I servicemanager: Caller(pid=663,uid=1000,sid=u:r:system_server:s0) Could not find android.hardware.oemlock.IOemLock/default in the VINTF manifest. No alternative instances declared in VINTF.
04-01 08:46:38.578 663 730 I PersistentDataBlockService: Failed to read FRP secret file: /data/system/frp_secret NoSuchFileException
04-01 08:46:38.579 663 730 W PersistentDataBlockService: Failed to deactivate with primary secret file, trying backup.
04-01 08:46:38.579 663 663 I OemLock : OemLock Hidl HAL not present on device
04-01 08:46:38.580 663 730 I PersistentDataBlockService: Failed to read FRP secret file: /data/system/frp_secret_tmp NoSuchFileException
04-01 08:46:38.580 663 730 W PersistentDataBlockService: Failed to deactivate with backup secret file, trying default secret.
04-01 08:46:38.580 663 663 I OemLock : Using persistent data block based lock
04-01 08:46:38.583 663 730 I PersistentDataBlockService: FRP secret matched, FRP deactivated.
04-01 08:46:38.583 663 663 V SystemServerTiming: StartOemLockService took to complete: 13ms
04-01 08:46:38.583 663 663 D SystemServerTiming: StartDeviceIdleController
04-01 08:46:38.584 663 663 I SystemServiceManager: Starting com.android.server.DeviceIdleController
04-01 08:46:38.588 663 730 D SystemServerInitThreadPool: Finished executing PersistentDataBlockService.onStart
04-01 08:46:38.588 663 730 V SystemServerTimingAsync: InitThreadPoolExec:PersistentDataBlockService.onStart took to complete: 22ms
04-01 08:46:38.600 663 663 V SystemServerTiming: StartDeviceIdleController took to complete: 17ms
04-01 08:46:38.600 663 663 D SystemServerTiming: StartDevicePolicyManager
04-01 08:46:38.601 663 663 I SystemServiceManager: Starting com.android.server.devicepolicy.DevicePolicyManagerService$Lifecycle
04-01 08:46:38.626 663 663 I DevicePolicyManager: Current version 6, latest version 6, not upgrading.
04-01 08:46:38.638 663 663 D DevicePolicyManagerService: /data/system/updated_resources.xml doesn't exist
04-01 08:46:38.638 663 663 D DevicePolicyEngine: Reading device policies from file.
04-01 08:46:38.640 663 663 D DevicePolicyEngine: Reading from /data/system/device_policy_state.xml
04-01 08:46:38.657 663 663 V SystemServerTiming: StartDevicePolicyManager took to complete: 57ms
04-01 08:46:38.657 663 663 D SystemServerTiming: StartStatusBarManagerService
04-01 08:46:38.662 663 663 V SystemServerTiming: StartStatusBarManagerService took to complete: 5ms
04-01 08:46:38.662 663 663 D SystemServer: MusicRecognitionManagerService not defined by OEM or disabled by flag
04-01 08:46:38.663 663 663 D SystemServer: ContentCaptureService disabled because resource is not overlaid
04-01 08:46:38.664 663 663 D SystemServer: AttentionService is not configured on this device
04-01 08:46:38.666 663 663 D SystemServer: RotationResolverService is not configured on this device
04-01 08:46:38.666 663 663 D SystemServer: SystemCaptionsManagerService disabled because resource is not overlaid
04-01 08:46:38.666 663 663 D SystemServerTiming: StartTextToSpeechManagerService
04-01 08:46:38.667 663 663 I SystemServiceManager: Starting com.android.server.texttospeech.TextToSpeechManagerService
04-01 08:46:38.670 663 663 V SystemServerTiming: StartTextToSpeechManagerService took to complete: 4ms
04-01 08:46:38.670 663 663 D SystemServerTiming: startWearableSensingService
04-01 08:46:38.671 663 663 I SystemServiceManager: Starting com.android.server.wearable.WearableSensingManagerService
04-01 08:46:38.680 663 663 V SystemServerTiming: startWearableSensingService took to complete: 10ms
04-01 08:46:38.680 663 663 D SystemServerTiming: startOnDeviceIntelligenceManagerService
04-01 08:46:38.681 663 663 I SystemServiceManager: Starting com.android.server.ondeviceintelligence.OnDeviceIntelligenceManagerService
04-01 08:46:38.685 663 663 V SystemServerTiming: startOnDeviceIntelligenceManagerService took to complete: 4ms
04-01 08:46:38.686 663 663 D SystemServer: AmbientContextManagerService not defined by OEM or disabled by flag
04-01 08:46:38.686 663 663 D SystemServerTiming: StartSpeechRecognitionManagerService
04-01 08:46:38.686 663 663 I SystemServiceManager: Starting com.android.server.speech.SpeechRecognitionManagerService
04-01 08:46:38.689 663 663 V SystemServerTiming: StartSpeechRecognitionManagerService took to complete: 3ms
04-01 08:46:38.690 663 663 D SystemServer: AppPredictionService not defined by OEM
04-01 08:46:38.690 663 663 D SystemServer: ContentSuggestionsService not defined by OEM
04-01 08:46:38.690 663 663 D SystemServer: SmartspaceManagerService not defined by OEM or disabled by flag
04-01 08:46:38.691 663 663 D SystemServer: ContextualSearchManagerService not defined or disabled by flag
04-01 08:46:38.691 663 663 D SystemServerTiming: InitConnectivityModuleConnector
04-01 08:46:38.691 663 663 D ConnectivityModuleConnector: Network stack init
04-01 08:46:38.691 663 663 V SystemServerTiming: InitConnectivityModuleConnector took to complete: 0ms
04-01 08:46:38.691 663 663 D SystemServerTiming: InitNetworkStackClient
04-01 08:46:38.692 663 663 D NetworkStackClient: Network stack init
04-01 08:46:38.692 663 663 V SystemServerTiming: InitNetworkStackClient took to complete: 1ms
04-01 08:46:38.692 663 663 D SystemServerTiming: StartNetworkManagementService
04-01 08:46:38.698 497 531 I netd : registerUnsolicitedEventListener(interface:0xb40000787c546880) <0.12ms>
04-01 08:46:38.700 663 663 V SystemServerTiming: StartNetworkManagementService took to complete: 8ms
04-01 08:46:38.700 663 663 D SystemServerTiming: StartFontManagerService
04-01 08:46:38.703 663 663 I FontManagerService: Using optimized boot-time font loading.
04-01 08:46:38.704 663 748 D SystemServerTimingAsync: InitThreadPoolExec:FontManagerService_create
04-01 08:46:38.704 663 748 D SystemServerInitThreadPool: Started executing FontManagerService_create
04-01 08:46:38.705 663 663 V SystemServerTiming: StartFontManagerService took to complete: 5ms
04-01 08:46:38.705 663 663 D SystemServerTiming: StartTextServicesManager
04-01 08:46:38.705 663 663 I SystemServiceManager: Starting com.android.server.textservices.TextServicesManagerService$Lifecycle
04-01 08:46:38.708 663 748 I SystemFonts: Loading font config from /system/etc/font_fallback.xml
04-01 08:46:38.708 663 663 V SystemServerTiming: StartTextServicesManager took to complete: 3ms
04-01 08:46:38.708 663 663 D SystemServerTiming: StartTextClassificationManagerService
04-01 08:46:38.709 663 663 I SystemServiceManager: Starting com.android.server.textclassifier.TextClassificationManagerService$Lifecycle
04-01 08:46:38.715 663 663 V SystemServerTiming: StartTextClassificationManagerService took to complete: 7ms
04-01 08:46:38.715 663 663 D SystemServerTiming: StartNetworkScoreService
04-01 08:46:38.715 663 663 I SystemServiceManager: Starting com.android.server.NetworkScoreService$Lifecycle
04-01 08:46:38.720 663 663 I NetworkScoreService: Registering network_score
04-01 08:46:38.722 663 663 V SystemServerTiming: StartNetworkScoreService took to complete: 7ms
04-01 08:46:38.722 663 663 D SystemServerTiming: StartNetworkStatsService
04-01 08:46:38.724 663 663 I SystemServiceManager: Starting com.android.server.NetworkStatsServiceInitializer
04-01 08:46:38.753 663 763 I InputReader: Reconfiguring input devices, changes=DISPLAY_INFO
04-01 08:46:38.763 242 242 I servicemanager: Caller(pid=663,uid=1000,sid=u:r:system_server:s0) Found android.hardware.graphics.allocator.IAllocator/default in device VINTF manifest.
04-01 08:46:38.765 242 242 I servicemanager: Caller(pid=663,uid=1000,sid=u:r:system_server:s0) Found android.hardware.graphics.allocator.IAllocator/default in device VINTF manifest.
04-01 08:46:38.767 242 242 I servicemanager: Caller(pid=663,uid=1000,sid=u:r:system_server:s0) Found mapper/powervr in device VINTF manifest.
04-01 08:46:38.792 663 663 D nativeloader: Load libservice-connectivity.so using ns clns-shared-13 from class loader (caller=/apex/com.android.tethering/javalib/service-connectivity.jar): ok
04-01 08:46:38.849 663 663 D nativeloader: Load libandroid_net_connectivity_com_android_net_module_util_jni.so using APEX ns com_android_tethering for caller /apex/com.android.tethering/javalib/framework-connectivity.jar: ok
04-01 08:46:38.856 663 688 E ion : open /dev/ion failed: No such file or directory
04-01 08:46:38.881 663 663 I NetworkStatsServiceInitializer: Registering netstats
04-01 08:46:38.883 663 663 I NetworkStatsServiceInitializer: Initializing network tracing hooks
04-01 08:46:38.892 663 663 D NetworkTrace: Registering Perfetto data source
04-01 08:46:38.893 663 663 V SystemServerTiming: StartNetworkStatsService took to complete: 171ms
04-01 08:46:38.893 663 663 D SystemServerTiming: StartNetworkPolicyManagerService
04-01 08:46:38.901 663 663 E SystemServiceRegistry: Manager wrapper not available: carrier_config
04-01 08:46:38.911 663 663 V SystemServerTiming: StartNetworkPolicyManagerService took to complete: 18ms
04-01 08:46:38.911 663 663 D SystemServerTiming: StartWifi
04-01 08:46:38.914 663 663 I SystemServiceManager: Starting com.android.server.wifi.WifiService
04-01 08:46:38.927 663 663 I WifiContext: Got resolveInfos for com.android.server.wifi.intent.action.SERVICE_WIFI_RESOURCES_APK: [ResolveInfo{868f587 com.android.wifi.resources/android.app.Activity m=0x108000 userHandle=UserHandle{0}}]
04-01 08:46:38.928 663 663 I WifiContext: Found Wifi Resources APK at: com.android.wifi.resources
04-01 08:46:38.940 663 663 D ScanMetrics: Settings package: com.android.settings
04-01 08:46:38.940 663 663 E ScanMetrics: Can't get GMS uid
04-01 08:46:38.961 663 663 I android_os_HwBinder: HwBinder: Starting thread pool for getting: android.hidl.manager@1.2::IServiceManager/default
04-01 08:46:38.964 243 243 I hwservicemanager: getTransport: Cannot find entry android.hardware.wifi@1.0::IWifi/default in either framework or device VINTF manifest.
04-01 08:46:38.967 663 663 E WifiHal : No HIDL or AIDL service available for the Wifi Vendor HAL.
04-01 08:46:38.968 242 242 I servicemanager: Caller(pid=663,uid=1000,sid=u:r:system_server:s0) Could not find android.hardware.wifi.IWifi/default in the VINTF manifest. No alternative instances declared in VINTF.
04-01 08:46:38.977 663 663 I SupplicantStaIfaceHal: Initializing SupplicantStaIfaceHal using AIDL implementation.
04-01 08:46:38.979 242 242 I servicemanager: Caller(pid=663,uid=1000,sid=u:r:system_server:s0) Found android.hardware.wifi.supplicant.ISupplicant/default in device VINTF manifest.
04-01 08:46:38.983 663 663 I SupplicantP2pIfaceHal: Initializing SupplicantP2pIfaceHal using AIDL implementation.
04-01 08:46:38.985 242 242 I servicemanager: Caller(pid=663,uid=1000,sid=u:r:system_server:s0) Found android.hardware.wifi.supplicant.ISupplicant/default in device VINTF manifest.
04-01 08:46:38.985 663 663 E SystemServiceRegistry: Manager wrapper not available: carrier_config
04-01 08:46:38.987 663 663 I WifiCoexManager: Default coex algorithm is disabled.
04-01 08:46:39.037 663 663 D WifiOpenNetworkNotifier: Settings toggle enabled=true
04-01 08:46:39.042 663 663 D WifiNl80211Manager: registerCountryCodeEventListener called
04-01 08:46:39.043 663 663 D WifiCountryCode: Default country code from system property ro.boot.wificountrycode is null
04-01 08:46:39.044 581 581 I wificond: New wificond event callback registered
04-01 08:46:39.049 1 1 I init : Service 'exec 19 (/system/bin/extra_free_kbytes.sh 24300)' (pid 771) exited with status 0 waiting took 0.601000 seconds
04-01 08:46:39.049 1 1 I init : Sending signal 9 to service 'exec 19 (/system/bin/extra_free_kbytes.sh 24300)' (pid 771) process group...
04-01 08:46:39.049 1 1 I libprocessgroup: Removed cgroup /sys/fs/cgroup/uid_0/pid_771
04-01 08:46:39.057 663 663 D WakeupController: WifiWake enabled
04-01 08:46:39.072 663 663 I WifiService: Registering wifi
04-01 08:46:39.073 663 663 V SystemServerTiming: StartWifi took to complete: 161ms
04-01 08:46:39.073 663 663 D SystemServerTiming: StartWifiScanning
04-01 08:46:39.074 663 663 I SystemServiceManager: Starting com.android.server.wifi.scanner.WifiScanningService
04-01 08:46:39.074 663 663 I WifiScanningService: Creating wifiscanner
04-01 08:46:39.079 663 663 I WifiScanningService: Publishing wifiscanner
04-01 08:46:39.080 663 663 V SystemServerTiming: StartWifiScanning took to complete: 7ms
04-01 08:46:39.080 663 663 D SystemServerTiming: StartWifiP2P
04-01 08:46:39.081 663 663 I SystemServiceManager: Starting com.android.server.wifi.p2p.WifiP2pService
04-01 08:46:39.084 663 663 I WifiContext: Got resolveInfos for com.android.server.wifi.intent.action.SERVICE_WIFI_RESOURCES_APK: [ResolveInfo{84eeef5 com.android.wifi.resources/android.app.Activity m=0x108000 userHandle=UserHandle{0}}]
04-01 08:46:39.085 663 663 I WifiContext: Found Wifi Resources APK at: com.android.wifi.resources
04-01 08:46:39.094 663 663 I WifiP2pService: Registering wifip2p
04-01 08:46:39.095 663 663 V SystemServerTiming: StartWifiP2P took to complete: 14ms
04-01 08:46:39.095 663 663 D SystemServerTiming: StartPacProxyService
04-01 08:46:39.099 663 663 V SystemServerTiming: StartPacProxyService took to complete: 4ms
04-01 08:46:39.099 663 663 D SystemServerTiming: StartConnectivityService
04-01 08:46:39.100 663 663 I SystemServiceManager: Starting com.android.server.ConnectivityServiceInitializer
04-01 08:46:39.124 663 663 D ConnectivityService: ConnectivityService starting up
04-01 08:46:39.139 663 663 E ConnectivityService: Ignoring protectedNetwork 10
04-01 08:46:39.139 663 663 E ConnectivityService: Ignoring protectedNetwork 11
04-01 08:46:39.139 663 663 E ConnectivityService: Ignoring protectedNetwork 12
04-01 08:46:39.139 663 663 E ConnectivityService: Ignoring protectedNetwork 14
04-01 08:46:39.139 663 663 E ConnectivityService: Ignoring protectedNetwork 15
04-01 08:46:39.141 497 531 I netd : registerUnsolicitedEventListener(interface:0xb40000787c547b10) <0.05ms>
04-01 08:46:39.170 663 663 D TrafficStats: tagSocket(236) with statsTag=0xffffffff, statsUid=-1
04-01 08:46:39.171 663 663 I MulticastRoutingCoordinatorService: socket created for multicast routing: java.io.FileDescriptor@9fa09e3
04-01 08:46:39.171 663 663 D TrafficStats: tagSocket(238) with statsTag=0xffffffff, statsUid=-1
04-01 08:46:39.181 663 811 W BroadcastLoopers: Found previously unknown looper Thread[NsdService,5,main]
04-01 08:46:39.199 663 663 V NearbyService: DiscoveryProviderManagerLegacy:
04-01 08:46:39.200 663 663 I ConnectivityServiceInitializer: Registering ethernet
04-01 08:46:39.202 663 663 I ConnectivityServiceInitializer: Registering connectivity
04-01 08:46:39.203 663 663 I ConnectivityServiceInitializer: Registering ipsec
04-01 08:46:39.204 663 663 I ConnectivityServiceInitializer: Registering connectivity_native
04-01 08:46:39.205 663 663 I ConnectivityServiceInitializer: Registering servicediscovery
04-01 08:46:39.206 663 663 I ConnectivityServiceInitializer: Registering nearby
04-01 08:46:39.208 663 663 V SystemServerTiming: StartConnectivityService took to complete: 109ms
04-01 08:46:39.209 663 663 D SystemServerTiming: StartSecurityStateManagerService
04-01 08:46:39.211 663 663 V SystemServerTiming: StartSecurityStateManagerService took to complete: 2ms
04-01 08:46:39.211 663 663 D SystemServerTiming: StartVpnManagerService
04-01 08:46:39.217 663 663 D VpnManagerService: VpnManagerService starting up
04-01 08:46:39.219 663 663 V SystemServerTiming: StartVpnManagerService took to complete: 8ms
04-01 08:46:39.220 663 663 D SystemServerTiming: StartVcnManagementService
04-01 08:46:39.225 663 663 E SystemServiceRegistry: Manager wrapper not available: carrier_config
04-01 08:46:39.229 663 663 V SystemServerTiming: StartVcnManagementService took to complete: 9ms
04-01 08:46:39.230 663 663 D SystemServerTiming: StartSystemUpdateManagerService
04-01 08:46:39.231 663 663 I SystemUpdateManagerService: No existing info file /data/system/system-update-info.xml
04-01 08:46:39.233 663 663 V SystemServerTiming: StartSystemUpdateManagerService took to complete: 3ms
04-01 08:46:39.234 663 663 D SystemServerTiming: StartUpdateLockService
04-01 08:46:39.235 663 663 W BroadcastLoopers: Found previously unknown looper Thread[main,5,main]
04-01 08:46:39.237 663 663 V SystemServerTiming: StartUpdateLockService took to complete: 3ms
04-01 08:46:39.237 663 663 D SystemServerTiming: StartNotificationManager
04-01 08:46:39.239 663 663 I SystemServiceManager: Starting com.android.server.notification.NotificationManagerService
04-01 08:46:39.269 663 663 D ConditionProviders.SCP: new ScheduleConditionProvider()
04-01 08:46:39.295 663 663 D ConditionProviders: Subscribing to condition://android/event?userId=-10000&calendar=&reply=1 with ComponentInfo{android/com.android.server.notification.EventConditionProvider}
04-01 08:46:39.296 663 663 D ConditionProviders: Subscribing to condition://android/schedule?days=1.2.3.4.5.6.7&start=22.0&end=7.0&exitAtAlarm=true with ComponentInfo{android/com.android.server.notification.ScheduleConditionProvider}
04-01 08:46:39.323 663 663 I NotificationManagerService.NotificationAssistants: Read notification assistant permissions from xml
04-01 08:46:39.324 663 663 V NotificationManagerService.NotificationAssistants: enabling notification assistant for 0: ComponentInfo{android.ext.services/android.ext.services.notification.Assistant}
04-01 08:46:39.325 663 663 V NotificationManagerService.NotificationAssistants: binding: Intent { act=android.service.notification.NotificationAssistantService cmp=android.ext.services/.notification.Assistant (has extras) }
04-01 08:46:39.334 663 663 D ActivityManager: StatsPullAtomService not ready yet
04-01 08:46:39.335 663 663 D CompatChangeReporter: Compat change id reported: 151861875; UID 10084; state: ENABLED
04-01 08:46:39.337 663 663 I ConditionProviders: Read condition provider permissions from xml
04-01 08:46:39.337 663 663 I ConditionProviders: Read condition provider permissions from xml
04-01 08:46:39.338 663 663 D NotificationManagerService.NotificationAssistants: Approving default notification assistant for user 0
04-01 08:46:39.339 663 663 I ConditionProviders: Allowing condition provider android.ext.services/android.ext.services.notification.Assistant (userSet: true)
04-01 08:46:39.354 663 663 W SystemServiceManager: Service com.android.server.notification.NotificationManagerService took 111 ms in onStart
04-01 08:46:39.361 663 663 V SystemServerTiming: StartNotificationManager took to complete: 124ms
04-01 08:46:39.362 663 663 D SystemServerTiming: StartDeviceMonitor
04-01 08:46:39.362 663 663 I SystemServiceManager: Starting com.android.server.storage.DeviceStorageMonitorService
04-01 08:46:39.366 663 663 V SystemServerTiming: StartDeviceMonitor took to complete: 4ms
04-01 08:46:39.366 663 663 D SystemServerTiming: StartTimeDetectorService
04-01 08:46:39.366 663 663 I SystemServiceManager: Starting com.android.server.timedetector.TimeDetectorService$Lifecycle
04-01 08:46:39.379 663 663 V SystemServerTiming: StartTimeDetectorService took to complete: 13ms
04-01 08:46:39.379 663 663 D SystemServerTiming: StartLocationManagerService
04-01 08:46:39.380 663 663 I SystemServiceManager: Starting com.android.server.location.LocationManagerService$Lifecycle
04-01 08:46:39.399 663 663 V SystemServerTiming: StartLocationManagerService took to complete: 19ms
04-01 08:46:39.399 663 663 D SystemServerTiming: StartCountryDetectorService
04-01 08:46:39.401 663 663 V SystemServerTiming: StartCountryDetectorService took to complete: 2ms
04-01 08:46:39.401 663 663 D SystemServerTiming: StartTimeZoneDetectorService
04-01 08:46:39.401 663 663 I SystemServiceManager: Starting com.android.server.timezonedetector.TimeZoneDetectorService$Lifecycle
04-01 08:46:39.412 663 663 V SystemServerTiming: StartTimeZoneDetectorService took to complete: 11ms
04-01 08:46:39.413 663 663 D SystemServerTiming: StartAltitudeService
04-01 08:46:39.413 663 663 I SystemServiceManager: Starting com.android.server.location.altitude.AltitudeService$Lifecycle
04-01 08:46:39.416 663 663 V SystemServerTiming: StartAltitudeService took to complete: 3ms
04-01 08:46:39.416 663 663 D SystemServerTiming: StartLocationTimeZoneManagerService
04-01 08:46:39.417 663 663 I SystemServiceManager: Starting com.android.server.timezonedetector.location.LocationTimeZoneManagerService$Lifecycle
04-01 08:46:39.419 663 663 V SystemServerTiming: StartLocationTimeZoneManagerService took to complete: 3ms
04-01 08:46:39.419 663 663 D SystemServerTiming: StartSearchManagerService
04-01 08:46:39.420 663 663 I SystemServiceManager: Starting com.android.server.search.SearchManagerService$Lifecycle
04-01 08:46:39.418 242 242 I servicemanager: Caller(pid=663,uid=1000,sid=u:r:system_server:s0) Found android.frameworks.location.altitude.IAltitudeService/default in framework VINTF manifest.
04-01 08:46:39.422 663 663 V SystemServerTiming: StartSearchManagerService took to complete: 3ms
04-01 08:46:39.423 663 663 D SystemServerTiming: StartWallpaperManagerService
04-01 08:46:39.423 663 663 I SystemServiceManager: Starting com.android.server.wallpaper.WallpaperManagerService$Lifecycle
04-01 08:46:39.426 663 663 D DisplayManagerService: supportedStates=[0]
04-01 08:46:39.427 663 663 D DisplayManagerService: possibleInfos={DisplayInfo{"Built-in Screen", displayId 0, displayGroupId 0, FLAG_SECURE, FLAG_SUPPORTS_PROTECTED_BUFFERS, FLAG_TRUSTED, real 1920 x 1080, largest app 1920 x 1920, smallest app 1080 x 1080, appVsyncOff 1000000, presDeadline 16666667, mode 1, renderFrameRate 60.0, defaultMode 1, userPreferredModeId -1, supportedModes [{id=1, width=1920, height=1080, fps=60.0, vsync=60.0, synthetic=false, alternativeRefreshRates=[], supportedHdrTypes=[]}, {id=2, width=1920, height=1080, fps=59.940205, vsync=59.940205, synthetic=false, alternativeRefreshRates=[], supportedHdrTypes=[]}, {id=3, width=1920, height=1080, fps=50.0, vsync=50.0, synthetic=false, alternativeRefreshRates=[], supportedHdrTypes=[]}, {id=4, width=1680, height=1050, fps=59.883255, vsync=59.883255, synthetic=false, alternativeRefreshRates=[], supportedHdrTypes=[]}, {id=5, width=1600, height=900, fps=60.0, vsync=60.0, synthetic=false, alternativeRefreshRates=[], supportedHdrTypes=[]}, {id=6, width=1280, height=1024, fps=60.01974, vsync=60.01974, synthetic=false, alternativeRefreshRates=[], supportedHdrTypes=[]}, {id=7, width=1440, height=900, fps=59.901463, vsync=59.901463, synthetic=false, alternativeRefreshRates=[], supportedHdrTypes=[]}, {id=8, width=1280, height=800, fps=59.90955, vsync=59.90955, synthetic=false, alternativeRefreshRates=[], supportedHdrTypes=[]}, {id=9, width=1280, height=720, fps=60.0, vsync=60.0, synthetic=false, alternativeRefreshRates=[], supportedHdrTypes=[]}, {id=10, width=1280, height=720, fps=59.940205, vsync=59.940205, synthetic=false, alternativeRefreshRates=[], supportedHdrTypes=[]}, {id=11, width=1280, height=720, fps=50.0, vsync=50.0, synthetic=false, alternativeRefreshRates=[], supportedHdrTypes=[]}, {id=12, width=1024, height=768, fps=60.00384, vsync=60.00384, synthetic=false, alternativeRefreshRates=[], supportedHdrTypes=[]}, {id=13, width=800, height=600, fps=60.316544, vsync=60.316544, synthetic=false, alternativeRefreshRates=[], supportedHdrTypes=[]}, {id=14, width=720, height=576, fps=50.0, vsync=50.0, synthetic=false, alternativeRefreshRates=[], supportedHdrTypes=[]}, {id=15, width=720, height=480, fps=60.0, vsync=60.0, synthetic=false, alternativeRefreshRates=[], supportedHdrTypes=[]}, {id=16, width=720, height=480, fps=59.940063, vsync=59.940063, synthetic=false, alternativeRefreshRates=[], supportedHdrTypes=[]}, {id=17, width=640, height=480, fps=60.0, vsync=60.0, synthetic=false, alternativeRefreshRates=[], supportedHdrTypes=[]}, {id=18, width=640, height=480, fps=59.94048, vsync=59.94048, synthetic=false, alternativeRefreshRates=[], supportedHdrTypes=[]}, {id=19, width=720, height=400, fps=70.08167, vsync=70.08167, synthetic=false, alternativeRefreshRates=[], supportedHdrTypes=[]}], appsSupportedModes [{id=1, width=1920, height=1080, fps=60.0, vsync=60.0, synthetic=false, alternativeRefreshRates=[], supportedHdrTypes=[]}, {id=2, width=1920, height=1080, fps=59.940205, vsync=59.940205, synthetic=false, alternativeRefreshRates=[], supportedHdrTypes=[]}, {id=3, width=1920, height=1080, fps=50.0, vsync=50.0, synthetic=false, alternativeRefreshRates=[], supportedHdrTypes=[]}, {id=4, width=1680, height=1050, fps=59.883255, vsync=59.883255, synthetic=false, alternativeRefreshRates=[], supportedHdrTypes=[]}, {id=5, width=1600, height=900, fps=60.0, vsync=60.0, synthetic=false, alternativeRefreshRates=[], supportedHdrTypes=[]}, {id=6, width=1280, height=1024, fps=60.01974, vsync=60.01974, synthetic=false, alternativeRefreshRates=[], supportedHdrTypes=[]}, {id=7, width=1440, height=900, fps=59.901463, vsync=59.901463, synthetic=false, alternativeRefreshRates=[], supportedHdrTypes=[]}, {id=8, width=1280, height=800, fps=59.90955, vsync=59.90955, synthetic=false, alternativeRefreshRates=[], supportedHdrTypes=[]}, {id=9, width=1280, height=720, fps=60.0, vsync=60.0, synthetic=false, alternativeRefreshRates=[], supportedHdrTypes=[]}, {id=10, width=1280, height=720, fps=59.940205, vsync=59.940205, synthetic=false, alternativeRefreshRates=[], supportedHdrTypes=[]}, {id=11, w
04-01 08:46:39.428 663 663 D DesktopModeFlagsUtil: Toggle override initialized to: OVERRIDE_UNSET
04-01 08:46:39.430 663 663 V SystemServerTiming: StartWallpaperManagerService took to complete: 7ms
04-01 08:46:39.431 663 663 D SystemServerTiming: StartAudioService
04-01 08:46:39.431 663 663 I SystemServiceManager: Starting com.android.server.audio.AudioService$Lifecycle
04-01 08:46:39.454 544 626 W AudioFlinger: no wake lock to update, system not ready yet
04-01 08:46:39.456 544 544 D PermissionCache: checking android.permission.MODIFY_AUDIO_SETTINGS for uid=1000 => granted (1395 us)
04-01 08:46:39.456 544 544 D DeviceHalAidl: [default] setParameters: parameters: "BT_SCO=off"
04-01 08:46:39.457 544 544 D DeviceHalAidl: [r_submix] setParameters: parameters: "BT_SCO=off"
04-01 08:46:39.457 544 544 D DeviceHalAidl: [bluetooth] setParameters: parameters: "BT_SCO=off"
04-01 08:46:39.457 544 544 D DeviceHalAidl: [default] setParameters: parameters: "A2dpSuspended=false"
04-01 08:46:39.458 544 544 D DeviceHalAidl: [r_submix] setParameters: parameters: "A2dpSuspended=false"
04-01 08:46:39.458 544 544 D DeviceHalAidl: [bluetooth] setParameters: parameters: "A2dpSuspended=false"
04-01 08:46:39.459 521 521 D AHAL_Bluetooth: setEnabled: 1
04-01 08:46:39.461 544 544 D DeviceHalAidl: [default] setParameters: parameters: "LeAudioSuspended=false"
04-01 08:46:39.461 544 544 D DeviceHalAidl: [r_submix] setParameters: parameters: "LeAudioSuspended=false"
04-01 08:46:39.461 544 544 D DeviceHalAidl: [bluetooth] setParameters: parameters: "LeAudioSuspended=false"
04-01 08:46:39.482 663 663 I AS.AudioService: Stream 5: using max vol of 7
04-01 08:46:39.482 663 663 I AS.AudioService: Stream 5: using default vol of 5
04-01 08:46:39.482 663 663 I AS.AudioService: Stream 2: using max vol of 7
04-01 08:46:39.482 663 663 I AS.AudioService: Stream 2: using default vol of 5
04-01 08:46:39.492 663 663 I android_os_HwBinder: HwBinder: Starting thread pool for getting: android.hidl.manager@1.0::IServiceManager/default
04-01 08:46:39.505 544 544 D PermissionCache: checking android.permission.MODIFY_AUDIO_ROUTING for uid=1000 => granted (228 us)
04-01 08:46:39.506 544 544 I APM::AudioPolicyEngine: getDevicesForStrategyInt no device found for strategy 7
04-01 08:46:39.507 544 544 W APM::AudioPolicyEngine: getDevicesForStrategyInt unknown strategy: 10
04-01 08:46:39.507 544 544 I APM::AudioPolicyEngine: getDevicesForStrategyInt no device found for strategy 10
04-01 08:46:39.507 544 544 I APM::AudioPolicyEngine: getDevicesForStrategyInt no device found for strategy 7
04-01 08:46:39.508 544 562 D PermissionCache: checking android.permission.MODIFY_AUDIO_ROUTING for uid=1000 => granted (3207 us)
04-01 08:46:39.508 544 544 W APM::AudioPolicyEngine: getDevicesForStrategyInt unknown strategy: 10
04-01 08:46:39.508 544 544 I APM::AudioPolicyEngine: getDevicesForStrategyInt no device found for strategy 10
04-01 08:46:39.510 544 544 I APM::AudioPolicyEngine: getDevicesForStrategyInt no device found for strategy 7
04-01 08:46:39.510 544 559 D DeviceHalAidl: [default] getMicMute
04-01 08:46:39.511 544 544 W APM::AudioPolicyEngine: getDevicesForStrategyInt unknown strategy: 10
04-01 08:46:39.511 544 544 I APM::AudioPolicyEngine: getDevicesForStrategyInt no device found for strategy 10
04-01 08:46:39.512 544 559 D DeviceHalAidl: [default] setMicMute: mute 0
04-01 08:46:39.512 544 559 D DeviceHalAidl: [r_submix] setMicMute: mute 0
04-01 08:46:39.512 521 521 D AHAL_ModuleRemoteSubmix: setMicMute: is not supported
04-01 08:46:39.513 544 559 D DeviceHalAidl: [bluetooth] setMicMute: mute 0
04-01 08:46:39.513 521 521 D AHAL_ModuleBluetooth: setMicMute: is not supported
04-01 08:46:39.513 544 559 D DeviceHalAidl: [default] getMicMute
04-01 08:46:39.515 663 823 W BroadcastLoopers: Found previously unknown looper Thread[AudioService,5,main]
04-01 08:46:39.520 663 663 D FileUtils: Rounded bytes from 7510867968 to 8000000000
04-01 08:46:39.521 544 559 D AudioFlinger: isLowRamDevice:false totalMemory:7510867968 mClientSharedHeapSize:33554432
04-01 08:46:39.525 663 663 V SystemServerTiming: StartAudioService took to complete: 94ms
04-01 08:46:39.526 663 663 D SystemServerTiming: StartSoundTriggerMiddlewareService
04-01 08:46:39.526 663 663 I SystemServiceManager: Starting com.android.server.soundtrigger_middleware.SoundTriggerMiddlewareService$Lifecycle
04-01 08:46:39.529 544 559 I CaptureStateNotifier: Registering a listener
04-01 08:46:39.531 663 663 I SoundTriggerMiddlewareDefaultHalFactory: Connecting to default soundtrigger-V2.x.ISoundTriggerHw
04-01 08:46:39.533 242 242 I servicemanager: Caller(pid=663,uid=1000,sid=u:r:system_server:s0) Could not find android.hardware.soundtrigger3.ISoundTriggerHw/default in the VINTF manifest. No alternative instances declared in VINTF.
04-01 08:46:39.533 243 243 I hwservicemanager: getTransport: Cannot find entry android.hardware.soundtrigger@2.0::ISoundTriggerHw/default in either framework or device VINTF manifest.
04-01 08:46:39.534 663 663 E SoundTriggerMiddlewareImpl: Failed to add a SoundTriggerModule instance
04-01 08:46:39.534 663 663 E SoundTriggerMiddlewareImpl: java.util.NoSuchElementException
04-01 08:46:39.534 663 663 E SoundTriggerMiddlewareImpl: at android.os.HwBinder.getService(Native Method)
04-01 08:46:39.534 663 663 E SoundTriggerMiddlewareImpl: at android.hardware.soundtrigger.V2_0.ISoundTriggerHw.getService(ISoundTriggerHw.java:57)
04-01 08:46:39.534 663 663 E SoundTriggerMiddlewareImpl: at android.hardware.soundtrigger.V2_0.ISoundTriggerHw.getService(ISoundTriggerHw.java:64)
04-01 08:46:39.534 663 663 E SoundTriggerMiddlewareImpl: at com.android.server.soundtrigger_middleware.DefaultHalFactory.create(DefaultHalFactory.java:76)
04-01 08:46:39.534 663 663 E SoundTriggerMiddlewareImpl: at com.android.server.soundtrigger_middleware.SoundTriggerModule.attachToHal(SoundTriggerModule.java:176)
04-01 08:46:39.534 663 663 E SoundTriggerMiddlewareImpl: at com.android.server.soundtrigger_middleware.SoundTriggerModule.(SoundTriggerModule.java:105)
04-01 08:46:39.534 663 663 E SoundTriggerMiddlewareImpl: at com.android.server.soundtrigger_middleware.SoundTriggerMiddlewareImpl.(SoundTriggerMiddlewareImpl.java:86)
04-01 08:46:39.534 663 663 E SoundTriggerMiddlewareImpl: at com.android.server.soundtrigger_middleware.SoundTriggerMiddlewareService$Lifecycle.onStart(SoundTriggerMiddlewareService.java:248)
04-01 08:46:39.534 663 663 E SoundTriggerMiddlewareImpl: at com.android.server.SystemServiceManager.startService(SystemServiceManager.java:280)
04-01 08:46:39.534 663 663 E SoundTriggerMiddlewareImpl: at com.android.server.SystemServiceManager.startService(SystemServiceManager.java:257)
04-01 08:46:39.534 663 663 E SoundTriggerMiddlewareImpl: at com.android.server.SystemServer.startOtherServices(SystemServer.java:2325)
04-01 08:46:39.534 663 663 E SoundTriggerMiddlewareImpl: at com.android.server.SystemServer.run(SystemServer.java:948)
04-01 08:46:39.534 663 663 E SoundTriggerMiddlewareImpl: at com.android.server.SystemServer.main(SystemServer.java:669)
04-01 08:46:39.534 663 663 E SoundTriggerMiddlewareImpl: at java.lang.reflect.Method.invoke(Native Method)
04-01 08:46:39.534 663 663 E SoundTriggerMiddlewareImpl: at com.android.internal.os.RuntimeInit$MethodAndArgsCaller.run(RuntimeInit.java:591)
04-01 08:46:39.534 663 663 E SoundTriggerMiddlewareImpl: at com.android.internal.os.ZygoteInit.main(ZygoteInit.java:849)
04-01 08:46:39.547 663 663 V SystemServerTiming: StartSoundTriggerMiddlewareService took to complete: 21ms
04-01 08:46:39.547 663 663 D SystemServerTiming: StartDockObserver
04-01 08:46:39.548 663 663 I SystemServiceManager: Starting com.android.server.DockObserver
04-01 08:46:39.549 663 663 I DockObserver: No extcon dock device found in this kernel.
04-01 08:46:39.554 663 663 V SystemServerTiming: StartDockObserver took to complete: 7ms
04-01 08:46:39.554 663 663 D SystemServerTiming: StartWiredAccessoryManager
04-01 08:46:39.557 663 663 W WiredAccessoryManager: This kernel does not have wired headset support
04-01 08:46:39.558 663 663 W WiredAccessoryManager: This kernel does not have usb audio support
04-01 08:46:39.560 663 663 W WiredAccessoryManager: This kernel does not have HDMI audio support
04-01 08:46:39.560 663 663 V SystemServerTiming: StartWiredAccessoryManager took to complete: 6ms
04-01 08:46:39.561 663 663 D SystemServerTiming: StartAdbService
