04-01 08:46:40.462 663 663 D SystemServerTiming: OnBootPhase_500_com.android.server.notification.NotificationManagerService
04-01 08:46:40.463 497 531 I netd : interfaceGetList() -> {[ifb0, ip6_vti0, eth1, ip6gre0, tunl0, sit0, gretap0, erspan0, ifb1, lo, eth0, gre0, dummy0, ip6tnl0, ip_vti0]} <0.35ms>
04-01 08:46:40.466 663 807 I EthernetTracker: maybeTrackInterface: eth1
04-01 08:46:40.468 497 531 I netd : interfaceGetCfg(eth1) -> {InterfaceConfigurationParcel{ifName: eth1, hwAddr: 92:79:8b:e3:22:26, ipv4Addr: 0.0.0.0, prefixLength: 0, flags: [down, broadcast, multicast]}} <0.87ms>
04-01 08:46:40.470 663 794 D WifiConfigStore: Reading from all stores completed in 14 ms.
04-01 08:46:40.471 663 794 W WifiConfigManager: No stored networks found.
04-01 08:46:40.471 663 794 W BroadcastLoopers: Found previously unknown looper Thread[WifiHandlerThread,5,main]
04-01 08:46:40.472 497 531 I netd : interfaceGetCfg(eth1) -> {InterfaceConfigurationParcel{ifName: eth1, hwAddr: 92:79:8b:e3:22:26, ipv4Addr: 0.0.0.0, prefixLength: 0, flags: [down, broadcast, multicast]}} <0.51ms>
04-01 08:46:40.474 663 663 V SystemServerTiming: OnBootPhase_500_com.android.server.notification.NotificationManagerService took to complete: 12ms
04-01 08:46:40.474 663 663 D SystemServerTiming: OnBootPhase_500_com.android.server.storage.DeviceStorageMonitorService
04-01 08:46:40.474 663 663 V SystemServerTiming: OnBootPhase_500_com.android.server.storage.DeviceStorageMonitorService took to complete: 0ms
04-01 08:46:40.474 663 663 D SystemServerTiming: OnBootPhase_500_com.android.server.timedetector.TimeDetectorService$Lifecycle
04-01 08:46:40.474 663 663 V SystemServerTiming: OnBootPhase_500_com.android.server.timedetector.TimeDetectorService$Lifecycle took to complete: 0ms
04-01 08:46:40.474 663 663 D SystemServerTiming: OnBootPhase_500_com.android.server.location.LocationManagerService$Lifecycle
04-01 08:46:40.474 663 794 I WifiInjector: enableVerboseLogging false hal false
04-01 08:46:40.474 663 794 D WifiNative: enableVerboseLogging false hal false
04-01 08:46:40.475 663 794 E SupplicantStaIfaceHalAidlImpl: Can't call setDebugParams, ISupplicant is null
04-01 08:46:40.477 663 794 I WifiService: WifiService starting up with Wi-Fi disabled
04-01 08:46:40.485 531 531 I : am65-cpsw-nuss 8000000.ethernet eth1: PHY [8000f00.mdio:01] driver [Generic PHY] (irq=POLL)
04-01 08:46:40.485 531 531 I : am65-cpsw-nuss 8000000.ethernet eth1: configuring for phy/rgmii-rxid link mode
04-01 08:46:40.488 663 663 V SystemServerTiming: OnBootPhase_500_com.android.server.location.LocationManagerService$Lifecycle took to complete: 14ms
04-01 08:46:40.488 663 663 D SystemServerTiming: OnBootPhase_500_com.android.server.timezonedetector.TimeZoneDetectorService$Lifecycle
04-01 08:46:40.488 663 663 V SystemServerTiming: OnBootPhase_500_com.android.server.timezonedetector.TimeZoneDetectorService$Lifecycle took to complete: 0ms
04-01 08:46:40.488 663 663 D SystemServerTiming: OnBootPhase_500_com.android.server.location.altitude.AltitudeService$Lifecycle
04-01 08:46:40.488 663 663 V SystemServerTiming: OnBootPhase_500_com.android.server.location.altitude.AltitudeService$Lifecycle took to complete: 0ms
04-01 08:46:40.488 663 663 D SystemServerTiming: OnBootPhase_500_com.android.server.timezonedetector.location.LocationTimeZoneManagerService$Lifecycle
04-01 08:46:40.489 663 663 V SystemServerTiming: OnBootPhase_500_com.android.server.timezonedetector.location.LocationTimeZoneManagerService$Lifecycle took to complete: 1ms
04-01 08:46:40.489 663 663 D SystemServerTiming: OnBootPhase_500_com.android.server.search.SearchManagerService$Lifecycle
04-01 08:46:40.489 663 663 V SystemServerTiming: OnBootPhase_500_com.android.server.search.SearchManagerService$Lifecycle took to complete: 0ms
04-01 08:46:40.489 663 663 D SystemServerTiming: OnBootPhase_500_com.android.server.wallpaper.WallpaperManagerService$Lifecycle
04-01 08:46:40.489 497 531 I netd : interfaceSetCfg(InterfaceConfigurationParcel{ifName: eth1, hwAddr: 92:79:8b:e3:22:26, ipv4Addr: 0.0.0.0, prefixLength: 0, flags: [broadcast, multicast, up]}) <16.28ms>
04-01 08:46:40.490 663 663 V SystemServerTiming: OnBootPhase_500_com.android.server.wallpaper.WallpaperManagerService$Lifecycle took to complete: 1ms
04-01 08:46:40.490 663 663 D SystemServerTiming: OnBootPhase_500_com.android.server.audio.AudioService$Lifecycle
04-01 08:46:40.490 663 663 V SystemServerTiming: OnBootPhase_500_com.android.server.audio.AudioService$Lifecycle took to complete: 0ms
04-01 08:46:40.490 663 663 D SystemServerTiming: OnBootPhase_500_com.android.server.soundtrigger_middleware.SoundTriggerMiddlewareService$Lifecycle
04-01 08:46:40.490 663 663 V SystemServerTiming: OnBootPhase_500_com.android.server.soundtrigger_middleware.SoundTriggerMiddlewareService$Lifecycle took to complete: 0ms
04-01 08:46:40.490 663 663 D SystemServerTiming: OnBootPhase_500_com.android.server.DockObserver
04-01 08:46:40.490 663 663 V SystemServerTiming: OnBootPhase_500_com.android.server.DockObserver took to complete: 0ms
04-01 08:46:40.490 663 663 D SystemServerTiming: OnBootPhase_500_com.android.server.adb.AdbService$Lifecycle
04-01 08:46:40.490 663 663 V SystemServerTiming: OnBootPhase_500_com.android.server.adb.AdbService$Lifecycle took to complete: 0ms
04-01 08:46:40.490 663 663 D SystemServerTiming: OnBootPhase_500_com.android.server.usb.UsbService$Lifecycle
04-01 08:46:40.490 663 663 V SystemServerTiming: OnBootPhase_500_com.android.server.usb.UsbService$Lifecycle took to complete: 0ms
04-01 08:46:40.490 663 663 D SystemServerTiming: OnBootPhase_500_com.android.server.SerialService$Lifecycle
04-01 08:46:40.490 663 663 V SystemServerTiming: OnBootPhase_500_com.android.server.SerialService$Lifecycle took to complete: 0ms
04-01 08:46:40.490 663 663 D SystemServerTiming: OnBootPhase_500_com.android.server.twilight.TwilightService
04-01 08:46:40.490 663 663 V SystemServerTiming: OnBootPhase_500_com.android.server.twilight.TwilightService took to complete: 0ms
04-01 08:46:40.490 663 663 D SystemServerTiming: OnBootPhase_500_com.android.server.display.color.ColorDisplayService
04-01 08:46:40.490 663 663 V SystemServerTiming: OnBootPhase_500_com.android.server.display.color.ColorDisplayService took to complete: 0ms
04-01 08:46:40.490 663 663 D SystemServerTiming: OnBootPhase_500_com.android.server.job.JobSchedulerService
04-01 08:46:40.495 663 794 D WifiController: isAirplaneModeOn = false, isWifiEnabled = false, isScanningAvailable = false, isLocationModeActive = true, isSatelliteModeOn = false
04-01 08:46:40.497 663 794 E WifiActiveModeWarden: Something is wrong, no client mode toggles enabled
04-01 08:46:40.498 663 794 E WifiHal : Cannot call registerEventCallback because mWifiHal is null
04-01 08:46:40.499 663 794 D WifiNl80211Manager: tearing down interfaces in wificond
04-01 08:46:40.500 663 807 D EthernetTracker: Tracking interface in client mode: eth1
04-01 08:46:40.500 663 807 D EthernetNetworkFactory: addInterface, iface: eth1, capabilities: [ Transports: ETHERNET Capabilities: NOT_METERED&INTERNET&NOT_RESTRICTED&TRUSTED&NOT_VPN&NOT_ROAMING&NOT_CONGESTED&NOT_SUSPENDED&NOT_VCN_MANAGED&NOT_BANDWIDTH_CONSTRAINED LinkUpBandwidth>=100000Kbps LinkDnBandwidth>=100000Kbps Specifier: UnderlyingNetworks: Null]
04-01 08:46:40.502 663 807 I EthernetTracker: maybeTrackInterface: eth0
04-01 08:46:40.503 497 531 I netd : interfaceGetCfg(eth0) -> {InterfaceConfigurationParcel{ifName: eth0, hwAddr: 58:a1:5f:b8:8c:90, ipv4Addr: 0.0.0.0, prefixLength: 0, flags: [down, broadcast, multicast]}} <0.57ms>
04-01 08:46:40.490 163 163 E ueventd : LoadWithAliases was unable to load of:Nethernet-phyT(null), tried: of:Nethernet_phyT(null)
04-01 08:46:40.504 497 531 I netd : interfaceGetCfg(eth0) -> {InterfaceConfigurationParcel{ifName: eth0, hwAddr: 58:a1:5f:b8:8c:90, ipv4Addr: 0.0.0.0, prefixLength: 0, flags: [down, broadcast, multicast]}} <0.48ms>
04-01 08:46:40.505 663 794 D WifiAdaptConnObserver: Adaptive connectivity status initialized to: true
04-01 08:46:40.505 663 794 D WifiController: DisabledState.enter()
04-01 08:46:40.513 531 531 I : am65-cpsw-nuss 8000000.ethernet eth0: PHY [8000f00.mdio:00] driver [Generic PHY] (irq=POLL)
04-01 08:46:40.513 531 531 I : am65-cpsw-nuss 8000000.ethernet eth0: configuring for phy/rgmii-rxid link mode
04-01 08:46:40.517 497 531 I netd : interfaceSetCfg(InterfaceConfigurationParcel{ifName: eth0, hwAddr: 58:a1:5f:b8:8c:90, ipv4Addr: 0.0.0.0, prefixLength: 0, flags: [broadcast, multicast, up]}) <12.24ms>
04-01 08:46:40.518 663 807 D EthernetTracker: Tracking interface in client mode: eth0
04-01 08:46:40.518 663 807 D EthernetNetworkFactory: addInterface, iface: eth0, capabilities: [ Transports: ETHERNET Capabilities: NOT_METERED&INTERNET&NOT_RESTRICTED&TRUSTED&NOT_VPN&NOT_ROAMING&NOT_CONGESTED&NOT_SUSPENDED&NOT_VCN_MANAGED&NOT_BANDWIDTH_CONSTRAINED LinkUpBandwidth>=100000Kbps LinkDnBandwidth>=100000Kbps Specifier: UnderlyingNetworks: Null]
04-01 08:46:40.521 663 807 I EthernetTracker: interfaceLinkStateChanged, iface: eth1, up: false
04-01 08:46:40.521 663 807 D EthernetNetworkFactory: updateInterfaceLinkState, iface: eth1, up: false
04-01 08:46:40.521 663 807 I EthernetTracker: interfaceLinkStateChanged, iface: eth0, up: false
04-01 08:46:40.521 663 807 D EthernetNetworkFactory: updateInterfaceLinkState, iface: eth0, up: false
04-01 08:46:40.516 163 163 E ueventd : LoadWithAliases was unable to load of:Nethernet-phyT(null), tried: of:Nethernet_phyT(null)
04-01 08:46:40.538 663 663 V SystemServerTiming: OnBootPhase_500_com.android.server.job.JobSchedulerService took to complete: 48ms
04-01 08:46:40.538 663 663 D SystemServerTiming: OnBootPhase_500_com.android.server.soundtrigger.SoundTriggerService
04-01 08:46:40.538 663 663 D SoundTriggerService: onBootPhase: 500 : false
04-01 08:46:40.539 663 663 V SystemServerTiming: OnBootPhase_500_com.android.server.soundtrigger.SoundTriggerService took to complete: 1ms
04-01 08:46:40.539 663 663 D SystemServerTiming: OnBootPhase_500_com.android.server.trust.TrustManagerService
04-01 08:46:40.542 663 663 E SystemServiceRegistry: No service published for: fingerprint
04-01 08:46:40.542 663 663 E SystemServiceRegistry: android.os.ServiceManager$ServiceNotFoundException: No service published for: fingerprint
04-01 08:46:40.542 663 663 E SystemServiceRegistry: at android.os.ServiceManager.getServiceOrThrow(ServiceManager.java:203)
04-01 08:46:40.542 663 663 E SystemServiceRegistry: at android.app.SystemServiceRegistry$72.createService(SystemServiceRegistry.java:997)
04-01 08:46:40.542 663 663 E SystemServiceRegistry: at android.app.SystemServiceRegistry$72.createService(SystemServiceRegistry.java:992)
04-01 08:46:40.542 663 663 E SystemServiceRegistry: at android.app.SystemServiceRegistry$CachedServiceFetcher.getService(SystemServiceRegistry.java:2300)
04-01 08:46:40.542 663 663 E SystemServiceRegistry: at android.app.SystemServiceRegistry.getSystemService(SystemServiceRegistry.java:1875)
04-01 08:46:40.542 663 663 E SystemServiceRegistry: at android.app.ContextImpl.getSystemService(ContextImpl.java:2293)
04-01 08:46:40.542 663 663 E SystemServiceRegistry: at android.content.Context.getSystemService(Context.java:4554)
04-01 08:46:40.542 663 663 E SystemServiceRegistry: at com.android.server.trust.TrustManagerService.onBootPhase(TrustManagerService.java:344)
04-01 08:46:40.542 663 663 E SystemServiceRegistry: at com.android.server.SystemServiceManager.startBootPhase(SystemServiceManager.java:318)
04-01 08:46:40.542 663 663 E SystemServiceRegistry: at com.android.server.SystemServer.startOtherServices(SystemServer.java:2918)
04-01 08:46:40.542 663 663 E SystemServiceRegistry: at com.android.server.SystemServer.run(SystemServer.java:948)
04-01 08:46:40.542 663 663 E SystemServiceRegistry: at com.android.server.SystemServer.main(SystemServer.java:669)
04-01 08:46:40.542 663 663 E SystemServiceRegistry: at java.lang.reflect.Method.invoke(Native Method)
04-01 08:46:40.542 663 663 E SystemServiceRegistry: at com.android.internal.os.RuntimeInit$MethodAndArgsCaller.run(RuntimeInit.java:591)
04-01 08:46:40.542 663 663 E SystemServiceRegistry: at com.android.internal.os.ZygoteInit.main(ZygoteInit.java:849)
04-01 08:46:40.542 663 663 E SystemServiceRegistry: Manager wrapper not available: fingerprint
04-01 08:46:40.546 663 663 E SystemServiceRegistry: No service published for: face
04-01 08:46:40.546 663 663 E SystemServiceRegistry: android.os.ServiceManager$ServiceNotFoundException: No service published for: face
04-01 08:46:40.546 663 663 E SystemServiceRegistry: at android.os.ServiceManager.getServiceOrThrow(ServiceManager.java:203)
04-01 08:46:40.546 663 663 E SystemServiceRegistry: at android.app.SystemServiceRegistry$73.createService(SystemServiceRegistry.java:1012)
04-01 08:46:40.546 663 663 E SystemServiceRegistry: at android.app.SystemServiceRegistry$73.createService(SystemServiceRegistry.java:1006)
04-01 08:46:40.546 663 663 E SystemServiceRegistry: at android.app.SystemServiceRegistry$CachedServiceFetcher.getService(SystemServiceRegistry.java:2300)
04-01 08:46:40.546 663 663 E SystemServiceRegistry: at android.app.SystemServiceRegistry.getSystemService(SystemServiceRegistry.java:1875)
04-01 08:46:40.546 663 663 E SystemServiceRegistry: at android.app.ContextImpl.getSystemService(ContextImpl.java:2293)
04-01 08:46:40.546 663 663 E SystemServiceRegistry: at android.content.Context.getSystemService(Context.java:4554)
04-01 08:46:40.546 663 663 E SystemServiceRegistry: at com.android.server.trust.TrustManagerService.onBootPhase(TrustManagerService.java:345)
04-01 08:46:40.546 663 663 E SystemServiceRegistry: at com.android.server.SystemServiceManager.startBootPhase(SystemServiceManager.java:318)
04-01 08:46:40.546 663 663 E SystemServiceRegistry: at com.android.server.SystemServer.startOtherServices(SystemServer.java:2918)
04-01 08:46:40.546 663 663 E SystemServiceRegistry: at com.android.server.SystemServer.run(SystemServer.java:948)
04-01 08:46:40.546 663 663 E SystemServiceRegistry: at com.android.server.SystemServer.main(SystemServer.java:669)
04-01 08:46:40.546 663 663 E SystemServiceRegistry: at java.lang.reflect.Method.invoke(Native Method)
04-01 08:46:40.546 663 663 E SystemServiceRegistry: at com.android.internal.os.RuntimeInit$MethodAndArgsCaller.run(RuntimeInit.java:591)
04-01 08:46:40.546 663 663 E SystemServiceRegistry: at com.android.internal.os.ZygoteInit.main(ZygoteInit.java:849)
04-01 08:46:40.547 663 663 E SystemServiceRegistry: Manager wrapper not available: face
04-01 08:46:40.547 663 663 V SystemServerTiming: OnBootPhase_500_com.android.server.trust.TrustManagerService took to complete: 8ms
04-01 08:46:40.547 663 663 D SystemServerTiming: OnBootPhase_500_com.android.server.backup.BackupManagerService$Lifecycle
04-01 08:46:40.547 663 663 V SystemServerTiming: OnBootPhase_500_com.android.server.backup.BackupManagerService$Lifecycle took to complete: 0ms
04-01 08:46:40.547 663 663 D SystemServerTiming: OnBootPhase_500_com.android.server.appwidget.AppWidgetService
04-01 08:46:40.547 663 663 V SystemServerTiming: OnBootPhase_500_com.android.server.appwidget.AppWidgetService took to complete: 0ms
04-01 08:46:40.547 663 663 D SystemServerTiming: OnBootPhase_500_com.android.server.voiceinteraction.VoiceInteractionManagerService
04-01 08:46:40.547 663 663 V SystemServerTiming: OnBootPhase_500_com.android.server.voiceinteraction.VoiceInteractionManagerService took to complete: 0ms
04-01 08:46:40.548 663 663 D SystemServerTiming: OnBootPhase_500_com.android.server.GestureLauncherService
04-01 08:46:40.548 663 663 V SystemServerTiming: OnBootPhase_500_com.android.server.GestureLauncherService took to complete: 0ms
04-01 08:46:40.548 663 663 D SystemServerTiming: OnBootPhase_500_com.android.server.SensorNotificationService
04-01 08:46:40.548 663 663 V SystemServerTiming: OnBootPhase_500_com.android.server.SensorNotificationService took to complete: 0ms
04-01 08:46:40.548 663 663 D SystemServerTiming: OnBootPhase_500_com.android.server.emergency.EmergencyAffordanceService
04-01 08:46:40.548 663 663 V SystemServerTiming: OnBootPhase_500_com.android.server.emergency.EmergencyAffordanceService took to complete: 0ms
04-01 08:46:40.548 663 663 D SystemServerTiming: OnBootPhase_500_com.android.server.blob.BlobStoreManagerService
04-01 08:46:40.548 663 663 V SystemServerTiming: OnBootPhase_500_com.android.server.blob.BlobStoreManagerService took to complete: 0ms
04-01 08:46:40.548 663 663 D SystemServerTiming: OnBootPhase_500_com.android.server.dreams.DreamManagerService
04-01 08:46:40.548 663 663 V SystemServerTiming: OnBootPhase_500_com.android.server.dreams.DreamManagerService took to complete: 0ms
04-01 08:46:40.548 663 663 D SystemServerTiming: OnBootPhase_500_com.android.server.print.PrintManagerService
04-01 08:46:40.548 663 663 V SystemServerTiming: OnBootPhase_500_com.android.server.print.PrintManagerService took to complete: 0ms
04-01 08:46:40.548 663 663 D SystemServerTiming: OnBootPhase_500_com.android.server.security.AttestationVerificationManagerService
04-01 08:46:40.548 663 663 V SystemServerTiming: OnBootPhase_500_com.android.server.security.AttestationVerificationManagerService took to complete: 0ms
04-01 08:46:40.548 663 663 D SystemServerTiming: OnBootPhase_500_com.android.server.companion.CompanionDeviceManagerService
04-01 08:46:40.548 663 663 V SystemServerTiming: OnBootPhase_500_com.android.server.companion.CompanionDeviceManagerService took to complete: 0ms
04-01 08:46:40.548 663 663 D SystemServerTiming: OnBootPhase_500_com.android.server.companion.virtual.VirtualDeviceManagerService
04-01 08:46:40.548 663 663 V SystemServerTiming: OnBootPhase_500_com.android.server.companion.virtual.VirtualDeviceManagerService took to complete: 0ms
04-01 08:46:40.548 663 663 D SystemServerTiming: OnBootPhase_500_com.android.server.restrictions.RestrictionsManagerService
04-01 08:46:40.548 663 663 V SystemServerTiming: OnBootPhase_500_com.android.server.restrictions.RestrictionsManagerService took to complete: 0ms
04-01 08:46:40.548 663 663 D SystemServerTiming: OnBootPhase_500_com.android.server.media.MediaSessionService
04-01 08:46:40.548 663 663 V SystemServerTiming: OnBootPhase_500_com.android.server.media.MediaSessionService took to complete: 0ms
04-01 08:46:40.548 663 663 D SystemServerTiming: OnBootPhase_500_com.android.server.biometrics.BiometricService
04-01 08:46:40.548 663 663 V SystemServerTiming: OnBootPhase_500_com.android.server.biometrics.BiometricService took to complete: 0ms
04-01 08:46:40.548 663 663 D SystemServerTiming: OnBootPhase_500_com.android.server.biometrics.AuthService
04-01 08:46:40.548 663 663 V SystemServerTiming: OnBootPhase_500_com.android.server.biometrics.AuthService took to complete: 0ms
04-01 08:46:40.548 663 663 D SystemServerTiming: OnBootPhase_500_com.android.server.adaptiveauth.AdaptiveAuthService
04-01 08:46:40.550 663 663 V SystemServerTiming: OnBootPhase_500_com.android.server.adaptiveauth.AdaptiveAuthService took to complete: 1ms
04-01 08:46:40.550 663 663 D SystemServerTiming: OnBootPhase_500_com.android.server.pm.ShortcutService$Lifecycle
04-01 08:46:40.550 663 663 D ShortcutService: onBootPhase: 500
04-01 08:46:40.550 663 663 V SystemServerTiming: OnBootPhase_500_com.android.server.pm.ShortcutService$Lifecycle took to complete: 0ms
04-01 08:46:40.550 663 663 D SystemServerTiming: OnBootPhase_500_com.android.server.pm.LauncherAppsService
04-01 08:46:40.550 663 663 V SystemServerTiming: OnBootPhase_500_com.android.server.pm.LauncherAppsService took to complete: 0ms
04-01 08:46:40.550 663 663 D SystemServerTiming: OnBootPhase_500_com.android.server.pm.CrossProfileAppsService
04-01 08:46:40.550 663 663 V SystemServerTiming: OnBootPhase_500_com.android.server.pm.CrossProfileAppsService took to complete: 0ms
04-01 08:46:40.550 663 663 D SystemServerTiming: OnBootPhase_500_com.android.server.people.PeopleService
04-01 08:46:40.550 663 663 V SystemServerTiming: OnBootPhase_500_com.android.server.people.PeopleService took to complete: 0ms
04-01 08:46:40.550 663 663 D SystemServerTiming: OnBootPhase_500_com.android.server.media.metrics.MediaMetricsManagerService
04-01 08:46:40.550 663 663 V SystemServerTiming: OnBootPhase_500_com.android.server.media.metrics.MediaMetricsManagerService took to complete: 0ms
04-01 08:46:40.550 663 663 D SystemServerTiming: OnBootPhase_500_com.android.server.pm.BackgroundInstallControlService
04-01 08:46:40.550 663 663 V SystemServerTiming: OnBootPhase_500_com.android.server.pm.BackgroundInstallControlService took to complete: 0ms
04-01 08:46:40.550 663 663 D SystemServerTiming: OnBootPhase_500_com.android.server.media.projection.MediaProjectionManagerService
04-01 08:46:40.550 663 663 V SystemServerTiming: OnBootPhase_500_com.android.server.media.projection.MediaProjectionManagerService took to complete: 0ms
04-01 08:46:40.550 663 663 D SystemServerTiming: OnBootPhase_500_com.android.server.slice.SliceManagerService$Lifecycle
04-01 08:46:40.550 663 663 V SystemServerTiming: OnBootPhase_500_com.android.server.slice.SliceManagerService$Lifecycle took to complete: 0ms
04-01 08:46:40.550 663 663 D SystemServerTiming: OnBootPhase_500_com.android.server.stats.StatsCompanion$Lifecycle
04-01 08:46:40.550 663 663 V SystemServerTiming: OnBootPhase_500_com.android.server.stats.StatsCompanion$Lifecycle took to complete: 0ms
04-01 08:46:40.550 663 663 D SystemServerTiming: OnBootPhase_500_com.android.server.scheduling.RebootReadinessManagerService$Lifecycle
04-01 08:46:40.550 663 663 V SystemServerTiming: OnBootPhase_500_com.android.server.scheduling.RebootReadinessManagerService$Lifecycle took to complete: 0ms
04-01 08:46:40.550 663 663 D SystemServerTiming: OnBootPhase_500_com.android.server.stats.pull.StatsPullAtomService
04-01 08:46:40.551 663 663 V SystemServerTiming: OnBootPhase_500_com.android.server.stats.pull.StatsPullAtomService took to complete: 1ms
04-01 08:46:40.551 663 663 D SystemServerTiming: OnBootPhase_500_com.android.server.stats.bootstrap.StatsBootstrapAtomService$Lifecycle
04-01 08:46:40.551 663 663 V SystemServerTiming: OnBootPhase_500_com.android.server.stats.bootstrap.StatsBootstrapAtomService$Lifecycle took to complete: 0ms
04-01 08:46:40.551 663 663 D SystemServerTiming: OnBootPhase_500_com.android.server.incident.IncidentCompanionService
04-01 08:46:40.551 663 663 V SystemServerTiming: OnBootPhase_500_com.android.server.incident.IncidentCompanionService took to complete: 0ms
04-01 08:46:40.551 663 663 D SystemServerTiming: OnBootPhase_500_com.android.server.sdksandbox.SdkSandboxManagerService$Lifecycle
04-01 08:46:40.551 663 663 V SystemServerTiming: OnBootPhase_500_com.android.server.sdksandbox.SdkSandboxManagerService$Lifecycle took to complete: 0ms
04-01 08:46:40.551 663 663 D SystemServerTiming: OnBootPhase_500_com.android.server.adservices.AdServicesManagerService$Lifecycle
04-01 08:46:40.551 663 663 V SystemServerTiming: OnBootPhase_500_com.android.server.adservices.AdServicesManagerService$Lifecycle took to complete: 0ms
04-01 08:46:40.551 663 663 D SystemServerTiming: OnBootPhase_500_com.android.server.ondevicepersonalization.OnDevicePersonalizationSystemService$Lifecycle
04-01 08:46:40.551 663 663 V SystemServerTiming: OnBootPhase_500_com.android.server.ondevicepersonalization.OnDevicePersonalizationSystemService$Lifecycle took to complete: 0ms
04-01 08:46:40.551 663 663 D SystemServerTiming: OnBootPhase_500_android.os.profiling.ProfilingService$Lifecycle
04-01 08:46:40.551 663 663 V SystemServerTiming: OnBootPhase_500_android.os.profiling.ProfilingService$Lifecycle took to complete: 0ms
04-01 08:46:40.551 663 663 D SystemServerTiming: OnBootPhase_500_com.android.server.autofill.AutofillManagerService
04-01 08:46:40.551 663 663 V SystemServerTiming: OnBootPhase_500_com.android.server.autofill.AutofillManagerService took to complete: 0ms
04-01 08:46:40.551 663 663 D SystemServerTiming: OnBootPhase_500_com.android.server.clipboard.ClipboardService
04-01 08:46:40.551 663 663 V SystemServerTiming: OnBootPhase_500_com.android.server.clipboard.ClipboardService took to complete: 0ms
04-01 08:46:40.551 663 663 D SystemServerTiming: OnBootPhase_500_com.android.server.appbinding.AppBindingService$Lifecycle
04-01 08:46:40.551 663 663 V SystemServerTiming: OnBootPhase_500_com.android.server.appbinding.AppBindingService$Lifecycle took to complete: 0ms
04-01 08:46:40.551 663 663 D SystemServerTiming: OnBootPhase_500_com.android.server.tracing.TracingServiceProxy
04-01 08:46:40.551 663 663 V SystemServerTiming: OnBootPhase_500_com.android.server.tracing.TracingServiceProxy took to complete: 0ms
04-01 08:46:40.551 663 663 V SystemServerTiming: OnBootPhase_500 took to complete: 318ms
04-01 08:46:40.551 663 663 V SystemServerTiming: StartBootPhaseSystemServicesReady took to complete: 318ms
04-01 08:46:40.551 663 663 D SystemServerTiming: MakeWindowManagerServiceReady
04-01 08:46:40.555 663 663 V SystemServerTiming: MakeWindowManagerServiceReady took to complete: 3ms
04-01 08:46:40.556 663 663 D SystemServerTiming: RegisterLogMteState
04-01 08:46:40.556 663 663 V SystemServerTiming: RegisterLogMteState took to complete: 0ms
04-01 08:46:40.558 663 663 D SystemServerTiming: StartPermissionPolicyService
04-01 08:46:40.558 663 663 I SystemServiceManager: Starting com.android.server.policy.PermissionPolicyService
04-01 08:46:40.561 242 242 I servicemanager: Caller(pid=663,uid=1000,sid=u:r:system_server:s0) Found android.hardware.health.IHealth/default in device VINTF manifest.
04-01 08:46:40.563 663 694 I HealthServiceWrapperAidl: health: HealthServiceWrapper listening to AIDL HAL
04-01 08:46:40.566 663 694 D StatsPullAtomService: Registering pullers with statsd
04-01 08:46:40.569 663 808 D ConnectivityService: NetReassign [no changes] [c 0] [a 0] [i 0]
04-01 08:46:40.570 663 694 I StatsPullAtomService: register thermal listener successfully
04-01 08:46:40.572 663 663 V SystemServerTiming: StartPermissionPolicyService took to complete: 14ms
04-01 08:46:40.572 663 663 D SystemServerTiming: MakePackageManagerServiceReady
04-01 08:46:40.579 663 663 E UserManagerService: Auto-lock preference updated but private space user not found
04-01 08:46:40.583 663 663 I AS.AudioService: registerAudioPolicy for android.media.audiopolicy.AudioPolicy$1@4bc9b39 u/pid:1000/663 with config:reg:32:ap:0
04-01 08:46:40.592 663 663 V UserDataPreparer: Found /data/user_de/0 with serial number 0
04-01 08:46:40.592 663 663 V UserDataPreparer: Found /data/user/0 with serial number 0
04-01 08:46:40.592 663 663 V UserDataPreparer: Found /data/system_de/0 with serial number 0
04-01 08:46:40.592 663 663 V UserDataPreparer: Found /data/system_ce/0 with serial number 0
04-01 08:46:40.592 663 663 V UserDataPreparer: Found /data/misc_ce/0 with serial number 0
04-01 08:46:40.601 663 663 V StagingManagerTiming: restoreSessions took to complete: 3ms
04-01 08:46:40.602 663 663 V SystemServerTiming: MakePackageManagerServiceReady took to complete: 30ms
04-01 08:46:40.602 446 446 I apexd : getSessions() received by ApexService
04-01 08:46:40.605 663 663 D SystemServerTiming: MakeDisplayManagerServiceReady
04-01 08:46:40.613 458 458 I RefreshRateSelector: Display 4621271769366227712 policy changed
04-01 08:46:40.613 458 458 I RefreshRateSelector: Previous: {defaultModeId=0, allowGroupSwitching=false, primaryRanges={physical=[0.00 Hz, 340282346638528859811704183484516925440.00 Hz], render=[0.00 Hz, 340282346638528859811704183484516925440.00 Hz]}, appRequestRanges={physical=[0.00 Hz, 340282346638528859811704183484516925440.00 Hz], render=[0.00 Hz, 340282346638528859811704183484516925440.00 Hz]} idleScreenConfig=nullptr}
04-01 08:46:40.613 458 458 I RefreshRateSelector: Current: DisplayManagerPolicy{defaultModeId=0, allowGroupSwitching=false, primaryRanges={physical=[0.00 Hz, inf Hz], render=[0.00 Hz, 60.00 Hz]}, appRequestRanges={physical=[0.00 Hz, inf Hz], render=[0.00 Hz, inf Hz]} idleScreenConfig=nullptr}
04-01 08:46:40.613 458 458 I RefreshRateSelector: 0 mode changes were performed under the previous policy
04-01 08:46:40.613 458 458 D DisplayModeController: setDesiredMode 4621271769366227712 {mode={fps=60.00 Hz, modePtr={id=0, vsyncRate=60.00 Hz, peakRefreshRate=60.00 Hz}}, emitEvent=true, force=false}
04-01 08:46:40.618 663 663 I BrightnessSynchronizer: Initial brightness readings: 102(int), 0.39763778(float)
04-01 08:46:40.621 663 663 V SystemServerTiming: MakeDisplayManagerServiceReady took to complete: 16ms
04-01 08:46:40.621 663 663 D SystemServerTiming: StartDeviceSpecificServices
04-01 08:46:40.621 663 663 V SystemServerTiming: StartDeviceSpecificServices took to complete: 0ms
04-01 08:46:40.621 663 663 D SystemServerTiming: GameManagerService
04-01 08:46:40.622 663 663 I SystemServiceManager: Starting com.android.server.app.GameManagerService$Lifecycle
04-01 08:46:40.630 663 663 V SystemServerTiming: GameManagerService took to complete: 8ms
04-01 08:46:40.630 663 663 D SystemServerTiming: StartBootPhaseDeviceSpecificServicesReady
04-01 08:46:40.630 663 663 I SystemServiceManager: Starting phase 520
04-01 08:46:40.630 663 663 D SystemServerTiming: OnBootPhase_520
04-01 08:46:40.630 663 663 D SystemServerTiming: OnBootPhase_520_com.android.server.security.FileIntegrityService
04-01 08:46:40.630 663 663 V SystemServerTiming: OnBootPhase_520_com.android.server.security.FileIntegrityService took to complete: 0ms
04-01 08:46:40.630 663 663 D SystemServerTiming: OnBootPhase_520_com.android.server.pm.Installer
04-01 08:46:40.630 663 663 V SystemServerTiming: OnBootPhase_520_com.android.server.pm.Installer took to complete: 0ms
04-01 08:46:40.630 663 663 D SystemServerTiming: OnBootPhase_520_com.android.server.os.DeviceIdentifiersPolicyService
04-01 08:46:40.630 663 663 V SystemServerTiming: OnBootPhase_520_com.android.server.os.DeviceIdentifiersPolicyService took to complete: 0ms
04-01 08:46:40.630 663 663 D SystemServerTiming: OnBootPhase_520_com.android.server.flags.FeatureFlagsService
04-01 08:46:40.630 663 663 V SystemServerTiming: OnBootPhase_520_com.android.server.flags.FeatureFlagsService took to complete: 0ms
04-01 08:46:40.631 663 663 D SystemServerTiming: OnBootPhase_520_com.android.server.uri.UriGrantsManagerService$Lifecycle
04-01 08:46:40.631 663 663 V SystemServerTiming: OnBootPhase_520_com.android.server.uri.UriGrantsManagerService$Lifecycle took to complete: 0ms
04-01 08:46:40.631 663 663 D SystemServerTiming: OnBootPhase_520_com.android.server.powerstats.PowerStatsService
04-01 08:46:40.631 663 663 V SystemServerTiming: OnBootPhase_520_com.android.server.powerstats.PowerStatsService took to complete: 0ms
04-01 08:46:40.631 663 663 D SystemServerTiming: OnBootPhase_520_com.android.server.permission.access.AccessCheckingService
04-01 08:46:40.631 663 663 V SystemServerTiming: OnBootPhase_520_com.android.server.permission.access.AccessCheckingService took to complete: 0ms
04-01 08:46:40.631 663 663 D SystemServerTiming: OnBootPhase_520_com.android.server.wm.ActivityTaskManagerService$Lifecycle
04-01 08:46:40.631 663 663 V SystemServerTiming: OnBootPhase_520_com.android.server.wm.ActivityTaskManagerService$Lifecycle took to complete: 0ms
04-01 08:46:40.631 663 663 D SystemServerTiming: OnBootPhase_520_com.android.server.am.ActivityManagerService$Lifecycle
04-01 08:46:40.631 663 663 V SystemServerTiming: OnBootPhase_520_com.android.server.am.ActivityManagerService$Lifecycle took to complete: 0ms
04-01 08:46:40.631 663 663 D SystemServerTiming: OnBootPhase_520_com.android.server.pm.DataLoaderManagerService
04-01 08:46:40.631 663 663 V SystemServerTiming: OnBootPhase_520_com.android.server.pm.DataLoaderManagerService took to complete: 0ms
04-01 08:46:40.631 663 663 D SystemServerTiming: OnBootPhase_520_com.android.server.power.PowerManagerService
04-01 08:46:40.631 663 663 V SystemServerTiming: OnBootPhase_520_com.android.server.power.PowerManagerService took to complete: 0ms
04-01 08:46:40.631 663 663 D SystemServerTiming: OnBootPhase_520_com.android.server.power.ThermalManagerService
04-01 08:46:40.631 663 663 V SystemServerTiming: OnBootPhase_520_com.android.server.power.ThermalManagerService took to complete: 0ms
04-01 08:46:40.631 663 663 D SystemServerTiming: OnBootPhase_520_com.android.server.recoverysystem.RecoverySystemService$Lifecycle
04-01 08:46:40.631 663 663 V SystemServerTiming: OnBootPhase_520_com.android.server.recoverysystem.RecoverySystemService$Lifecycle took to complete: 0ms
04-01 08:46:40.631 663 663 D SystemServerTiming: OnBootPhase_520_com.android.server.lights.LightsService
04-01 08:46:40.631 663 663 V SystemServerTiming: OnBootPhase_520_com.android.server.lights.LightsService took to complete: 0ms
04-01 08:46:40.631 663 663 D SystemServerTiming: OnBootPhase_520_com.android.server.display.DisplayManagerService
04-01 08:46:40.631 663 663 V SystemServerTiming: OnBootPhase_520_com.android.server.display.DisplayManagerService took to complete: 0ms
04-01 08:46:40.631 663 663 D SystemServerTiming: OnBootPhase_520_com.android.server.pm.verify.domain.DomainVerificationService
04-01 08:46:40.631 663 663 V SystemServerTiming: OnBootPhase_520_com.android.server.pm.verify.domain.DomainVerificationService took to complete: 0ms
04-01 08:46:40.631 663 663 D SystemServerTiming: OnBootPhase_520_com.android.server.pm.PackageInstallerService$Lifecycle
04-01 08:46:40.631 663 663 V SystemServerTiming: OnBootPhase_520_com.android.server.pm.PackageInstallerService$Lifecycle took to complete: 0ms
04-01 08:46:40.631 663 663 D SystemServerTiming: OnBootPhase_520_com.android.server.pm.UserManagerService$LifeCycle
04-01 08:46:40.631 663 663 V SystemServerTiming: OnBootPhase_520_com.android.server.pm.UserManagerService$LifeCycle took to complete: 0ms
04-01 08:46:40.631 663 663 D SystemServerTiming: OnBootPhase_520_com.android.server.om.OverlayManagerService
04-01 08:46:40.631 663 663 V SystemServerTiming: OnBootPhase_520_com.android.server.om.OverlayManagerService took to complete: 0ms
04-01 08:46:40.631 663 663 D SystemServerTiming: OnBootPhase_520_com.android.server.resources.ResourcesManagerService
04-01 08:46:40.631 663 663 V SystemServerTiming: OnBootPhase_520_com.android.server.resources.ResourcesManagerService took to complete: 0ms
04-01 08:46:40.631 663 663 D SystemServerTiming: OnBootPhase_520_com.android.server.sensorprivacy.SensorPrivacyService
04-01 08:46:40.631 663 663 V SystemServerTiming: OnBootPhase_520_com.android.server.sensorprivacy.SensorPrivacyService took to complete: 0ms
04-01 08:46:40.631 663 663 D SystemServerTiming: OnBootPhase_520_com.android.server.sensors.SensorService
04-01 08:46:40.631 663 663 V SystemServerTiming: OnBootPhase_520_com.android.server.sensors.SensorService took to complete: 0ms
04-01 08:46:40.631 663 663 D SystemServerTiming: OnBootPhase_520_com.android.server.SystemConfigService
04-01 08:46:40.631 663 663 V SystemServerTiming: OnBootPhase_520_com.android.server.SystemConfigService took to complete: 0ms
04-01 08:46:40.631 663 663 D SystemServerTiming: OnBootPhase_520_com.android.server.BatteryService
04-01 08:46:40.631 663 663 V SystemServerTiming: OnBootPhase_520_com.android.server.BatteryService took to complete: 0ms
04-01 08:46:40.631 663 663 D SystemServerTiming: OnBootPhase_520_com.android.server.usage.UsageStatsService
04-01 08:46:40.631 663 663 V SystemServerTiming: OnBootPhase_520_com.android.server.usage.UsageStatsService took to complete: 0ms
04-01 08:46:40.631 663 663 D SystemServerTiming: OnBootPhase_520_com.android.server.webkit.WebViewUpdateService
04-01 08:46:40.632 663 663 V SystemServerTiming: OnBootPhase_520_com.android.server.webkit.WebViewUpdateService took to complete: 0ms
04-01 08:46:40.632 663 663 D SystemServerTiming: OnBootPhase_520_com.android.server.CachedDeviceStateService
04-01 08:46:40.632 663 663 V SystemServerTiming: OnBootPhase_520_com.android.server.CachedDeviceStateService took to complete: 0ms
04-01 08:46:40.632 663 663 D SystemServerTiming: OnBootPhase_520_com.android.server.BinderCallsStatsService$LifeCycle
04-01 08:46:40.632 663 663 V SystemServerTiming: OnBootPhase_520_com.android.server.BinderCallsStatsService$LifeCycle took to complete: 0ms
04-01 08:46:40.632 663 663 D SystemServerTiming: OnBootPhase_520_com.android.server.LooperStatsService$Lifecycle
04-01 08:46:40.632 663 663 V SystemServerTiming: OnBootPhase_520_com.android.server.LooperStatsService$Lifecycle took to complete: 0ms
04-01 08:46:40.632 663 663 D SystemServerTiming: OnBootPhase_520_com.android.server.rollback.RollbackManagerService
04-01 08:46:40.632 663 663 V SystemServerTiming: OnBootPhase_520_com.android.server.rollback.RollbackManagerService took to complete: 0ms
04-01 08:46:40.632 663 663 D SystemServerTiming: OnBootPhase_520_com.android.server.os.NativeTombstoneManagerService
04-01 08:46:40.632 663 663 V SystemServerTiming: OnBootPhase_520_com.android.server.os.NativeTombstoneManagerService took to complete: 0ms
04-01 08:46:40.632 663 663 D SystemServerTiming: OnBootPhase_520_com.android.server.os.BugreportManagerService
04-01 08:46:40.632 663 663 V SystemServerTiming: OnBootPhase_520_com.android.server.os.BugreportManagerService took to complete: 0ms
04-01 08:46:40.632 663 663 D SystemServerTiming: OnBootPhase_520_com.android.server.gpu.GpuService
04-01 08:46:40.632 663 663 V SystemServerTiming: OnBootPhase_520_com.android.server.gpu.GpuService took to complete: 0ms
04-01 08:46:40.632 663 663 D SystemServerTiming: OnBootPhase_520_com.android.server.security.rkp.RemoteProvisioningService
04-01 08:46:40.632 663 663 V SystemServerTiming: OnBootPhase_520_com.android.server.security.rkp.RemoteProvisioningService took to complete: 0ms
04-01 08:46:40.632 663 663 D SystemServerTiming: OnBootPhase_520_com.android.server.cpu.CpuMonitorService
04-01 08:46:40.632 663 663 V SystemServerTiming: OnBootPhase_520_com.android.server.cpu.CpuMonitorService took to complete: 0ms
04-01 08:46:40.632 663 663 D SystemServerTiming: OnBootPhase_520_com.android.server.security.KeyChainSystemService
04-01 08:46:40.632 663 663 V SystemServerTiming: OnBootPhase_520_com.android.server.security.KeyChainSystemService took to complete: 0ms
04-01 08:46:40.632 663 663 D SystemServerTiming: OnBootPhase_520_com.android.server.BinaryTransparencyService
04-01 08:46:40.632 663 663 V SystemServerTiming: OnBootPhase_520_com.android.server.BinaryTransparencyService took to complete: 0ms
04-01 08:46:40.632 663 663 D SystemServerTiming: OnBootPhase_520_com.android.server.accounts.AccountManagerService$Lifecycle
04-01 08:46:40.632 663 663 V SystemServerTiming: OnBootPhase_520_com.android.server.accounts.AccountManagerService$Lifecycle took to complete: 0ms
04-01 08:46:40.632 663 663 D SystemServerTiming: OnBootPhase_520_com.android.server.content.ContentService$Lifecycle
04-01 08:46:40.632 663 663 V SystemServerTiming: OnBootPhase_520_com.android.server.content.ContentService$Lifecycle took to complete: 0ms
04-01 08:46:40.632 663 663 D SystemServerTiming: OnBootPhase_520_com.android.server.deviceconfig.DeviceConfigInit$Lifecycle
04-01 08:46:40.632 663 663 V SystemServerTiming: OnBootPhase_520_com.android.server.deviceconfig.DeviceConfigInit$Lifecycle took to complete: 0ms
04-01 08:46:40.632 663 663 D SystemServerTiming: OnBootPhase_520_com.android.server.DropBoxManagerService
04-01 08:46:40.632 663 663 V SystemServerTiming: OnBootPhase_520_com.android.server.DropBoxManagerService took to complete: 0ms
04-01 08:46:40.632 663 663 D SystemServerTiming: OnBootPhase_520_com.android.ecm.EnhancedConfirmationService
04-01 08:46:40.632 663 663 V SystemServerTiming: OnBootPhase_520_com.android.ecm.EnhancedConfirmationService took to complete: 0ms
04-01 08:46:40.632 663 663 D SystemServerTiming: OnBootPhase_520_com.android.server.power.hint.HintManagerService
04-01 08:46:40.632 663 663 V SystemServerTiming: OnBootPhase_520_com.android.server.power.hint.HintManagerService took to complete: 0ms
04-01 08:46:40.632 663 663 D SystemServerTiming: OnBootPhase_520_com.android.role.RoleService
04-01 08:46:40.632 663 663 V SystemServerTiming: OnBootPhase_520_com.android.role.RoleService took to complete: 0ms
04-01 08:46:40.632 663 663 D SystemServerTiming: OnBootPhase_520_com.android.server.vibrator.VibratorManagerService$Lifecycle
04-01 08:46:40.632 663 663 V SystemServerTiming: OnBootPhase_520_com.android.server.vibrator.VibratorManagerService$Lifecycle took to complete: 0ms
04-01 08:46:40.632 663 663 D SystemServerTiming: OnBootPhase_520_com.android.server.alarm.AlarmManagerService
04-01 08:46:40.632 663 663 V SystemServerTiming: OnBootPhase_520_com.android.server.alarm.AlarmManagerService took to complete: 0ms
04-01 08:46:40.632 663 663 D SystemServerTiming: OnBootPhase_520_com.android.server.devicestate.DeviceStateManagerService
04-01 08:46:40.632 663 663 V SystemServerTiming: OnBootPhase_520_com.android.server.devicestate.DeviceStateManagerService took to complete: 0ms
04-01 08:46:40.632 663 663 D SystemServerTiming: OnBootPhase_520_com.android.server.camera.CameraServiceProxy
04-01 08:46:40.632 663 663 V SystemServerTiming: OnBootPhase_520_com.android.server.camera.CameraServiceProxy took to complete: 0ms
04-01 08:46:40.632 663 663 D SystemServerTiming: OnBootPhase_520_com.android.server.connectivity.IpConnectivityMetrics
04-01 08:46:40.632 663 663 V SystemServerTiming: OnBootPhase_520_com.android.server.connectivity.IpConnectivityMetrics took to complete: 0ms
04-01 08:46:40.633 663 663 D SystemServerTiming: OnBootPhase_520_com.android.server.net.watchlist.NetworkWatchlistService$Lifecycle
04-01 08:46:40.633 663 663 V SystemServerTiming: OnBootPhase_520_com.android.server.net.watchlist.NetworkWatchlistService$Lifecycle took to complete: 0ms
04-01 08:46:40.633 663 663 D SystemServerTiming: OnBootPhase_520_com.android.server.PinnerService
04-01 08:46:40.633 663 663 V SystemServerTiming: OnBootPhase_520_com.android.server.PinnerService took to complete: 0ms
04-01 08:46:40.633 663 663 D SystemServerTiming: OnBootPhase_520_com.android.server.integrity.AppIntegrityManagerService
04-01 08:46:40.633 663 663 V SystemServerTiming: OnBootPhase_520_com.android.server.integrity.AppIntegrityManagerService took to complete: 0ms
04-01 08:46:40.633 663 663 D SystemServerTiming: OnBootPhase_520_com.android.server.logcat.LogcatManagerService
04-01 08:46:40.633 663 663 V SystemServerTiming: OnBootPhase_520_com.android.server.logcat.LogcatManagerService took to complete: 0ms
04-01 08:46:40.633 663 663 D SystemServerTiming: OnBootPhase_520_com.android.server.inputmethod.InputMethodManagerService$Lifecycle
04-01 08:46:40.633 663 663 V SystemServerTiming: OnBootPhase_520_com.android.server.inputmethod.InputMethodManagerService$Lifecycle took to complete: 0ms
04-01 08:46:40.633 663 663 D SystemServerTiming: OnBootPhase_520_com.android.server.accessibility.AccessibilityManagerService$Lifecycle
04-01 08:46:40.633 663 663 V SystemServerTiming: OnBootPhase_520_com.android.server.accessibility.AccessibilityManagerService$Lifecycle took to complete: 0ms
04-01 08:46:40.633 663 663 D SystemServerTiming: OnBootPhase_520_com.android.server.StorageManagerService$Lifecycle
04-01 08:46:40.633 663 663 V SystemServerTiming: OnBootPhase_520_com.android.server.StorageManagerService$Lifecycle took to complete: 0ms
04-01 08:46:40.633 663 663 D SystemServerTiming: OnBootPhase_520_com.android.server.usage.StorageStatsService$Lifecycle
04-01 08:46:40.633 663 663 V SystemServerTiming: OnBootPhase_520_com.android.server.usage.StorageStatsService$Lifecycle took to complete: 0ms
04-01 08:46:40.633 663 663 D SystemServerTiming: OnBootPhase_520_com.android.server.UiModeManagerService
04-01 08:46:40.633 663 663 V SystemServerTiming: OnBootPhase_520_com.android.server.UiModeManagerService took to complete: 0ms
04-01 08:46:40.633 663 663 D SystemServerTiming: OnBootPhase_520_com.android.server.locales.LocaleManagerService
04-01 08:46:40.633 663 663 V SystemServerTiming: OnBootPhase_520_com.android.server.locales.LocaleManagerService took to complete: 0ms
04-01 08:46:40.633 663 663 D SystemServerTiming: OnBootPhase_520_com.android.server.grammaticalinflection.GrammaticalInflectionService
04-01 08:46:40.633 663 663 V SystemServerTiming: OnBootPhase_520_com.android.server.grammaticalinflection.GrammaticalInflectionService took to complete: 0ms
04-01 08:46:40.633 663 663 D SystemServerTiming: OnBootPhase_520_com.android.server.apphibernation.AppHibernationService
04-01 08:46:40.633 663 663 V SystemServerTiming: OnBootPhase_520_com.android.server.apphibernation.AppHibernationService took to complete: 0ms
04-01 08:46:40.633 663 663 D SystemServerTiming: OnBootPhase_520_com.android.server.locksettings.LockSettingsService$Lifecycle
04-01 08:46:40.633 663 663 V SystemServerTiming: OnBootPhase_520_com.android.server.locksettings.LockSettingsService$Lifecycle took to complete: 0ms
04-01 08:46:40.633 663 663 D SystemServerTiming: OnBootPhase_520_com.android.server.pdb.PersistentDataBlockService
04-01 08:46:40.633 663 663 V SystemServerTiming: OnBootPhase_520_com.android.server.pdb.PersistentDataBlockService took to complete: 0ms
04-01 08:46:40.633 663 663 D SystemServerTiming: OnBootPhase_520_com.android.server.testharness.TestHarnessModeService
04-01 08:46:40.633 663 663 V SystemServerTiming: OnBootPhase_520_com.android.server.testharness.TestHarnessModeService took to complete: 0ms
04-01 08:46:40.633 663 663 D SystemServerTiming: OnBootPhase_520_com.android.server.oemlock.OemLockService
04-01 08:46:40.633 663 663 V SystemServerTiming: OnBootPhase_520_com.android.server.oemlock.OemLockService took to complete: 0ms
04-01 08:46:40.633 663 663 D SystemServerTiming: OnBootPhase_520_com.android.server.DeviceIdleController
04-01 08:46:40.633 663 663 V SystemServerTiming: OnBootPhase_520_com.android.server.DeviceIdleController took to complete: 0ms
04-01 08:46:40.633 663 663 D SystemServerTiming: OnBootPhase_520_com.android.server.devicepolicy.DevicePolicyManagerService$Lifecycle
04-01 08:46:40.633 663 663 V SystemServerTiming: OnBootPhase_520_com.android.server.devicepolicy.DevicePolicyManagerService$Lifecycle took to complete: 0ms
04-01 08:46:40.633 663 663 D SystemServerTiming: OnBootPhase_520_com.android.server.texttospeech.TextToSpeechManagerService
04-01 08:46:40.633 663 663 V SystemServerTiming: OnBootPhase_520_com.android.server.texttospeech.TextToSpeechManagerService took to complete: 0ms
04-01 08:46:40.633 663 663 D SystemServerTiming: OnBootPhase_520_com.android.server.wearable.WearableSensingManagerService
04-01 08:46:40.633 663 663 V SystemServerTiming: OnBootPhase_520_com.android.server.wearable.WearableSensingManagerService took to complete: 0ms
04-01 08:46:40.633 663 663 D SystemServerTiming: OnBootPhase_520_com.android.server.ondeviceintelligence.OnDeviceIntelligenceManagerService
04-01 08:46:40.633 663 663 V SystemServerTiming: OnBootPhase_520_com.android.server.ondeviceintelligence.OnDeviceIntelligenceManagerService took to complete: 0ms
04-01 08:46:40.633 663 663 D SystemServerTiming: OnBootPhase_520_com.android.server.speech.SpeechRecognitionManagerService
04-01 08:46:40.633 663 663 V SystemServerTiming: OnBootPhase_520_com.android.server.speech.SpeechRecognitionManagerService took to complete: 0ms
04-01 08:46:40.633 663 663 D SystemServerTiming: OnBootPhase_520_com.android.server.graphics.fonts.FontManagerService$Lifecycle
04-01 08:46:40.633 663 663 V SystemServerTiming: OnBootPhase_520_com.android.server.graphics.fonts.FontManagerService$Lifecycle took to complete: 0ms
04-01 08:46:40.633 663 663 D SystemServerTiming: OnBootPhase_520_com.android.server.textservices.TextServicesManagerService$Lifecycle
04-01 08:46:40.633 663 663 V SystemServerTiming: OnBootPhase_520_com.android.server.textservices.TextServicesManagerService$Lifecycle took to complete: 0ms
04-01 08:46:40.634 663 663 D SystemServerTiming: OnBootPhase_520_com.android.server.textclassifier.TextClassificationManagerService$Lifecycle
04-01 08:46:40.634 663 663 V SystemServerTiming: OnBootPhase_520_com.android.server.textclassifier.TextClassificationManagerService$Lifecycle took to complete: 0ms
04-01 08:46:40.634 663 663 D SystemServerTiming: OnBootPhase_520_com.android.server.NetworkScoreService$Lifecycle
04-01 08:46:40.634 663 663 V SystemServerTiming: OnBootPhase_520_com.android.server.NetworkScoreService$Lifecycle took to complete: 0ms
04-01 08:46:40.634 663 663 D SystemServerTiming: OnBootPhase_520_com.android.server.NetworkStatsServiceInitializer
04-01 08:46:40.634 663 663 V SystemServerTiming: OnBootPhase_520_com.android.server.NetworkStatsServiceInitializer took to complete: 0ms
04-01 08:46:40.634 663 663 D SystemServerTiming: OnBootPhase_520_com.android.server.wifi.WifiService
04-01 08:46:40.634 663 663 V SystemServerTiming: OnBootPhase_520_com.android.server.wifi.WifiService took to complete: 0ms
04-01 08:46:40.634 663 663 D SystemServerTiming: OnBootPhase_520_com.android.server.wifi.scanner.WifiScanningService
04-01 08:46:40.634 663 663 V SystemServerTiming: OnBootPhase_520_com.android.server.wifi.scanner.WifiScanningService took to complete: 0ms
04-01 08:46:40.634 663 663 D SystemServerTiming: OnBootPhase_520_com.android.server.wifi.p2p.WifiP2pService
04-01 08:46:40.634 663 663 V SystemServerTiming: OnBootPhase_520_com.android.server.wifi.p2p.WifiP2pService took to complete: 0ms
04-01 08:46:40.634 663 663 D SystemServerTiming: OnBootPhase_520_com.android.server.ConnectivityServiceInitializer
04-01 08:46:40.634 663 663 V SystemServerTiming: OnBootPhase_520_com.android.server.ConnectivityServiceInitializer took to complete: 0ms
04-01 08:46:40.634 663 663 D SystemServerTiming: OnBootPhase_520_com.android.server.notification.NotificationManagerService
04-01 08:46:40.645 663 663 V SystemServerTiming: OnBootPhase_520_com.android.server.notification.NotificationManagerService took to complete: 11ms
04-01 08:46:40.645 663 663 D SystemServerTiming: OnBootPhase_520_com.android.server.storage.DeviceStorageMonitorService
