01-01 00:00:24.481 496 496 D NetBpfLoad: Loading ELF object /apex/com.android.tethering/etc/bpf/netd_shared/netd.o with license Apache 2.0
01-01 00:00:24.482 496 496 D NetBpfLoad: Section bpfloader_min_ver value is 43 [0x2b]
01-01 00:00:24.482 496 496 D NetBpfLoad: Section bpfloader_max_ver value is 65536 [0x10000]
01-01 00:00:24.482 496 496 D NetBpfLoad: BpfLoader version 0x0002e processing ELF object /apex/com.android.tethering/etc/bpf/netd_shared/netd.o with ver [0x0002b,0x10000)
01-01 00:00:24.488 496 496 D NetBpfLoad: bpf_create_map[configuration_map] -> 5
01-01 00:00:24.489 496 496 I NetBpfLoad: map /sys/fs/bpf/netd_shared/map_netd_configuration_map id 14
01-01 00:00:24.489 496 496 D NetBpfLoad: bpf_create_map[blocked_ports_map] -> 6
01-01 00:00:24.489 496 496 I NetBpfLoad: map /sys/fs/bpf/netd_shared/map_netd_blocked_ports_map id 15
01-01 00:00:24.490 496 496 D NetBpfLoad: bpf_create_map[cookie_tag_map] -> 7
01-01 00:00:24.491 496 496 I NetBpfLoad: map /sys/fs/bpf/netd_shared/map_netd_cookie_tag_map id 16
01-01 00:00:24.492 496 496 D NetBpfLoad: bpf_create_map[uid_counterset_map] -> 8
01-01 00:00:24.492 496 496 I NetBpfLoad: map /sys/fs/bpf/netd_shared/map_netd_uid_counterset_map id 17
01-01 00:00:24.493 496 496 D NetBpfLoad: bpf_create_map[app_uid_stats_map] -> 9
01-01 00:00:24.494 496 496 I NetBpfLoad: map /sys/fs/bpf/netd_shared/map_netd_app_uid_stats_map id 18
01-01 00:00:24.494 496 496 D NetBpfLoad: bpf_create_map[stats_map_A] -> 10
01-01 00:00:24.495 496 496 I NetBpfLoad: map /sys/fs/bpf/netd_shared/map_netd_stats_map_A id 19
01-01 00:00:24.496 496 496 D NetBpfLoad: bpf_create_map[stats_map_B] -> 11
01-01 00:00:24.496 496 496 I NetBpfLoad: map /sys/fs/bpf/netd_shared/map_netd_stats_map_B id 20
01-01 00:00:24.496 496 496 D NetBpfLoad: bpf_create_map[iface_stats_map] -> 12
01-01 00:00:24.497 496 496 I NetBpfLoad: map /sys/fs/bpf/netd_shared/map_netd_iface_stats_map id 21
01-01 00:00:24.497 496 496 D NetBpfLoad: bpf_create_map[uid_owner_map] -> 13
01-01 00:00:24.498 496 496 I NetBpfLoad: map /sys/fs/bpf/netd_shared/map_netd_uid_owner_map id 22
01-01 00:00:24.498 496 496 D NetBpfLoad: bpf_create_map[uid_permission_map] -> 14
01-01 00:00:24.498 496 496 I NetBpfLoad: map /sys/fs/bpf/netd_shared/map_netd_uid_permission_map id 23
01-01 00:00:24.499 496 496 D NetBpfLoad: bpf_create_map[ingress_discard_map] -> 15
01-01 00:00:24.499 496 496 I NetBpfLoad: map /sys/fs/bpf/netd_shared/map_netd_ingress_discard_map id 24
01-01 00:00:24.499 496 496 D NetBpfLoad: bpf_create_map[lock_array_test_map] -> 16
01-01 00:00:24.499 496 496 I NetBpfLoad: map /sys/fs/bpf/netd_shared/map_netd_lock_array_test_map id 25
01-01 00:00:24.499 496 496 D NetBpfLoad: bpf_create_map[lock_hash_test_map] -> 17
01-01 00:00:24.499 496 496 I NetBpfLoad: map /sys/fs/bpf/netd_shared/map_netd_lock_hash_test_map id 26
01-01 00:00:24.500 496 496 D NetBpfLoad: bpf_create_map[iface_index_name_map] -> 18
01-01 00:00:24.500 496 496 I NetBpfLoad: map /sys/fs/bpf/netd_shared/map_netd_iface_index_name_map id 27
01-01 00:00:24.500 496 496 D NetBpfLoad: bpf_create_map[packet_trace_enabled_map] -> 19
01-01 00:00:24.500 496 496 I NetBpfLoad: map /sys/fs/bpf/netd_shared/map_netd_packet_trace_enabled_map id 28
01-01 00:00:24.500 496 496 D NetBpfLoad: bpf_create_map[packet_trace_ringbuf] -> 20
01-01 00:00:24.500 496 496 I NetBpfLoad: map /sys/fs/bpf/netd_shared/map_netd_packet_trace_ringbuf id 29
01-01 00:00:24.501 496 496 D NetBpfLoad: bpf_create_map[data_saver_enabled_map] -> 21
01-01 00:00:24.501 496 496 I NetBpfLoad: map /sys/fs/bpf/netd_shared/map_netd_data_saver_enabled_map id 30
01-01 00:00:24.544 496 496 D NetBpfLoad: cs[0].name:cgroupskb_ingress_stats$trace min_kver:5080000 .max_kver:ffffffff (kvers:6060042)
01-01 00:00:24.544 496 496 D NetBpfLoad: cs[0].name:cgroupskb_ingress_stats$trace requires bpfloader version [0x0002c,0x10000)
01-01 00:00:24.565 496 496 D NetBpfLoad: BPF_PROG_LOAD call for /apex/com.android.tethering/etc/bpf/netd_shared/netd.o (cgroupskb_ingress_stats$trace) returned 'processed 900 insns (limit 1000000) max_states_per_insn 2 total_states 61 peak_states 61 mark_read 14' fd: 23 (ok)
01-01 00:00:24.566 496 496 I NetBpfLoad: prog /sys/fs/bpf/netd_shared/prog_netd_cgroupskb_ingress_stats id 13
01-01 00:00:24.566 496 496 D NetBpfLoad: cs[1].name:cgroupskb_ingress_stats$4_19 min_kver:4130000 .max_kver:ffffffff (kvers:6060042)
01-01 00:00:24.566 496 496 D NetBpfLoad: cs[1].name:cgroupskb_ingress_stats$4_19 requires bpfloader version [0x0002b,0x10000)
01-01 00:00:24.566 496 496 D NetBpfLoad: New bpf prog load reusing prog /sys/fs/bpf/netd_shared/prog_netd_cgroupskb_ingress_stats, ret: 24 (no error)
01-01 00:00:24.566 496 496 I NetBpfLoad: prog /sys/fs/bpf/netd_shared/prog_netd_cgroupskb_ingress_stats id 13
01-01 00:00:24.566 496 496 D NetBpfLoad: cs[2].name:cgroupskb_ingress_stats$4_14 min_kver:0 .max_kver:4130000 (kvers:6060042)
01-01 00:00:24.566 496 496 D NetBpfLoad: cs[3].name:cgroupskb_egress_stats$trace min_kver:5080000 .max_kver:ffffffff (kvers:6060042)
01-01 00:00:24.566 496 496 D NetBpfLoad: cs[3].name:cgroupskb_egress_stats$trace requires bpfloader version [0x0002c,0x10000)
01-01 00:00:24.595 496 496 D NetBpfLoad: BPF_PROG_LOAD call for /apex/com.android.tethering/etc/bpf/netd_shared/netd.o (cgroupskb_egress_stats$trace) returned 'processed 1370 insns (limit 1000000) max_states_per_insn 4 total_states 94 peak_states 94 mark_read 13' fd: 25 (ok)
01-01 00:00:24.596 496 496 I NetBpfLoad: prog /sys/fs/bpf/netd_shared/prog_netd_cgroupskb_egress_stats id 14
01-01 00:00:24.596 496 496 D NetBpfLoad: cs[4].name:cgroupskb_egress_stats$4_19 min_kver:4130000 .max_kver:ffffffff (kvers:6060042)
01-01 00:00:24.596 496 496 D NetBpfLoad: cs[4].name:cgroupskb_egress_stats$4_19 requires bpfloader version [0x0002b,0x10000)
01-01 00:00:24.596 496 496 D NetBpfLoad: New bpf prog load reusing prog /sys/fs/bpf/netd_shared/prog_netd_cgroupskb_egress_stats, ret: 26 (no error)
01-01 00:00:24.596 496 496 I NetBpfLoad: prog /sys/fs/bpf/netd_shared/prog_netd_cgroupskb_egress_stats id 14
01-01 00:00:24.596 496 496 D NetBpfLoad: cs[5].name:cgroupskb_egress_stats$4_14 min_kver:0 .max_kver:4130000 (kvers:6060042)
01-01 00:00:24.596 496 496 D NetBpfLoad: cs[6].name:skfilter_egress_xtbpf min_kver:0 .max_kver:ffffffff (kvers:6060042)
01-01 00:00:24.596 496 496 D NetBpfLoad: cs[6].name:skfilter_egress_xtbpf requires bpfloader version [0x0002b,0x10000)
01-01 00:00:24.598 496 496 D NetBpfLoad: BPF_PROG_LOAD call for /apex/com.android.tethering/etc/bpf/netd_shared/netd.o (skfilter_egress_xtbpf) returned 'processed 101 insns (limit 1000000) max_states_per_insn 0 total_states 7 peak_states 7 mark_read 2' fd: 27 (ok)
01-01 00:00:24.598 496 496 I NetBpfLoad: prog /sys/fs/bpf/netd_shared/prog_netd_skfilter_egress_xtbpf id 15
01-01 00:00:24.598 496 496 D NetBpfLoad: cs[7].name:skfilter_ingress_xtbpf min_kver:0 .max_kver:ffffffff (kvers:6060042)
01-01 00:00:24.599 496 496 D NetBpfLoad: cs[7].name:skfilter_ingress_xtbpf requires bpfloader version [0x0002b,0x10000)
01-01 00:00:24.601 496 496 D NetBpfLoad: BPF_PROG_LOAD call for /apex/com.android.tethering/etc/bpf/netd_shared/netd.o (skfilter_ingress_xtbpf) returned 'processed 82 insns (limit 1000000) max_states_per_insn 0 total_states 4 peak_states 4 mark_read 2' fd: 28 (ok)
01-01 00:00:24.601 496 496 I NetBpfLoad: prog /sys/fs/bpf/netd_shared/prog_netd_skfilter_ingress_xtbpf id 16
01-01 00:00:24.601 496 496 D NetBpfLoad: cs[8].name:schedact_ingress_account min_kver:0 .max_kver:ffffffff (kvers:6060042)
01-01 00:00:24.601 496 496 D NetBpfLoad: cs[8].name:schedact_ingress_account requires bpfloader version [0x0002b,0x10000)
01-01 00:00:24.603 496 496 D NetBpfLoad: BPF_PROG_LOAD call for /apex/com.android.tethering/etc/bpf/netd_shared/netd.o (schedact_ingress_account) returned 'processed 86 insns (limit 1000000) max_states_per_insn 0 total_states 6 peak_states 6 mark_read 2' fd: 29 (ok)
01-01 00:00:24.604 496 496 I NetBpfLoad: prog /sys/fs/bpf/netd_shared/prog_netd_schedact_ingress_account id 17
01-01 00:00:24.604 496 496 D NetBpfLoad: cs[9].name:skfilter_allowlist_xtbpf min_kver:0 .max_kver:ffffffff (kvers:6060042)
01-01 00:00:24.604 496 496 D NetBpfLoad: cs[9].name:skfilter_allowlist_xtbpf requires bpfloader version [0x0002b,0x10000)
01-01 00:00:24.605 496 496 D NetBpfLoad: BPF_PROG_LOAD call for /apex/com.android.tethering/etc/bpf/netd_shared/netd.o (skfilter_allowlist_xtbpf) returned 'processed 23 insns (limit 1000000) max_states_per_insn 0 total_states 2 peak_states 2 mark_read 2' fd: 30 (ok)
01-01 00:00:24.605 496 496 I NetBpfLoad: prog /sys/fs/bpf/netd_shared/prog_netd_skfilter_allowlist_xtbpf id 18
01-01 00:00:24.605 496 496 D NetBpfLoad: cs[10].name:skfilter_denylist_xtbpf min_kver:0 .max_kver:ffffffff (kvers:6060042)
01-01 00:00:24.605 496 496 D NetBpfLoad: cs[10].name:skfilter_denylist_xtbpf requires bpfloader version [0x0002b,0x10000)
01-01 00:00:24.606 496 496 D NetBpfLoad: BPF_PROG_LOAD call for /apex/com.android.tethering/etc/bpf/netd_shared/netd.o (skfilter_denylist_xtbpf) returned 'processed 17 insns (limit 1000000) max_states_per_insn 0 total_states 2 peak_states 2 mark_read 2' fd: 31 (ok)
01-01 00:00:24.606 496 496 I NetBpfLoad: prog /sys/fs/bpf/netd_shared/prog_netd_skfilter_denylist_xtbpf id 19
01-01 00:00:24.606 496 496 D NetBpfLoad: cs[11].name:cgroupsock_inet_create min_kver:40e0000 .max_kver:ffffffff (kvers:6060042)
01-01 00:00:24.606 496 496 D NetBpfLoad: cs[11].name:cgroupsock_inet_create requires bpfloader version [0x0002b,0x10000)
01-01 00:00:24.607 496 496 D NetBpfLoad: BPF_PROG_LOAD call for /apex/com.android.tethering/etc/bpf/netd_shared/netd.o (cgroupsock_inet_create) returned 'processed 17 insns (limit 1000000) max_states_per_insn 0 total_states 1 peak_states 1 mark_read 1' fd: 32 (ok)
01-01 00:00:24.607 496 496 I NetBpfLoad: prog /sys/fs/bpf/netd_shared/prog_netd_cgroupsock_inet_create id 20
01-01 00:00:24.607 496 496 D NetBpfLoad: cs[12].name:cgroupsockrelease_inet_release min_kver:50a0000 .max_kver:ffffffff (kvers:6060042)
01-01 00:00:24.607 496 496 D NetBpfLoad: cs[12].name:cgroupsockrelease_inet_release requires bpfloader version [0x0002b,0x10000)
01-01 00:00:24.608 496 496 D NetBpfLoad: BPF_PROG_LOAD call for /apex/com.android.tethering/etc/bpf/netd_shared/netd.o (cgroupsockrelease_inet_release) returned 'processed 10 insns (limit 1000000) max_states_per_insn 0 total_states 1 peak_states 1 mark_read 0' fd: 33 (ok)
01-01 00:00:24.608 496 496 I NetBpfLoad: prog /sys/fs/bpf/netd_shared/prog_netd_cgroupsockrelease_inet_release id 21
01-01 00:00:24.608 496 496 D NetBpfLoad: cs[13].name:bind4_inet4_bind min_kver:4130000 .max_kver:ffffffff (kvers:6060042)
01-01 00:00:24.608 496 496 D NetBpfLoad: cs[13].name:bind4_inet4_bind requires bpfloader version [0x0002b,0x10000)
01-01 00:00:24.610 496 496 D NetBpfLoad: BPF_PROG_LOAD call for /apex/com.android.tethering/etc/bpf/netd_shared/netd.o (bind4_inet4_bind) returned 'processed 55 insns (limit 1000000) max_states_per_insn 0 total_states 4 peak_states 4 mark_read 1' fd: 34 (ok)
01-01 00:00:24.610 496 496 I NetBpfLoad: prog /sys/fs/bpf/netd_shared/prog_netd_bind4_inet4_bind id 22
01-01 00:00:24.610 496 496 D NetBpfLoad: cs[14].name:bind6_inet6_bind min_kver:4130000 .max_kver:ffffffff (kvers:6060042)
01-01 00:00:24.610 496 496 D NetBpfLoad: cs[14].name:bind6_inet6_bind requires bpfloader version [0x0002b,0x10000)
01-01 00:00:24.612 496 496 D NetBpfLoad: BPF_PROG_LOAD call for /apex/com.android.tethering/etc/bpf/netd_shared/netd.o (bind6_inet6_bind) returned 'processed 55 insns (limit 1000000) max_states_per_insn 0 total_states 4 peak_states 4 mark_read 1' fd: 35 (ok)
01-01 00:00:24.612 496 496 I NetBpfLoad: prog /sys/fs/bpf/netd_shared/prog_netd_bind6_inet6_bind id 23
01-01 00:00:24.612 496 496 D NetBpfLoad: cs[15].name:connect4_inet4_connect min_kver:40e0000 .max_kver:ffffffff (kvers:6060042)
01-01 00:00:24.612 496 496 D NetBpfLoad: cs[15].name:connect4_inet4_connect requires bpfloader version [0x0002e,0x10000)
01-01 00:00:24.613 496 496 D NetBpfLoad: BPF_PROG_LOAD call for /apex/com.android.tethering/etc/bpf/netd_shared/netd.o (connect4_inet4_connect) returned 'processed 2 insns (limit 1000000) max_states_per_insn 0 total_states 0 peak_states 0 mark_read 0' fd: 36 (ok)
01-01 00:00:24.613 496 496 I NetBpfLoad: prog /sys/fs/bpf/netd_shared/prog_netd_connect4_inet4_connect id 24
01-01 00:00:24.613 496 496 D NetBpfLoad: cs[16].name:connect6_inet6_connect min_kver:40e0000 .max_kver:ffffffff (kvers:6060042)
01-01 00:00:24.613 496 496 D NetBpfLoad: cs[16].name:connect6_inet6_connect requires bpfloader version [0x0002e,0x10000)
01-01 00:00:24.613 496 496 D NetBpfLoad: BPF_PROG_LOAD call for /apex/com.android.tethering/etc/bpf/netd_shared/netd.o (connect6_inet6_connect) returned 'processed 2 insns (limit 1000000) max_states_per_insn 0 total_states 0 peak_states 0 mark_read 0' fd: 37 (ok)
01-01 00:00:24.613 496 496 I NetBpfLoad: prog /sys/fs/bpf/netd_shared/prog_netd_connect6_inet6_connect id 25
01-01 00:00:24.613 496 496 D NetBpfLoad: cs[17].name:recvmsg4_udp4_recvmsg min_kver:40e0000 .max_kver:ffffffff (kvers:6060042)
01-01 00:00:24.613 496 496 D NetBpfLoad: cs[17].name:recvmsg4_udp4_recvmsg requires bpfloader version [0x0002e,0x10000)
01-01 00:00:24.614 496 496 D NetBpfLoad: BPF_PROG_LOAD call for /apex/com.android.tethering/etc/bpf/netd_shared/netd.o (recvmsg4_udp4_recvmsg) returned 'processed 2 insns (limit 1000000) max_states_per_insn 0 total_states 0 peak_states 0 mark_read 0' fd: 38 (ok)
01-01 00:00:24.614 496 496 I NetBpfLoad: prog /sys/fs/bpf/netd_shared/prog_netd_recvmsg4_udp4_recvmsg id 26
01-01 00:00:24.614 496 496 D NetBpfLoad: cs[18].name:recvmsg6_udp6_recvmsg min_kver:40e0000 .max_kver:ffffffff (kvers:6060042)
01-01 00:00:24.614 496 496 D NetBpfLoad: cs[18].name:recvmsg6_udp6_recvmsg requires bpfloader version [0x0002e,0x10000)
01-01 00:00:24.614 496 496 D NetBpfLoad: BPF_PROG_LOAD call for /apex/com.android.tethering/etc/bpf/netd_shared/netd.o (recvmsg6_udp6_recvmsg) returned 'processed 2 insns (limit 1000000) max_states_per_insn 0 total_states 0 peak_states 0 mark_read 0' fd: 39 (ok)
01-01 00:00:24.615 496 496 I NetBpfLoad: prog /sys/fs/bpf/netd_shared/prog_netd_recvmsg6_udp6_recvmsg id 27
01-01 00:00:24.615 496 496 D NetBpfLoad: cs[19].name:sendmsg4_udp4_sendmsg min_kver:40e0000 .max_kver:ffffffff (kvers:6060042)
01-01 00:00:24.615 496 496 D NetBpfLoad: cs[19].name:sendmsg4_udp4_sendmsg requires bpfloader version [0x0002e,0x10000)
01-01 00:00:24.615 496 496 D NetBpfLoad: BPF_PROG_LOAD call for /apex/com.android.tethering/etc/bpf/netd_shared/netd.o (sendmsg4_udp4_sendmsg) returned 'processed 2 insns (limit 1000000) max_states_per_insn 0 total_states 0 peak_states 0 mark_read 0' fd: 40 (ok)
01-01 00:00:24.615 496 496 I NetBpfLoad: prog /sys/fs/bpf/netd_shared/prog_netd_sendmsg4_udp4_sendmsg id 28
01-01 00:00:24.616 496 496 D NetBpfLoad: cs[20].name:sendmsg6_udp6_sendmsg min_kver:40e0000 .max_kver:ffffffff (kvers:6060042)
01-01 00:00:24.616 496 496 D NetBpfLoad: cs[20].name:sendmsg6_udp6_sendmsg requires bpfloader version [0x0002e,0x10000)
01-01 00:00:24.616 496 496 D NetBpfLoad: BPF_PROG_LOAD call for /apex/com.android.tethering/etc/bpf/netd_shared/netd.o (sendmsg6_udp6_sendmsg) returned 'processed 2 insns (limit 1000000) max_states_per_insn 0 total_states 0 peak_states 0 mark_read 0' fd: 41 (ok)
01-01 00:00:24.616 496 496 I NetBpfLoad: prog /sys/fs/bpf/netd_shared/prog_netd_sendmsg6_udp6_sendmsg id 29
01-01 00:00:24.616 496 496 D NetBpfLoad: cs[21].name:getsockopt_prog min_kver:5040000 .max_kver:ffffffff (kvers:6060042)
01-01 00:00:24.616 496 496 D NetBpfLoad: cs[21].name:getsockopt_prog requires bpfloader version [0x0002e,0x10000)
01-01 00:00:24.617 496 496 D NetBpfLoad: BPF_PROG_LOAD call for /apex/com.android.tethering/etc/bpf/netd_shared/netd.o (getsockopt_prog) returned 'processed 4 insns (limit 1000000) max_states_per_insn 0 total_states 0 peak_states 0 mark_read 0' fd: 42 (ok)
01-01 00:00:24.617 496 496 I NetBpfLoad: prog /sys/fs/bpf/netd_shared/prog_netd_getsockopt_prog id 30
01-01 00:00:24.617 496 496 D NetBpfLoad: cs[22].name:setsockopt_prog min_kver:5040000 .max_kver:ffffffff (kvers:6060042)
01-01 00:00:24.617 496 496 D NetBpfLoad: cs[22].name:setsockopt_prog requires bpfloader version [0x0002e,0x10000)
01-01 00:00:24.617 496 496 D NetBpfLoad: BPF_PROG_LOAD call for /apex/com.android.tethering/etc/bpf/netd_shared/netd.o (setsockopt_prog) returned 'processed 4 insns (limit 1000000) max_states_per_insn 0 total_states 0 peak_states 0 mark_read 0' fd: 43 (ok)
01-01 00:00:24.618 496 496 I NetBpfLoad: prog /sys/fs/bpf/netd_shared/prog_netd_setsockopt_prog id 31
01-01 00:00:24.618 496 496 D NetBpfLoad: Loaded object: /apex/com.android.tethering/etc/bpf/netd_shared/netd.o
01-01 00:00:24.621 496 496 D NetBpfLoad: Loading ELF object /apex/com.android.tethering/etc/bpf/net_shared/dscpPolicy.o with license Apache 2.0
01-01 00:00:24.621 496 496 D NetBpfLoad: Section bpfloader_min_ver value is 43 [0x2b]
01-01 00:00:24.621 496 496 D NetBpfLoad: Section bpfloader_max_ver value is 65536 [0x10000]
01-01 00:00:24.621 496 496 D NetBpfLoad: BpfLoader version 0x0002e processing ELF object /apex/com.android.tethering/etc/bpf/net_shared/dscpPolicy.o with ver [0x0002b,0x10000)
01-01 00:00:24.622 496 496 D NetBpfLoad: bpf_create_map[socket_policy_cache_map] -> 5
01-01 00:00:24.622 496 496 I NetBpfLoad: map /sys/fs/bpf/net_shared/map_dscpPolicy_socket_policy_cache_map id 31
01-01 00:00:24.622 496 496 D NetBpfLoad: bpf_create_map[ipv4_dscp_policies_map] -> 6
01-01 00:00:24.622 496 496 I NetBpfLoad: map /sys/fs/bpf/net_shared/map_dscpPolicy_ipv4_dscp_policies_map id 32
01-01 00:00:24.623 496 496 D NetBpfLoad: bpf_create_map[ipv6_dscp_policies_map] -> 7
01-01 00:00:24.623 496 496 I NetBpfLoad: map /sys/fs/bpf/net_shared/map_dscpPolicy_ipv6_dscp_policies_map id 33
01-01 00:00:24.625 496 496 D NetBpfLoad: cs[0].name:schedcls_set_dscp_ether min_kver:50f0000 .max_kver:ffffffff (kvers:6060042)
01-01 00:00:24.625 496 496 D NetBpfLoad: cs[0].name:schedcls_set_dscp_ether requires bpfloader version [0x0002b,0x10000)
01-01 00:00:24.859 496 496 D NetBpfLoad: BPF_PROG_LOAD call for /apex/com.android.tethering/etc/bpf/net_shared/dscpPolicy.o (schedcls_set_dscp_ether) returned 'processed 10532 insns (limit 1000000) max_states_per_insn 8 total_states 114 peak_states 79 mark_read 18' fd: 8 (ok)
01-01 00:00:24.859 496 496 I NetBpfLoad: prog /sys/fs/bpf/net_shared/prog_dscpPolicy_schedcls_set_dscp_ether id 32
01-01 00:00:24.859 496 496 D NetBpfLoad: Loaded object: /apex/com.android.tethering/etc/bpf/net_shared/dscpPolicy.o
01-01 00:00:24.862 496 496 D NetBpfLoad: Loading ELF object /apex/com.android.tethering/etc/bpf/net_shared/clatd.o with license Apache 2.0
01-01 00:00:24.862 496 496 D NetBpfLoad: Section bpfloader_min_ver value is 43 [0x2b]
01-01 00:00:24.862 496 496 D NetBpfLoad: Section bpfloader_max_ver value is 65536 [0x10000]
01-01 00:00:24.862 496 496 D NetBpfLoad: BpfLoader version 0x0002e processing ELF object /apex/com.android.tethering/etc/bpf/net_shared/clatd.o with ver [0x0002b,0x10000)
01-01 00:00:24.863 496 496 D NetBpfLoad: bpf_create_map[clat_ingress6_map] -> 5
01-01 00:00:24.863 496 496 I NetBpfLoad: map /sys/fs/bpf/net_shared/map_clatd_clat_ingress6_map id 34
01-01 00:00:24.863 496 496 D NetBpfLoad: bpf_create_map[clat_egress4_map] -> 6
01-01 00:00:24.863 496 496 I NetBpfLoad: map /sys/fs/bpf/net_shared/map_clatd_clat_egress4_map id 35
01-01 00:00:24.868 496 496 D NetBpfLoad: cs[0].name:schedcls_ingress6_clat_ether$4_14 min_kver:40e0000 .max_kver:ffffffff (kvers:6060042)
01-01 00:00:24.868 496 496 D NetBpfLoad: cs[0].name:schedcls_ingress6_clat_ether$4_14 requires bpfloader version [0x0002b,0x10000)
01-01 00:00:24.895 496 496 D NetBpfLoad: BPF_PROG_LOAD call for /apex/com.android.tethering/etc/bpf/net_shared/clatd.o (schedcls_ingress6_clat_ether$4_14) returned 'processed 1202 insns (limit 1000000) max_states_per_insn 1 total_states 27 peak_states 27 mark_read 8' fd: 7 (ok)
01-01 00:00:24.895 496 496 I NetBpfLoad: prog /sys/fs/bpf/net_shared/prog_clatd_schedcls_ingress6_clat_ether id 33
01-01 00:00:24.895 496 496 D NetBpfLoad: cs[1].name:schedcls_ingress6_clat_ether$4_9 min_kver:0 .max_kver:40e0000 (kvers:6060042)
01-01 00:00:24.895 496 496 D NetBpfLoad: cs[2].name:schedcls_ingress6_clat_rawip$4_14 min_kver:40e0000 .max_kver:ffffffff (kvers:6060042)
01-01 00:00:24.895 496 496 D NetBpfLoad: cs[2].name:schedcls_ingress6_clat_rawip$4_14 requires bpfloader version [0x0002b,0x10000)
01-01 00:00:24.911 496 496 D NetBpfLoad: BPF_PROG_LOAD call for /apex/com.android.tethering/etc/bpf/net_shared/clatd.o (schedcls_ingress6_clat_rawip$4_14) returned 'processed 623 insns (limit 1000000) max_states_per_insn 1 total_states 22 peak_states 22 mark_read 6' fd: 8 (ok)
01-01 00:00:24.911 496 496 I NetBpfLoad: prog /sys/fs/bpf/net_shared/prog_clatd_schedcls_ingress6_clat_rawip id 34
01-01 00:00:24.911 496 496 D NetBpfLoad: cs[3].name:schedcls_ingress6_clat_rawip$4_9 min_kver:0 .max_kver:40e0000 (kvers:6060042)
01-01 00:00:24.911 496 496 D NetBpfLoad: cs[4].name:schedcls_egress4_clat_rawip min_kver:0 .max_kver:ffffffff (kvers:6060042)
01-01 00:00:24.911 496 496 D NetBpfLoad: cs[4].name:schedcls_egress4_clat_rawip requires bpfloader version [0x0002b,0x10000)
01-01 00:00:24.920 496 496 D NetBpfLoad: BPF_PROG_LOAD call for /apex/com.android.tethering/etc/bpf/net_shared/clatd.o (schedcls_egress4_clat_rawip) returned 'processed 374 insns (limit 1000000) max_states_per_insn 1 total_states 14 peak_states 14 mark_read 3' fd: 9 (ok)
01-01 00:00:24.920 496 496 I NetBpfLoad: prog /sys/fs/bpf/net_shared/prog_clatd_schedcls_egress4_clat_rawip id 35
01-01 00:00:24.921 496 496 D NetBpfLoad: Loaded object: /apex/com.android.tethering/etc/bpf/net_shared/clatd.o
01-01 00:00:24.921 496 496 I NetBpfLoad: done, transferring control to platform bpfloader.
01-01 00:00:24.962 496 496 I BpfLoader: Platform BpfLoader loading optional ELF object /system/etc/bpf/gpuMem.o with license Apache 2.0
01-01 00:00:24.965 496 496 D BpfLoader: map /sys/fs/bpf/map_gpuMem_gpu_mem_total_map id 37
01-01 00:00:24.969 496 496 D BpfLoader: prog /sys/fs/bpf/prog_gpuMem_tracepoint_gpu_mem_gpu_mem_total id 36
01-01 00:00:24.970 496 496 I BpfLoader: Platform BpfLoader loading critical for BPF Ringbuf test ELF object /system/etc/bpf/bpfRingbufProg.o with license Apache 2.0
01-01 00:00:24.972 496 496 D BpfLoader: map /sys/fs/bpf/map_bpfRingbufProg_test_ringbuf id 38
01-01 00:00:24.975 496 496 D BpfLoader: prog /sys/fs/bpf/prog_bpfRingbufProg_skfilter_ringbuf_test id 37
01-01 00:00:24.977 496 496 I BpfLoader: Platform BpfLoader loading optional ELF object /system/etc/bpf/timeInState.o with license GPL
01-01 00:00:24.987 496 496 D BpfLoader: map /sys/fs/bpf/map_timeInState_total_time_in_state_map id 39
01-01 00:00:24.991 496 496 D BpfLoader: map /sys/fs/bpf/map_timeInState_uid_time_in_state_map id 40
01-01 00:00:24.994 496 496 D BpfLoader: map /sys/fs/bpf/map_timeInState_uid_concurrent_times_map id 41
01-01 00:00:24.994 496 496 D BpfLoader: map /sys/fs/bpf/map_timeInState_uid_last_update_map id 42
01-01 00:00:24.995 496 496 D BpfLoader: map /sys/fs/bpf/map_timeInState_cpu_last_update_map id 43
01-01 00:00:24.995 496 496 D BpfLoader: map /sys/fs/bpf/map_timeInState_cpu_last_pid_map id 44
01-01 00:00:24.995 496 496 D BpfLoader: map /sys/fs/bpf/map_timeInState_cpu_policy_map id 45
01-01 00:00:24.995 496 496 D BpfLoader: map /sys/fs/bpf/map_timeInState_policy_freq_idx_map id 46
01-01 00:00:24.996 496 496 D BpfLoader: map /sys/fs/bpf/map_timeInState_freq_to_idx_map id 47
01-01 00:00:24.996 496 496 D BpfLoader: map /sys/fs/bpf/map_timeInState_nr_active_map id 48
01-01 00:00:24.996 496 496 D BpfLoader: map /sys/fs/bpf/map_timeInState_policy_nr_active_map id 49
01-01 00:00:24.996 496 496 D BpfLoader: map /sys/fs/bpf/map_timeInState_pid_tracked_hash_map id 50
01-01 00:00:24.997 496 496 D BpfLoader: map /sys/fs/bpf/map_timeInState_pid_tracked_map id 51
01-01 00:00:24.997 496 496 D BpfLoader: map /sys/fs/bpf/map_timeInState_pid_task_aggregation_map id 52
01-01 00:00:25.000 496 496 D BpfLoader: map /sys/fs/bpf/map_timeInState_pid_time_in_state_map id 53
01-01 00:00:25.040 496 496 D BpfLoader: prog /sys/fs/bpf/prog_timeInState_tracepoint_sched_sched_switch id 38
01-01 00:00:25.043 496 496 D BpfLoader: prog /sys/fs/bpf/prog_timeInState_tracepoint_power_cpu_frequency id 39
01-01 00:00:25.053 496 496 D BpfLoader: prog /sys/fs/bpf/prog_timeInState_tracepoint_sched_sched_process_free id 40
01-01 00:00:25.055 496 496 I BpfLoader: Platform BpfLoader loading optional ELF object /system/etc/bpf/fuseMedia.o with license GPL
01-01 00:00:25.057 496 496 W BpfLoader: No maps section could be found in elf object
01-01 00:00:25.062 496 496 D BpfLoader: prog /sys/fs/bpf/prog_fuseMedia_fuse_media id 41
01-01 00:00:25.064 496 496 I BpfLoader: Platform BpfLoader loading optional ELF object /system/etc/bpf/gpuWork.o with license Apache 2.0
01-01 00:00:25.067 496 496 D BpfLoader: map /sys/fs/bpf/map_gpuWork_gpu_work_map id 54
01-01 00:00:25.067 496 496 D BpfLoader: map /sys/fs/bpf/map_gpuWork_gpu_work_global_data id 55
01-01 00:00:25.075 496 496 D BpfLoader: prog /sys/fs/bpf/prog_gpuWork_tracepoint_power_gpu_work_period id 42
01-01 00:00:25.078 496 496 I BpfLoader: Platform BpfLoader loading optional ELF object /system/etc/bpf/memevents/bpfMemEventsTest.o with license GPL
01-01 00:00:25.084 496 496 D BpfLoader: map /sys/fs/bpf/memevents/map_bpfMemEventsTest_rb id 56
01-01 00:00:25.088 496 496 D BpfLoader: prog /sys/fs/bpf/memevents/prog_bpfMemEventsTest_tracepoint_oom_mark_victim id 43
01-01 00:00:25.091 496 496 D BpfLoader: prog /sys/fs/bpf/memevents/prog_bpfMemEventsTest_skfilter_oom_kill id 44
01-01 00:00:25.094 496 496 D BpfLoader: prog /sys/fs/bpf/memevents/prog_bpfMemEventsTest_skfilter_direct_reclaim_begin id 45
01-01 00:00:25.097 496 496 D BpfLoader: prog /sys/fs/bpf/memevents/prog_bpfMemEventsTest_skfilter_direct_reclaim_end id 46
01-01 00:00:25.099 496 496 D BpfLoader: prog /sys/fs/bpf/memevents/prog_bpfMemEventsTest_skfilter_kswapd_wake id 47
01-01 00:00:25.102 496 496 D BpfLoader: prog /sys/fs/bpf/memevents/prog_bpfMemEventsTest_skfilter_kswapd_sleep id 48
01-01 00:00:25.103 496 496 I BpfLoader: Platform BpfLoader loading optional ELF object /system/etc/bpf/memevents/bpfMemEvents.o with license GPL
01-01 00:00:25.108 496 496 D BpfLoader: map /sys/fs/bpf/memevents/map_bpfMemEvents_ams_rb id 57
01-01 00:00:25.108 496 496 D BpfLoader: map /sys/fs/bpf/memevents/map_bpfMemEvents_lmkd_rb id 58
01-01 00:00:25.113 496 496 D BpfLoader: prog /sys/fs/bpf/memevents/prog_bpfMemEvents_tracepoint_oom_mark_victim_ams id 49
01-01 00:00:25.115 496 496 D BpfLoader: prog /sys/fs/bpf/memevents/prog_bpfMemEvents_tracepoint_vmscan_mm_vmscan_direct_reclaim_begin_lmkd id 50
01-01 00:00:25.118 496 496 D BpfLoader: prog /sys/fs/bpf/memevents/prog_bpfMemEvents_tracepoint_vmscan_mm_vmscan_direct_reclaim_end_lmkd id 51
01-01 00:00:25.121 496 496 D BpfLoader: prog /sys/fs/bpf/memevents/prog_bpfMemEvents_tracepoint_vmscan_mm_vmscan_kswapd_wake_lmkd id 52
01-01 00:00:25.123 496 496 D BpfLoader: prog /sys/fs/bpf/memevents/prog_bpfMemEvents_tracepoint_vmscan_mm_vmscan_kswapd_sleep_lmkd id 53
01-01 00:00:25.125 496 496 I BpfLoader: Platform BpfLoader loading optional ELF object /system/etc/bpf/uprobestats/GenericInstrumentation.o with license GPL
01-01 00:00:25.131 496 496 D BpfLoader: map /sys/fs/bpf/uprobestats/map_GenericInstrumentation_call_detail_buf id 59
01-01 00:00:25.131 496 496 D BpfLoader: map /sys/fs/bpf/uprobestats/map_GenericInstrumentation_call_timestamp_buf id 60
01-01 00:00:25.136 496 496 D BpfLoader: prog /sys/fs/bpf/uprobestats/prog_GenericInstrumentation_uprobe_call_detail id 54
01-01 00:00:25.139 496 496 D BpfLoader: prog /sys/fs/bpf/uprobestats/prog_GenericInstrumentation_uprobe_call_timestamp_1 id 55
01-01 00:00:25.142 496 496 D BpfLoader: prog /sys/fs/bpf/uprobestats/prog_GenericInstrumentation_uprobe_call_timestamp_2 id 56
01-01 00:00:25.144 496 496 D BpfLoader: prog /sys/fs/bpf/uprobestats/prog_GenericInstrumentation_uprobe_call_timestamp_3 id 57
01-01 00:00:25.147 496 496 D BpfLoader: prog /sys/fs/bpf/uprobestats/prog_GenericInstrumentation_uprobe_call_timestamp_4 id 58
01-01 00:00:25.151 496 496 D BpfLoader: prog /sys/fs/bpf/uprobestats/prog_GenericInstrumentation_uprobe_call_timestamp_5 id 59
01-01 00:00:25.155 496 496 I BpfLoader: Platform BpfLoader loading optional ELF object /system/etc/bpf/uprobestats/BitmapAllocation.o with license GPL
01-01 00:00:25.157 496 496 D BpfLoader: map /sys/fs/bpf/uprobestats/map_BitmapAllocation_output_buf id 61
01-01 00:00:25.160 496 496 D BpfLoader: prog /sys/fs/bpf/uprobestats/prog_BitmapAllocation_uprobe_bitmap_constructor_heap id 60
01-01 00:00:25.161 496 496 I BpfLoader: Platform BpfLoader loading optional ELF object /system/etc/bpf/uprobestats/ProcessManagement.o with license GPL
01-01 00:00:25.163 496 496 D BpfLoader: map /sys/fs/bpf/uprobestats/map_ProcessManagement_output_buf id 62
01-01 00:00:25.167 496 496 D BpfLoader: prog /sys/fs/bpf/uprobestats/prog_ProcessManagement_uprobe_set_uid_temp_allowlist_state id 61
01-01 00:00:25.169 496 496 I BpfLoader: Platform BpfLoader loading critical for healthd ELF object /vendor/etc/bpf/filterPowerSupplyEvents.o with license Apache 2.0
01-01 00:00:25.171 496 496 W BpfLoader: No maps section could be found in elf object
01-01 00:00:25.602 496 496 D BpfLoader: prog /sys/fs/bpf/vendor/prog_filterPowerSupplyEvents_skfilter_power_supply id 62
01-01 00:00:25.631 496 496 I NetBpfLoad: success.
01-01 00:00:25.633 1 1 I init : Service 'bpfloader' (pid 496) exited with status 0 waiting took 1.469000 seconds
01-01 00:00:25.634 1 1 I init : Sending signal 9 to service 'bpfloader' (pid 496) process group...
01-01 00:00:25.634 1 1 I libprocessgroup: Removed cgroup /sys/fs/cgroup/uid_0/pid_496
01-01 00:00:25.636 1 1 I init : processing action (sys.init.perf_lsm_hooks=1 && load-bpf-programs) from (/system/etc/init/hw/init.rc:1296)
01-01 00:00:25.637 1 1 I init : processing action (bpf-progs-loaded) from (/system/etc/init/hw/init.rc:1126)
01-01 00:00:25.638 1 1 I init : starting service 'netd'...
01-01 00:00:25.639 1 1 I init : Created socket '/dev/socket/dnsproxyd', mode 660, user 0, group 3003
01-01 00:00:25.640 1 1 I init : Created socket '/dev/socket/mdns', mode 660, user 0, group 1000
01-01 00:00:25.641 1 1 I init : Created socket '/dev/socket/fwmarkd', mode 660, user 0, group 3003
01-01 00:00:25.651 1 1 I init : ... started service 'netd' has pid 497
01-01 00:00:25.651 1 1 I init : processing action (zygote-start) from (/system/etc/init/hw/init.rc:1131)
01-01 00:00:25.652 1 1 I init : start_waiting_for_property("odsign.verification.done", "1"): already set
01-01 00:00:25.653 1 1 I init : starting service 'update_verifier'...
01-01 00:00:25.683 1 1 I init : ... started service 'update_verifier' has pid 498
01-01 00:00:25.683 1 1 I init : SVC_EXEC service 'update_verifier' pid 498 (uid 0 gid 2001+1 context default) started; waiting...
01-01 00:00:25.728 242 242 I servicemanager: getDeviceHalManifest: Reloading VINTF information.
01-01 00:00:25.728 242 242 I servicemanager: getDeviceHalManifest: Reading VINTF information.
01-01 00:00:25.738 242 242 I servicemanager: Loaded APEX Infos from /apex/apex-info-list.xml
01-01 00:00:25.780 242 242 I servicemanager: getDeviceHalManifest: Successfully processed VINTF information
01-01 00:00:25.780 242 242 I servicemanager: getFrameworkHalManifest: Reloading VINTF information.
01-01 00:00:25.780 242 242 I servicemanager: getFrameworkHalManifest: Reading VINTF information.
01-01 00:00:25.787 242 242 I servicemanager: Loaded APEX Infos from /apex/apex-info-list.xml
01-01 00:00:25.789 242 242 I servicemanager: getFrameworkHalManifest: Successfully processed VINTF information
01-01 00:00:25.789 242 242 I servicemanager: Caller(pid=498,uid=0,sid=u:r:update_verifier:s0) Found android.hardware.boot.IBootControl/default in device VINTF manifest.
01-01 00:00:25.792 498 498 I update_verifier: Using AIDL version of IBootControl
01-01 00:00:25.794 498 498 I update_verifier: Booting slot 0: isSlotMarkedSuccessful=1
01-01 00:00:25.794 498 498 I update_verifier: Leaving update_verifier.
01-01 00:00:25.798 1 1 I init : Service 'update_verifier' (pid 498) exited with status 0 waiting took 0.139000 seconds
01-01 00:00:25.798 1 1 I init : Sending signal 9 to service 'update_verifier' (pid 498) process group...
01-01 00:00:25.799 1 1 I libprocessgroup: Removed cgroup /sys/fs/cgroup/uid_0/pid_498
01-01 00:00:25.804 1 1 I init : starting service 'statsd'...
01-01 00:00:25.806 1 1 I init : Created socket '/dev/socket/statsdw', mode 222, user 1066, group 1066
01-01 00:00:25.810 497 497 I netdClient: Skipping libnetd_client init since *we* are netd
01-01 00:00:25.825 1 1 I init : ... started service 'statsd' has pid 499
01-01 00:00:25.826 1 1 I init : starting service 'zygote'...
01-01 00:00:25.828 1 1 I init : Created socket '/dev/socket/zygote', mode 660, user 0, group 1000
01-01 00:00:25.828 1 1 I init : Created socket '/dev/socket/usap_pool_primary', mode 660, user 0, group 1000
01-01 00:00:25.849 1 1 I init : ... started service 'zygote' has pid 500
01-01 00:00:25.850 1 1 I init : Command 'start zygote_secondary' action=zygote-start (/system/etc/init/hw/init.rc:1137) took 0ms and failed: service zygote_secondary not found
01-01 00:00:25.850 1 1 I init : processing action (firmware_mounts_complete) from (/system/etc/init/hw/init.rc:544)
01-01 00:00:25.853 1 1 I init : processing action (early-boot) from (/system/etc/init/installd.rc:7)
01-01 00:00:25.859 497 497 I netd : netd 1.0 starting
01-01 00:00:25.894 497 497 I netd : Pid file removed
01-01 00:00:25.895 497 497 I netd : SIGPIPE is blocked
01-01 00:00:25.896 497 497 I netd : setCloseOnExec(dnsproxyd)
01-01 00:00:25.896 497 497 I netd : setCloseOnExec(fwmarkd)
01-01 00:00:25.903 497 497 I NetdUpdatable: libnetd_updatable_init: Initializing
01-01 00:00:25.904 497 497 I NetdUpdatable: BPF programs are loaded
01-01 00:00:25.906 497 497 I NetdUpdatable: initMaps successfully
01-01 00:00:25.907 497 497 I netd : libnetd_updatable_init success
01-01 00:00:25.907 497 497 I netd : NetlinkManager instanced
01-01 00:00:25.907 497 497 I netd : enter NetworkController ctor
01-01 00:00:25.910 497 497 E TcUtils : NLMSG_ERROR message return error: -2
01-01 00:00:25.912 497 497 E TcUtils : NLMSG_ERROR message return error: -2
01-01 00:00:25.914 497 497 E TcUtils : NLMSG_ERROR message return error: -2
01-01 00:00:25.914 497 497 E TcUtils : NLMSG_ERROR message return error: -2
01-01 00:00:25.914 497 497 E TcUtils : NLMSG_ERROR message return error: -2
01-01 00:00:25.915 497 497 E TcUtils : NLMSG_ERROR message return error: -2
01-01 00:00:25.915 497 497 E TcUtils : NLMSG_ERROR message return error: -2
01-01 00:00:25.915 497 497 E TcUtils : NLMSG_ERROR message return error: -2
01-01 00:00:25.915 497 497 E TcUtils : NLMSG_ERROR message return error: -2
01-01 00:00:25.915 497 497 E TcUtils : NLMSG_ERROR message return error: -2
01-01 00:00:25.915 497 497 E TcUtils : NLMSG_ERROR message return error: -2
01-01 00:00:25.916 497 497 E TcUtils : NLMSG_ERROR message return error: -2
01-01 00:00:25.916 497 497 E TcUtils : NLMSG_ERROR message return error: -2
01-01 00:00:25.916 497 497 E TcUtils : NLMSG_ERROR message return error: -2
01-01 00:00:25.916 497 497 E TcUtils : NLMSG_ERROR message return error: -2
01-01 00:00:25.916 497 497 I netd : leave NetworkController ctor
01-01 00:00:25.916 497 497 I netd : enter TetherController ctor
01-01 00:00:25.917 497 497 D TetherController: Setting IP forward enable = 0
01-01 00:00:25.928 497 497 I netd : leave TetherController ctor
01-01 00:00:25.938 1 1 I init : processing action (early-boot) from (/system/etc/init/kcmdlinectrl.rc:17)
01-01 00:00:25.939 1 1 I init : starting service 'exec 13 (/system/bin/kcmdlinectrl update-props)'...
01-01 00:00:25.949 1 1 I init : ... started service 'exec 13 (/system/bin/kcmdlinectrl update-props)' has pid 504
01-01 00:00:25.949 1 1 I init : processing action (early-boot) from (/vendor/etc/init/init.am62p.usb.rc:1)
01-01 00:00:25.960 499 499 I statsd : Statsd starts to listen to socket.
01-01 00:00:25.970 1 1 I init : Command 'write /config/usb_gadget/g1/strings/0x409/serialnumber ${ro.serialno}' action=early-boot (/vendor/etc/init/init.am62p.usb.rc:7) took 2ms and failed: property 'ro.serialno' doesn't exist while expanding '${ro.serialno}'
01-01 00:00:25.985 162 162 I : file system registered
01-01 00:00:26.010 504 504 I kcmdlinectrl: [libfstab] Using Android DT directory /proc/device-tree/firmware/android/
01-01 00:00:26.025 1 1 I init : Service 'exec 13 (/system/bin/kcmdlinectrl update-props)' (pid 504) exited with status 0 oneshot service took 0.079000 seconds in background
01-01 00:00:26.025 1 1 I init : Sending signal 9 to service 'exec 13 (/system/bin/kcmdlinectrl update-props)' (pid 504) process group...
01-01 00:00:26.026 1 1 I libprocessgroup: Removed cgroup /sys/fs/cgroup/uid_0/pid_504
01-01 00:00:26.056 1 1 I init : processing action (boot) from (/system/etc/init/hw/init.rc:1147)
01-01 00:00:26.087 497 497 I netd : Creating child chains: 129118us
01-01 00:00:26.087 497 497 I netd : Setting up OEM hooks: 519us
01-01 00:00:26.087 1 1 I init : starting service 'hidl_memory'...
01-01 00:00:26.090 497 497 I netd : Setting up FirewallController hooks: 2951us
01-01 00:00:26.097 497 497 I netd : Setting up TetherController hooks: 7368us
01-01 00:00:26.104 497 497 I netd : Setting up BandwidthController hooks: 6031us
01-01 00:00:26.104 497 497 I netd : Setting up IdletimerController hooks: 245us
01-01 00:00:26.101 1 1 I init : ... started service 'hidl_memory' has pid 510
01-01 00:00:26.102 1 1 I init : starting service 'vendor.camera.provider-ext'...
01-01 00:00:26.114 497 497 I netd : Setting up StrictController hooks: 10272us
01-01 00:00:26.123 497 497 I netd : Setting up connmark hooks: 8542us
01-01 00:00:26.123 1 1 I init : ... started service 'vendor.camera.provider-ext' has pid 511
01-01 00:00:26.123 1 1 I init : service 'vendor.graphics.allocator' requested start, but it is already running (flags: 4)
01-01 00:00:26.124 1 1 I init : starting service 'vendor.light-default'...
01-01 00:00:26.141 497 497 I netd : Enabling bandwidth control: 18147us
01-01 00:00:26.146 1 1 I init : ... started service 'vendor.light-default' has pid 512
01-01 00:00:26.146 1 1 I init : starting service 'android-hardware-media-c2-v4l2-hal-1-2'...
01-01 00:00:26.150 497 497 I netd : Initializing RouteController: 8532us
01-01 00:00:26.150 497 497 D XfrmController: XfrmController::ipSecAddXfrmInterface, line=1495
01-01 00:00:26.152 497 497 D XfrmController: XfrmController::ipSecRemoveTunnelInterface, line=1708
01-01 00:00:26.152 497 497 D XfrmController: deviceName=ipsec_test
01-01 00:00:26.159 163 163 E selinux : SELinux: Could not stat /sys/devices/virtual/net/ipsec_test: No such file or directory.
01-01 00:00:26.173 1 1 I init : ... started service 'android-hardware-media-c2-v4l2-hal-1-2' has pid 513
01-01 00:00:26.173 1 1 I init : service 'vendor.hwcomposer-3' requested start, but it is already running (flags: 4)
01-01 00:00:26.174 1 1 I init : starting service 'vendor.memtrack-default'...
01-01 00:00:26.181 243 243 I hwservicemanager: getFrameworkHalManifest: Reloading VINTF information.
01-01 00:00:26.182 243 243 I hwservicemanager: getFrameworkHalManifest: Reading VINTF information.
01-01 00:00:26.186 497 497 D XfrmController: Sending Netlink XFRM Message: XFRM_MSG_FLUSHSA
01-01 00:00:26.186 497 497 D XfrmController: Sending Netlink XFRM Message: XFRM_MSG_FLUSHPOLICY
01-01 00:00:26.186 497 497 I netd : Initializing XfrmController: 36904us
01-01 00:00:26.206 1 1 I init : ... started service 'vendor.memtrack-default' has pid 518
01-01 00:00:26.217 497 497 I resolv : resolv_init: Initializing resolver
01-01 00:00:26.226 1 1 I init : starting service 'vendor.audio-hal-aidl'...
01-01 00:00:26.228 512 512 W android.hardwar: type=1400 audit(0.0:5): avc: denied { read } for name="backlight" dev="sysfs" ino=4266 scontext=u:r:hal_light_default:s0 tcontext=u:object_r:sysfs:s0 tclass=dir permissive=0
01-01 00:00:26.228 512 512 W android.hardwar: type=1400 audit(0.0:6): avc: denied { read } for name="max_brightness" dev="sysfs" ino=37090 scontext=u:r:hal_light_default:s0 tcontext=u:object_r:sysfs:s0 tclass=file permissive=0
01-01 00:00:26.228 512 512 W android.hardwar: type=1400 audit(0.0:7): avc: denied { read } for name="max_brightness" dev="sysfs" ino=37090 scontext=u:r:hal_light_default:s0 tcontext=u:object_r:sysfs:s0 tclass=file permissive=0
01-01 00:00:26.232 512 512 W android.hardwar: type=1400 audit(0.0:8): avc: denied { read } for name="max_brightness" dev="sysfs" ino=37072 scontext=u:r:hal_light_default:s0 tcontext=u:object_r:sysfs:s0 tclass=file permissive=0
01-01 00:00:26.232 512 512 W android.hardwar: type=1400 audit(0.0:9): avc: denied { read } for name="max_brightness" dev="sysfs" ino=37072 scontext=u:r:hal_light_default:s0 tcontext=u:object_r:sysfs:s0 tclass=file permissive=0
01-01 00:00:26.232 512 512 W android.hardwar: type=1400 audit(0.0:10): avc: denied { read } for name="max_brightness" dev="sysfs" ino=37054 scontext=u:r:hal_light_default:s0 tcontext=u:object_r:sysfs:s0 tclass=file permissive=0
01-01 00:00:26.232 512 512 W android.hardwar: type=1400 audit(0.0:11): avc: denied { read } for name="max_brightness" dev="sysfs" ino=37054 scontext=u:r:hal_light_default:s0 tcontext=u:object_r:sysfs:s0 tclass=file permissive=0
01-01 00:00:26.231 512 512 E android.hardware.lights-service: Failed to open /sys/class/backlight
01-01 00:00:26.232 512 512 I android.hardware.lights-service: Found 0 backlights
01-01 00:00:26.234 512 512 E android.hardware.lights-service: Failed to read `max_brightness` for /sys/class/leds/input0::scrolllock
01-01 00:00:26.234 512 512 E android.hardware.lights-service: Failed to read `max_brightness` for /sys/class/leds/input0::capslock
01-01 00:00:26.235 243 243 I hwservicemanager: Loaded APEX Infos from /apex/apex-info-list.xml
01-01 00:00:26.235 512 512 E android.hardware.lights-service: Failed to read `max_brightness` for /sys/class/leds/input0::numlock
01-01 00:00:26.235 512 512 I android.hardware.lights-service: Found 3 leds
01-01 00:00:26.239 243 243 I hwservicemanager: getDeviceHalManifest: Reloading VINTF information.
01-01 00:00:26.239 243 243 I hwservicemanager: getDeviceHalManifest: Reading VINTF information.
01-01 00:00:26.244 242 242 I servicemanager: Caller(pid=512,uid=1000,sid=u:r:hal_light_default:s0) Found android.hardware.light.ILights/default in device VINTF manifest.
01-01 00:00:26.246 243 243 I hwservicemanager: Loaded APEX Infos from /apex/apex-info-list.xml
01-01 00:00:26.254 243 243 I hwservicemanager: getDeviceHalManifest: Successfully processed VINTF information
01-01 00:00:26.254 243 243 I hwservicemanager: getFrameworkHalManifest: Successfully processed VINTF information
01-01 00:00:26.262 510 510 I HidlServiceManagement: Registered android.hidl.allocator@1.0::IAllocator/ashmem
01-01 00:00:26.263 510 510 I HidlServiceManagement: Removing namespace from process name android.hidl.allocator@1.0-service to allocator@1.0-service.
01-01 00:00:26.264 1 1 I init : ... started service 'vendor.audio-hal-aidl' has pid 521
01-01 00:00:26.265 1 1 I init : starting service 'vendor.audio-effect-hal-aidl'...
01-01 00:00:26.275 1 1 I init : ... started service 'vendor.audio-effect-hal-aidl' has pid 522
01-01 00:00:26.277 1 1 I init : starting service 'vendor.camera.provider-libcamera'...
01-01 00:00:26.288 1 1 I init : ... started service 'vendor.camera.provider-libcamera' has pid 523
01-01 00:00:26.319 242 242 I servicemanager: Caller(pid=518,uid=9999,sid=u:r:hal_memtrack_default:s0) Found android.hardware.memtrack.IMemtrack/default in device VINTF manifest.
01-01 00:00:26.669 511 511 I android.hardware.camera.provider-V1-external-service: CameraProvider: external webcam service is starting.
01-01 00:00:26.672 511 511 I ExtCamUtils: loadFromCfg: load external camera config succeeded!
01-01 00:00:26.672 511 511 I ExtCamUtils: loadFromCfg: depth output is not enabled
01-01 00:00:26.672 511 511 I ExtCamUtils: loadFromCfg: no minimum stream size specified
01-01 00:00:26.672 511 511 I ExtCamUtils: loadFromCfg: no sensor orientation specified
01-01 00:00:26.673 511 511 I ExtCamUtils: loadFromCfg: external camera cfg loaded: maxJpgBufSize 3145728, num video buffers 4, num still buffers 2, orientation 0
01-01 00:00:26.673 511 511 I ExtCamUtils: loadFromCfg: fpsLimitList: 640x480@30.000000
01-01 00:00:26.673 511 511 I ExtCamUtils: loadFromCfg: fpsLimitList: 1280x720@15.000000
01-01 00:00:26.673 511 511 I ExtCamUtils: loadFromCfg: fpsLimitList: 1920x1080@10.000000
01-01 00:00:26.673 511 511 I ExtCamUtils: loadFromCfg: minStreamSize: 0x0
01-01 00:00:26.674 511 525 W ExtCamPrvdr: deviceAdded device /dev/video0 does not support VIDEO_CAPTURE
01-01 00:00:26.674 511 525 W ExtCamPrvdr: deviceAdded device /dev/video1 does not support VIDEO_CAPTURE
01-01 00:00:26.678 242 242 I servicemanager: Caller(pid=511,uid=1047,sid=u:r:hal_camera_default:s0) Found android.hardware.camera.provider.ICameraProvider/external/0 in device VINTF manifest.
01-01 00:00:26.806 497 497 I netd : Registering NetdNativeService: 1023us
01-01 00:00:26.807 497 497 I netd : Registering MDnsService: 1083us
01-01 00:00:26.810 243 243 I hwservicemanager: getTransport: Cannot find entry android.system.net.netd@1.1::INetd/default in either framework or device VINTF manifest.
01-01 00:00:26.811 497 497 E HidlServiceManagement: Service android.system.net.netd@1.1::INetd/default must be in VINTF manifest in order to register/get.
01-01 00:00:26.811 497 497 E Netd : Unable to start HIDL NetdHwService: -2147483648
01-01 00:00:26.811 497 497 I netd : Registering NetdHwService: 4010us
01-01 00:00:26.812 497 497 I netd : Netd started in 952606us
01-01 00:00:26.813 242 242 I servicemanager: Caller(pid=497,uid=0,sid=u:r:netd:s0) Found android.system.net.netd.INetd/default in framework VINTF manifest.
01-01 00:00:26.826 1 1 I init : starting service 'vendor.cas-default'...
01-01 00:00:26.827 500 500 D AndroidRuntime: >>>>>> START com.android.internal.os.ZygoteInit uid 0 <<<<<<
01-01 00:00:26.839 1 1 I init : ... started service 'vendor.cas-default' has pid 532
01-01 00:00:26.847 1 1 I init : starting service 'vendor.drm-clearkey-service'...
01-01 00:00:26.858 1 1 I init : ... started service 'vendor.drm-clearkey-service' has pid 533
01-01 00:00:26.864 1 1 I init : starting service 'vendor.power-default'...
01-01 00:00:26.883 1 1 I init : ... started service 'vendor.power-default' has pid 534
01-01 00:00:26.884 1 1 I init : starting service 'vendor.power.stats-default'...
01-01 00:00:26.897 1 1 I init : ... started service 'vendor.power.stats-default' has pid 535
01-01 00:00:26.923 513 513 D android.hardware.media.c2@1.0-service-v4l2: Service starting...
01-01 00:00:26.917 1 1 I init : starting service 'vendor.thermal-ti'...
01-01 00:00:26.928 513 513 W android.hardware.media.c2@1.2-service-v4l2-64: libminijail[513]: failed to get path of fd 4: No such file or directory
01-01 00:00:26.929 513 513 W android.hardware.media.c2@1.2-service-v4l2-64: libminijail[513]: allowing syscall: connect
01-01 00:00:26.929 513 513 W android.hardware.media.c2@1.2-service-v4l2-64: libminijail[513]: allowing syscall: fcntl
01-01 00:00:26.929 513 513 W android.hardware.media.c2@1.2-service-v4l2-64: libminijail[513]: allowing syscall: sendto
01-01 00:00:26.929 513 513 W android.hardware.media.c2@1.2-service-v4l2-64: libminijail[513]: allowing syscall: socket
01-01 00:00:26.929 513 513 W android.hardware.media.c2@1.2-service-v4l2-64: libminijail[513]: allowing syscall: writev
01-01 00:00:26.930 513 513 W android.hardware.media.c2@1.2-service-v4l2-64: libminijail[513]: compile_file: (75): syscall munmap redefined here
01-01 00:00:26.930 513 513 W android.hardware.media.c2@1.2-service-v4l2-64: libminijail[513]: compile_file: (39): previous definition here
01-01 00:00:26.931 513 513 W android.hardware.media.c2@1.2-service-v4l2-64: libminijail[513]: logging seccomp filter failures
01-01 00:00:26.934 513 513 D android.hardware.media.c2@1.0-service-v4l2: Instantiating Codec2's V4L2 IComponentStore service...
01-01 00:00:26.936 1 1 I init : ... started service 'vendor.thermal-ti' has pid 536
01-01 00:00:26.945 242 242 I servicemanager: Caller(pid=532,uid=1013,sid=u:r:hal_cas_default:s0) Found android.hardware.cas.IMediaCasService/default in device VINTF manifest.
01-01 00:00:26.950 1 1 I init : starting service 'vendor.usb-hal'...
01-01 00:00:26.951 513 513 E Codec2-FilterWrapper: plugin not OK: -19
01-01 00:00:26.982 1 1 I init : ... started service 'vendor.usb-hal' has pid 539
01-01 00:00:26.988 1 1 I init : starting service 'vendor.health-cuttlefish'...
01-01 00:00:27.003 1 1 I init : ... started service 'vendor.health-cuttlefish' has pid 542
01-01 00:00:27.003 1 1 I init : Command 'class_start hal' action=boot (/system/etc/init/hw/init.rc:1253) took 921ms and succeeded
01-01 00:00:27.003 1 1 I init : service 'ueventd' requested start, but it is already running (flags: 2084)
01-01 00:00:27.003 1 1 I init : service 'console' requested start, but it is already running (flags: 2196)
01-01 00:00:27.004 1 1 I init : starting service 'pvrsrvinit'...
01-01 00:00:27.021 1 1 I init : ... started service 'pvrsrvinit' has pid 543
01-01 00:00:27.022 1 1 I init : service 'apexd' requested start, but it is already running (flags: 134)
01-01 00:00:27.022 1 1 I init : starting service 'audioserver'...
01-01 00:00:27.035 1 1 I init : ... started service 'audioserver' has pid 544
01-01 00:00:27.035 1 1 I init : service 'bootanim' requested start, but it is already running (flags: 134)
01-01 00:00:27.036 1 1 I init : starting service 'credstore'...
01-01 00:00:27.047 513 513 I HidlServiceManagement: Registered android.hardware.media.c2@1.2::IComponentStore/default
