01-01 00:00:27.048 513 513 I HidlServiceManagement: Removing namespace from process name android.hardware.media.c2@1.2-service-v4l2-64 to c2@1.2-service-v4l2-64.
01-01 00:00:27.057 513 513 I android.hardware.media.c2@1.0-service-v4l2: Codec2's IComponentStore service created.
01-01 00:00:27.059 536 536 W android.hardware.thermal-service.ti: loadDevices - Ignoring sensor main2-thermal)
01-01 00:00:27.069 1 1 I init : ... started service 'credstore' has pid 546
01-01 00:00:27.070 1 1 I init : starting service 'gpu'...
01-01 00:00:27.090 1 1 I init : ... started service 'gpu' has pid 547
01-01 00:00:27.090 1 1 I init : service 'lmkd' requested start, but it is already running (flags: 36)
01-01 00:00:27.090 1 1 I init : starting service 'misctrl'...
01-01 00:00:27.105 1 1 I init : ... started service 'misctrl' has pid 548
01-01 00:00:27.105 1 1 I init : service 'servicemanager' requested start, but it is already running (flags: 2084)
01-01 00:00:27.105 1 1 I init : service 'surfaceflinger' requested start, but it is already running (flags: 4)
01-01 00:00:27.105 1 1 I init : service 'vold' requested start, but it is already running (flags: 2052)
01-01 00:00:27.106 1 1 I init : Command 'class_start core' action=boot (/system/etc/init/hw/init.rc:1255) took 102ms and succeeded
01-01 00:00:27.106 1 1 I init : Service 'pvrsrvinit' (pid 543) exited with status 1 oneshot service took 0.095000 seconds in background
01-01 00:00:27.106 1 1 I init : Sending signal 9 to service 'pvrsrvinit' (pid 543) process group...
01-01 00:00:27.106 1 1 I libprocessgroup: Removed cgroup /sys/fs/cgroup/uid_0/pid_543
01-01 00:00:27.112 1 1 I init : processing action (persist.sys.usb.config=* && boot) from (/system/etc/init/hw/init.usb.rc:109)
01-01 00:00:27.116 1 1 I init : processing action (boot) from (/vendor/etc/init/hw/init.am62p.rc:67)
01-01 00:00:27.116 536 536 I thermal_service_ti: Thermal Service started successfully.
01-01 00:00:27.117 242 242 I servicemanager: Caller(pid=533,uid=1013,sid=u:r:hal_drm_clearkey_aidl:s0) Found android.hardware.drm.IDrmFactory/clearkey in device VINTF manifest.
01-01 00:00:27.118 242 242 I servicemanager: Caller(pid=536,uid=9999,sid=u:r:hal_thermal_default:s0) Found android.hardware.thermal.IThermal/default in device VINTF manifest.
01-01 00:00:27.118 1 1 I init : processing action (boot) from (/system/etc/init/dumpstate.rc:1)
01-01 00:00:27.120 1 1 I init : Command 'chown root mount /sys/kernel/debug/mmc0/mmc0:0001/ext_csd' action=boot (/system/etc/init/dumpstate.rc:3) took 1ms and failed: lchown() failed: Permission denied
01-01 00:00:27.120 1 1 I init : Command 'chmod 0440 /sys/kernel/debug/mmc0/mmc0:0001/ext_csd' action=boot (/system/etc/init/dumpstate.rc:4) took 0ms and failed: fchmodat() failed: Permission denied
01-01 00:00:27.120 1 1 I init : processing action (boot) from (/system/etc/init/gsid.rc:25)
01-01 00:00:27.121 1 1 I init : starting service 'exec 14 (/system/bin/gsid run-startup-tasks)'...
01-01 00:00:27.122 542 542 I android.hardware.health-service.cuttlefish: Starting health HAL.
01-01 00:00:27.124 542 542 I android.hardware.health-service.cuttlefish: default instance initializing with healthd_config...
01-01 00:00:27.120 542 542 W android.hardwar: type=1400 audit(0.0:12): avc: denied { read } for name="type" dev="sysfs" ino=33424 scontext=u:r:hal_health_default:s0 tcontext=u:object_r:sysfs:s0 tclass=file permissive=0
01-01 00:00:27.125 542 542 W healthd : No battery devices found
01-01 00:00:27.131 242 242 I servicemanager: Caller(pid=542,uid=1000,sid=u:r:hal_health_default:s0) Found android.hardware.health.IHealth/default in device VINTF manifest.
01-01 00:00:27.130 542 542 I android.hardware.health-service.cuttlefish: default: Hal init done
01-01 00:00:27.136 1 1 I init : ... started service 'exec 14 (/system/bin/gsid run-startup-tasks)' has pid 549
01-01 00:00:27.136 1 1 I init : processing action (persist.device_config.aconfig_flags.profcollect_native_boot.enabled= && boot) from (/system/etc/init/profcollectd.rc:19)
01-01 00:00:27.136 542 542 I HealthLoop: Successfully attached the BPF filter to the uevent socket
01-01 00:00:27.137 1 1 I init : starting service 'exec 15 (/system/bin/profcollectctl reset)'...
01-01 00:00:27.137 542 542 W healthd : battery none chg=
01-01 00:00:27.157 1 1 I init : ... started service 'exec 15 (/system/bin/profcollectctl reset)' has pid 550
01-01 00:00:27.157 1 1 I init : processing action (boot) from (/vendor/etc/init/init.am62p.usb.rc:94)
01-01 00:00:27.164 1 1 I init : processing action (boot) from (/apex/com.android.hardware.usb.generic/etc/android.hardware.usb.generic.rc:6)
01-01 00:00:27.170 548 548 I misctrl : [libfstab] Using Android DT directory /proc/device-tree/firmware/android/
01-01 00:00:27.167 1 1 I init : processing action (enable_property_trigger) from (:0)
01-01 00:00:27.168 1 1 I init : processing action (bootreceiver.enable=1 && ro.product.cpu.abilist64=*) from (/system/etc/init/hw/init.rc:688)
01-01 00:00:27.184 1 1 W init : type=1400 audit(0.0:13): avc: denied { write } for name="error_report_end" dev="tracefs" ino=10908 scontext=u:r:init:s0 tcontext=u:object_r:debugfs_bootreceiver_tracing:s0 tclass=dir permissive=0
01-01 00:00:27.190 1 1 I init : processing action (net.tcp_def_init_rwnd=*) from (/system/etc/init/hw/init.rc:1285)
01-01 00:00:27.192 1 1 I init : processing action (security.perf_harden=1) from (/system/etc/init/hw/init.rc:1310)
01-01 00:00:27.194 1 1 I init : processing action (ro.debuggable=1) from (/system/etc/init/hw/init.rc:1347)
01-01 00:00:27.196 1 1 I init : processing action (apexd.status=ready && ro.product.cpu.abilist64=*) from (/system/etc/init/hw/init.boringssl.zygote64.rc:3)
01-01 00:00:27.346 548 548 I misctrl : System reserved space empty? 1
01-01 00:00:27.354 1 1 I init : starting service 'boringssl_self_test_apex64'...
01-01 00:00:27.369 1 1 I init : ... started service 'boringssl_self_test_apex64' has pid 553
01-01 00:00:27.369 1 1 I init : SVC_EXEC service 'boringssl_self_test_apex64' pid 553 (uid 9999 gid 0+0 context default) started; waiting...
01-01 00:00:27.370 1 1 I init : Command 'exec_start boringssl_self_test_apex64' action=apexd.status=ready && ro.product.cpu.abilist64=* (/system/etc/init/hw/init.boringssl.zygote64.rc:4) took 173ms and succeeded
01-01 00:00:27.370 1 1 I init : Service 'misctrl' (pid 548) exited with status 1 oneshot service took 0.273000 seconds in background
01-01 00:00:27.370 1 1 I init : Sending signal 9 to service 'misctrl' (pid 548) process group...
01-01 00:00:27.371 1 1 I libprocessgroup: Removed cgroup /sys/fs/cgroup/uid_0/pid_548
01-01 00:00:27.377 546 546 I credstore: Registered binder service
01-01 00:00:27.492 242 242 I servicemanager: Caller(pid=534,uid=9999,sid=u:r:hal_power_default:s0) Found android.hardware.power.IPower/default in device VINTF manifest.
01-01 00:00:27.496 242 242 I servicemanager: Caller(pid=535,uid=1000,sid=u:r:hal_power_stats_default:s0) Found android.hardware.power.stats.IPowerStats/default in device VINTF manifest.
01-01 00:00:27.497 1 1 I init : Service 'exec 14 (/system/bin/gsid run-startup-tasks)' (pid 549) exited with status 0 oneshot service took 0.369000 seconds in background
01-01 00:00:27.497 1 1 I init : Sending signal 9 to service 'exec 14 (/system/bin/gsid run-startup-tasks)' (pid 549) process group...
01-01 00:00:27.497 1 1 I libprocessgroup: Removed cgroup /sys/fs/cgroup/uid_0/pid_549
01-01 00:00:27.632 544 544 I FastMixerState: sMaxFastTracks = 8
01-01 00:00:27.651 544 544 D audioserver: main: starting
01-01 00:00:27.653 544 544 V MediaUtils: physMem: 7510867968
01-01 00:00:27.653 544 544 V MediaUtils: requested limit: 536870912
01-01 00:00:27.653 544 544 I libc : malloc_limit: Allocation limit enabled, max size 536870912 bytes
01-01 00:00:27.657 544 544 D audio_utils::mutex: get_enable_flag: mutex_priority_inheritance: true
01-01 00:00:27.660 544 544 I FactoryHal: hasAidlHalService android.hardware.audio.core.IModule/default: true, version AudioHalVersion{type: AIDL, major: 1, minor: 0}
01-01 00:00:27.662 242 242 I servicemanager: Caller(pid=544,uid=1041,sid=u:r:audioserver:s0) Found android.hardware.audio.core.IModule/default in device VINTF manifest.
01-01 00:00:27.661 544 544 I FactoryHal: hasAidlHalService android.hardware.audio.effect.IFactory/default: true, version AudioHalVersion{type: AIDL, major: 1, minor: 0}
01-01 00:00:27.663 242 242 I servicemanager: Caller(pid=544,uid=1041,sid=u:r:audioserver:s0) Found android.hardware.audio.effect.IFactory/default in device VINTF manifest.
01-01 00:00:27.712 242 242 I servicemanager: Caller(pid=544,uid=1041,sid=u:r:audioserver:s0) Since 'android.hardware.audio.core.IConfig/default' could not be found trying to start it as a lazy AIDL service. (if it's not configured to be a lazy service, it may be stuck starting or still starting).
01-01 00:00:27.714 1 1 E init : Control message: Could not find 'aidl/android.hardware.audio.core.IConfig/default' for ctl.interface_start from pid: 242 (/system/bin/servicemanager)
01-01 00:00:27.728 242 560 W libc : Unable to set property "ctl.interface_start" to "aidl/android.hardware.audio.core.IConfig/default": PROP_ERROR_HANDLE_CONTROL_MESSAGE (0x20)
01-01 00:00:27.730 560 560 I servicemanager: Caller(pid=544,uid=1041,sid=u:r:audioserver:s0) Tried to start aidl service android.hardware.audio.core.IConfig/default as a lazy service, but was unable to. Usually this happens when a service is not installed, but if the service is intended to be used as a lazy service, then it may be configured incorrectly.
01-01 00:00:27.813 1 1 I init : Service 'exec 15 (/system/bin/profcollectctl reset)' (pid 550) exited with status 0 oneshot service took 0.661000 seconds in background
01-01 00:00:27.813 1 1 I init : Sending signal 9 to service 'exec 15 (/system/bin/profcollectctl reset)' (pid 550) process group...
01-01 00:00:27.814 1 1 I libprocessgroup: Removed cgroup /sys/fs/cgroup/uid_0/pid_550
01-01 00:00:27.932 522 522 D android.hardware.audio.effect.service-aidl.ti: config_file_path effect lib path /apex/com.android.hardware.audio.ti/etc/audio_effects_config.xml
01-01 00:00:27.934 522 522 D android.hardware.audio.effect.service-aidl.ti: config_file_path: Unable to resolve config file path in APEX
01-01 00:00:27.935 522 522 D android.hardware.audio.effect.service-aidl.ti: main: start factory with configFile:/vendor/etc/audio_effects_config.xml
01-01 00:00:27.937 522 522 D AHAL_EffectConfig: resolveLibrary effect lib path /apex/com.android.hardware.audio.ti/lib64/soundfx/libbundleaidl_ti.so
01-01 00:00:27.974 522 522 D AHAL_EffectConfig: parseLibrary bundle : /apex/com.android.hardware.audio.ti/lib64/soundfx/libbundleaidl_ti.so
01-01 00:00:27.975 522 522 D AHAL_EffectConfig: resolveLibrary effect lib path /apex/com.android.hardware.audio.ti/lib64/soundfx/libvisualizeraidl_ti.so
01-01 00:00:27.976 522 522 D AHAL_EffectConfig: parseLibrary visualizer : /apex/com.android.hardware.audio.ti/lib64/soundfx/libvisualizeraidl_ti.so
01-01 00:00:27.976 522 522 D AHAL_EffectConfig: EffectConfig successfully parsed /vendor/etc/audio_effects_config.xml, skipping 0 element(s)
01-01 00:00:27.977 522 522 D AHAL_EffectFactory: Factory with config file: /vendor/etc/audio_effects_config.xml
01-01 00:00:27.978 522 522 W AHAL_EffectFactory: createIdentityWithConfig loading lib /apex/com.android.hardware.audio.ti/lib64/soundfx/libbundleaidl_ti.so: typeUuid 0bed4300-ddd6-11db-8f34-0002a5d5c51b
01-01 00:00:27.978 522 522 W AHAL_EffectFactory: implUuid ce772f20-847d-11df-bb17-0002a5d5c51b proxyUuid null
01-01 00:00:28.106 242 242 I servicemanager: Caller(pid=539,uid=1000,sid=u:r:hal_usb_impl:s0) Found android.hardware.usb.IUsb/default in device VINTF manifest.
01-01 00:00:28.108 242 242 I servicemanager: Caller(pid=539,uid=1000,sid=u:r:hal_usb_impl:s0) Found android.hardware.usb.gadget.IUsbGadget/default in device VINTF manifest.
01-01 00:00:28.118 500 500 I AndroidRuntime: Using default boot image
01-01 00:00:28.118 500 500 I AndroidRuntime: Leaving lock profiling enabled
01-01 00:00:28.149 522 522 D AHAL_EffectFactory: openEffectLibrary dlopen lib: /apex/com.android.hardware.audio.ti/lib64/soundfx/libbundleaidl_ti.so
01-01 00:00:28.149 522 522 D AHAL_EffectFactory: impl:ce772f20-847d-11df-bb17-0002a5d5c51b
01-01 00:00:28.149 522 522 D AHAL_EffectFactory: handle:0xe978ad87f0cc6e49
01-01 00:00:28.149 522 522 W AHAL_EffectFactory: createIdentityWithConfig loading lib /apex/com.android.hardware.audio.ti/lib64/soundfx/libvisualizeraidl_ti.so: typeUuid e46b26a0-dddd-11db-8afd-0002a5d5c51b
01-01 00:00:28.149 522 522 W AHAL_EffectFactory: implUuid d069d9e0-8329-11df-9168-0002a5d5c51b proxyUuid null
01-01 00:00:28.153 521 521 I AHAL_Main: Init for Audio AIDL HAL
01-01 00:00:28.176 500 500 I zygote64: option[0]=-Xzygote
01-01 00:00:28.177 500 500 I zygote64: option[1]=-Xdeny-art-apex-data-files
01-01 00:00:28.177 500 500 I zygote64: option[2]=exit
01-01 00:00:28.178 500 500 I zygote64: option[3]=vfprintf
01-01 00:00:28.178 500 500 I zygote64: option[4]=sensitiveThread
01-01 00:00:28.178 500 500 I zygote64: option[5]=-verbose:gc
01-01 00:00:28.178 500 500 I zygote64: option[6]=-XX:PerfettoHprof=true
01-01 00:00:28.178 500 500 I zygote64: option[7]=-XX:PerfettoJavaHeapStackProf=true
01-01 00:00:28.178 500 500 I zygote64: option[8]=-Xprimaryzygote
01-01 00:00:28.178 500 500 I zygote64: option[9]=-Xms16m
01-01 00:00:28.178 500 500 I zygote64: option[10]=-Xmx512m
01-01 00:00:28.179 500 500 I zygote64: option[11]=-XX:HeapGrowthLimit=192m
01-01 00:00:28.179 500 500 I zygote64: option[12]=-XX:HeapMinFree=512k
01-01 00:00:28.179 500 500 I zygote64: option[13]=-XX:HeapMaxFree=8m
01-01 00:00:28.179 500 500 I zygote64: option[14]=-XX:HeapTargetUtilization=0.75
01-01 00:00:28.179 500 500 I zygote64: option[15]=-Xusejit:true
01-01 00:00:28.179 500 500 I zygote64: option[16]=-Xjitsaveprofilinginfo
01-01 00:00:28.179 500 500 I zygote64: option[17]=-XMadviseWillNeedVdexFileSize:104857600
01-01 00:00:28.179 500 500 I zygote64: option[18]=-XMadviseWillNeedOdexFileSize:104857600
01-01 00:00:28.179 500 500 I zygote64: option[19]=-XMadviseWillNeedArtFileSize:4294967295
01-01 00:00:28.179 500 500 I zygote64: option[20]=-XjdwpOptions:suspend=n,server=y
01-01 00:00:28.179 500 500 I zygote64: option[21]=-XjdwpProvider:default
01-01 00:00:28.179 500 500 I zygote64: option[22]=-Xopaque-jni-ids:swapable
01-01 00:00:28.179 500 500 I zygote64: option[23]=-Xlockprofthreshold:500
01-01 00:00:28.179 500 500 I zygote64: option[24]=-Xcompiler-option
01-01 00:00:28.179 500 500 I zygote64: option[25]=--instruction-set-variant=cortex-a53
01-01 00:00:28.179 500 500 I zygote64: option[26]=-Xcompiler-option
01-01 00:00:28.179 500 500 I zygote64: option[27]=--instruction-set-features=default
01-01 00:00:28.179 500 500 I zygote64: option[28]=-Xcompiler-option
01-01 00:00:28.179 500 500 I zygote64: option[29]=--generate-mini-debug-info
01-01 00:00:28.179 500 500 I zygote64: option[30]=-Ximage-compiler-option
01-01 00:00:28.180 500 500 I zygote64: option[31]=--runtime-arg
01-01 00:00:28.180 500 500 I zygote64: option[32]=-Ximage-compiler-option
01-01 00:00:28.180 500 500 I zygote64: option[33]=-Xms64m
01-01 00:00:28.180 500 500 I zygote64: option[34]=-Ximage-compiler-option
01-01 00:00:28.180 500 500 I zygote64: option[35]=--runtime-arg
01-01 00:00:28.180 500 500 I zygote64: option[36]=-Ximage-compiler-option
01-01 00:00:28.180 500 500 I zygote64: option[37]=-Xmx64m
01-01 00:00:28.180 500 500 I zygote64: option[38]=-Ximage-compiler-option
01-01 00:00:28.180 500 500 I zygote64: option[39]=--dirty-image-objects=/system/etc/dirty-image-objects
01-01 00:00:28.180 500 500 I zygote64: option[40]=-Ximage-compiler-option
01-01 00:00:28.180 500 500 I zygote64: option[41]=--instruction-set-variant=cortex-a53
01-01 00:00:28.180 500 500 I zygote64: option[42]=-Ximage-compiler-option
01-01 00:00:28.180 500 500 I zygote64: option[43]=--instruction-set-features=default
01-01 00:00:28.180 500 500 I zygote64: option[44]=-Ximage-compiler-option
01-01 00:00:28.180 500 500 I zygote64: option[45]=--generate-mini-debug-info
01-01 00:00:28.180 500 500 I zygote64: option[46]=-Duser.locale=en-US
01-01 00:00:28.180 500 500 I zygote64: option[47]=--cpu-abilist=arm64-v8a
01-01 00:00:28.180 500 500 I zygote64: option[48]=-Xcore-platform-api-policy:just-warn
01-01 00:00:28.180 500 500 I zygote64: option[49]=-Xfingerprint:TI/am62p/am62p:15/AP4A.250105.002.A1/eng.root:userdebug/test-keys
01-01 00:00:28.182 522 522 D AHAL_EffectFactory: openEffectLibrary dlopen lib: /apex/com.android.hardware.audio.ti/lib64/soundfx/libvisualizeraidl_ti.so
01-01 00:00:28.182 522 522 D AHAL_EffectFactory: impl:d069d9e0-8329-11df-9168-0002a5d5c51b
01-01 00:00:28.182 522 522 D AHAL_EffectFactory: handle:0xe78dde028b55c5f1
01-01 00:00:28.186 522 522 D android.hardware.audio.effect.service-aidl.ti: main: effectFactory: android.hardware.audio.effect.IFactory/default start
01-01 00:00:28.188 242 242 I servicemanager: Caller(pid=522,uid=1041,sid=u:r:hal_audio_default:s0) Found android.hardware.audio.effect.IFactory/default in device VINTF manifest.
01-01 00:00:28.215 500 500 W zygote64: ART APEX data files are untrusted.
01-01 00:00:28.216 500 500 I zygote64: Core platform API reporting enabled, enforcing=false
01-01 00:00:28.220 500 500 I zygote64: Using CollectorTypeCMC GC.
01-01 00:00:28.225 242 242 I servicemanager: Caller(pid=521,uid=1041,sid=u:r:hal_audio_default:s0) Found android.hardware.audio.core.IConfig/default in device VINTF manifest.
01-01 00:00:28.228 242 242 I BpBinder: onLastStrongRef automatically unlinking death recipients:
01-01 00:00:28.229 242 242 I servicemanager: Caller(pid=521,uid=1041,sid=u:r:hal_audio_default:s0) Found android.hardware.audio.core.IModule/default in device VINTF manifest.
01-01 00:00:28.232 242 242 I servicemanager: Caller(pid=521,uid=1041,sid=u:r:hal_audio_default:s0) Could not find android.hardware.audio.core.IModule/usb in the VINTF manifest. VINTF declared instances: bluetooth, default, r_submix.
01-01 00:00:28.232 521 521 E AHAL_Main: createModule: failed to register service for "android.hardware.audio.core.IModule/usb"
01-01 00:00:28.244 242 242 I servicemanager: Caller(pid=521,uid=1041,sid=u:r:hal_audio_default:s0) Found android.hardware.audio.core.IModule/r_submix in device VINTF manifest.
01-01 00:00:28.247 242 242 I servicemanager: Caller(pid=521,uid=1041,sid=u:r:hal_audio_default:s0) Found android.hardware.bluetooth.audio.IBluetoothAudioProviderFactory/default in device VINTF manifest.
01-01 00:00:28.249 242 242 I servicemanager: Caller(pid=521,uid=1041,sid=u:r:hal_audio_default:s0) Found android.hardware.audio.core.IModule/bluetooth in device VINTF manifest.
01-01 00:00:28.250 544 544 I FactoryHal: hasAidlHalService android.hardware.audio.effect.IFactory/default: true, version AudioHalVersion{type: AIDL, major: 1, minor: 0}
01-01 00:00:28.252 544 544 I FactoryHal: hasAidlHalService android.hardware.audio.core.IModule/default: true, version AudioHalVersion{type: AIDL, major: 1, minor: 0}
01-01 00:00:28.252 242 242 I servicemanager: Caller(pid=544,uid=1041,sid=u:r:audioserver:s0) Found android.hardware.audio.effect.IFactory/default in device VINTF manifest.
01-01 00:00:28.253 242 242 I servicemanager: Caller(pid=544,uid=1041,sid=u:r:audioserver:s0) Found android.hardware.audio.core.IModule/default in device VINTF manifest.
01-01 00:00:28.259 544 544 I EffectsFactoryHalAidl: EffectsFactoryHalAidl with 2 nonProxyEffects and 0 proxyEffects
01-01 00:00:28.268 544 544 W BatteryNotifier: batterystats service unavailable!
01-01 00:00:28.272 544 544 I ServiceManagerCppClient: Waiting for service 'media.metrics' on '/dev/binder'...
01-01 00:00:28.276 1 1 I init : Service 'boringssl_self_test_apex64' (pid 553) exited with status 0 waiting took 0.911000 seconds
01-01 00:00:28.276 1 1 I init : Sending signal 9 to service 'boringssl_self_test_apex64' (pid 553) process group...
01-01 00:00:28.276 1 1 I libprocessgroup: Removed cgroup /sys/fs/cgroup/uid_9999/pid_553
01-01 00:00:28.280 1 1 I init : processing action (ro.persistent_properties.ready=true) from (/system/etc/init/atrace.rc:407)
01-01 00:00:28.280 1 1 I init : processing action (init.svc.audioserver=running) from (/system/etc/init/audioserver.rc:37)
01-01 00:00:28.281 1 1 I init : Command 'start vendor.audio-hal' action=init.svc.audioserver=running (/system/etc/init/audioserver.rc:38) took 0ms and failed: service vendor.audio-hal not found
01-01 00:00:28.281 1 1 I init : service 'vendor.audio-hal-aidl' requested start, but it is already running (flags: 4)
01-01 00:00:28.281 1 1 I init : service 'vendor.audio-effect-hal-aidl' requested start, but it is already running (flags: 4)
01-01 00:00:28.281 1 1 I init : Command 'start vendor.audio-hal-4-0-msd' action=init.svc.audioserver=running (/system/etc/init/audioserver.rc:41) took 0ms and failed: service vendor.audio-hal-4-0-msd not found
01-01 00:00:28.281 1 1 I init : Command 'start audio_proxy_service' action=init.svc.audioserver=running (/system/etc/init/audioserver.rc:42) took 0ms and failed: service audio_proxy_service not found
01-01 00:00:28.281 1 1 I init : processing action (ro.persistent_properties.ready=true) from (/system/etc/init/bootstat.rc:57)
01-01 00:00:28.282 1 1 I init : processing action (ro.persistent_properties.ready=true) from (/system/etc/init/bootstat.rc:61)
01-01 00:00:28.284 1 1 I init : starting service 'exec 16 (/system/bin/bootstat --set_system_boot_reason)'...
01-01 00:00:28.295 1 1 I init : ... started service 'exec 16 (/system/bin/bootstat --set_system_boot_reason)' has pid 565
01-01 00:00:28.295 1 1 I init : processing action (bootreceiver.enable=1 && ro.product.cpu.abilist64=*) from (/system/etc/init/dmesgd.rc:7)
01-01 00:00:28.301 1 1 I init : processing action (persist.heapprofd.enable= && traced.lazy.heapprofd=) from (/system/etc/init/heapprofd.rc:49)
01-01 00:00:28.304 1 1 I init : processing action (kcmdline.binder=*) from (/system/etc/init/kcmdlinectrl.rc:20)
01-01 00:00:28.305 1 1 I init : start_waiting_for_property("kcmdline.loaded", "1"): already set
01-01 00:00:28.305 1 1 I init : starting service 'exec 17 (/system/bin/kcmdlinectrl store binder c)'...
01-01 00:00:28.326 1 1 I init : ... started service 'exec 17 (/system/bin/kcmdlinectrl store binder c)' has pid 566
01-01 00:00:28.326 1 1 I init : SVC_EXEC service 'exec 17 (/system/bin/kcmdlinectrl store binder c)' pid 566 (uid 0 gid 0+0 context default) started; waiting...
01-01 00:00:28.361 565 565 I bootstat: Service started: /system/bin/bootstat --set_system_boot_reason
01-01 00:00:28.364 565 565 I bootstat: Canonical boot reason: shutdown,shell
01-01 00:00:28.366 565 565 I bootstat: Canonical boot reason: shutdown,shell
01-01 00:00:28.373 566 566 I kcmdlinectrl: [libfstab] Using Android DT directory /proc/device-tree/firmware/android/
01-01 00:00:28.380 565 565 I bootstat: Last reboot reason read from /metadata/bootstat/persist.sys.boot.reason : shutdown,shell. Last reboot reason read from persist.sys.boot.reason : shutdown,shell
01-01 00:00:28.380 565 565 I bootstat: Normalized last reboot reason : shutdown,shell
01-01 00:00:28.390 1 1 I init : Service 'exec 17 (/system/bin/kcmdlinectrl store binder c)' (pid 566) exited with status 0 waiting took 0.072000 seconds
01-01 00:00:28.390 1 1 I init : Sending signal 9 to service 'exec 17 (/system/bin/kcmdlinectrl store binder c)' (pid 566) process group...
01-01 00:00:28.391 1 1 I libprocessgroup: Removed cgroup /sys/fs/cgroup/uid_0/pid_566
01-01 00:00:28.391 1 1 I init : processing action (ro.debuggable=1) from (/system/etc/init/llkd-debuggable.rc:1)
01-01 00:00:28.456 523 523 I android.hardware.camera.provider-V1-libcamera-service: LibcameraProvider libcamera service is starting.
01-01 00:00:28.460 1 1 I init : Command 'setprop llk.enable ${ro.llk.enable:-0}' action=ro.debuggable=1 (/system/etc/init/llkd-debuggable.rc:2) took 68ms and succeeded
01-01 00:00:28.461 1 1 I init : processing action (ro.debuggable=*) from (/system/etc/init/llkd.rc:2)
01-01 00:00:28.465 523 523 W libcamera: WARN IPAManager ipa_manager.cpp:154 No IPA found in '/vendor/lib64/libcamera'
01-01 00:00:28.464 1 1 I init : processing action (persist.logd.logpersistd=logcatd) from (/system/etc/init/logcatd.rc:25)
01-01 00:00:28.465 1 1 I init : processing action (debug.atrace.user_initiated= && persist.traced.enable=1) from (/system/etc/init/perfetto.rc:47)
01-01 00:00:28.466 1 1 I init : starting service 'traced_probes'...
01-01 00:00:28.468 523 523 I LibcameraProvider: Loaded "libcamera camera HALv3 module" camera module
01-01 00:00:28.474 242 242 I servicemanager: Caller(pid=523,uid=1047,sid=u:r:hal_camera_default:s0) Found android.hardware.camera.provider.ICameraProvider/libcamera/0 in device VINTF manifest.
01-01 00:00:28.478 1 1 I init : ... started service 'traced_probes' has pid 568
01-01 00:00:28.478 1 1 I init : processing action (persist.traced.enable=1) from (/system/etc/init/perfetto.rc:50)
01-01 00:00:28.497 1 1 I init : starting service 'traced'...
01-01 00:00:28.498 1 1 I init : Created socket '/dev/socket/traced_consumer', mode 666, user 0, group 0
01-01 00:00:28.500 1 1 I init : Created socket '/dev/socket/traced_producer', mode 666, user 0, group 0
01-01 00:00:28.521 1 1 I init : ... started service 'traced' has pid 569
01-01 00:00:28.521 1 1 I init : Service 'exec 16 (/system/bin/bootstat --set_system_boot_reason)' (pid 565) exited with status 0 oneshot service took 0.231000 seconds in background
01-01 00:00:28.521 1 1 I init : Sending signal 9 to service 'exec 16 (/system/bin/bootstat --set_system_boot_reason)' (pid 565) process group...
01-01 00:00:28.522 1 1 I libprocessgroup: Removed cgroup /sys/fs/cgroup/uid_1000/pid_565
01-01 00:00:28.522 1 1 I init : service 'traced_probes' requested start, but it is already running (flags: 132)
01-01 00:00:28.522 1 1 I init : processing action (ro.persistent_properties.ready=true) from (/system/etc/init/perfetto.rc:119)
01-01 00:00:28.523 1 1 I init : processing action (persist.debug.perfetto.persistent_sysui_tracing_for_bugreport=) from (/system/etc/init/perfetto.rc:178)
01-01 00:00:28.525 1 1 I init : processing action (persist.traced_perf.enable= && sys.init.perf_lsm_hooks=1 && traced.lazy.traced_perf=) from (/system/etc/init/traced_perf.rc:43)
01-01 00:00:28.527 1 1 I init : processing action (ro.boot.slot_suffix=*) from (/system/etc/init/update_engine.rc:9)
01-01 00:00:28.527 1 1 I init : processing action (nonencrypted) from (/system/etc/init/hw/init.rc:1257)
01-01 00:00:28.527 1 1 I init : service 'zygote' requested start, but it is already running (flags: 36)
01-01 00:00:28.528 1 1 I init : starting service 'cameraserver'...
01-01 00:00:28.542 1 1 I init : ... started service 'cameraserver' has pid 570
01-01 00:00:28.543 1 1 I init : starting service 'idmap2d'...
01-01 00:00:28.556 1 1 I init : ... started service 'idmap2d' has pid 571
01-01 00:00:28.556 1 1 I init : starting service 'incidentd'...
01-01 00:00:28.571 1 1 I init : ... started service 'incidentd' has pid 572
01-01 00:00:28.572 1 1 I init : starting service 'installd'...
01-01 00:00:28.586 1 1 I init : ... started service 'installd' has pid 573
01-01 00:00:28.587 1 1 I init : starting service 'mediaextractor'...
01-01 00:00:28.602 1 1 I init : ... started service 'mediaextractor' has pid 574
01-01 00:00:28.603 568 568 I perfetto: probes.cc:104 Starting /system/bin/traced_probes service
01-01 00:00:28.603 1 1 I init : starting service 'mediametrics'...
01-01 00:00:28.615 1 1 I init : ... started service 'mediametrics' has pid 576
01-01 00:00:28.616 1 1 I init : starting service 'media'...
01-01 00:00:28.624 568 568 I perfetto: probes_producer.cc:373 Disconnected from tracing service
01-01 00:00:28.628 1 1 I init : ... started service 'media' has pid 577
01-01 00:00:28.628 1 1 I init : service 'netd' requested start, but it is already running (flags: 4)
01-01 00:00:28.629 1 1 I init : starting service 'storaged'...
01-01 00:00:28.629 1 1 I init : Could not open file '/d/mmc0/mmc0:0001/ext_csd': Failed to open file '/d/mmc0/mmc0:0001/ext_csd': Permission denied
01-01 00:00:28.631 569 569 W perfetto: service.cc:232 Started traced, listening on /dev/socket/traced_producer /dev/socket/traced_consumer
01-01 00:00:28.672 1 1 I init : ... started service 'storaged' has pid 580
01-01 00:00:28.672 1 1 I init : starting service 'wificond'...
01-01 00:00:28.691 1 1 I init : ... started service 'wificond' has pid 581
01-01 00:00:28.695 1 1 I init : starting service 'media.swcodec'...
01-01 00:00:28.712 1 1 I init : ... started service 'media.swcodec' has pid 582
01-01 00:00:28.712 1 1 I init : service 'statsd' requested start, but it is already running (flags: 4)
01-01 00:00:28.713 1 1 I init : Command 'class_start main' action=nonencrypted (/system/etc/init/hw/init.rc:1258) took 185ms and succeeded
01-01 00:00:28.714 1 1 I init : starting service 'gatekeeperd'...
01-01 00:00:28.725 1 1 I init : ... started service 'gatekeeperd' has pid 583
01-01 00:00:28.725 1 1 I init : service 'traced' requested start, but it is already running (flags: 132)
01-01 00:00:28.725 1 1 I init : service 'traced_probes' requested start, but it is already running (flags: 132)
01-01 00:00:28.726 1 1 I init : starting service 'update_engine'...
01-01 00:00:28.739 1 1 I init : ... started service 'update_engine' has pid 585
01-01 00:00:28.740 1 1 I init : starting service 'usbd'...
01-01 00:00:28.750 1 1 I init : ... started service 'usbd' has pid 586
01-01 00:00:28.751 1 1 I init : processing action (load_persist_props_action) from (/system/etc/init/flags_health_check.rc:1)
01-01 00:00:28.752 1 1 I init : Verified that /data/server_configurable_flags has the encryption policy 30e84d2dce3eddcfc4cdc346717cef49 v2 modes 1/4 flags 0x2
01-01 00:00:28.753 1 1 I init : starting service 'exec 18 (/system/bin/flags_health_check BOOT_FAILURE)'...
01-01 00:00:28.763 1 1 I init : ... started service 'exec 18 (/system/bin/flags_health_check BOOT_FAILURE)' has pid 587
01-01 00:00:28.763 1 1 I init : SVC_EXEC service 'exec 18 (/system/bin/flags_health_check BOOT_FAILURE)' pid 587 (uid 1000 gid 1000+0 context default) started; waiting...
01-01 00:00:28.798 571 571 I idmap2d : Starting
01-01 00:00:28.836 568 568 I perfetto: probes_producer.cc:332 Connected to the service
01-01 00:00:29.111 574 574 I main_extractorservice: enable media.extractor memory limits
01-01 00:00:29.111 574 574 V MediaUtils: physMem: 7510867968
01-01 00:00:29.111 574 574 V MediaUtils: requested limit: 1502173580
01-01 00:00:29.112 574 574 I libc : malloc_limit: Allocation limit enabled, max size 1502173580 bytes
01-01 00:00:29.142 576 576 V MediaUtils: physMem: 7510867968
01-01 00:00:29.153 576 576 V MediaUtils: requested limit: 134217728
01-01 00:00:29.154 576 576 I libc : malloc_limit: Allocation limit enabled, max size 134217728 bytes
01-01 00:00:29.165 574 574 W mediaextractor: Could not read additional policy file '/vendor/etc/seccomp_policy/mediaextractor.policy'
01-01 00:00:29.166 574 574 W mediaextractor: libminijail[574]: failed to get path of fd 4: No such file or directory
01-01 00:00:29.166 574 574 W mediaextractor: libminijail[574]: allowing syscall: connect
01-01 00:00:29.166 574 574 W mediaextractor: libminijail[574]: allowing syscall: fcntl
01-01 00:00:29.166 574 574 W mediaextractor: libminijail[574]: allowing syscall: sendto
01-01 00:00:29.166 574 574 W mediaextractor: libminijail[574]: allowing syscall: socket
01-01 00:00:29.173 574 574 W mediaextractor: libminijail[574]: allowing syscall: writev
01-01 00:00:29.174 574 574 W mediaextractor: libminijail[574]: compile_file: (42): syscall readlinkat redefined here
01-01 00:00:29.174 574 574 W mediaextractor: libminijail[574]: compile_file: (38): previous definition here
01-01 00:00:29.181 574 574 W mediaextractor: libminijail[574]: compile_file: /apex/com.android.media/etc/seccomp_policy/crash_dump.arm64.policy(1): syscall read redefined here
01-01 00:00:29.181 574 574 W mediaextractor: libminijail[574]: compile_file: (18): previous definition here
01-01 00:00:29.181 574 574 W mediaextractor: libminijail[574]: compile_file: /apex/com.android.media/etc/seccomp_policy/crash_dump.arm64.policy(2): syscall write redefined here
01-01 00:00:29.182 574 574 W mediaextractor: libminijail[574]: compile_file: (6): previous definition here
01-01 00:00:29.182 574 574 W mediaextractor: libminijail[574]: compile_file: /apex/com.android.media/etc/seccomp_policy/crash_dump.arm64.policy(3): syscall exit redefined here
01-01 00:00:29.182 574 574 W mediaextractor: libminijail[574]: compile_file: (27): previous definition here
01-01 00:00:29.182 574 574 W mediaextractor: libminijail[574]: compile_file: /apex/com.android.media/etc/seccomp_policy/crash_dump.arm64.policy(4): syscall rt_sigreturn redefined here
01-01 00:00:29.182 574 574 W mediaextractor: libminijail[574]: compile_file: (29): previous definition here
01-01 00:00:29.182 574 574 W mediaextractor: libminijail[574]: compile_file: /apex/com.android.media/etc/seccomp_policy/crash_dump.arm64.policy(5): syscall exit_group redefined here
01-01 00:00:29.182 574 574 W mediaextractor: libminijail[574]: compile_file: (28): previous definition here
01-01 00:00:29.182 574 574 W mediaextractor: libminijail[574]: compile_file: /apex/com.android.media/etc/seccomp_policy/crash_dump.arm64.policy(8): syscall futex redefined here
01-01 00:00:29.182 574 574 W mediaextractor: libminijail[574]: compile_file: (4): previous definition here
01-01 00:00:29.182 574 574 W mediaextractor: libminijail[574]: compile_file: /apex/com.android.media/etc/seccomp_policy/crash_dump.arm64.policy(9): syscall getrandom redefined here
01-01 00:00:29.183 574 574 W mediaextractor: libminijail[574]: compile_file: (32): previous definition here
01-01 00:00:29.183 574 574 W mediaextractor: libminijail[574]: compile_file: /apex/com.android.media/etc/seccomp_policy/crash_dump.arm64.policy(14): syscall openat redefined here
01-01 00:00:29.183 574 574 W mediaextractor: libminijail[574]: compile_file: (12): previous definition here
01-01 00:00:29.183 574 574 W mediaextractor: libminijail[574]: compile_file: /apex/com.android.media/etc/seccomp_policy/crash_dump.arm64.policy(15): syscall dup redefined here
01-01 00:00:29.183 574 574 W mediaextractor: libminijail[574]: compile_file: (9): previous definition here
01-01 00:00:29.183 574 574 W mediaextractor: libminijail[574]: compile_file: /apex/com.android.media/etc/seccomp_policy/crash_dump.arm64.policy(16): syscall close redefined here
01-01 00:00:29.183 574 574 W mediaextractor: libminijail[574]: compile_file: (8): previous definition here
01-01 00:00:29.183 574 574 W mediaextractor: libminijail[574]: compile_file: /apex/com.android.media/etc/seccomp_policy/crash_dump.arm64.policy(17): syscall lseek redefined here
01-01 00:00:29.183 574 574 W mediaextractor: libminijail[574]: compile_file: (23): previous definition here
01-01 00:00:29.183 574 574 W mediaextractor: libminijail[574]: compile_file: /apex/com.android.media/etc/seccomp_policy/crash_dump.arm64.policy(18): syscall getdents64 redefined here
01-01 00:00:29.183 574 574 W mediaextractor: libminijail[574]: compile_file: (41): previous definition here
01-01 00:00:29.184 574 574 W mediaextractor: libminijail[574]: compile_file: /apex/com.android.media/etc/seccomp_policy/crash_dump.arm64.policy(19): syscall faccessat redefined here
01-01 00:00:29.184 574 574 W mediaextractor: libminijail[574]: compile_file: (25): previous definition here
01-01 00:00:29.184 574 574 W mediaextractor: libminijail[574]: compile_file: /apex/com.android.media/etc/seccomp_policy/crash_dump.arm64.policy(22): syscall setsockopt redefined here
01-01 00:00:29.184 574 574 W mediaextractor: libminijail[574]: compile_file: (56): previous definition here
01-01 00:00:29.184 574 574 W mediaextractor: libminijail[574]: compile_file: /apex/com.android.media/etc/seccomp_policy/crash_dump.arm64.policy(29): syscall prctl redefined here
01-01 00:00:29.184 574 574 W mediaextractor: libminijail[574]: compile_file: (5): previous definition here
01-01 00:00:29.193 574 574 W mediaextractor: libminijail[574]: compile_file: /apex/com.android.media/etc/seccomp_policy/crash_dump.arm64.policy(30): syscall madvise redefined here
01-01 00:00:29.194 574 574 W mediaextractor: libminijail[574]: compile_file: (14): previous definition here
01-01 00:00:29.194 574 574 W mediaextractor: libminijail[574]: compile_file: /apex/com.android.media/etc/seccomp_policy/crash_dump.arm64.policy(31): syscall mprotect redefined here
01-01 00:00:29.194 574 574 W mediaextractor: libminijail[574]: compile_file: (13): previous definition here
01-01 00:00:29.194 574 574 W mediaextractor: libminijail[574]: compile_file: /apex/com.android.media/etc/seccomp_policy/crash_dump.arm64.policy(32): syscall munmap redefined here
01-01 00:00:29.194 574 574 W mediaextractor: libminijail[574]: compile_file: (11): previous definition here
01-01 00:00:29.195 574 574 W mediaextractor: libminijail[574]: compile_file: /apex/com.android.media/etc/seccomp_policy/crash_dump.arm64.policy(33): syscall getuid redefined here
01-01 00:00:29.195 574 574 W mediaextractor: libminijail[574]: compile_file: (15): previous definition here
01-01 00:00:29.195 574 574 W mediaextractor: libminijail[574]: compile_file: /apex/com.android.media/etc/seccomp_policy/crash_dump.arm64.policy(34): syscall fstat redefined here
01-01 00:00:29.195 574 574 W mediaextractor: libminijail[574]: compile_file: (16): previous definition here
01-01 00:00:29.195 574 574 W mediaextractor: libminijail[574]: compile_file: /apex/com.android.media/etc/seccomp_policy/crash_dump.arm64.policy(35): syscall mmap redefined here
01-01 00:00:29.195 574 574 W mediaextractor: libminijail[574]: compile_file: (10): previous definition here
01-01 00:00:29.207 586 586 I usbd : persistent prop is adb
01-01 00:00:29.210 576 576 D AudioPowerUsage: AudioPowerUsage
01-01 00:00:29.211 576 576 D AudioAnalytics: AudioAnalytics
01-01 00:00:29.211 576 576 D MediaMetricsService: MediaMetricsService
01-01 00:00:29.219 574 574 W mediaextractor: libminijail[574]: logging seccomp filter failures
01-01 00:00:29.222 1 1 I init : starting service 'adbd'...
01-01 00:00:29.225 1 1 I init : Created socket '/dev/socket/adbd', mode 660, user 1000, group 1000
01-01 00:00:29.261 242 242 I servicemanager: Caller(pid=581,uid=1010,sid=u:r:wificond:s0) Could not find android.hardware.net.nlinterceptor.IInterceptor/default in the VINTF manifest. No alternative instances declared in VINTF.
01-01 00:00:29.270 1 1 I init : ... started service 'adbd' has pid 597
01-01 00:00:29.270 1 1 I init : Control message: Processed ctl.start for 'adbd' from pid: 586 (/system/bin/usbd)
01-01 00:00:29.277 586 586 I usbd : Usb AIDL HAL found.
01-01 00:00:29.280 539 539 I libusbconfigfs: setCurrentUsbFunctions None
01-01 00:00:29.280 539 539 I libusbconfigfs: Gadget cannot be pulled down
01-01 00:00:29.275 242 242 I servicemanager: Caller(pid=586,uid=0,sid=u:r:usbd:s0) Found android.hardware.usb.gadget.IUsbGadget/default in device VINTF manifest.
01-01 00:00:29.285 539 539 I android.hardware.usb.gadget-service.generic: mMonitor not running
01-01 00:00:29.285 539 539 I android.hardware.usb.gadget-service.generic: Returned from tearDown gadget
01-01 00:00:29.289 1 1 I init : Service 'usbd' (pid 586) exited with status 0 oneshot service took 0.543000 seconds in background
01-01 00:00:29.289 1 1 I init : Sending signal 9 to service 'usbd' (pid 586) process group...
01-01 00:00:29.290 1 1 I libprocessgroup: Removed cgroup /sys/fs/cgroup/uid_0/pid_586
01-01 00:00:29.290 544 544 I ServiceManagerCppClient: Waiting for service 'media.metrics' on '/dev/binder' successful after waiting 1019ms
01-01 00:00:29.309 587 587 I flags_health_check: ServerConfigurableFlagsReset reset_mode value: 0
01-01 00:00:29.310 587 587 I flags_health_check: ServerConfigurableFlagsReset attempted boot count is under threshold, skipping reset.
01-01 00:00:29.317 576 596 I ServiceManagerCppClient: Waiting for service 'package_native' on '/dev/binder'...
01-01 00:00:29.331 583 583 I gatekeeperd: Starting gatekeeperd...
01-01 00:00:29.333 1 1 I init : Service 'exec 18 (/system/bin/flags_health_check BOOT_FAILURE)' (pid 587) exited with status 0 waiting took 0.573000 seconds
01-01 00:00:29.333 1 1 I init : Sending signal 9 to service 'exec 18 (/system/bin/flags_health_check BOOT_FAILURE)' (pid 587) process group...
01-01 00:00:29.334 1 1 I libprocessgroup: Removed cgroup /sys/fs/cgroup/uid_1000/pid_587
01-01 00:00:29.335 1 1 I init : processing action (load_persist_props_action) from (/system/etc/init/logcatd.rc:29)
01-01 00:00:29.332 243 243 I hwservicemanager: getTransport: Cannot find entry android.hardware.atrace@1.0::IAtraceDevice/default in either framework or device VINTF manifest.
01-01 00:00:29.340 1 1 I init : processing action (llk.enable=0) from (/system/etc/init/llkd.rc:12)
01-01 00:00:29.341 242 242 I servicemanager: Caller(pid=583,uid=1000,sid=u:r:gatekeeperd:s0) Could not find android.hardware.gatekeeper.IGatekeeper/default in the VINTF manifest. No alternative instances declared in VINTF.
01-01 00:00:29.342 1 1 I init : processing action (khungtask.enable=1) from (/system/etc/init/llkd.rc:18)
01-01 00:00:29.345 1 1 I init : processing action (llk.enable=0) from (/system/etc/init/llkd.rc:12)
01-01 00:00:29.346 1 1 I init : processing action (khungtask.enable=0) from (/system/etc/init/llkd.rc:21)
01-01 00:00:29.347 1 1 I init : processing action (logd.logpersistd=logcatd && logd.logpersistd.enable=true) from (/system/etc/init/logcatd.rc:32)
01-01 00:00:29.349 1 1 I init : starting service 'logcatd'...
01-01 00:00:29.375 1 1 I init : ... started service 'logcatd' has pid 600
01-01 00:00:29.383 1 1 I init : processing action (init.svc.media=*) from (/system/etc/init/mediaserver.rc:1)
01-01 00:00:29.355 544 544 D audioserver: main: AudioFlinger created
01-01 00:00:29.356 544 598 D AudioSystem: getService: waiting for media.audio_policy
01-01 00:00:29.366 243 243 I hwservicemanager: Since android.hardware.gatekeeper@1.0::IGatekeeper/default is not registered, trying to start it as a lazy HAL (if it's not configured to be a lazy HAL, it may be stuck starting or still starting).
01-01 00:00:29.367 241 241 I lowmemorykiller: lmkd data connection established
01-01 00:00:29.385 243 243 I hwservicemanager: Since android.hardware.gatekeeper@1.0::IGatekeeper/default is not registered, trying to start it as a lazy HAL (if it's not configured to be a lazy HAL, it may be stuck starting or still starting).
01-01 00:00:29.389 539 539 I libusbconfigfs: setCurrentUsbFunctions Adb
01-01 00:00:29.390 539 539 I libusbconfigfs: Service started
01-01 00:00:29.390 583 583 I HidlServiceManagement: getService: Trying again for android.hardware.gatekeeper@1.0::IGatekeeper/default...
01-01 00:00:29.390 539 539 I android.hardware.usb.gadget-service.generic: Usb Gadget setcurrent functions called successfully
01-01 00:00:29.389 1 1 I init : starting service 'vendor.gatekeeper-1-0-optee'...
01-01 00:00:29.437 1 1 I init : ... started service 'vendor.gatekeeper-1-0-optee' has pid 605
01-01 00:00:29.437 1 1 I init : Control message: Processed ctl.interface_start for 'android.hardware.gatekeeper@1.0::IGatekeeper/default' from pid: 243 (/system/system_ext/bin/hwservicemanager)
01-01 00:00:29.439 1 1 I init : processing action (logd.logpersistd=logcatd && logd.logpersistd.enable=true) from (/system/etc/init/logcatd.rc:32)
01-01 00:00:29.447 1 1 I init : service 'vendor.gatekeeper-1-0-optee' requested start, but it is already running (flags: 132)
01-01 00:00:29.447 1 1 I init : Control message: Processed ctl.interface_start for 'android.hardware.gatekeeper@1.0::IGatekeeper/default' from pid: 243 (/system/system_ext/bin/hwservicemanager)
01-01 00:00:29.448 1 1 I init : service 'logcatd' requested start, but it is already running (flags: 132)
01-01 00:00:29.448 1 1 I init : processing action (khungtask.enable=true) from (/system/etc/init/llkd.rc:25)
01-01 00:00:29.461 1 1 I init : processing action (khungtask.enable=false) from (/system/etc/init/llkd.rc:31)
01-01 00:00:29.498 521 521 W AHAL_ApmXmlConverter: Audio policy config does not have section, using default
01-01 00:00:29.499 521 521 D AHAL_Config: getSurroundSoundConfig: returning SurroundSoundConfig{formatFamilies: [SurroundFormatFamily{primaryFormat: AudioFormatDescription{type: DEFAULT, pcm: DEFAULT, encoding: audio/ac3}, subFormats: []}, SurroundFormatFamily{primaryFormat: AudioFormatDescription{type: DEFAULT, pcm: DEFAULT, encoding: audio/eac3}, subFormats: []}, SurroundFormatFamily{primaryFormat: AudioFormatDescription{type: DEFAULT, pcm: DEFAULT, encoding: audio/vnd.dts}, subFormats: []}, SurroundFormatFamily{primaryFormat: AudioFormatDescription{type: DEFAULT, pcm: DEFAULT, encoding: audio/vnd.dts.hd}, subFormats: []}, SurroundFormatFamily{primaryFormat: AudioFormatDescription{type: DEFAULT, pcm: DEFAULT, encoding: audio/vnd.dts.hd;profile=dtsma}, subFormats: []}, SurroundFormatFamily{primaryFormat: AudioFormatDescription{type: DEFAULT, pcm: DEFAULT, encoding: audio/vnd.dts.uhd;profile=p1}, subFormats: []}, SurroundFormatFamily{primaryFormat: AudioFormatDescription{type: DEFAULT, pcm: DEFAULT, encoding: audio/vnd.dts.uhd;profile=p2}, subFormats: []}, SurroundFormatFamily{primaryFormat: AudioFormatDescription{type: DEFAULT, pcm: DEFAULT, encoding: audio/vnd.dolby.mlp}, subFormats: []}, SurroundFormatFamily{primaryFormat: AudioFormatDescription{type: DEFAULT, pcm: DEFAULT, encoding: audio/eac3-joc}, subFormats: []}, SurroundFormatFamily{primaryFormat: AudioFormatDescription{type: DEFAULT, pcm: DEFAULT, encoding: audio/mp4a.40.02}, subFormats: [AudioFormatDescription{type: DEFAULT, pcm: DEFAULT, encoding: audio/mp4a.40.05}, AudioFormatDescription{type: DEFAULT, pcm: DEFAULT, encoding: audio/mp4a.40.29}, AudioFormatDescription{type: DEFAULT, pcm: DEFAULT, encoding: audio/mp4a.40.39}, AudioFormatDescription{type: DEFAULT, pcm: DEFAULT, encoding: audio/mp4a.40.42}]}, SurroundFormatFamily{primaryFormat: AudioFormatDescription{type: DEFAULT, pcm: DEFAULT, encoding: audio/ac4}, subFormats: []}]}
01-01 00:00:29.506 521 521 I AHAL_Config: getEngineConfig: No audio configuration files found
01-01 00:00:29.508 521 521 D AHAL_Config: getEngineConfig: number of strategies parsed: 0, default strategy: -1, number of volume groups parsed: 14
01-01 00:00:29.538 521 521 D AHAL_ModulePrimary: getTelephony: returning instance of ITelephony: 0xb400007d4a4d1110
01-01 00:00:29.547 521 521 D AHAL_Module: getBluetooth: default: returning null
01-01 00:00:29.550 521 521 D AHAL_Module: getBluetoothA2dp: default: returning null
01-01 00:00:29.558 605 605 D android.hardware.gatekeeper@1.0-service.optee: Checking gk connection to optee_os
01-01 00:00:29.579 521 521 D AHAL_Module: getBluetoothLe: default: returning null
01-01 00:00:29.580 521 521 D audio_utils::mutex: get_enable_flag: mutex_priority_inheritance: true
01-01 00:00:29.580 521 521 D AHAL_Module: getSoundDose: default: returning instance of ISoundDose: 0xb400007dda46a350
01-01 00:00:29.582 544 544 I DeviceHalAidl: [default] getSoundDoseInterface: using audio AIDL HAL sound dose interface
01-01 00:00:29.586 521 521 D AHAL_SoundDose: registerSoundDoseCallback: Registered sound dose callback
01-01 00:00:29.586 544 544 D DeviceHalAidl: [default] initCheck
01-01 00:00:29.591 521 521 D AHAL_Module: getAudioPorts: default: returning 4 ports
01-01 00:00:29.592 544 544 I Hal2AidlMapper: [default] initialize: default port ids: input 2, output 1
01-01 00:00:29.597 521 521 D AHAL_Module: getAudioRoutes: default: returning 2 routes
01-01 00:00:29.600 521 521 D AHAL_Module: getAudioPortConfigs: default: returning 0 port configs
01-01 00:00:29.602 597 597 I adbd : persist.adb.watchdog set to ''
01-01 00:00:29.604 521 521 D AHAL_Module: getAudioPatches: default: returning 0 patches
01-01 00:00:29.608 544 544 D DeviceHalAidl: [default] getMasterVolume
01-01 00:00:29.609 597 597 I adbd : persist.sys.test_harness set to ''
01-01 00:00:29.609 597 597 I adbd : adb watchdog timeout set to 600 seconds
01-01 00:00:29.614 597 597 I adbd : adbd started
01-01 00:00:29.614 521 521 D AHAL_Module: getMasterVolume: default: returning 1
01-01 00:00:29.617 544 544 D DeviceHalAidl: [default] getMasterMute
01-01 00:00:29.618 521 521 D AHAL_Module: getMasterMute: default: returning 0
01-01 00:00:29.624 613 613 I : read descriptors
01-01 00:00:29.624 613 613 W : bcdVersion must be 0x0100, stored in Little Endian order. Userspace driver should be fixed, accepting 0x0001 for compatibility.
01-01 00:00:29.624 613 613 W : bcdVersion must be 0x0100, stored in Little Endian order. Userspace driver should be fixed, accepting 0x0001 for compatibility.
01-01 00:00:29.624 613 613 I : read strings
01-01 00:00:29.625 604 604 W : bcdVersion must be 0x0100, stored in Little Endian order. Userspace driver should be fixed, accepting 0x0001 for compatibility.
01-01 00:00:29.625 604 604 W : bcdVersion must be 0x0100, stored in Little Endian order. Userspace driver should be fixed, accepting 0x0001 for compatibility.
01-01 00:00:29.621 597 611 I adbd : Waiting for persist.adb.tls_server.enable=1
01-01 00:00:29.622 597 613 I adbd : opening control endpoint /dev/usb-ffs/adb/ep0
01-01 00:00:29.623 544 544 D DeviceHalAidl: [default] setMasterVolume: volume 1.000000
01-01 00:00:29.623 539 604 I libusbconfigfs: event=1 on fd=8
01-01 00:00:29.623 521 521 D AHAL_Module: setMasterVolume: default: 1
01-01 00:00:29.624 597 613 I adbd : UsbFfsConnection constructed
01-01 00:00:29.628 570 570 I cameraserver: ServiceManager: 0xb40000753a097190
01-01 00:00:29.629 597 616 I adbd : UsbFfs-monitor thread spawned
01-01 00:00:29.629 597 616 I adbd : USB event: FUNCTIONFS_BIND
01-01 00:00:29.630 539 604 I libusbconfigfs: GADGET pulled up
01-01 00:00:29.631 570 570 I CameraService: CameraService started (pid=570)
