04-01 08:46:49.568 663 695 D SystemServerTimingAsync: ssm.onUnlockingUser-0_com.android.server.media.MediaSessionService
04-01 08:46:49.568 663 695 V SystemServerTimingAsync: ssm.onUnlockingUser-0_com.android.server.media.MediaSessionService took to complete: 0ms
04-01 08:46:49.568 663 695 D SystemServerTimingAsync: ssm.onUnlockingUser-0_com.android.server.biometrics.BiometricService
04-01 08:46:49.568 663 695 V SystemServerTimingAsync: ssm.onUnlockingUser-0_com.android.server.biometrics.BiometricService took to complete: 0ms
04-01 08:46:49.569 663 695 D SystemServerTimingAsync: ssm.onUnlockingUser-0_com.android.server.biometrics.AuthService
04-01 08:46:49.569 663 695 V SystemServerTimingAsync: ssm.onUnlockingUser-0_com.android.server.biometrics.AuthService took to complete: 0ms
04-01 08:46:49.569 663 695 D SystemServerTimingAsync: ssm.onUnlockingUser-0_com.android.server.adaptiveauth.AdaptiveAuthService
04-01 08:46:49.569 663 695 V SystemServerTimingAsync: ssm.onUnlockingUser-0_com.android.server.adaptiveauth.AdaptiveAuthService took to complete: 0ms
04-01 08:46:49.569 663 695 D SystemServerTimingAsync: ssm.onUnlockingUser-0_com.android.server.pm.ShortcutService$Lifecycle
04-01 08:46:49.569 663 695 D ShortcutService: handleUnlockUser: userId=0
04-01 08:46:49.571 663 695 V SystemServerTimingAsync: ssm.onUnlockingUser-0_com.android.server.pm.ShortcutService$Lifecycle took to complete: 2ms
04-01 08:46:49.572 663 695 D SystemServerTimingAsync: ssm.onUnlockingUser-0_com.android.server.pm.LauncherAppsService
04-01 08:46:49.572 663 695 V SystemServerTimingAsync: ssm.onUnlockingUser-0_com.android.server.pm.LauncherAppsService took to complete: 0ms
04-01 08:46:49.572 663 695 D SystemServerTimingAsync: ssm.onUnlockingUser-0_com.android.server.pm.CrossProfileAppsService
04-01 08:46:49.572 663 695 V SystemServerTimingAsync: ssm.onUnlockingUser-0_com.android.server.pm.CrossProfileAppsService took to complete: 0ms
04-01 08:46:49.572 663 695 D SystemServerTimingAsync: ssm.onUnlockingUser-0_com.android.server.people.PeopleService
04-01 08:46:49.572 663 695 V SystemServerTimingAsync: ssm.onUnlockingUser-0_com.android.server.people.PeopleService took to complete: 0ms
04-01 08:46:49.572 663 695 D SystemServerTimingAsync: ssm.onUnlockingUser-0_com.android.server.media.metrics.MediaMetricsManagerService
04-01 08:46:49.572 663 695 V SystemServerTimingAsync: ssm.onUnlockingUser-0_com.android.server.media.metrics.MediaMetricsManagerService took to complete: 0ms
04-01 08:46:49.572 663 695 D SystemServerTimingAsync: ssm.onUnlockingUser-0_com.android.server.pm.BackgroundInstallControlService
04-01 08:46:49.572 663 695 V SystemServerTimingAsync: ssm.onUnlockingUser-0_com.android.server.pm.BackgroundInstallControlService took to complete: 0ms
04-01 08:46:49.572 663 695 D SystemServerTimingAsync: ssm.onUnlockingUser-0_com.android.server.media.projection.MediaProjectionManagerService
04-01 08:46:49.572 663 695 V SystemServerTimingAsync: ssm.onUnlockingUser-0_com.android.server.media.projection.MediaProjectionManagerService took to complete: 0ms
04-01 08:46:49.572 663 695 D SystemServerTimingAsync: ssm.onUnlockingUser-0_com.android.server.slice.SliceManagerService$Lifecycle
04-01 08:46:49.572 663 695 V SystemServerTimingAsync: ssm.onUnlockingUser-0_com.android.server.slice.SliceManagerService$Lifecycle took to complete: 0ms
04-01 08:46:49.572 663 695 D SystemServerTimingAsync: ssm.onUnlockingUser-0_com.android.server.stats.StatsCompanion$Lifecycle
04-01 08:46:49.572 663 695 V SystemServerTimingAsync: ssm.onUnlockingUser-0_com.android.server.stats.StatsCompanion$Lifecycle took to complete: 0ms
04-01 08:46:49.572 663 695 D SystemServerTimingAsync: ssm.onUnlockingUser-0_com.android.server.scheduling.RebootReadinessManagerService$Lifecycle
04-01 08:46:49.572 663 695 V SystemServerTimingAsync: ssm.onUnlockingUser-0_com.android.server.scheduling.RebootReadinessManagerService$Lifecycle took to complete: 0ms
04-01 08:46:49.572 663 695 D SystemServerTimingAsync: ssm.onUnlockingUser-0_com.android.server.stats.pull.StatsPullAtomService
04-01 08:46:49.572 663 695 V SystemServerTimingAsync: ssm.onUnlockingUser-0_com.android.server.stats.pull.StatsPullAtomService took to complete: 0ms
04-01 08:46:49.572 663 695 D SystemServerTimingAsync: ssm.onUnlockingUser-0_com.android.server.stats.bootstrap.StatsBootstrapAtomService$Lifecycle
04-01 08:46:49.572 663 695 V SystemServerTimingAsync: ssm.onUnlockingUser-0_com.android.server.stats.bootstrap.StatsBootstrapAtomService$Lifecycle took to complete: 0ms
04-01 08:46:49.572 663 695 D SystemServerTimingAsync: ssm.onUnlockingUser-0_com.android.server.incident.IncidentCompanionService
04-01 08:46:49.572 663 695 V SystemServerTimingAsync: ssm.onUnlockingUser-0_com.android.server.incident.IncidentCompanionService took to complete: 0ms
04-01 08:46:49.572 663 695 D SystemServerTimingAsync: ssm.onUnlockingUser-0_com.android.server.sdksandbox.SdkSandboxManagerService$Lifecycle
04-01 08:46:49.572 663 695 I SdkSandboxManager: onUserUnlocking 0
04-01 08:46:49.573 663 695 V SystemServerTimingAsync: ssm.onUnlockingUser-0_com.android.server.sdksandbox.SdkSandboxManagerService$Lifecycle took to complete: 1ms
04-01 08:46:49.577 663 770 I StorageUserConnection: Bound to the ExternalStorageService for user 0
04-01 08:46:49.582 663 794 D WifiConfigStore: Reading from user stores completed in 60 ms.
04-01 08:46:49.588 663 1242 D ShortcutService: Loading from /data/system_ce/0/shortcut_service/shortcuts.xml
04-01 08:46:49.588 663 695 D SystemServerTimingAsync: ssm.onUnlockingUser-0_com.android.server.adservices.AdServicesManagerService$Lifecycle
04-01 08:46:49.588 663 695 V SystemServerTimingAsync: ssm.onUnlockingUser-0_com.android.server.adservices.AdServicesManagerService$Lifecycle took to complete: 0ms
04-01 08:46:49.588 663 695 D SystemServerTimingAsync: ssm.onUnlockingUser-0_com.android.server.ondevicepersonalization.OnDevicePersonalizationSystemService$Lifecycle
04-01 08:46:49.588 663 695 V SystemServerTimingAsync: ssm.onUnlockingUser-0_com.android.server.ondevicepersonalization.OnDevicePersonalizationSystemService$Lifecycle took to complete: 0ms
04-01 08:46:49.588 663 695 D SystemServerTimingAsync: ssm.onUnlockingUser-0_android.os.profiling.ProfilingService$Lifecycle
04-01 08:46:49.588 663 695 V SystemServerTimingAsync: ssm.onUnlockingUser-0_android.os.profiling.ProfilingService$Lifecycle took to complete: 0ms
04-01 08:46:49.588 663 695 D SystemServerTimingAsync: ssm.onUnlockingUser-0_com.android.server.autofill.AutofillManagerService
04-01 08:46:49.589 663 686 D AutofillUI: destroySaveUiUiThread(): already destroyed
04-01 08:46:49.589 663 695 D AutofillManagerServiceImpl: Reset component for user 0:null
04-01 08:46:49.593 663 835 I BackupManagerService: Starting service for user: 0
04-01 08:46:49.597 663 695 D FieldClassificationStrategy: reset(): service is not bound. Do nothing.
04-01 08:46:49.598 663 695 V SystemServerTimingAsync: ssm.onUnlockingUser-0_com.android.server.autofill.AutofillManagerService took to complete: 10ms
04-01 08:46:49.598 663 695 D SystemServerTimingAsync: ssm.onUnlockingUser-0_com.android.server.clipboard.ClipboardService
04-01 08:46:49.599 663 695 V SystemServerTimingAsync: ssm.onUnlockingUser-0_com.android.server.clipboard.ClipboardService took to complete: 0ms
04-01 08:46:49.599 663 695 D SystemServerTimingAsync: ssm.onUnlockingUser-0_com.android.server.appbinding.AppBindingService$Lifecycle
04-01 08:46:49.599 663 695 W AppBindingService: [Default SMS app] u0 Target package not found
04-01 08:46:49.599 663 695 V SystemServerTimingAsync: ssm.onUnlockingUser-0_com.android.server.appbinding.AppBindingService$Lifecycle took to complete: 0ms
04-01 08:46:49.605 663 695 D SystemServerTimingAsync: ssm.onUnlockingUser-0_com.android.server.tracing.TracingServiceProxy
04-01 08:46:49.619 500 500 D Zygote : Forked child process 1243
04-01 08:46:49.620 663 695 V SystemServerTimingAsync: ssm.onUnlockingUser-0_com.android.server.tracing.TracingServiceProxy took to complete: 7ms
04-01 08:46:49.620 663 695 D SystemServerTimingAsync: ssm.onUnlockingUser-0_com.android.server.policy.PermissionPolicyService
04-01 08:46:49.620 663 695 V SystemServerTimingAsync: ssm.onUnlockingUser-0_com.android.server.policy.PermissionPolicyService took to complete: 0ms
04-01 08:46:49.620 663 695 D SystemServerTimingAsync: ssm.onUnlockingUser-0_com.android.server.pm.StagingManager$Lifecycle
04-01 08:46:49.620 663 695 V SystemServerTimingAsync: ssm.onUnlockingUser-0_com.android.server.pm.StagingManager$Lifecycle took to complete: 0ms
04-01 08:46:49.620 663 695 D SystemServerTimingAsync: ssm.onUnlockingUser-0_com.android.server.app.GameManagerService$Lifecycle
04-01 08:46:49.620 663 695 V SystemServerTimingAsync: ssm.onUnlockingUser-0_com.android.server.app.GameManagerService$Lifecycle took to complete: 0ms
04-01 08:46:49.620 663 695 D SystemServerTimingAsync: ssm.onUnlockingUser-0_com.android.safetycenter.SafetyCenterService
04-01 08:46:49.620 663 695 V SystemServerTimingAsync: ssm.onUnlockingUser-0_com.android.safetycenter.SafetyCenterService took to complete: 0ms
04-01 08:46:49.620 663 695 D SystemServerTimingAsync: ssm.onUnlockingUser-0_com.android.server.appsearch.AppSearchModule$Lifecycle
04-01 08:46:49.633 663 1242 D ShortcutService: depth=1 type=2 name=user
04-01 08:46:49.637 663 694 V WallpaperManagerService: Wallpaper_selinux_restorecon-0 took to complete: 72ms
04-01 08:46:49.638 497 531 I netd : tetherGetStats() -> {[]} <8.80ms>
04-01 08:46:49.643 663 696 W ActivityManager: Slow operation: 90ms so far, now at startProcess: returned from zygote!
04-01 08:46:49.643 663 696 W ActivityManager: Slow operation: 90ms so far, now at startProcess: done updating battery stats
04-01 08:46:49.644 663 696 I Watchdog: Interesting Java process com.android.providers.media.module started. Pid 1243
04-01 08:46:49.644 663 696 W ActivityManager: Slow operation: 91ms so far, now at startProcess: building log message
04-01 08:46:49.644 663 696 I ActivityManager: Start proc 1243:com.android.providers.media.module/u0a94 for service {com.android.providers.media.module/com.android.providers.media.fuse.ExternalStorageServiceImpl}
04-01 08:46:49.644 663 696 W ActivityManager: Slow operation: 91ms so far, now at startProcess: starting to update pids map
04-01 08:46:49.645 663 696 W ActivityManager: Slow operation: 92ms so far, now at startProcess: done updating pids map
04-01 08:46:49.646 663 835 V BackupManagerService: [UserID:0] Starting with transport com.android.localtransport/.LocalTransport
04-01 08:46:49.648 663 794 D WifiConfigStore: Writing to stores completed in 60 ms.
04-01 08:46:49.650 663 835 D BackupManagerService: [UserID:0] Started thread backup-0
04-01 08:46:49.672 663 1244 I AppSearchUserInstanceMa: Creating new AppSearch instance at: /data/system_ce/0/appsearch/icing
04-01 08:46:49.674 663 835 E BackupPasswordManager: Unable to read backup pw version
04-01 08:46:49.675 663 835 E BackupPasswordManager: Unable to read saved backup pw hash
04-01 08:46:49.676 663 695 W SystemServiceManager: Service com.android.server.appsearch.AppSearchModule$Lifecycle took 56 ms in onUnlockingUser-0
04-01 08:46:49.676 663 695 V SystemServerTimingAsync: ssm.onUnlockingUser-0_com.android.server.appsearch.AppSearchModule$Lifecycle took to complete: 56ms
04-01 08:46:49.676 663 695 D SystemServerTimingAsync: ssm.onUnlockingUser-0_com.android.server.compos.IsolatedCompilationService
04-01 08:46:49.676 663 695 V SystemServerTimingAsync: ssm.onUnlockingUser-0_com.android.server.compos.IsolatedCompilationService took to complete: 0ms
04-01 08:46:49.676 663 695 D SystemServerTimingAsync: ssm.onUnlockingUser-0_com.android.server.media.MediaCommunicationService
04-01 08:46:49.676 663 695 V SystemServerTimingAsync: ssm.onUnlockingUser-0_com.android.server.media.MediaCommunicationService took to complete: 0ms
04-01 08:46:49.676 663 695 D SystemServerTimingAsync: ssm.onUnlockingUser-0_com.android.server.compat.overrides.AppCompatOverridesService$Lifecycle
04-01 08:46:49.676 663 695 V SystemServerTimingAsync: ssm.onUnlockingUser-0_com.android.server.compat.overrides.AppCompatOverridesService$Lifecycle took to complete: 0ms
04-01 08:46:49.676 663 695 D SystemServerTimingAsync: ssm.onUnlockingUser-0_com.android.server.healthconnect.HealthConnectManagerService
04-01 08:46:49.676 663 695 V SystemServerTimingAsync: ssm.onUnlockingUser-0_com.android.server.healthconnect.HealthConnectManagerService took to complete: 0ms
04-01 08:46:49.676 663 695 D SystemServerTimingAsync: ssm.onUnlockingUser-0_com.android.server.devicelock.DeviceLockService
04-01 08:46:49.676 663 695 D DeviceLockService: onUserUnlocking: 0
04-01 08:46:49.676 663 695 V SystemServerTimingAsync: ssm.onUnlockingUser-0_com.android.server.devicelock.DeviceLockService took to complete: 0ms
04-01 08:46:49.676 663 695 D SystemServerTimingAsync: ssm.onUnlockingUser-0_com.android.server.SensitiveContentProtectionManagerService
04-01 08:46:49.676 663 695 V SystemServerTimingAsync: ssm.onUnlockingUser-0_com.android.server.SensitiveContentProtectionManagerService took to complete: 0ms
04-01 08:46:49.676 663 695 D SystemServerTimingAsync: ssm.onUnlockingUser-0_com.android.system.virtualmachine.VirtualizationSystemService
04-01 08:46:49.677 663 695 V SystemServerTimingAsync: ssm.onUnlockingUser-0_com.android.system.virtualmachine.VirtualizationSystemService took to complete: 0ms
04-01 08:46:49.677 663 695 V SystemServerTimingAsync: ssm.UnlockingUser-0 took to complete: 399ms
04-01 08:46:49.677 663 695 D SystemServerTiming: finishUserUnlocked-0
04-01 08:46:49.678 663 695 I ActivityManager: User 0 state changed from RUNNING_UNLOCKING to RUNNING_UNLOCKED
04-01 08:46:49.679 663 695 V SystemServerTiming: SystemUserUnlock took to complete: 2328ms
04-01 08:46:49.681 663 694 V GrammaticalInflectionUtils: AttributionSource: AttributionSource { uid = 10039, packageName = null, attributionTag = null, token = android.os.Binder@9b3ff43, deviceId = 0, next = null } does not have READ_SYSTEM_GRAMMATICAL_GENDER permission.
04-01 08:46:49.681 663 694 D CompatChangeReporter: Compat change id reported: 151861875; UID 10039; state: ENABLED
04-01 08:46:49.697 1243 1243 I rs.media.module: Using CollectorTypeCMC GC.
04-01 08:46:49.715 663 695 V ContentProviderHelper: Installing ContentProviderInfo{name=com.android.launcher3 className=com.android.quickstep.LauncherSearchIndexablesProvider}
04-01 08:46:49.715 663 695 V ContentProviderHelper: Installing ContentProviderInfo{name=com.android.launcher3.overview.fileprovider className=androidx.core.content.FileProvider}
04-01 08:46:49.716 663 1242 D ShortcutService: depth=1 type=2 name=package
04-01 08:46:49.721 544 626 D AudioFlinger: mixer(0xb4000073794ab880) throttle end: throttle time(112)
04-01 08:46:49.722 521 622 D AHAL_StreamPrimary: transfer: skipping transfer (4096 frames)
04-01 08:46:49.735 1243 1243 E rs.media.module: Not starting debugger since process cannot load the jdwp agent.
04-01 08:46:49.742 663 1242 D ShortcutService: depth=3 type=2 name=intent
04-01 08:46:49.743 500 500 D Zygote : Forked child process 1252
04-01 08:46:49.744 663 695 V ContentProviderHelper: Installing ContentProviderInfo{name=com.android.launcher3.settings className=com.android.launcher3.LauncherProvider}
04-01 08:46:49.744 663 695 V ContentProviderHelper: Installing ContentProviderInfo{name=com.android.launcher3.grid_control className=com.android.launcher3.graphics.GridCustomizationsProvider}
04-01 08:46:49.746 663 695 D SystemServerTiming: broadcastIntent-0-android.intent.action.USER_UNLOCKED
04-01 08:46:49.746 663 695 W BroadcastLoopers: Found previously unknown looper Thread[ActivityManager,5,main]
04-01 08:46:49.746 582 877 D BufferPoolAccessor2.0: bufferpool2 0xb40000762c911938 : 0(0 size) total buffers - 0(0 size) used buffers - 11/15 (recycle/alloc) - 4/14 (fetch/transfer)
04-01 08:46:49.746 582 877 D BufferPoolAccessor2.0: bufferpool2 0xb40000762c90d188 : 0(0 size) total buffers - 0(0 size) used buffers - 12/15 (recycle/alloc) - 3/14 (fetch/transfer)
04-01 08:46:49.746 582 877 D BufferPoolAccessor2.0: evictor expired: 4, evicted: 2
04-01 08:46:49.747 663 685 I TaskPersister: Loaded persisted task ids for user 0
04-01 08:46:49.750 663 740 I UsageStatsService: User[0] Rollover scheduled @ 2025-04-02 08:46:49(1743583609067)
04-01 08:46:49.753 663 696 W ActivityManager: Slow operation: 65ms so far, now at startProcess: returned from zygote!
04-01 08:46:49.754 1243 1243 D nativeloader: Load libframework-connectivity-tiramisu-jni.so using APEX ns com_android_tethering for caller /apex/com.android.tethering/javalib/framework-connectivity-t.jar: ok
04-01 08:46:49.761 663 695 V SystemServerTiming: broadcastIntent-0-android.intent.action.USER_UNLOCKED took to complete: 15ms
04-01 08:46:49.762 663 696 W ActivityManager: Slow operation: 81ms so far, now at startProcess: done updating battery stats
04-01 08:46:49.763 663 696 W ActivityManager: Slow operation: 82ms so far, now at startProcess: building log message
04-01 08:46:49.763 663 696 I ActivityManager: Start proc 1252:com.android.printspooler/u0a39 for service {com.android.printspooler/com.android.printspooler.model.PrintSpoolerService}
04-01 08:46:49.763 663 696 W ActivityManager: Slow operation: 82ms so far, now at startProcess: starting to update pids map
04-01 08:46:49.763 663 696 W ActivityManager: Slow operation: 82ms so far, now at startProcess: done updating pids map
04-01 08:46:49.780 663 1242 D ShortcutService: depth=1 type=2 name=package
04-01 08:46:49.781 663 1242 D ShortcutService: depth=3 type=2 name=intent
04-01 08:46:49.783 663 740 I UsageStatsService: Time changed in by 1743497155 seconds
04-01 08:46:49.787 663 695 I ActivityManager: Posting BOOT_COMPLETED user #0
04-01 08:46:49.796 663 685 I ActivityTaskManager: Restoring recents for user 0
04-01 08:46:49.796 663 695 V SystemServerTiming: finishUserUnlocked-0 took to complete: 118ms
04-01 08:46:49.799 663 740 I UsageStatsService: User[0] Flushing usage stats to disk
04-01 08:46:49.807 663 687 I DropBoxManagerService: add tag=system_server_strictmode isTagEnabled=true flags=0x2
04-01 08:46:49.815 663 695 D SystemServerTimingAsync: ssm.UnlockedUser-0
04-01 08:46:49.815 663 695 I SystemServiceManager: Calling onUnlockedUser 0
04-01 08:46:49.815 663 695 D SystemServerTimingAsync: ssm.onUnlockedUser-0_com.android.server.security.FileIntegrityService
04-01 08:46:49.815 663 695 V SystemServerTimingAsync: ssm.onUnlockedUser-0_com.android.server.security.FileIntegrityService took to complete: 0ms
04-01 08:46:49.815 663 695 D SystemServerTimingAsync: ssm.onUnlockedUser-0_com.android.server.pm.Installer
04-01 08:46:49.815 663 695 V SystemServerTimingAsync: ssm.onUnlockedUser-0_com.android.server.pm.Installer took to complete: 0ms
04-01 08:46:49.815 663 695 D SystemServerTimingAsync: ssm.onUnlockedUser-0_com.android.server.os.DeviceIdentifiersPolicyService
04-01 08:46:49.815 663 695 V SystemServerTimingAsync: ssm.onUnlockedUser-0_com.android.server.os.DeviceIdentifiersPolicyService took to complete: 0ms
04-01 08:46:49.815 663 695 D SystemServerTimingAsync: ssm.onUnlockedUser-0_com.android.server.flags.FeatureFlagsService
04-01 08:46:49.815 663 695 V SystemServerTimingAsync: ssm.onUnlockedUser-0_com.android.server.flags.FeatureFlagsService took to complete: 0ms
04-01 08:46:49.815 663 695 D SystemServerTimingAsync: ssm.onUnlockedUser-0_com.android.server.uri.UriGrantsManagerService$Lifecycle
04-01 08:46:49.815 663 695 V SystemServerTimingAsync: ssm.onUnlockedUser-0_com.android.server.uri.UriGrantsManagerService$Lifecycle took to complete: 0ms
04-01 08:46:49.815 663 695 D SystemServerTimingAsync: ssm.onUnlockedUser-0_com.android.server.powerstats.PowerStatsService
04-01 08:46:49.815 663 695 V SystemServerTimingAsync: ssm.onUnlockedUser-0_com.android.server.powerstats.PowerStatsService took to complete: 0ms
04-01 08:46:49.815 663 695 D SystemServerTimingAsync: ssm.onUnlockedUser-0_com.android.server.permission.access.AccessCheckingService
04-01 08:46:49.815 663 695 V SystemServerTimingAsync: ssm.onUnlockedUser-0_com.android.server.permission.access.AccessCheckingService took to complete: 0ms
04-01 08:46:49.815 663 695 D SystemServerTimingAsync: ssm.onUnlockedUser-0_com.android.server.wm.ActivityTaskManagerService$Lifecycle
04-01 08:46:49.817 663 695 I LaunchParamsPersister: Didn't find launch param folder for user 0
04-01 08:46:49.819 663 1023 D BufferPoolAccessor2.0: bufferpool2 0xb400007413ae2c58 : 0(0 size) total buffers - 0(0 size) used buffers - 2/7 (recycle/alloc) - 5/34 (fetch/transfer)
04-01 08:46:49.819 663 1023 D BufferPoolAccessor2.0: bufferpool2 0xb400007413adf288 : 0(0 size) total buffers - 0(0 size) used buffers - 2/7 (recycle/alloc) - 5/34 (fetch/transfer)
04-01 08:46:49.819 663 1023 D BufferPoolAccessor2.0: evictor expired: 2, evicted: 2
04-01 08:46:49.819 663 695 V SystemServerTimingAsync: ssm.onUnlockedUser-0_com.android.server.wm.ActivityTaskManagerService$Lifecycle took to complete: 4ms
04-01 08:46:49.819 663 695 D SystemServerTimingAsync: ssm.onUnlockedUser-0_com.android.server.am.ActivityManagerService$Lifecycle
04-01 08:46:49.819 663 695 V SystemServerTimingAsync: ssm.onUnlockedUser-0_com.android.server.am.ActivityManagerService$Lifecycle took to complete: 0ms
04-01 08:46:49.819 663 695 D SystemServerTimingAsync: ssm.onUnlockedUser-0_com.android.server.pm.DataLoaderManagerService
04-01 08:46:49.819 663 695 V SystemServerTimingAsync: ssm.onUnlockedUser-0_com.android.server.pm.DataLoaderManagerService took to complete: 0ms
04-01 08:46:49.819 663 695 D SystemServerTimingAsync: ssm.onUnlockedUser-0_com.android.server.power.PowerManagerService
04-01 08:46:49.819 663 695 V SystemServerTimingAsync: ssm.onUnlockedUser-0_com.android.server.power.PowerManagerService took to complete: 0ms
04-01 08:46:49.819 663 685 V PackageConfigPersister: loadPackages: empty list files from /data/system_ce/0/package_configs
04-01 08:46:49.819 663 695 D SystemServerTimingAsync: ssm.onUnlockedUser-0_com.android.server.power.ThermalManagerService
04-01 08:46:49.819 663 695 V SystemServerTimingAsync: ssm.onUnlockedUser-0_com.android.server.power.ThermalManagerService took to complete: 0ms
04-01 08:46:49.819 663 695 D SystemServerTimingAsync: ssm.onUnlockedUser-0_com.android.server.recoverysystem.RecoverySystemService$Lifecycle
04-01 08:46:49.819 663 695 V SystemServerTimingAsync: ssm.onUnlockedUser-0_com.android.server.recoverysystem.RecoverySystemService$Lifecycle took to complete: 0ms
04-01 08:46:49.819 663 695 D SystemServerTimingAsync: ssm.onUnlockedUser-0_com.android.server.lights.LightsService
04-01 08:46:49.819 663 695 V SystemServerTimingAsync: ssm.onUnlockedUser-0_com.android.server.lights.LightsService took to complete: 0ms
04-01 08:46:49.819 663 695 D SystemServerTimingAsync: ssm.onUnlockedUser-0_com.android.server.display.DisplayManagerService
04-01 08:46:49.819 663 695 V SystemServerTimingAsync: ssm.onUnlockedUser-0_com.android.server.display.DisplayManagerService took to complete: 0ms
04-01 08:46:49.819 663 695 D SystemServerTimingAsync: ssm.onUnlockedUser-0_com.android.server.pm.verify.domain.DomainVerificationService
04-01 08:46:49.820 663 695 V SystemServerTimingAsync: ssm.onUnlockedUser-0_com.android.server.pm.verify.domain.DomainVerificationService took to complete: 1ms
04-01 08:46:49.820 663 695 D SystemServerTimingAsync: ssm.onUnlockedUser-0_com.android.server.pm.PackageInstallerService$Lifecycle
04-01 08:46:49.820 663 695 V SystemServerTimingAsync: ssm.onUnlockedUser-0_com.android.server.pm.PackageInstallerService$Lifecycle took to complete: 0ms
04-01 08:46:49.820 663 695 D SystemServerTimingAsync: ssm.onUnlockedUser-0_com.android.server.pm.UserManagerService$LifeCycle
04-01 08:46:49.820 663 695 V SystemServerTimingAsync: ssm.onUnlockedUser-0_com.android.server.pm.UserManagerService$LifeCycle took to complete: 0ms
04-01 08:46:49.820 663 695 D SystemServerTimingAsync: ssm.onUnlockedUser-0_com.android.server.om.OverlayManagerService
04-01 08:46:49.820 663 695 V SystemServerTimingAsync: ssm.onUnlockedUser-0_com.android.server.om.OverlayManagerService took to complete: 0ms
04-01 08:46:49.820 663 695 D SystemServerTimingAsync: ssm.onUnlockedUser-0_com.android.server.resources.ResourcesManagerService
04-01 08:46:49.828 663 695 V SystemServerTimingAsync: ssm.onUnlockedUser-0_com.android.server.resources.ResourcesManagerService took to complete: 0ms
04-01 08:46:49.828 663 695 D SystemServerTimingAsync: ssm.onUnlockedUser-0_com.android.server.sensorprivacy.SensorPrivacyService
04-01 08:46:49.828 663 695 V SystemServerTimingAsync: ssm.onUnlockedUser-0_com.android.server.sensorprivacy.SensorPrivacyService took to complete: 0ms
04-01 08:46:49.828 663 695 D SystemServerTimingAsync: ssm.onUnlockedUser-0_com.android.server.sensors.SensorService
04-01 08:46:49.828 663 695 V SystemServerTimingAsync: ssm.onUnlockedUser-0_com.android.server.sensors.SensorService took to complete: 0ms
04-01 08:46:49.828 663 695 D SystemServerTimingAsync: ssm.onUnlockedUser-0_com.android.server.SystemConfigService
04-01 08:46:49.828 663 695 V SystemServerTimingAsync: ssm.onUnlockedUser-0_com.android.server.SystemConfigService took to complete: 0ms
04-01 08:46:49.828 663 695 D SystemServerTimingAsync: ssm.onUnlockedUser-0_com.android.server.BatteryService
04-01 08:46:49.828 663 695 V SystemServerTimingAsync: ssm.onUnlockedUser-0_com.android.server.BatteryService took to complete: 0ms
04-01 08:46:49.829 663 695 D SystemServerTimingAsync: ssm.onUnlockedUser-0_com.android.server.usage.UsageStatsService
04-01 08:46:49.829 663 695 V SystemServerTimingAsync: ssm.onUnlockedUser-0_com.android.server.usage.UsageStatsService took to complete: 0ms
04-01 08:46:49.829 663 695 D SystemServerTimingAsync: ssm.onUnlockedUser-0_com.android.server.webkit.WebViewUpdateService
04-01 08:46:49.829 663 695 V SystemServerTimingAsync: ssm.onUnlockedUser-0_com.android.server.webkit.WebViewUpdateService took to complete: 0ms
04-01 08:46:49.829 663 685 W Looper : Slow dispatch took 143ms android.fg h=android.os.Handler c=com.android.server.am.UserController$$ExternalSyntheticLambda6@dbbf0da m=0
04-01 08:46:49.829 663 695 D SystemServerTimingAsync: ssm.onUnlockedUser-0_com.android.server.CachedDeviceStateService
04-01 08:46:49.829 663 695 V SystemServerTimingAsync: ssm.onUnlockedUser-0_com.android.server.CachedDeviceStateService took to complete: 0ms
04-01 08:46:49.829 663 695 D SystemServerTimingAsync: ssm.onUnlockedUser-0_com.android.server.BinderCallsStatsService$LifeCycle
04-01 08:46:49.829 663 695 V SystemServerTimingAsync: ssm.onUnlockedUser-0_com.android.server.BinderCallsStatsService$LifeCycle took to complete: 0ms
04-01 08:46:49.829 663 695 D SystemServerTimingAsync: ssm.onUnlockedUser-0_com.android.server.LooperStatsService$Lifecycle
04-01 08:46:49.829 663 695 V SystemServerTimingAsync: ssm.onUnlockedUser-0_com.android.server.LooperStatsService$Lifecycle took to complete: 0ms
04-01 08:46:49.829 663 695 D SystemServerTimingAsync: ssm.onUnlockedUser-0_com.android.server.rollback.RollbackManagerService
04-01 08:46:49.829 663 695 V SystemServerTimingAsync: ssm.onUnlockedUser-0_com.android.server.rollback.RollbackManagerService took to complete: 0ms
04-01 08:46:49.829 663 695 D SystemServerTimingAsync: ssm.onUnlockedUser-0_com.android.server.os.NativeTombstoneManagerService
04-01 08:46:49.829 663 695 V SystemServerTimingAsync: ssm.onUnlockedUser-0_com.android.server.os.NativeTombstoneManagerService took to complete: 0ms
04-01 08:46:49.829 663 695 D SystemServerTimingAsync: ssm.onUnlockedUser-0_com.android.server.os.BugreportManagerService
04-01 08:46:49.829 663 695 V SystemServerTimingAsync: ssm.onUnlockedUser-0_com.android.server.os.BugreportManagerService took to complete: 0ms
04-01 08:46:49.829 663 695 D SystemServerTimingAsync: ssm.onUnlockedUser-0_com.android.server.gpu.GpuService
04-01 08:46:49.829 663 695 V SystemServerTimingAsync: ssm.onUnlockedUser-0_com.android.server.gpu.GpuService took to complete: 0ms
04-01 08:46:49.829 663 695 D SystemServerTimingAsync: ssm.onUnlockedUser-0_com.android.server.security.rkp.RemoteProvisioningService
04-01 08:46:49.830 663 695 V SystemServerTimingAsync: ssm.onUnlockedUser-0_com.android.server.security.rkp.RemoteProvisioningService took to complete: 0ms
04-01 08:46:49.830 663 695 D SystemServerTimingAsync: ssm.onUnlockedUser-0_com.android.server.cpu.CpuMonitorService
04-01 08:46:49.830 663 695 V SystemServerTimingAsync: ssm.onUnlockedUser-0_com.android.server.cpu.CpuMonitorService took to complete: 0ms
04-01 08:46:49.830 663 695 D SystemServerTimingAsync: ssm.onUnlockedUser-0_com.android.server.security.KeyChainSystemService
04-01 08:46:49.830 663 695 V SystemServerTimingAsync: ssm.onUnlockedUser-0_com.android.server.security.KeyChainSystemService took to complete: 0ms
04-01 08:46:49.830 663 695 D SystemServerTimingAsync: ssm.onUnlockedUser-0_com.android.server.BinaryTransparencyService
04-01 08:46:49.830 663 695 V SystemServerTimingAsync: ssm.onUnlockedUser-0_com.android.server.BinaryTransparencyService took to complete: 0ms
04-01 08:46:49.830 663 695 D SystemServerTimingAsync: ssm.onUnlockedUser-0_com.android.server.accounts.AccountManagerService$Lifecycle
04-01 08:46:49.830 663 695 V SystemServerTimingAsync: ssm.onUnlockedUser-0_com.android.server.accounts.AccountManagerService$Lifecycle took to complete: 0ms
04-01 08:46:49.830 663 695 D SystemServerTimingAsync: ssm.onUnlockedUser-0_com.android.server.content.ContentService$Lifecycle
04-01 08:46:49.830 663 695 V SystemServerTimingAsync: ssm.onUnlockedUser-0_com.android.server.content.ContentService$Lifecycle took to complete: 0ms
04-01 08:46:49.830 663 695 D SystemServerTimingAsync: ssm.onUnlockedUser-0_com.android.server.deviceconfig.DeviceConfigInit$Lifecycle
04-01 08:46:49.830 663 695 V SystemServerTimingAsync: ssm.onUnlockedUser-0_com.android.server.deviceconfig.DeviceConfigInit$Lifecycle took to complete: 0ms
04-01 08:46:49.830 663 695 D SystemServerTimingAsync: ssm.onUnlockedUser-0_com.android.server.DropBoxManagerService
04-01 08:46:49.830 663 695 V SystemServerTimingAsync: ssm.onUnlockedUser-0_com.android.server.DropBoxManagerService took to complete: 0ms
04-01 08:46:49.830 663 695 D SystemServerTimingAsync: ssm.onUnlockedUser-0_com.android.ecm.EnhancedConfirmationService
04-01 08:46:49.830 663 695 V SystemServerTimingAsync: ssm.onUnlockedUser-0_com.android.ecm.EnhancedConfirmationService took to complete: 0ms
04-01 08:46:49.830 663 695 D SystemServerTimingAsync: ssm.onUnlockedUser-0_com.android.server.power.hint.HintManagerService
04-01 08:46:49.830 663 695 V SystemServerTimingAsync: ssm.onUnlockedUser-0_com.android.server.power.hint.HintManagerService took to complete: 0ms
04-01 08:46:49.830 663 695 D SystemServerTimingAsync: ssm.onUnlockedUser-0_com.android.role.RoleService
04-01 08:46:49.830 663 695 V SystemServerTimingAsync: ssm.onUnlockedUser-0_com.android.role.RoleService took to complete: 0ms
04-01 08:46:49.830 663 695 D SystemServerTimingAsync: ssm.onUnlockedUser-0_com.android.server.vibrator.VibratorManagerService$Lifecycle
04-01 08:46:49.830 663 695 V SystemServerTimingAsync: ssm.onUnlockedUser-0_com.android.server.vibrator.VibratorManagerService$Lifecycle took to complete: 0ms
04-01 08:46:49.830 663 695 D SystemServerTimingAsync: ssm.onUnlockedUser-0_com.android.server.alarm.AlarmManagerService
04-01 08:46:49.830 663 695 V SystemServerTimingAsync: ssm.onUnlockedUser-0_com.android.server.alarm.AlarmManagerService took to complete: 0ms
04-01 08:46:49.830 663 695 D SystemServerTimingAsync: ssm.onUnlockedUser-0_com.android.server.devicestate.DeviceStateManagerService
04-01 08:46:49.830 663 695 V SystemServerTimingAsync: ssm.onUnlockedUser-0_com.android.server.devicestate.DeviceStateManagerService took to complete: 0ms
04-01 08:46:49.830 663 695 D SystemServerTimingAsync: ssm.onUnlockedUser-0_com.android.server.camera.CameraServiceProxy
04-01 08:46:49.830 663 695 V SystemServerTimingAsync: ssm.onUnlockedUser-0_com.android.server.camera.CameraServiceProxy took to complete: 0ms
04-01 08:46:49.830 663 695 D SystemServerTimingAsync: ssm.onUnlockedUser-0_com.android.server.connectivity.IpConnectivityMetrics
04-01 08:46:49.830 663 695 V SystemServerTimingAsync: ssm.onUnlockedUser-0_com.android.server.connectivity.IpConnectivityMetrics took to complete: 0ms
04-01 08:46:49.830 663 695 D SystemServerTimingAsync: ssm.onUnlockedUser-0_com.android.server.net.watchlist.NetworkWatchlistService$Lifecycle
04-01 08:46:49.830 663 695 V SystemServerTimingAsync: ssm.onUnlockedUser-0_com.android.server.net.watchlist.NetworkWatchlistService$Lifecycle took to complete: 0ms
04-01 08:46:49.830 663 695 D SystemServerTimingAsync: ssm.onUnlockedUser-0_com.android.server.PinnerService
04-01 08:46:49.830 663 695 V SystemServerTimingAsync: ssm.onUnlockedUser-0_com.android.server.PinnerService took to complete: 0ms
04-01 08:46:49.830 663 695 D SystemServerTimingAsync: ssm.onUnlockedUser-0_com.android.server.integrity.AppIntegrityManagerService
04-01 08:46:49.830 663 695 V SystemServerTimingAsync: ssm.onUnlockedUser-0_com.android.server.integrity.AppIntegrityManagerService took to complete: 0ms
04-01 08:46:49.830 663 695 D SystemServerTimingAsync: ssm.onUnlockedUser-0_com.android.server.logcat.LogcatManagerService
04-01 08:46:49.830 663 695 V SystemServerTimingAsync: ssm.onUnlockedUser-0_com.android.server.logcat.LogcatManagerService took to complete: 0ms
04-01 08:46:49.830 663 695 D SystemServerTimingAsync: ssm.onUnlockedUser-0_com.android.server.inputmethod.InputMethodManagerService$Lifecycle
04-01 08:46:49.830 663 695 V SystemServerTimingAsync: ssm.onUnlockedUser-0_com.android.server.inputmethod.InputMethodManagerService$Lifecycle took to complete: 0ms
04-01 08:46:49.830 663 695 D SystemServerTimingAsync: ssm.onUnlockedUser-0_com.android.server.accessibility.AccessibilityManagerService$Lifecycle
04-01 08:46:49.831 663 695 V SystemServerTimingAsync: ssm.onUnlockedUser-0_com.android.server.accessibility.AccessibilityManagerService$Lifecycle took to complete: 0ms
04-01 08:46:49.831 663 695 D SystemServerTimingAsync: ssm.onUnlockedUser-0_com.android.server.StorageManagerService$Lifecycle
04-01 08:46:49.831 663 695 V SystemServerTimingAsync: ssm.onUnlockedUser-0_com.android.server.StorageManagerService$Lifecycle took to complete: 0ms
04-01 08:46:49.831 663 695 D SystemServerTimingAsync: ssm.onUnlockedUser-0_com.android.server.usage.StorageStatsService$Lifecycle
04-01 08:46:49.831 663 695 V SystemServerTimingAsync: ssm.onUnlockedUser-0_com.android.server.usage.StorageStatsService$Lifecycle took to complete: 0ms
04-01 08:46:49.831 663 695 D SystemServerTimingAsync: ssm.onUnlockedUser-0_com.android.server.UiModeManagerService
04-01 08:46:49.831 663 695 V SystemServerTimingAsync: ssm.onUnlockedUser-0_com.android.server.UiModeManagerService took to complete: 0ms
04-01 08:46:49.831 663 1242 D ShortcutService: depth=1 type=2 name=package
04-01 08:46:49.831 663 1242 D ShortcutService: depth=3 type=2 name=intent
04-01 08:46:49.832 663 1242 D ShortcutService: depth=3 type=2 name=intent
04-01 08:46:49.837 986 986 D FallbackHome: User unlocked and real home found; let's go!
04-01 08:46:49.839 663 1258 E TaskPersister: File error accessing recents directory (directory doesn't exist?).
04-01 08:46:49.842 663 695 D SystemServerTimingAsync: ssm.onUnlockedUser-0_com.android.server.locales.LocaleManagerService
04-01 08:46:49.843 663 695 V SystemServerTimingAsync: ssm.onUnlockedUser-0_com.android.server.locales.LocaleManagerService took to complete: 0ms
04-01 08:46:49.843 663 695 D SystemServerTimingAsync: ssm.onUnlockedUser-0_com.android.server.grammaticalinflection.GrammaticalInflectionService
04-01 08:46:49.843 663 695 V SystemServerTimingAsync: ssm.onUnlockedUser-0_com.android.server.grammaticalinflection.GrammaticalInflectionService took to complete: 0ms
04-01 08:46:49.843 663 695 D SystemServerTimingAsync: ssm.onUnlockedUser-0_com.android.server.apphibernation.AppHibernationService
04-01 08:46:49.843 663 695 V SystemServerTimingAsync: ssm.onUnlockedUser-0_com.android.server.apphibernation.AppHibernationService took to complete: 0ms
04-01 08:46:49.843 663 695 D SystemServerTimingAsync: ssm.onUnlockedUser-0_com.android.server.locksettings.LockSettingsService$Lifecycle
04-01 08:46:49.843 663 695 V SystemServerTimingAsync: ssm.onUnlockedUser-0_com.android.server.locksettings.LockSettingsService$Lifecycle took to complete: 0ms
04-01 08:46:49.843 663 695 D SystemServerTimingAsync: ssm.onUnlockedUser-0_com.android.server.pdb.PersistentDataBlockService
04-01 08:46:49.843 663 695 V SystemServerTimingAsync: ssm.onUnlockedUser-0_com.android.server.pdb.PersistentDataBlockService took to complete: 0ms
04-01 08:46:49.843 663 695 D SystemServerTimingAsync: ssm.onUnlockedUser-0_com.android.server.testharness.TestHarnessModeService
04-01 08:46:49.843 663 695 V SystemServerTimingAsync: ssm.onUnlockedUser-0_com.android.server.testharness.TestHarnessModeService took to complete: 0ms
04-01 08:46:49.843 663 695 D SystemServerTimingAsync: ssm.onUnlockedUser-0_com.android.server.oemlock.OemLockService
04-01 08:46:49.843 663 695 V SystemServerTimingAsync: ssm.onUnlockedUser-0_com.android.server.oemlock.OemLockService took to complete: 0ms
04-01 08:46:49.843 663 695 D SystemServerTimingAsync: ssm.onUnlockedUser-0_com.android.server.DeviceIdleController
04-01 08:46:49.843 663 695 V SystemServerTimingAsync: ssm.onUnlockedUser-0_com.android.server.DeviceIdleController took to complete: 0ms
04-01 08:46:49.843 663 695 D SystemServerTimingAsync: ssm.onUnlockedUser-0_com.android.server.devicepolicy.DevicePolicyManagerService$Lifecycle
04-01 08:46:49.843 663 695 V SystemServerTimingAsync: ssm.onUnlockedUser-0_com.android.server.devicepolicy.DevicePolicyManagerService$Lifecycle took to complete: 0ms
04-01 08:46:49.843 663 695 D SystemServerTimingAsync: ssm.onUnlockedUser-0_com.android.server.texttospeech.TextToSpeechManagerService
04-01 08:46:49.843 663 695 V SystemServerTimingAsync: ssm.onUnlockedUser-0_com.android.server.texttospeech.TextToSpeechManagerService took to complete: 0ms
04-01 08:46:49.843 663 695 D SystemServerTimingAsync: ssm.onUnlockedUser-0_com.android.server.wearable.WearableSensingManagerService
04-01 08:46:49.844 663 695 V SystemServerTimingAsync: ssm.onUnlockedUser-0_com.android.server.wearable.WearableSensingManagerService took to complete: 0ms
04-01 08:46:49.844 663 695 D SystemServerTimingAsync: ssm.onUnlockedUser-0_com.android.server.ondeviceintelligence.OnDeviceIntelligenceManagerService
04-01 08:46:49.844 663 695 V SystemServerTimingAsync: ssm.onUnlockedUser-0_com.android.server.ondeviceintelligence.OnDeviceIntelligenceManagerService took to complete: 0ms
04-01 08:46:49.844 663 695 D SystemServerTimingAsync: ssm.onUnlockedUser-0_com.android.server.speech.SpeechRecognitionManagerService
04-01 08:46:49.844 663 695 V SystemServerTimingAsync: ssm.onUnlockedUser-0_com.android.server.speech.SpeechRecognitionManagerService took to complete: 0ms
04-01 08:46:49.844 663 695 D SystemServerTimingAsync: ssm.onUnlockedUser-0_com.android.server.graphics.fonts.FontManagerService$Lifecycle
04-01 08:46:49.844 663 695 V SystemServerTimingAsync: ssm.onUnlockedUser-0_com.android.server.graphics.fonts.FontManagerService$Lifecycle took to complete: 0ms
04-01 08:46:49.844 663 695 D SystemServerTimingAsync: ssm.onUnlockedUser-0_com.android.server.textservices.TextServicesManagerService$Lifecycle
04-01 08:46:49.844 663 695 V SystemServerTimingAsync: ssm.onUnlockedUser-0_com.android.server.textservices.TextServicesManagerService$Lifecycle took to complete: 0ms
04-01 08:46:49.844 663 695 D SystemServerTimingAsync: ssm.onUnlockedUser-0_com.android.server.textclassifier.TextClassificationManagerService$Lifecycle
04-01 08:46:49.844 663 695 V SystemServerTimingAsync: ssm.onUnlockedUser-0_com.android.server.textclassifier.TextClassificationManagerService$Lifecycle took to complete: 0ms
04-01 08:46:49.844 663 695 D SystemServerTimingAsync: ssm.onUnlockedUser-0_com.android.server.NetworkScoreService$Lifecycle
04-01 08:46:49.844 663 695 V SystemServerTimingAsync: ssm.onUnlockedUser-0_com.android.server.NetworkScoreService$Lifecycle took to complete: 0ms
04-01 08:46:49.844 663 695 D SystemServerTimingAsync: ssm.onUnlockedUser-0_com.android.server.NetworkStatsServiceInitializer
04-01 08:46:49.844 663 695 V SystemServerTimingAsync: ssm.onUnlockedUser-0_com.android.server.NetworkStatsServiceInitializer took to complete: 0ms
04-01 08:46:49.844 663 695 D SystemServerTimingAsync: ssm.onUnlockedUser-0_com.android.server.wifi.WifiService
04-01 08:46:49.844 663 695 V SystemServerTimingAsync: ssm.onUnlockedUser-0_com.android.server.wifi.WifiService took to complete: 0ms
04-01 08:46:49.844 663 695 D SystemServerTimingAsync: ssm.onUnlockedUser-0_com.android.server.wifi.scanner.WifiScanningService
04-01 08:46:49.844 663 695 V SystemServerTimingAsync: ssm.onUnlockedUser-0_com.android.server.wifi.scanner.WifiScanningService took to complete: 0ms
04-01 08:46:49.844 663 695 D SystemServerTimingAsync: ssm.onUnlockedUser-0_com.android.server.wifi.p2p.WifiP2pService
04-01 08:46:49.844 663 695 V SystemServerTimingAsync: ssm.onUnlockedUser-0_com.android.server.wifi.p2p.WifiP2pService took to complete: 0ms
04-01 08:46:49.844 663 695 D SystemServerTimingAsync: ssm.onUnlockedUser-0_com.android.server.ConnectivityServiceInitializer
04-01 08:46:49.844 663 695 V SystemServerTimingAsync: ssm.onUnlockedUser-0_com.android.server.ConnectivityServiceInitializer took to complete: 0ms
04-01 08:46:49.844 663 695 D SystemServerTimingAsync: ssm.onUnlockedUser-0_com.android.server.notification.NotificationManagerService
04-01 08:46:49.844 663 832 W com.android.internal.protolog.LogcatOnlyProtoLogImpl: ProtoLog message not processed. Failed to log it to proto. Logging it below to logcat instead.
04-01 08:46:49.844 1252 1252 I id.printspooler: Using CollectorTypeCMC GC.
04-01 08:46:49.844 663 695 V SystemServerTimingAsync: ssm.onUnlockedUser-0_com.android.server.notification.NotificationManagerService took to complete: 0ms
04-01 08:46:49.844 663 695 D SystemServerTimingAsync: ssm.onUnlockedUser-0_com.android.server.storage.DeviceStorageMonitorService
04-01 08:46:49.845 663 695 V SystemServerTimingAsync: ssm.onUnlockedUser-0_com.android.server.storage.DeviceStorageMonitorService took to complete: 0ms
04-01 08:46:49.845 663 695 D SystemServerTimingAsync: ssm.onUnlockedUser-0_com.android.server.timedetector.TimeDetectorService$Lifecycle
04-01 08:46:49.845 663 695 V SystemServerTimingAsync: ssm.onUnlockedUser-0_com.android.server.timedetector.TimeDetectorService$Lifecycle took to complete: 0ms
04-01 08:46:49.845 663 695 D SystemServerTimingAsync: ssm.onUnlockedUser-0_com.android.server.location.LocationManagerService$Lifecycle
04-01 08:46:49.845 663 695 V SystemServerTimingAsync: ssm.onUnlockedUser-0_com.android.server.location.LocationManagerService$Lifecycle took to complete: 0ms
04-01 08:46:49.845 663 695 D SystemServerTimingAsync: ssm.onUnlockedUser-0_com.android.server.timezonedetector.TimeZoneDetectorService$Lifecycle
04-01 08:46:49.845 663 695 V SystemServerTimingAsync: ssm.onUnlockedUser-0_com.android.server.timezonedetector.TimeZoneDetectorService$Lifecycle took to complete: 0ms
04-01 08:46:49.845 663 695 D SystemServerTimingAsync: ssm.onUnlockedUser-0_com.android.server.location.altitude.AltitudeService$Lifecycle
04-01 08:46:49.845 663 695 V SystemServerTimingAsync: ssm.onUnlockedUser-0_com.android.server.location.altitude.AltitudeService$Lifecycle took to complete: 0ms
04-01 08:46:49.845 663 695 D SystemServerTimingAsync: ssm.onUnlockedUser-0_com.android.server.timezonedetector.location.LocationTimeZoneManagerService$Lifecycle
04-01 08:46:49.845 663 695 V SystemServerTimingAsync: ssm.onUnlockedUser-0_com.android.server.timezonedetector.location.LocationTimeZoneManagerService$Lifecycle took to complete: 0ms
04-01 08:46:49.845 663 695 D SystemServerTimingAsync: ssm.onUnlockedUser-0_com.android.server.search.SearchManagerService$Lifecycle
04-01 08:46:49.845 663 695 V SystemServerTimingAsync: ssm.onUnlockedUser-0_com.android.server.search.SearchManagerService$Lifecycle took to complete: 0ms
04-01 08:46:49.845 663 695 D SystemServerTimingAsync: ssm.onUnlockedUser-0_com.android.server.wallpaper.WallpaperManagerService$Lifecycle
04-01 08:46:49.845 663 695 V SystemServerTimingAsync: ssm.onUnlockedUser-0_com.android.server.wallpaper.WallpaperManagerService$Lifecycle took to complete: 0ms
04-01 08:46:49.845 663 695 D SystemServerTimingAsync: ssm.onUnlockedUser-0_com.android.server.audio.AudioService$Lifecycle
04-01 08:46:49.845 663 695 V SystemServerTimingAsync: ssm.onUnlockedUser-0_com.android.server.audio.AudioService$Lifecycle took to complete: 0ms
04-01 08:46:49.845 663 695 D SystemServerTimingAsync: ssm.onUnlockedUser-0_com.android.server.soundtrigger_middleware.SoundTriggerMiddlewareService$Lifecycle
04-01 08:46:49.845 663 695 V SystemServerTimingAsync: ssm.onUnlockedUser-0_com.android.server.soundtrigger_middleware.SoundTriggerMiddlewareService$Lifecycle took to complete: 0ms
04-01 08:46:49.845 663 695 D SystemServerTimingAsync: ssm.onUnlockedUser-0_com.android.server.DockObserver
04-01 08:46:49.845 663 695 V SystemServerTimingAsync: ssm.onUnlockedUser-0_com.android.server.DockObserver took to complete: 0ms
04-01 08:46:49.845 663 695 D SystemServerTimingAsync: ssm.onUnlockedUser-0_com.android.server.adb.AdbService$Lifecycle
04-01 08:46:49.845 663 695 V SystemServerTimingAsync: ssm.onUnlockedUser-0_com.android.server.adb.AdbService$Lifecycle took to complete: 0ms
04-01 08:46:49.845 663 695 D SystemServerTimingAsync: ssm.onUnlockedUser-0_com.android.server.usb.UsbService$Lifecycle
04-01 08:46:49.845 663 695 V SystemServerTimingAsync: ssm.onUnlockedUser-0_com.android.server.usb.UsbService$Lifecycle took to complete: 0ms
04-01 08:46:49.845 663 695 D SystemServerTimingAsync: ssm.onUnlockedUser-0_com.android.server.SerialService$Lifecycle
04-01 08:46:49.845 663 695 V SystemServerTimingAsync: ssm.onUnlockedUser-0_com.android.server.SerialService$Lifecycle took to complete: 0ms
04-01 08:46:49.845 663 695 D SystemServerTimingAsync: ssm.onUnlockedUser-0_com.android.server.twilight.TwilightService
04-01 08:46:49.845 663 695 V SystemServerTimingAsync: ssm.onUnlockedUser-0_com.android.server.twilight.TwilightService took to complete: 0ms
04-01 08:46:49.845 663 695 D SystemServerTimingAsync: ssm.onUnlockedUser-0_com.android.server.display.color.ColorDisplayService
04-01 08:46:49.845 663 695 V SystemServerTimingAsync: ssm.onUnlockedUser-0_com.android.server.display.color.ColorDisplayService took to complete: 0ms
04-01 08:46:49.845 663 695 D SystemServerTimingAsync: ssm.onUnlockedUser-0_com.android.server.job.JobSchedulerService
04-01 08:46:49.845 663 695 V SystemServerTimingAsync: ssm.onUnlockedUser-0_com.android.server.job.JobSchedulerService took to complete: 0ms
04-01 08:46:49.845 663 695 D SystemServerTimingAsync: ssm.onUnlockedUser-0_com.android.server.soundtrigger.SoundTriggerService
04-01 08:46:49.845 663 695 V SystemServerTimingAsync: ssm.onUnlockedUser-0_com.android.server.soundtrigger.SoundTriggerService took to complete: 0ms
04-01 08:46:49.845 663 695 D SystemServerTimingAsync: ssm.onUnlockedUser-0_com.android.server.trust.TrustManagerService
04-01 08:46:49.845 663 695 V SystemServerTimingAsync: ssm.onUnlockedUser-0_com.android.server.trust.TrustManagerService took to complete: 0ms
04-01 08:46:49.845 663 695 D SystemServerTimingAsync: ssm.onUnlockedUser-0_com.android.server.backup.BackupManagerService$Lifecycle
04-01 08:46:49.845 663 695 V SystemServerTimingAsync: ssm.onUnlockedUser-0_com.android.server.backup.BackupManagerService$Lifecycle took to complete: 0ms
04-01 08:46:49.845 663 695 D SystemServerTimingAsync: ssm.onUnlockedUser-0_com.android.server.appwidget.AppWidgetService
04-01 08:46:49.845 663 695 V SystemServerTimingAsync: ssm.onUnlockedUser-0_com.android.server.appwidget.AppWidgetService took to complete: 0ms
04-01 08:46:49.845 663 695 D SystemServerTimingAsync: ssm.onUnlockedUser-0_com.android.server.voiceinteraction.VoiceInteractionManagerService
04-01 08:46:49.845 663 695 V SystemServerTimingAsync: ssm.onUnlockedUser-0_com.android.server.voiceinteraction.VoiceInteractionManagerService took to complete: 0ms
04-01 08:46:49.845 663 695 D SystemServerTimingAsync: ssm.onUnlockedUser-0_com.android.server.GestureLauncherService
04-01 08:46:49.845 663 695 V SystemServerTimingAsync: ssm.onUnlockedUser-0_com.android.server.GestureLauncherService took to complete: 0ms
04-01 08:46:49.846 663 695 D SystemServerTimingAsync: ssm.onUnlockedUser-0_com.android.server.SensorNotificationService
04-01 08:46:49.846 663 695 V SystemServerTimingAsync: ssm.onUnlockedUser-0_com.android.server.SensorNotificationService took to complete: 0ms
04-01 08:46:49.846 663 695 D SystemServerTimingAsync: ssm.onUnlockedUser-0_com.android.server.emergency.EmergencyAffordanceService
04-01 08:46:49.846 663 695 V SystemServerTimingAsync: ssm.onUnlockedUser-0_com.android.server.emergency.EmergencyAffordanceService took to complete: 0ms
04-01 08:46:49.846 663 695 D SystemServerTimingAsync: ssm.onUnlockedUser-0_com.android.server.blob.BlobStoreManagerService
04-01 08:46:49.846 663 695 V SystemServerTimingAsync: ssm.onUnlockedUser-0_com.android.server.blob.BlobStoreManagerService took to complete: 0ms
04-01 08:46:49.846 663 695 D SystemServerTimingAsync: ssm.onUnlockedUser-0_com.android.server.dreams.DreamManagerService
04-01 08:46:49.846 663 695 V SystemServerTimingAsync: ssm.onUnlockedUser-0_com.android.server.dreams.DreamManagerService took to complete: 0ms
04-01 08:46:49.846 663 695 D SystemServerTimingAsync: ssm.onUnlockedUser-0_com.android.server.print.PrintManagerService
04-01 08:46:49.846 663 695 V SystemServerTimingAsync: ssm.onUnlockedUser-0_com.android.server.print.PrintManagerService took to complete: 0ms
