04-01 08:46:48.263 663 685 W PackageManager: Skipping preparing app data for com.android.nfcservices
04-01 08:46:48.263 663 685 W PackageManager: Skipping preparing app data for com.android.ondevicepersonalization
04-01 08:46:48.267 577 1224 I CCodecConfig: query failed after returning 8 values (BAD_INDEX)
04-01 08:46:48.268 577 1224 D CCodecConfig: c2 config diff is Dict {
04-01 08:46:48.268 577 1224 D CCodecConfig: c2::u32 coded.bitrate.value = 64000
04-01 08:46:48.268 577 1224 D CCodecConfig: c2::u32 input.buffers.max-size.value = 32768
04-01 08:46:48.268 577 1224 D CCodecConfig: c2::u32 input.delay.value = 0
04-01 08:46:48.268 577 1224 D CCodecConfig: string input.media-type.value = "audio/vorbis"
04-01 08:46:48.268 577 1224 D CCodecConfig: c2::u32 output.large-frame.max-size = 0
04-01 08:46:48.268 577 1224 D CCodecConfig: c2::u32 output.large-frame.threshold-size = 0
04-01 08:46:48.268 577 1224 D CCodecConfig: string output.media-type.value = "audio/raw"
04-01 08:46:48.268 577 1224 D CCodecConfig: c2::u32 raw.channel-count.value = 1
04-01 08:46:48.268 577 1224 D CCodecConfig: c2::u32 raw.sample-rate.value = 48000
04-01 08:46:48.268 577 1224 D CCodecConfig: }
04-01 08:46:48.273 577 1224 D CCodec : [c2.android.vorbis.decoder] buffers are bound to CCodec for this session
04-01 08:46:48.274 577 1224 D CCodecConfig: no c2 equivalents for durationUs
04-01 08:46:48.274 577 1224 D CCodecConfig: no c2 equivalents for csd-1
04-01 08:46:48.274 577 1224 D CCodecConfig: no c2 equivalents for flags
04-01 08:46:48.279 577 1224 D CCodecConfig: c2 config diff is c2::u32 coded.bitrate.value = 80000
04-01 08:46:48.279 577 1224 D CCodecConfig: c2::u32 raw.sample-rate.value = 44100
04-01 08:46:48.282 577 1224 W Codec2Client: query -- param skipped: index = 1107298332.
04-01 08:46:48.282 577 1224 D CCodec : encoding statistics level = 0
04-01 08:46:48.282 577 1224 D CCodec : setup formats input: AMessage(what = 0x00000000) = {
04-01 08:46:48.282 577 1224 D CCodec : int32_t bitrate = 80000
04-01 08:46:48.282 577 1224 D CCodec : int32_t channel-count = 1
04-01 08:46:48.282 577 1224 D CCodec : int32_t max-input-size = 32768
04-01 08:46:48.282 577 1224 D CCodec : string mime = "audio/vorbis"
04-01 08:46:48.282 577 1224 D CCodec : int32_t sample-rate = 44100
04-01 08:46:48.282 577 1224 D CCodec : }
04-01 08:46:48.283 577 1224 D CCodec : setup formats output: AMessage(what = 0x00000000) = {
04-01 08:46:48.283 577 1224 D CCodec : int32_t buffer-batch-max-output-size = 0
04-01 08:46:48.283 577 1224 D CCodec : int32_t buffer-batch-threshold-output-size = 0
04-01 08:46:48.283 577 1224 D CCodec : int32_t channel-count = 1
04-01 08:46:48.283 577 1224 D CCodec : string mime = "audio/raw"
04-01 08:46:48.283 577 1224 D CCodec : int32_t sample-rate = 44100
04-01 08:46:48.283 577 1224 D CCodec : int32_t channel-mask = 1
04-01 08:46:48.283 577 1224 D CCodec : int32_t android._config-pcm-encoding = 2
04-01 08:46:48.283 577 1224 D CCodec : }
04-01 08:46:48.283 577 1224 I CCodecConfig: query failed after returning 8 values (BAD_INDEX)
04-01 08:46:48.285 577 1224 I MediaCodec: MediaCodec will operate in async mode
04-01 08:46:48.285 577 1223 D MediaCodec: keep callback message for reclaim
04-01 08:46:48.287 577 1224 W Codec2Client: query -- param skipped: index = 1342179345.
04-01 08:46:48.287 577 1224 W Codec2Client: query -- param skipped: index = 2415921170.
04-01 08:46:48.290 577 1224 D C2Store : Using DMABUF Heaps
04-01 08:46:48.299 577 1224 D CCodecBufferChannel: [c2.android.vorbis.decoder#1] Created input block pool with allocatorID 16 => poolID 17 - OK (0)
04-01 08:46:48.301 1 1 I init : starting service 'dmesgd'...
04-01 08:46:48.313 577 1224 I CCodecBufferChannel: [c2.android.vorbis.decoder#1] Created output block pool with allocatorID 16 => poolID 36 - OK
04-01 08:46:48.314 577 1224 D CCodecBufferChannel: [c2.android.vorbis.decoder#1] Configured output block pool ids 36 => OK
04-01 08:46:48.315 582 967 E Codec2-ComponentInterface: We have a failed config
04-01 08:46:48.316 663 1046 D BufferPoolAccessor2.0: Destruction - bufferpool2 0xb400007413af2618 cached: 0/0M, 0/0% in use; allocs: 7, 29% recycled; transfers: 18, 72% unfetched
04-01 08:46:48.316 577 1224 I DMABUFHEAPS: Using DMA-BUF heap named: system
04-01 08:46:48.325 582 1228 D SimpleC2Component: Using output block pool with poolID 36 => got 36 - 0
04-01 08:46:48.371 880 885 I ndroid.systemui: JIT allocated 59KB for compiled code of java.lang.Object com.android.systemui.dagger.DaggerReferenceGlobalRootComponent$ReferenceSysUIComponentImpl$SwitchingProvider.get13()
04-01 08:46:48.373 880 885 I ndroid.systemui: Compiler allocated 4683KB to compile java.lang.Object com.android.systemui.dagger.DaggerReferenceGlobalRootComponent$ReferenceSysUIComponentImpl$SwitchingProvider.get13()
04-01 08:46:48.422 544 972 D PermissionCache: checking android.permission.MODIFY_PHONE_STATE for uid=10070 => granted (695 us)
04-01 08:46:48.423 544 972 D AudioFlinger: Client defaulted notificationFrames to 12288 for frameCount 24576
04-01 08:46:48.431 1 1 I init : ... started service 'dmesgd' has pid 1229
04-01 08:46:48.431 1 1 I init : Command 'start dmesgd' action=bootreceiver.enable=1 && dmesgd.start=1 && ro.product.cpu.abilist64=* (/system/etc/init/dmesgd.rc:13) took 141ms and succeeded
04-01 08:46:48.435 1 1 I init : processing action (sys.user.0.ce_available=true) from (/system/etc/init/wifi.rc:21)
04-01 08:46:48.447 1 1 I selinux : SELinux: Skipping restorecon on directory(/data/misc_ce/0/apexdata/com.android.wifi)
04-01 08:46:48.448 1 1 I init : processing action (sys.boot_completed=1 && sys.wifitracing.started=1) from (/vendor/etc/init/hw/init.am62p.rc:130)
04-01 08:46:48.460 544 562 D audioserver: logFgsApiBegin: FGS Logger Transaction failed, -129
04-01 08:46:48.463 521 521 D AHAL_Stream: updateMetadataCommon
04-01 08:46:48.464 521 622 D AHAL_Stream: cycle: received command Command{start: Void{}} in writer
04-01 08:46:48.464 521 622 D alsa_device_proxy: proxy_prepare_from_default_config(c:0, d:0)
04-01 08:46:48.464 521 622 D alsa_device_proxy: proxy_open(card:0 device:0 PCM_OUT)
04-01 08:46:48.465 521 622 D AHAL_Stream: cycle: writing reply Reply{status: 0, fmqByteCount: 0, observable: Position{frames: 0, timeNs: 44101701700}, hardware: Position{frames: -1, timeNs: -1}, latencyMs: 0, xrunFrames: 0, state: IDLE}
04-01 08:46:48.728 582 877 D BufferPoolAccessor2.0: bufferpool2 0xb40000762c914088 : 0(0 size) total buffers - 0(0 size) used buffers - 8/10 (recycle/alloc) - 2/9 (fetch/transfer)
04-01 08:46:48.735 582 877 D BufferPoolAccessor2.0: bufferpool2 0xb40000762c913748 : 0(0 size) total buffers - 0(0 size) used buffers - 8/11 (recycle/alloc) - 3/10 (fetch/transfer)
04-01 08:46:48.735 582 877 D BufferPoolAccessor2.0: bufferpool2 0xb40000762c9082e8 : 0(0 size) total buffers - 0(0 size) used buffers - 7/10 (recycle/alloc) - 3/9 (fetch/transfer)
04-01 08:46:48.735 582 877 D BufferPoolAccessor2.0: bufferpool2 0xb40000762c90c3a8 : 0(0 size) total buffers - 0(0 size) used buffers - 5/7 (recycle/alloc) - 2/6 (fetch/transfer)
04-01 08:46:48.735 582 877 D BufferPoolAccessor2.0: evictor expired: 6, evicted: 4
04-01 08:46:48.744 663 732 D PermissionCache: checking android.permission.ACCESS_SURFACE_FLINGER for uid=10070 => granted (6171 us)
04-01 08:46:48.746 663 732 D PermissionCache: checking android.permission.ROTATE_SURFACE_FLINGER for uid=10070 => granted (865 us)
04-01 08:46:48.746 663 732 D PermissionCache: checking android.permission.INTERNAL_SYSTEM_WINDOW for uid=10070 => granted (381 us)
04-01 08:46:48.770 880 895 I HWUI : Davey! duration=2632ms; Flags=1, FrameTimelineVsyncId=1696, IntendedVsync=41736722699, Vsync=42636699605, InputEventId=0, HandleInputStart=42656802510, AnimationStart=42656804905, PerformTraversalsStart=42703312670, DrawStart=44232692995, FrameDeadline=41753389366, FrameInterval=42653169760, FrameStartTime=16666239, SyncQueued=44236471245, SyncStart=44236637290, IssueDrawCommandsStart=44239420020, SwapBuffers=44362594060, FrameCompleted=44369880050, DequeueBufferDuration=35240, QueueBufferDuration=6578205, GpuCompleted=44362594060, SwapBuffersCompleted=44369880050, DisplayPresentTime=0, CommandSubmissionCompleted=44362594060,
04-01 08:46:48.791 577 1222 D AudioTrack: getTimestamp_l(8): device stall time corrected using current time 44427114175
04-01 08:46:48.814 663 1023 D BufferPoolAccessor2.0: bufferpool2 0xb400007413adbfa8 : 0(0 size) total buffers - 0(0 size) used buffers - 2/7 (recycle/alloc) - 5/24 (fetch/transfer)
04-01 08:46:48.814 663 1023 D BufferPoolAccessor2.0: bufferpool2 0xb400007413ad8f18 : 0(0 size) total buffers - 0(0 size) used buffers - 2/7 (recycle/alloc) - 5/26 (fetch/transfer)
04-01 08:46:48.814 663 1023 D BufferPoolAccessor2.0: evictor expired: 2, evicted: 2
04-01 08:46:48.855 1229 1229 E dmesgd : /data/misc/dmesgd/sent_reports.txt is empty: No such file or directory
04-01 08:46:48.883 521 521 D AHAL_Stream: updateMetadataCommon
04-01 08:46:48.896 521 622 D AHAL_StreamPrimary: transfer: skipping transfer (4096 frames)
04-01 08:46:48.897 521 622 D AHAL_StreamPrimary: transfer: skipping transfer (4096 frames)
04-01 08:46:48.946 521 622 D AHAL_StreamPrimary: transfer: skipping transfer (4096 frames)
04-01 08:46:48.996 521 622 D AHAL_StreamPrimary: transfer: skipping transfer (4096 frames)
04-01 08:46:49.047 521 622 D AHAL_StreamPrimary: transfer: skipping transfer (4096 frames)
04-01 08:46:49.051 663 676 I system_server: Background concurrent mark compact GC freed 11MB AllocSpace bytes, 22(1464KB) LOS objects, 49% free, 13MB/27MB, paused 12.950ms,8.191ms total 1.001s
04-01 08:46:49.065 663 678 W system_server: ApkAssets: Deleting an ApkAssets object ' and /system/priv-app/InputDevices/InputDevices.apk' with 1 weak references
04-01 08:46:49.066 663 678 W system_server: ApkAssets: Deleting an ApkAssets object ' and /system/product/app/LatinIME/LatinIME.apk' with 1 weak references
04-01 08:46:49.069 663 678 W system_server: ApkAssets: Deleting an ApkAssets object ' and /apex/com.android.devicelock/priv-app/DeviceLockController@AP4A.250105.002.A1/DeviceLockController.apk' with 1 weak references
04-01 08:46:49.071 663 678 W system_server: ApkAssets: Deleting an ApkAssets object ' and /system/system_ext/app/AccessibilityMenu/AccessibilityMenu.apk' with 1 weak references
04-01 08:46:49.072 663 687 I DropBoxManagerService: add tag=system_server_strictmode isTagEnabled=true flags=0x2
04-01 08:46:49.084 663 687 I DropBoxManagerService: add tag=system_server_strictmode isTagEnabled=true flags=0x2
04-01 08:46:49.113 880 880 D QSPanel : setUsingHorizontalLayout: false, true
04-01 08:46:49.114 880 880 D QSPanel : Reattaching media host: false, current null, new com.android.systemui.qs.QSPanel{62087fb V.E...... ......I. 0,0-0,0 #7f0a0632 app:id/quick_settings_panel}
04-01 08:46:49.136 880 880 D QSPanel : setUsingHorizontalLayout: false, true
04-01 08:46:49.136 880 880 D QSPanel : Reattaching media host: false, current com.android.systemui.qs.QSPanel{62087fb V.E...... ......I. 0,0-0,0 #7f0a0632 app:id/quick_settings_panel}, new com.android.systemui.qs.QSPanel{62087fb V.E...... ......I. 0,0-0,0 #7f0a0632 app:id/quick_settings_panel}
04-01 08:46:49.150 880 880 D QuickQSPanel: setUsingHorizontalLayout: false, true
04-01 08:46:49.152 880 880 D QuickQSPanel: Reattaching media host: false, current null, new com.android.systemui.qs.QuickQSPanel{95d6be2 VFE...... ......I. 0,0-0,0 #7f0a0630 app:id/quick_qs_panel}
04-01 08:46:49.183 521 622 D AHAL_StreamPrimary: transfer: skipping transfer (4096 frames)
04-01 08:46:49.184 544 626 D AudioFlinger: mixer(0xb4000073794ab880) throttle end: throttle time(172)
04-01 08:46:49.187 521 622 D AHAL_StreamPrimary: transfer: skipping transfer (4096 frames)
04-01 08:46:49.254 663 685 V PackageManager: reconcileAppsData finished 167 packages
04-01 08:46:49.255 663 685 V SystemServerTiming: reconcileAppsData-0 took to complete: 1017ms
04-01 08:46:49.255 663 685 V SystemServerTiming: UM.onBeforeUnlockUser-0 took to complete: 1902ms
04-01 08:46:49.255 663 685 I ActivityManager: User 0 state changed from RUNNING_LOCKED to RUNNING_UNLOCKING
04-01 08:46:49.266 663 685 D ActivityManager: Unlocking user 0 progress 20
04-01 08:46:49.267 663 685 W Looper : Slow dispatch took 1914ms android.fg h=android.os.Handler c=com.android.server.am.UserController$$ExternalSyntheticLambda5@b67189 m=0
04-01 08:46:49.270 663 685 W Looper : Slow delivery took 1913ms android.fg h=android.os.Handler c=com.android.server.am.UserController$$ExternalSyntheticLambda4@d3c458e m=0
04-01 08:46:49.272 663 695 D SystemServerTimingAsync: ssm.UnlockingUser-0
04-01 08:46:49.278 663 695 I SystemServiceManager: Calling onUnlockingUser 0
04-01 08:46:49.279 663 695 D SystemServerTimingAsync: ssm.onUnlockingUser-0_com.android.server.security.FileIntegrityService
04-01 08:46:49.280 663 695 V SystemServerTimingAsync: ssm.onUnlockingUser-0_com.android.server.security.FileIntegrityService took to complete: 0ms
04-01 08:46:49.280 663 695 D SystemServerTimingAsync: ssm.onUnlockingUser-0_com.android.server.pm.Installer
04-01 08:46:49.280 663 695 V SystemServerTimingAsync: ssm.onUnlockingUser-0_com.android.server.pm.Installer took to complete: 0ms
04-01 08:46:49.280 663 695 D SystemServerTimingAsync: ssm.onUnlockingUser-0_com.android.server.os.DeviceIdentifiersPolicyService
04-01 08:46:49.280 663 695 V SystemServerTimingAsync: ssm.onUnlockingUser-0_com.android.server.os.DeviceIdentifiersPolicyService took to complete: 0ms
04-01 08:46:49.280 663 695 D SystemServerTimingAsync: ssm.onUnlockingUser-0_com.android.server.flags.FeatureFlagsService
04-01 08:46:49.280 663 695 V SystemServerTimingAsync: ssm.onUnlockingUser-0_com.android.server.flags.FeatureFlagsService took to complete: 0ms
04-01 08:46:49.280 663 695 D SystemServerTimingAsync: ssm.onUnlockingUser-0_com.android.server.uri.UriGrantsManagerService$Lifecycle
04-01 08:46:49.280 663 695 V SystemServerTimingAsync: ssm.onUnlockingUser-0_com.android.server.uri.UriGrantsManagerService$Lifecycle took to complete: 0ms
04-01 08:46:49.280 663 695 D SystemServerTimingAsync: ssm.onUnlockingUser-0_com.android.server.powerstats.PowerStatsService
04-01 08:46:49.280 663 695 V SystemServerTimingAsync: ssm.onUnlockingUser-0_com.android.server.powerstats.PowerStatsService took to complete: 0ms
04-01 08:46:49.280 663 695 D SystemServerTimingAsync: ssm.onUnlockingUser-0_com.android.server.permission.access.AccessCheckingService
04-01 08:46:49.280 663 695 V SystemServerTimingAsync: ssm.onUnlockingUser-0_com.android.server.permission.access.AccessCheckingService took to complete: 0ms
04-01 08:46:49.280 663 695 D SystemServerTimingAsync: ssm.onUnlockingUser-0_com.android.server.wm.ActivityTaskManagerService$Lifecycle
04-01 08:46:49.280 663 695 V SystemServerTimingAsync: ssm.onUnlockingUser-0_com.android.server.wm.ActivityTaskManagerService$Lifecycle took to complete: 0ms
04-01 08:46:49.280 663 695 D SystemServerTimingAsync: ssm.onUnlockingUser-0_com.android.server.am.ActivityManagerService$Lifecycle
04-01 08:46:49.280 663 695 V SystemServerTimingAsync: ssm.onUnlockingUser-0_com.android.server.am.ActivityManagerService$Lifecycle took to complete: 0ms
04-01 08:46:49.280 663 695 D SystemServerTimingAsync: ssm.onUnlockingUser-0_com.android.server.pm.DataLoaderManagerService
04-01 08:46:49.280 663 695 V SystemServerTimingAsync: ssm.onUnlockingUser-0_com.android.server.pm.DataLoaderManagerService took to complete: 0ms
04-01 08:46:49.280 663 695 D SystemServerTimingAsync: ssm.onUnlockingUser-0_com.android.server.power.PowerManagerService
04-01 08:46:49.280 663 695 V SystemServerTimingAsync: ssm.onUnlockingUser-0_com.android.server.power.PowerManagerService took to complete: 0ms
04-01 08:46:49.280 663 695 D SystemServerTimingAsync: ssm.onUnlockingUser-0_com.android.server.power.ThermalManagerService
04-01 08:46:49.280 663 695 V SystemServerTimingAsync: ssm.onUnlockingUser-0_com.android.server.power.ThermalManagerService took to complete: 0ms
04-01 08:46:49.280 663 695 D SystemServerTimingAsync: ssm.onUnlockingUser-0_com.android.server.recoverysystem.RecoverySystemService$Lifecycle
04-01 08:46:49.280 663 695 V SystemServerTimingAsync: ssm.onUnlockingUser-0_com.android.server.recoverysystem.RecoverySystemService$Lifecycle took to complete: 0ms
04-01 08:46:49.280 663 695 D SystemServerTimingAsync: ssm.onUnlockingUser-0_com.android.server.lights.LightsService
04-01 08:46:49.280 663 695 V SystemServerTimingAsync: ssm.onUnlockingUser-0_com.android.server.lights.LightsService took to complete: 0ms
04-01 08:46:49.280 663 695 D SystemServerTimingAsync: ssm.onUnlockingUser-0_com.android.server.display.DisplayManagerService
04-01 08:46:49.280 663 695 V SystemServerTimingAsync: ssm.onUnlockingUser-0_com.android.server.display.DisplayManagerService took to complete: 0ms
04-01 08:46:49.280 663 695 D SystemServerTimingAsync: ssm.onUnlockingUser-0_com.android.server.pm.verify.domain.DomainVerificationService
04-01 08:46:49.280 663 695 V SystemServerTimingAsync: ssm.onUnlockingUser-0_com.android.server.pm.verify.domain.DomainVerificationService took to complete: 0ms
04-01 08:46:49.280 663 695 D SystemServerTimingAsync: ssm.onUnlockingUser-0_com.android.server.pm.PackageInstallerService$Lifecycle
04-01 08:46:49.280 663 695 V SystemServerTimingAsync: ssm.onUnlockingUser-0_com.android.server.pm.PackageInstallerService$Lifecycle took to complete: 0ms
04-01 08:46:49.280 663 695 D SystemServerTimingAsync: ssm.onUnlockingUser-0_com.android.server.pm.UserManagerService$LifeCycle
04-01 08:46:49.281 663 695 V SystemServerTimingAsync: ssm.onUnlockingUser-0_com.android.server.pm.UserManagerService$LifeCycle took to complete: 0ms
04-01 08:46:49.281 663 695 D SystemServerTimingAsync: ssm.onUnlockingUser-0_com.android.server.om.OverlayManagerService
04-01 08:46:49.281 663 695 V SystemServerTimingAsync: ssm.onUnlockingUser-0_com.android.server.om.OverlayManagerService took to complete: 0ms
04-01 08:46:49.281 663 695 D SystemServerTimingAsync: ssm.onUnlockingUser-0_com.android.server.resources.ResourcesManagerService
04-01 08:46:49.281 663 695 V SystemServerTimingAsync: ssm.onUnlockingUser-0_com.android.server.resources.ResourcesManagerService took to complete: 0ms
04-01 08:46:49.281 663 695 D SystemServerTimingAsync: ssm.onUnlockingUser-0_com.android.server.sensorprivacy.SensorPrivacyService
04-01 08:46:49.281 663 695 V SystemServerTimingAsync: ssm.onUnlockingUser-0_com.android.server.sensorprivacy.SensorPrivacyService took to complete: 0ms
04-01 08:46:49.281 663 695 D SystemServerTimingAsync: ssm.onUnlockingUser-0_com.android.server.sensors.SensorService
04-01 08:46:49.281 663 695 V SystemServerTimingAsync: ssm.onUnlockingUser-0_com.android.server.sensors.SensorService took to complete: 0ms
04-01 08:46:49.281 663 695 D SystemServerTimingAsync: ssm.onUnlockingUser-0_com.android.server.SystemConfigService
04-01 08:46:49.281 663 695 V SystemServerTimingAsync: ssm.onUnlockingUser-0_com.android.server.SystemConfigService took to complete: 0ms
04-01 08:46:49.281 663 695 D SystemServerTimingAsync: ssm.onUnlockingUser-0_com.android.server.BatteryService
04-01 08:46:49.281 663 695 V SystemServerTimingAsync: ssm.onUnlockingUser-0_com.android.server.BatteryService took to complete: 0ms
04-01 08:46:49.281 663 695 D SystemServerTimingAsync: ssm.onUnlockingUser-0_com.android.server.usage.UsageStatsService
04-01 08:46:49.280 1 1 I init : Sending signal 9 to service 'idmap2d' (pid 571) process group...
04-01 08:46:49.292 1 1 I libprocessgroup: Removed cgroup /sys/fs/cgroup/uid_1000/pid_571
04-01 08:46:49.290 663 732 W OverlayManager: service 'idmap' died
04-01 08:46:49.295 1 1 I init : Control message: Processed ctl.stop for 'idmap2d' from pid: 663 (system_server)
04-01 08:46:49.297 1 1 I init : Service 'idmap2d' (pid 571) received signal 9
04-01 08:46:49.297 1 1 I init : Sending signal 9 to service 'idmap2d' (pid 571) process group...
04-01 08:46:49.296 663 695 V SystemServerTimingAsync: ssm.onUnlockingUser-0_com.android.server.usage.UsageStatsService took to complete: 15ms
04-01 08:46:49.296 663 695 D SystemServerTimingAsync: ssm.onUnlockingUser-0_com.android.server.webkit.WebViewUpdateService
04-01 08:46:49.297 663 695 V SystemServerTimingAsync: ssm.onUnlockingUser-0_com.android.server.webkit.WebViewUpdateService took to complete: 0ms
04-01 08:46:49.297 663 695 D SystemServerTimingAsync: ssm.onUnlockingUser-0_com.android.server.CachedDeviceStateService
04-01 08:46:49.297 663 695 V SystemServerTimingAsync: ssm.onUnlockingUser-0_com.android.server.CachedDeviceStateService took to complete: 0ms
04-01 08:46:49.297 663 695 D SystemServerTimingAsync: ssm.onUnlockingUser-0_com.android.server.BinderCallsStatsService$LifeCycle
04-01 08:46:49.297 663 695 V SystemServerTimingAsync: ssm.onUnlockingUser-0_com.android.server.BinderCallsStatsService$LifeCycle took to complete: 0ms
04-01 08:46:49.297 663 695 D SystemServerTimingAsync: ssm.onUnlockingUser-0_com.android.server.LooperStatsService$Lifecycle
04-01 08:46:49.297 663 695 V SystemServerTimingAsync: ssm.onUnlockingUser-0_com.android.server.LooperStatsService$Lifecycle took to complete: 0ms
04-01 08:46:49.297 663 695 D SystemServerTimingAsync: ssm.onUnlockingUser-0_com.android.server.rollback.RollbackManagerService
04-01 08:46:49.299 663 695 V SystemServerTimingAsync: ssm.onUnlockingUser-0_com.android.server.rollback.RollbackManagerService took to complete: 2ms
04-01 08:46:49.300 663 695 D SystemServerTimingAsync: ssm.onUnlockingUser-0_com.android.server.os.NativeTombstoneManagerService
04-01 08:46:49.304 663 695 V SystemServerTimingAsync: ssm.onUnlockingUser-0_com.android.server.os.NativeTombstoneManagerService took to complete: 0ms
04-01 08:46:49.304 663 695 D SystemServerTimingAsync: ssm.onUnlockingUser-0_com.android.server.os.BugreportManagerService
04-01 08:46:49.304 663 695 V SystemServerTimingAsync: ssm.onUnlockingUser-0_com.android.server.os.BugreportManagerService took to complete: 0ms
04-01 08:46:49.304 663 695 D SystemServerTimingAsync: ssm.onUnlockingUser-0_com.android.server.gpu.GpuService
04-01 08:46:49.304 663 695 V SystemServerTimingAsync: ssm.onUnlockingUser-0_com.android.server.gpu.GpuService took to complete: 0ms
04-01 08:46:49.304 663 695 D SystemServerTimingAsync: ssm.onUnlockingUser-0_com.android.server.security.rkp.RemoteProvisioningService
04-01 08:46:49.304 663 695 V SystemServerTimingAsync: ssm.onUnlockingUser-0_com.android.server.security.rkp.RemoteProvisioningService took to complete: 1ms
04-01 08:46:49.304 663 695 D SystemServerTimingAsync: ssm.onUnlockingUser-0_com.android.server.cpu.CpuMonitorService
04-01 08:46:49.305 663 695 V SystemServerTimingAsync: ssm.onUnlockingUser-0_com.android.server.cpu.CpuMonitorService took to complete: 0ms
04-01 08:46:49.305 663 695 D SystemServerTimingAsync: ssm.onUnlockingUser-0_com.android.server.security.KeyChainSystemService
04-01 08:46:49.305 663 695 V SystemServerTimingAsync: ssm.onUnlockingUser-0_com.android.server.security.KeyChainSystemService took to complete: 0ms
04-01 08:46:49.305 663 695 D SystemServerTimingAsync: ssm.onUnlockingUser-0_com.android.server.BinaryTransparencyService
04-01 08:46:49.305 663 695 V SystemServerTimingAsync: ssm.onUnlockingUser-0_com.android.server.BinaryTransparencyService took to complete: 0ms
04-01 08:46:49.305 663 695 D SystemServerTimingAsync: ssm.onUnlockingUser-0_com.android.server.accounts.AccountManagerService$Lifecycle
04-01 08:46:49.305 663 695 V SystemServerTimingAsync: ssm.onUnlockingUser-0_com.android.server.accounts.AccountManagerService$Lifecycle took to complete: 0ms
04-01 08:46:49.305 663 695 D SystemServerTimingAsync: ssm.onUnlockingUser-0_com.android.server.content.ContentService$Lifecycle
04-01 08:46:49.305 663 695 V SystemServerTimingAsync: ssm.onUnlockingUser-0_com.android.server.content.ContentService$Lifecycle took to complete: 0ms
04-01 08:46:49.305 663 695 D SystemServerTimingAsync: ssm.onUnlockingUser-0_com.android.server.deviceconfig.DeviceConfigInit$Lifecycle
04-01 08:46:49.305 663 695 V SystemServerTimingAsync: ssm.onUnlockingUser-0_com.android.server.deviceconfig.DeviceConfigInit$Lifecycle took to complete: 0ms
04-01 08:46:49.305 663 695 D SystemServerTimingAsync: ssm.onUnlockingUser-0_com.android.server.DropBoxManagerService
04-01 08:46:49.305 663 695 V SystemServerTimingAsync: ssm.onUnlockingUser-0_com.android.server.DropBoxManagerService took to complete: 0ms
04-01 08:46:49.306 663 695 D SystemServerTimingAsync: ssm.onUnlockingUser-0_com.android.ecm.EnhancedConfirmationService
04-01 08:46:49.306 663 695 V SystemServerTimingAsync: ssm.onUnlockingUser-0_com.android.ecm.EnhancedConfirmationService took to complete: 0ms
04-01 08:46:49.306 663 695 D SystemServerTimingAsync: ssm.onUnlockingUser-0_com.android.server.power.hint.HintManagerService
04-01 08:46:49.316 663 695 V SystemServerTimingAsync: ssm.onUnlockingUser-0_com.android.server.power.hint.HintManagerService took to complete: 0ms
04-01 08:46:49.316 663 695 D SystemServerTimingAsync: ssm.onUnlockingUser-0_com.android.role.RoleService
04-01 08:46:49.316 663 695 V SystemServerTimingAsync: ssm.onUnlockingUser-0_com.android.role.RoleService took to complete: 0ms
04-01 08:46:49.316 663 695 D SystemServerTimingAsync: ssm.onUnlockingUser-0_com.android.server.vibrator.VibratorManagerService$Lifecycle
04-01 08:46:49.317 663 695 V SystemServerTimingAsync: ssm.onUnlockingUser-0_com.android.server.vibrator.VibratorManagerService$Lifecycle took to complete: 0ms
04-01 08:46:49.317 663 695 D SystemServerTimingAsync: ssm.onUnlockingUser-0_com.android.server.alarm.AlarmManagerService
04-01 08:46:49.317 663 695 V SystemServerTimingAsync: ssm.onUnlockingUser-0_com.android.server.alarm.AlarmManagerService took to complete: 0ms
04-01 08:46:49.302 1 1 E libprocessgroup: Failed to write 1 to /sys/fs/cgroup/uid_1000/pid_571/cgroup.kill: No such file or directory
04-01 08:46:49.315 1 1 E libprocessgroup: Failed to open /sys/fs/cgroup/uid_1000/pid_571/cgroup.procs: No such file or directory
04-01 08:46:49.322 446 446 I apexd : destroyCeSnapshotsNotSpecified() received by ApexService user_id : 0 retain_rollback_ids : []
04-01 08:46:49.331 663 695 D SystemServerTimingAsync: ssm.onUnlockingUser-0_com.android.server.devicestate.DeviceStateManagerService
04-01 08:46:49.331 663 695 V SystemServerTimingAsync: ssm.onUnlockingUser-0_com.android.server.devicestate.DeviceStateManagerService took to complete: 0ms
04-01 08:46:49.331 663 695 D SystemServerTimingAsync: ssm.onUnlockingUser-0_com.android.server.camera.CameraServiceProxy
04-01 08:46:49.331 663 695 V SystemServerTimingAsync: ssm.onUnlockingUser-0_com.android.server.camera.CameraServiceProxy took to complete: 0ms
04-01 08:46:49.331 663 695 D SystemServerTimingAsync: ssm.onUnlockingUser-0_com.android.server.connectivity.IpConnectivityMetrics
04-01 08:46:49.331 663 695 V SystemServerTimingAsync: ssm.onUnlockingUser-0_com.android.server.connectivity.IpConnectivityMetrics took to complete: 0ms
04-01 08:46:49.331 663 695 D SystemServerTimingAsync: ssm.onUnlockingUser-0_com.android.server.net.watchlist.NetworkWatchlistService$Lifecycle
04-01 08:46:49.331 663 695 V SystemServerTimingAsync: ssm.onUnlockingUser-0_com.android.server.net.watchlist.NetworkWatchlistService$Lifecycle took to complete: 0ms
04-01 08:46:49.331 663 695 D SystemServerTimingAsync: ssm.onUnlockingUser-0_com.android.server.PinnerService
04-01 08:46:49.331 663 695 V SystemServerTimingAsync: ssm.onUnlockingUser-0_com.android.server.PinnerService took to complete: 0ms
04-01 08:46:49.331 663 695 D SystemServerTimingAsync: ssm.onUnlockingUser-0_com.android.server.integrity.AppIntegrityManagerService
04-01 08:46:49.331 663 695 V SystemServerTimingAsync: ssm.onUnlockingUser-0_com.android.server.integrity.AppIntegrityManagerService took to complete: 0ms
04-01 08:46:49.331 663 695 D SystemServerTimingAsync: ssm.onUnlockingUser-0_com.android.server.logcat.LogcatManagerService
04-01 08:46:49.331 663 695 V SystemServerTimingAsync: ssm.onUnlockingUser-0_com.android.server.logcat.LogcatManagerService took to complete: 0ms
04-01 08:46:49.331 663 695 D SystemServerTimingAsync: ssm.onUnlockingUser-0_com.android.server.inputmethod.InputMethodManagerService$Lifecycle
04-01 08:46:49.334 663 695 V SystemServerTimingAsync: ssm.onUnlockingUser-0_com.android.server.inputmethod.InputMethodManagerService$Lifecycle took to complete: 3ms
04-01 08:46:49.337 663 695 D SystemServerTimingAsync: ssm.onUnlockingUser-0_com.android.server.accessibility.AccessibilityManagerService$Lifecycle
04-01 08:46:49.337 663 695 V SystemServerTimingAsync: ssm.onUnlockingUser-0_com.android.server.accessibility.AccessibilityManagerService$Lifecycle took to complete: 0ms
04-01 08:46:49.337 663 695 D SystemServerTimingAsync: ssm.onUnlockingUser-0_com.android.server.StorageManagerService$Lifecycle
04-01 08:46:49.338 663 695 D StorageManagerService: onUserUnlocking 0
04-01 08:46:49.338 663 695 I StorageSessionController: On user unlock 0
04-01 08:46:49.338 663 695 I StorageSessionController: Initialialising...
04-01 08:46:49.340 252 252 I vold : onUserStarted: 0
04-01 08:46:49.350 663 732 V StorageManagerService: Found primary storage at VolumeInfo{emulated;0}:
04-01 08:46:49.350 663 732 V StorageManagerService: type=EMULATED diskId=null partGuid= mountFlags=0 mountUserId=0
04-01 08:46:49.350 663 732 V StorageManagerService: state=UNMOUNTED
04-01 08:46:49.350 663 732 V StorageManagerService: fsType=null fsUuid=null fsLabel=null
04-01 08:46:49.350 663 732 V StorageManagerService: path=null internalPath=null
04-01 08:46:49.351 663 740 W JobInfo : Job 'android/com.android.server.usage.UsageStatsIdleService#0' has a deadline with no functional constraints. The deadline won't improve job execution latency. Consider removing the deadline.
04-01 08:46:49.358 663 740 W JobInfo : Job 'android/com.android.server.usage.UsageStatsIdleService#0' has a deadline with no functional constraints. The deadline won't improve job execution latency. Consider removing the deadline.
04-01 08:46:49.359 663 770 I StorageManagerService: Mounting volume VolumeInfo{emulated;0}:
04-01 08:46:49.359 663 770 I StorageManagerService: type=EMULATED diskId=null partGuid= mountFlags=PRIMARY|VISIBLE_FOR_WRITE
04-01 08:46:49.359 663 770 I StorageManagerService: mountUserId=0 state=UNMOUNTED
04-01 08:46:49.359 663 770 I StorageManagerService: fsType=null fsUuid=null fsLabel=null
04-01 08:46:49.359 663 770 I StorageManagerService: path=null internalPath=null
04-01 08:46:49.360 663 770 I Watchdog: Pausing of HandlerChecker: monitor thread for reason: #mount might be slow. Pause end time: 64995
04-01 08:46:49.362 252 252 I vold : Mounting emulated fuse volume
04-01 08:46:49.363 663 685 W Looper : Drained
04-01 08:46:49.384 663 695 V SystemServerTimingAsync: ssm.onUnlockingUser-0_com.android.server.StorageManagerService$Lifecycle took to complete: 47ms
04-01 08:46:49.384 663 695 D SystemServerTimingAsync: ssm.onUnlockingUser-0_com.android.server.usage.StorageStatsService$Lifecycle
04-01 08:46:49.384 663 695 V SystemServerTimingAsync: ssm.onUnlockingUser-0_com.android.server.usage.StorageStatsService$Lifecycle took to complete: 0ms
04-01 08:46:49.384 663 695 D SystemServerTimingAsync: ssm.onUnlockingUser-0_com.android.server.UiModeManagerService
04-01 08:46:49.384 663 695 V SystemServerTimingAsync: ssm.onUnlockingUser-0_com.android.server.UiModeManagerService took to complete: 0ms
04-01 08:46:49.384 663 695 D SystemServerTimingAsync: ssm.onUnlockingUser-0_com.android.server.locales.LocaleManagerService
04-01 08:46:49.384 663 695 V SystemServerTimingAsync: ssm.onUnlockingUser-0_com.android.server.locales.LocaleManagerService took to complete: 0ms
04-01 08:46:49.384 663 695 D SystemServerTimingAsync: ssm.onUnlockingUser-0_com.android.server.grammaticalinflection.GrammaticalInflectionService
04-01 08:46:49.384 663 695 V SystemServerTimingAsync: ssm.onUnlockingUser-0_com.android.server.grammaticalinflection.GrammaticalInflectionService took to complete: 0ms
04-01 08:46:49.384 663 695 D SystemServerTimingAsync: ssm.onUnlockingUser-0_com.android.server.apphibernation.AppHibernationService
04-01 08:46:49.385 663 695 V SystemServerTimingAsync: ssm.onUnlockingUser-0_com.android.server.apphibernation.AppHibernationService took to complete: 1ms
04-01 08:46:49.385 663 695 D SystemServerTimingAsync: ssm.onUnlockingUser-0_com.android.server.locksettings.LockSettingsService$Lifecycle
04-01 08:46:49.385 663 695 V SystemServerTimingAsync: ssm.onUnlockingUser-0_com.android.server.locksettings.LockSettingsService$Lifecycle took to complete: 0ms
04-01 08:46:49.386 663 695 D SystemServerTimingAsync: ssm.onUnlockingUser-0_com.android.server.pdb.PersistentDataBlockService
04-01 08:46:49.386 663 695 V SystemServerTimingAsync: ssm.onUnlockingUser-0_com.android.server.pdb.PersistentDataBlockService took to complete: 0ms
04-01 08:46:49.386 663 695 D SystemServerTimingAsync: ssm.onUnlockingUser-0_com.android.server.testharness.TestHarnessModeService
04-01 08:46:49.386 663 695 V SystemServerTimingAsync: ssm.onUnlockingUser-0_com.android.server.testharness.TestHarnessModeService took to complete: 0ms
04-01 08:46:49.386 663 695 D SystemServerTimingAsync: ssm.onUnlockingUser-0_com.android.server.oemlock.OemLockService
04-01 08:46:49.386 663 695 V SystemServerTimingAsync: ssm.onUnlockingUser-0_com.android.server.oemlock.OemLockService took to complete: 0ms
04-01 08:46:49.386 663 695 D SystemServerTimingAsync: ssm.onUnlockingUser-0_com.android.server.DeviceIdleController
04-01 08:46:49.386 663 695 V SystemServerTimingAsync: ssm.onUnlockingUser-0_com.android.server.DeviceIdleController took to complete: 0ms
04-01 08:46:49.386 663 695 D SystemServerTimingAsync: ssm.onUnlockingUser-0_com.android.server.devicepolicy.DevicePolicyManagerService$Lifecycle
04-01 08:46:49.386 663 774 D LockSettingsService: Hiding encryption notification for user 0
04-01 08:46:49.387 663 1169 I HibernationStateDiskStore: No hibernation file on disk for file /data/system_ce/0/hibernation/states
04-01 08:46:49.392 663 695 V SystemServerTimingAsync: ssm.onUnlockingUser-0_com.android.server.devicepolicy.DevicePolicyManagerService$Lifecycle took to complete: 6ms
04-01 08:46:49.394 663 695 D SystemServerTimingAsync: ssm.onUnlockingUser-0_com.android.server.texttospeech.TextToSpeechManagerService
04-01 08:46:49.395 663 695 V SystemServerTimingAsync: ssm.onUnlockingUser-0_com.android.server.texttospeech.TextToSpeechManagerService took to complete: 0ms
04-01 08:46:49.397 663 695 D SystemServerTimingAsync: ssm.onUnlockingUser-0_com.android.server.wearable.WearableSensingManagerService
04-01 08:46:49.399 663 695 D WearableSensingManagerService: onServiceRemoved
04-01 08:46:49.415 663 695 D WearableSensingManagerPerUserService: Trying to cancel the remote request. Reason: Service destroyed.
04-01 08:46:49.416 663 695 V SystemServerTimingAsync: ssm.onUnlockingUser-0_com.android.server.wearable.WearableSensingManagerService took to complete: 18ms
04-01 08:46:49.416 663 695 D SystemServerTimingAsync: ssm.onUnlockingUser-0_com.android.server.ondeviceintelligence.OnDeviceIntelligenceManagerService
04-01 08:46:49.417 663 695 V SystemServerTimingAsync: ssm.onUnlockingUser-0_com.android.server.ondeviceintelligence.OnDeviceIntelligenceManagerService took to complete: 0ms
04-01 08:46:49.429 663 695 D SystemServerTimingAsync: ssm.onUnlockingUser-0_com.android.server.speech.SpeechRecognitionManagerService
04-01 08:46:49.430 663 695 V SystemServerTimingAsync: ssm.onUnlockingUser-0_com.android.server.speech.SpeechRecognitionManagerService took to complete: 1ms
04-01 08:46:49.430 663 695 D SystemServerTimingAsync: ssm.onUnlockingUser-0_com.android.server.graphics.fonts.FontManagerService$Lifecycle
04-01 08:46:49.430 663 695 V SystemServerTimingAsync: ssm.onUnlockingUser-0_com.android.server.graphics.fonts.FontManagerService$Lifecycle took to complete: 0ms
04-01 08:46:49.430 663 695 D SystemServerTimingAsync: ssm.onUnlockingUser-0_com.android.server.textservices.TextServicesManagerService$Lifecycle
04-01 08:46:49.435 252 252 I vold : Creating mount directory /mnt/user/0
04-01 08:46:49.455 544 626 D AudioFlinger: mixer(0xb4000073794ab880) throttle end: throttle time(18)
04-01 08:46:49.455 252 252 I vold : Bind mounting /data/media to /mnt/pass_through/0/emulated
04-01 08:46:49.461 663 770 I StorageSessionController: On volume mount VolumeInfo{emulated;0}:
04-01 08:46:49.461 663 770 I StorageSessionController: type=EMULATED diskId=null partGuid= mountFlags=PRIMARY|VISIBLE_FOR_WRITE
04-01 08:46:49.461 663 770 I StorageSessionController: mountUserId=0 state=CHECKING
04-01 08:46:49.461 663 770 I StorageSessionController: fsType=null fsUuid=null fsLabel=null
04-01 08:46:49.461 663 770 I StorageSessionController: path=/storage/emulated internalPath=/data/media
04-01 08:46:49.461 521 622 D AHAL_StreamPrimary: transfer: skipping transfer (4096 frames)
04-01 08:46:49.477 663 770 I StorageSessionController: Creating connection for user: 0
04-01 08:46:49.483 663 695 W SystemServiceManager: Service com.android.server.textservices.TextServicesManagerService$Lifecycle took 53 ms in onUnlockingUser-0
04-01 08:46:49.488 663 695 V SystemServerTimingAsync: ssm.onUnlockingUser-0_com.android.server.textservices.TextServicesManagerService$Lifecycle took to complete: 58ms
04-01 08:46:49.488 663 695 D SystemServerTimingAsync: ssm.onUnlockingUser-0_com.android.server.textclassifier.TextClassificationManagerService$Lifecycle
04-01 08:46:49.489 663 770 I StorageSessionController: Creating and starting session with id: emulated;0
04-01 08:46:49.496 663 663 D CompatChangeReporter: Compat change id reported: 311208629; UID 1000; state: ENABLED
04-01 08:46:49.499 663 695 V SystemServerTimingAsync: ssm.onUnlockingUser-0_com.android.server.textclassifier.TextClassificationManagerService$Lifecycle took to complete: 1ms
04-01 08:46:49.499 663 695 D SystemServerTimingAsync: ssm.onUnlockingUser-0_com.android.server.NetworkScoreService$Lifecycle
04-01 08:46:49.499 663 695 V SystemServerTimingAsync: ssm.onUnlockingUser-0_com.android.server.NetworkScoreService$Lifecycle took to complete: 0ms
04-01 08:46:49.499 663 695 D SystemServerTimingAsync: ssm.onUnlockingUser-0_com.android.server.NetworkStatsServiceInitializer
04-01 08:46:49.499 663 695 V SystemServerTimingAsync: ssm.onUnlockingUser-0_com.android.server.NetworkStatsServiceInitializer took to complete: 0ms
04-01 08:46:49.499 663 695 D SystemServerTimingAsync: ssm.onUnlockingUser-0_com.android.server.wifi.WifiService
04-01 08:46:49.504 663 770 I StorageUserConnection: Binding to the ExternalStorageService for user 0
04-01 08:46:49.505 521 622 D AHAL_StreamPrimary: transfer: skipping transfer (4096 frames)
04-01 08:46:49.512 663 695 D WifiService: Handle user unlock 0
04-01 08:46:49.517 663 695 V SystemServerTimingAsync: ssm.onUnlockingUser-0_com.android.server.wifi.WifiService took to complete: 18ms
04-01 08:46:49.517 663 695 D SystemServerTimingAsync: ssm.onUnlockingUser-0_com.android.server.wifi.scanner.WifiScanningService
04-01 08:46:49.517 663 695 V SystemServerTimingAsync: ssm.onUnlockingUser-0_com.android.server.wifi.scanner.WifiScanningService took to complete: 0ms
04-01 08:46:49.517 663 695 D SystemServerTimingAsync: ssm.onUnlockingUser-0_com.android.server.wifi.p2p.WifiP2pService
04-01 08:46:49.518 663 695 V SystemServerTimingAsync: ssm.onUnlockingUser-0_com.android.server.wifi.p2p.WifiP2pService took to complete: 0ms
04-01 08:46:49.518 663 695 D SystemServerTimingAsync: ssm.onUnlockingUser-0_com.android.server.ConnectivityServiceInitializer
04-01 08:46:49.518 663 695 V SystemServerTimingAsync: ssm.onUnlockingUser-0_com.android.server.ConnectivityServiceInitializer took to complete: 0ms
04-01 08:46:49.518 663 695 D SystemServerTimingAsync: ssm.onUnlockingUser-0_com.android.server.notification.NotificationManagerService
04-01 08:46:49.518 663 695 V SystemServerTimingAsync: ssm.onUnlockingUser-0_com.android.server.notification.NotificationManagerService took to complete: 0ms
04-01 08:46:49.518 663 695 D SystemServerTimingAsync: ssm.onUnlockingUser-0_com.android.server.storage.DeviceStorageMonitorService
04-01 08:46:49.518 663 695 V SystemServerTimingAsync: ssm.onUnlockingUser-0_com.android.server.storage.DeviceStorageMonitorService took to complete: 0ms
04-01 08:46:49.518 663 695 D SystemServerTimingAsync: ssm.onUnlockingUser-0_com.android.server.timedetector.TimeDetectorService$Lifecycle
04-01 08:46:49.518 663 695 V SystemServerTimingAsync: ssm.onUnlockingUser-0_com.android.server.timedetector.TimeDetectorService$Lifecycle took to complete: 0ms
04-01 08:46:49.518 663 695 D SystemServerTimingAsync: ssm.onUnlockingUser-0_com.android.server.location.LocationManagerService$Lifecycle
04-01 08:46:49.518 663 695 V SystemServerTimingAsync: ssm.onUnlockingUser-0_com.android.server.location.LocationManagerService$Lifecycle took to complete: 0ms
04-01 08:46:49.518 663 695 D SystemServerTimingAsync: ssm.onUnlockingUser-0_com.android.server.timezonedetector.TimeZoneDetectorService$Lifecycle
04-01 08:46:49.518 663 695 V SystemServerTimingAsync: ssm.onUnlockingUser-0_com.android.server.timezonedetector.TimeZoneDetectorService$Lifecycle took to complete: 0ms
04-01 08:46:49.518 663 695 D SystemServerTimingAsync: ssm.onUnlockingUser-0_com.android.server.location.altitude.AltitudeService$Lifecycle
04-01 08:46:49.518 663 695 V SystemServerTimingAsync: ssm.onUnlockingUser-0_com.android.server.location.altitude.AltitudeService$Lifecycle took to complete: 0ms
04-01 08:46:49.518 663 695 D SystemServerTimingAsync: ssm.onUnlockingUser-0_com.android.server.timezonedetector.location.LocationTimeZoneManagerService$Lifecycle
04-01 08:46:49.518 663 695 V SystemServerTimingAsync: ssm.onUnlockingUser-0_com.android.server.timezonedetector.location.LocationTimeZoneManagerService$Lifecycle took to complete: 0ms
04-01 08:46:49.518 663 695 D SystemServerTimingAsync: ssm.onUnlockingUser-0_com.android.server.search.SearchManagerService$Lifecycle
04-01 08:46:49.518 663 695 V SystemServerTimingAsync: ssm.onUnlockingUser-0_com.android.server.search.SearchManagerService$Lifecycle took to complete: 0ms
04-01 08:46:49.518 663 695 D SystemServerTimingAsync: ssm.onUnlockingUser-0_com.android.server.wallpaper.WallpaperManagerService$Lifecycle
04-01 08:46:49.519 663 695 V SystemServerTimingAsync: ssm.onUnlockingUser-0_com.android.server.wallpaper.WallpaperManagerService$Lifecycle took to complete: 1ms
04-01 08:46:49.519 663 695 D SystemServerTimingAsync: ssm.onUnlockingUser-0_com.android.server.audio.AudioService$Lifecycle
04-01 08:46:49.519 663 695 V SystemServerTimingAsync: ssm.onUnlockingUser-0_com.android.server.audio.AudioService$Lifecycle took to complete: 0ms
04-01 08:46:49.519 663 695 D SystemServerTimingAsync: ssm.onUnlockingUser-0_com.android.server.soundtrigger_middleware.SoundTriggerMiddlewareService$Lifecycle
04-01 08:46:49.519 663 695 V SystemServerTimingAsync: ssm.onUnlockingUser-0_com.android.server.soundtrigger_middleware.SoundTriggerMiddlewareService$Lifecycle took to complete: 0ms
04-01 08:46:49.519 663 695 D SystemServerTimingAsync: ssm.onUnlockingUser-0_com.android.server.DockObserver
04-01 08:46:49.519 663 695 V SystemServerTimingAsync: ssm.onUnlockingUser-0_com.android.server.DockObserver took to complete: 0ms
04-01 08:46:49.519 663 695 D SystemServerTimingAsync: ssm.onUnlockingUser-0_com.android.server.adb.AdbService$Lifecycle
04-01 08:46:49.519 663 695 V SystemServerTimingAsync: ssm.onUnlockingUser-0_com.android.server.adb.AdbService$Lifecycle took to complete: 0ms
04-01 08:46:49.519 663 695 D SystemServerTimingAsync: ssm.onUnlockingUser-0_com.android.server.usb.UsbService$Lifecycle
04-01 08:46:49.524 663 695 V SystemServerTimingAsync: ssm.onUnlockingUser-0_com.android.server.usb.UsbService$Lifecycle took to complete: 5ms
04-01 08:46:49.524 663 695 D SystemServerTimingAsync: ssm.onUnlockingUser-0_com.android.server.SerialService$Lifecycle
04-01 08:46:49.525 663 695 V SystemServerTimingAsync: ssm.onUnlockingUser-0_com.android.server.SerialService$Lifecycle took to complete: 1ms
04-01 08:46:49.525 663 695 D SystemServerTimingAsync: ssm.onUnlockingUser-0_com.android.server.twilight.TwilightService
04-01 08:46:49.525 663 695 V SystemServerTimingAsync: ssm.onUnlockingUser-0_com.android.server.twilight.TwilightService took to complete: 0ms
04-01 08:46:49.525 663 695 D SystemServerTimingAsync: ssm.onUnlockingUser-0_com.android.server.display.color.ColorDisplayService
04-01 08:46:49.525 663 695 V SystemServerTimingAsync: ssm.onUnlockingUser-0_com.android.server.display.color.ColorDisplayService took to complete: 0ms
04-01 08:46:49.525 663 695 D SystemServerTimingAsync: ssm.onUnlockingUser-0_com.android.server.job.JobSchedulerService
04-01 08:46:49.525 663 695 V SystemServerTimingAsync: ssm.onUnlockingUser-0_com.android.server.job.JobSchedulerService took to complete: 0ms
04-01 08:46:49.525 663 695 D SystemServerTimingAsync: ssm.onUnlockingUser-0_com.android.server.soundtrigger.SoundTriggerService
04-01 08:46:49.525 663 695 V SystemServerTimingAsync: ssm.onUnlockingUser-0_com.android.server.soundtrigger.SoundTriggerService took to complete: 0ms
04-01 08:46:49.525 663 695 D SystemServerTimingAsync: ssm.onUnlockingUser-0_com.android.server.trust.TrustManagerService
04-01 08:46:49.525 663 695 V SystemServerTimingAsync: ssm.onUnlockingUser-0_com.android.server.trust.TrustManagerService took to complete: 0ms
04-01 08:46:49.525 663 695 D SystemServerTimingAsync: ssm.onUnlockingUser-0_com.android.server.backup.BackupManagerService$Lifecycle
04-01 08:46:49.532 663 695 V SystemServerTimingAsync: ssm.onUnlockingUser-0_com.android.server.backup.BackupManagerService$Lifecycle took to complete: 7ms
04-01 08:46:49.532 663 695 D SystemServerTimingAsync: ssm.onUnlockingUser-0_com.android.server.appwidget.AppWidgetService
04-01 08:46:49.533 663 695 V SystemServerTimingAsync: ssm.onUnlockingUser-0_com.android.server.appwidget.AppWidgetService took to complete: 0ms
04-01 08:46:49.537 663 695 D SystemServerTimingAsync: ssm.onUnlockingUser-0_com.android.server.voiceinteraction.VoiceInteractionManagerService
04-01 08:46:49.538 663 695 W VoiceInteractionManager: no available voice recognition services found for user 0
04-01 08:46:49.546 663 770 V GrammaticalInflectionUtils: AttributionSource: AttributionSource { uid = 10094, packageName = null, attributionTag = null, token = android.os.Binder@9b3ff43, deviceId = 0, next = null } does not have READ_SYSTEM_GRAMMATICAL_GENDER permission.
04-01 08:46:49.552 663 770 D CompatChangeReporter: Compat change id reported: 151861875; UID 10094; state: ENABLED
04-01 08:46:49.555 663 695 V SystemServerTimingAsync: ssm.onUnlockingUser-0_com.android.server.voiceinteraction.VoiceInteractionManagerService took to complete: 18ms
04-01 08:46:49.555 663 695 D SystemServerTimingAsync: ssm.onUnlockingUser-0_com.android.server.GestureLauncherService
04-01 08:46:49.555 663 695 V SystemServerTimingAsync: ssm.onUnlockingUser-0_com.android.server.GestureLauncherService took to complete: 0ms
04-01 08:46:49.555 663 695 D SystemServerTimingAsync: ssm.onUnlockingUser-0_com.android.server.SensorNotificationService
04-01 08:46:49.555 663 695 V SystemServerTimingAsync: ssm.onUnlockingUser-0_com.android.server.SensorNotificationService took to complete: 0ms
04-01 08:46:49.555 663 695 D SystemServerTimingAsync: ssm.onUnlockingUser-0_com.android.server.emergency.EmergencyAffordanceService
04-01 08:46:49.555 663 695 V SystemServerTimingAsync: ssm.onUnlockingUser-0_com.android.server.emergency.EmergencyAffordanceService took to complete: 0ms
04-01 08:46:49.555 663 695 D SystemServerTimingAsync: ssm.onUnlockingUser-0_com.android.server.blob.BlobStoreManagerService
04-01 08:46:49.555 663 695 V SystemServerTimingAsync: ssm.onUnlockingUser-0_com.android.server.blob.BlobStoreManagerService took to complete: 0ms
04-01 08:46:49.555 663 695 D SystemServerTimingAsync: ssm.onUnlockingUser-0_com.android.server.dreams.DreamManagerService
04-01 08:46:49.555 663 695 V SystemServerTimingAsync: ssm.onUnlockingUser-0_com.android.server.dreams.DreamManagerService took to complete: 0ms
04-01 08:46:49.555 663 695 D SystemServerTimingAsync: ssm.onUnlockingUser-0_com.android.server.print.PrintManagerService
04-01 08:46:49.556 663 695 V SystemServerTimingAsync: ssm.onUnlockingUser-0_com.android.server.print.PrintManagerService took to complete: 1ms
04-01 08:46:49.556 663 695 D SystemServerTimingAsync: ssm.onUnlockingUser-0_com.android.server.security.AttestationVerificationManagerService
04-01 08:46:49.556 663 695 V SystemServerTimingAsync: ssm.onUnlockingUser-0_com.android.server.security.AttestationVerificationManagerService took to complete: 0ms
04-01 08:46:49.556 663 695 D SystemServerTimingAsync: ssm.onUnlockingUser-0_com.android.server.companion.CompanionDeviceManagerService
04-01 08:46:49.556 663 695 D CDM_CompanionDeviceManagerService: onUserUnlocking...
04-01 08:46:49.563 521 622 D AHAL_StreamPrimary: transfer: skipping transfer (4096 frames)
04-01 08:46:49.564 663 694 D WallpaperManagerService: Wallpaper_selinux_restorecon-0
04-01 08:46:49.565 663 794 D WakeupConfigStoreData: WifiWake user data has been read
04-01 08:46:49.568 663 695 V SystemServerTimingAsync: ssm.onUnlockingUser-0_com.android.server.companion.CompanionDeviceManagerService took to complete: 12ms
04-01 08:46:49.568 663 695 D SystemServerTimingAsync: ssm.onUnlockingUser-0_com.android.server.companion.virtual.VirtualDeviceManagerService
04-01 08:46:49.568 663 695 V SystemServerTimingAsync: ssm.onUnlockingUser-0_com.android.server.companion.virtual.VirtualDeviceManagerService took to complete: 0ms
04-01 08:46:49.568 663 695 D SystemServerTimingAsync: ssm.onUnlockingUser-0_com.android.server.restrictions.RestrictionsManagerService
04-01 08:46:49.568 663 695 V SystemServerTimingAsync: ssm.onUnlockingUser-0_com.android.server.restrictions.RestrictionsManagerService took to complete: 0ms
