04-01 08:46:50.934 880 880 D ThemeOverlayController: H 278C 6T 30 = #46464C
04-01 08:46:50.934 880 880 D ThemeOverlayController: H 273C 6T 20 = #2F3036
04-01 08:46:50.934 880 880 D ThemeOverlayController: H 275C 7T 10 = #1A1B21
04-01 08:46:50.934 880 880 D ThemeOverlayController: H 0C 0T 0 = #0
04-01 08:46:50.934 880 880 D ThemeOverlayController: NEUTRAL VARIANT
04-01 08:46:50.934 880 880 D ThemeOverlayController: H 209C 3T 100 = #FFFFFF
04-01 08:46:50.934 880 880 D ThemeOverlayController: H 275C 4T 99 = #FEFBFF
04-01 08:46:50.934 880 880 D ThemeOverlayController: H 270C 8T 95 = #F0F0FA
04-01 08:46:50.934 880 880 D ThemeOverlayController: H 267C 8T 90 = #E1E2EC
04-01 08:46:50.934 880 880 D ThemeOverlayController: H 268C 8T 80 = #C5C6D0
04-01 08:46:50.934 880 880 D ThemeOverlayController: H 275C 8T 70 = #AAAAB4
04-01 08:46:50.934 880 880 D ThemeOverlayController: H 272C 8T 60 = #8F909A
04-01 08:46:50.934 880 880 D ThemeOverlayController: H 268C 8T 50 = #757780
04-01 08:46:50.934 880 880 D ThemeOverlayController: H 269C 8T 40 = #5C5E67
04-01 08:46:50.934 880 880 D ThemeOverlayController: H 276C 8T 30 = #45464F
04-01 08:46:50.934 880 880 D ThemeOverlayController: H 271C 8T 20 = #2E3038
04-01 08:46:50.934 880 880 D ThemeOverlayController: H 273C 9T 10 = #191B23
04-01 08:46:50.934 880 880 D ThemeOverlayController: H 0C 0T 0 = #0
04-01 08:46:50.934 880 880 D ThemeOverlayController: }
04-01 08:46:50.934 880 880 D ThemeOverlayController: ThemeHomeDelay: ThemeOverlayController ready with user 0
04-01 08:46:50.935 663 732 D ActivityManager: ThemeHomeDelay: Home launch is not delayable, ignoring setThemeOverlayReady() call
04-01 08:46:50.940 663 696 W ActivityManager: Slow operation: 57ms so far, now at startProcess: returned from zygote!
04-01 08:46:50.944 663 696 W ActivityManager: Slow operation: 61ms so far, now at startProcess: done updating battery stats
04-01 08:46:50.945 663 696 W ActivityManager: Slow operation: 62ms so far, now at startProcess: building log message
04-01 08:46:50.946 663 696 I ActivityManager: Start proc 1316:com.android.keychain/1000 for service {com.android.keychain/com.android.keychain.KeyChainService}
04-01 08:46:50.946 663 696 W ActivityManager: Slow operation: 63ms so far, now at startProcess: starting to update pids map
04-01 08:46:50.946 663 696 W ActivityManager: Slow operation: 63ms so far, now at startProcess: done updating pids map
04-01 08:46:50.947 663 732 D SystemServerTiming: getUserSwitchability-0
04-01 08:46:50.949 663 732 D SystemServerTiming: TM.isInCall
04-01 08:46:50.949 663 732 V SystemServerTiming: TM.isInCall took to complete: 0ms
04-01 08:46:50.949 663 732 D SystemServerTiming: hasUserRestriction-DISALLOW_USER_SWITCH
04-01 08:46:50.949 663 732 V SystemServerTiming: hasUserRestriction-DISALLOW_USER_SWITCH took to complete: 0ms
04-01 08:46:50.950 663 732 D SystemServerTiming: getInt-ALLOW_USER_SWITCHING_WHEN_SYSTEM_USER_LOCKED
04-01 08:46:50.950 663 732 V SystemServerTiming: getInt-ALLOW_USER_SWITCHING_WHEN_SYSTEM_USER_LOCKED took to complete: 0ms
04-01 08:46:50.950 663 732 D SystemServerTiming: isUserUnlocked-USER_SYSTEM
04-01 08:46:50.950 663 732 V SystemServerTiming: isUserUnlocked-USER_SYSTEM took to complete: 0ms
04-01 08:46:50.950 663 732 V SystemServerTiming: getUserSwitchability-0 took to complete: 1ms
04-01 08:46:50.985 1280 1280 V GraphicsEnvironment: Currently set values for:
04-01 08:46:50.985 1280 1280 V GraphicsEnvironment: angle_gl_driver_selection_pkgs=[]
04-01 08:46:50.985 1280 1280 V GraphicsEnvironment: angle_gl_driver_selection_values=[]
04-01 08:46:50.985 1280 1280 V GraphicsEnvironment: Global.Settings values are invalid: number of packages: 0, number of values: 0
04-01 08:46:50.985 1280 1280 V GraphicsEnvironment: Neither updatable production driver nor prerelease driver is supported.
04-01 08:46:50.989 880 880 D KeyguardViewMediator: KeyguardViewMediator queue processing message: SYSTEM_READY
04-01 08:46:50.989 880 880 D KeyguardViewMediator: KeyguardViewMediator queue processing message: NOTIFY_STARTED_WAKING_UP
04-01 08:46:50.997 521 622 D AHAL_StreamPrimary: transfer: skipping transfer (4096 frames)
04-01 08:46:50.997 880 880 D CentralSurfaces: mShouldDelayWakeUpAnimation CLEARED
04-01 08:46:50.998 880 880 D CentralSurfaces: !shouldBeKeyguard mStatusBarStateController.isKeyguardRequested() false keyguardForDozing false wakeAndUnlocking false isWakingAndOccluded false
04-01 08:46:50.998 880 880 D CentralSurfaces: hideKeyguardImpl false
04-01 08:46:51.002 1243 1243 D nativeloader: Load /apex/com.android.mediaprovider/priv-app/MediaProvider@AP4A.250105.002.A1/MediaProvider.apk!/lib/arm64-v8a/libfuse_jni.so using ns clns-shared-7 from class loader (caller=/apex/com.android.mediaprovider/priv-app/MediaProvider@AP4A.250105.002.A1/MediaProvider.apk): ok
04-01 08:46:51.013 880 880 W DepthController: Invalid qs expansion
04-01 08:46:51.022 880 913 D ShellSplitScreen: UNKNOWN MESSAGE (2180125002225367388)
04-01 08:46:51.029 880 885 W ndroid.systemui: Missing inline cache for void com.android.systemui.shared.condition.Monitor$SubscriptionState.update(com.android.systemui.shared.condition.Monitor)
04-01 08:46:51.029 1316 1316 I ndroid.keychain: Using CollectorTypeCMC GC.
04-01 08:46:51.046 521 622 D AHAL_StreamPrimary: transfer: skipping transfer (4096 frames)
04-01 08:46:51.054 1107 1107 D CompatChangeReporter: Compat change id reported: 63938206; UID 10066; state: ENABLED
04-01 08:46:51.062 1316 1316 E ndroid.keychain: Not starting debugger since process cannot load the jdwp agent.
04-01 08:46:51.063 880 880 D DisplayRepository: combining enabled=[0], connectedExternalDisplayIds=[], ignored=[]
04-01 08:46:51.074 880 959 W AudioManager: attempt to call registerAudioRecordingCallback() on a previouslyregistered callback
04-01 08:46:51.085 1316 1316 D nativeloader: Load libframework-connectivity-tiramisu-jni.so using APEX ns com_android_tethering for caller /apex/com.android.tethering/javalib/framework-connectivity-t.jar: ok
04-01 08:46:51.173 663 695 V GrammaticalInflectionUtils: AttributionSource: AttributionSource { uid = 10033, packageName = null, attributionTag = null, token = android.os.Binder@9b3ff43, deviceId = 0, next = null } does not have READ_SYSTEM_GRAMMATICAL_GENDER permission.
04-01 08:46:51.178 1282 1282 I DeviceLockControllerApplication: onCreate
04-01 08:46:51.242 1243 1243 V MediaProvider: Attached media from com.android.providers.media.module
04-01 08:46:51.244 500 500 D Zygote : Forked child process 1331
04-01 08:46:51.245 663 696 W ActivityManager: Slow operation: 70ms so far, now at startProcess: returned from zygote!
04-01 08:46:51.248 663 681 W ActivityManager: Slow operation: 59ms so far, now at finishAttachApplicationInner: after mServices.attachApplicationLocked
04-01 08:46:51.248 663 681 W ActivityManager: Slow operation: 59ms so far, now at finishAttachApplicationInner: after dispatching broadcasts
04-01 08:46:51.249 663 1108 I AppWidgetServiceImpl: getAppWidgetIds() 0
04-01 08:46:51.251 663 733 I AppWidgetServiceImpl: getInstalledProvidersForProfiles() 0
04-01 08:46:51.252 663 732 W com.android.internal.protolog.LogcatOnlyProtoLogImpl: ProtoLog message not processed. Failed to log it to proto. Logging it below to logcat instead.
04-01 08:46:51.253 663 732 V WindowManager: Binding proc com.android.keychain with config {0.0 ?mcc0mnc ?localeList ?layoutDir ?swdp ?wdp ?hdp ?density ?lsize ?long ?ldr ?wideColorGamut ?orien ?uimode ?night ?touch ?keyb/?/? ?nav/? winConfig={ mBounds=Rect(0, 0 - 0, 0) mAppBounds=null mMaxBounds=Rect(0, 0 - 0, 0) mDisplayRotation=undefined mWindowingMode=undefined mActivityType=undefined mAlwaysOnTop=undefined mRotation=undefined} ?fontWeightAdjustment}
04-01 08:46:51.253 663 732 D CompatChangeReporter: Compat change id reported: 151861875; UID 1000; state: ENABLED
04-01 08:46:51.274 521 622 D AHAL_StreamPrimary: transfer: skipping transfer (4096 frames)
04-01 08:46:51.279 663 696 W ActivityManager: Slow operation: 104ms so far, now at startProcess: done updating battery stats
04-01 08:46:51.279 880 959 I WifiStateWorker: WifiManager.getWifiState():1
04-01 08:46:51.279 663 696 W ActivityManager: Slow operation: 104ms so far, now at startProcess: building log message
04-01 08:46:51.279 663 696 I ActivityManager: Start proc 1331:com.android.statementservice/u0a33 for broadcast {com.android.statementservice/com.android.statementservice.domain.DomainVerificationReceiverV1}
04-01 08:46:51.280 663 696 W ActivityManager: Slow operation: 105ms so far, now at startProcess: starting to update pids map
04-01 08:46:51.284 663 696 W ActivityManager: Slow operation: 109ms so far, now at startProcess: done updating pids map
04-01 08:46:51.286 1331 1331 I libc : SetHeapTaggingLevel: tag level set to 0
04-01 08:46:51.303 663 1108 I AppWidgetServiceImpl: notifyProviderInheritance() 0
04-01 08:46:51.303 1282 1282 D DeviceLockControllerService: onCreate
04-01 08:46:51.313 1331 1331 I tatementservice: Using CollectorTypeCMC GC.
04-01 08:46:51.327 521 622 D AHAL_StreamPrimary: transfer: skipping transfer (4096 frames)
04-01 08:46:51.338 1243 1243 D nativeloader: Load libdrmframework_jni.so using system ns (caller=/system/framework/framework.jar): ok
04-01 08:46:51.346 1331 1331 E tatementservice: Not starting debugger since process cannot load the jdwp agent.
04-01 08:46:51.349 1282 1282 I UserRestrictionsPolicyHandler: Build type DEBUG = true
04-01 08:46:51.378 663 1108 I AppWidgetServiceImpl: updateAppWidgetIds() 0
04-01 08:46:51.384 663 1108 I AppWidgetServiceImpl: Widget update received AppWidgetId{2:Host{HostId{user:0, app:10066, hostId:1026, pkg:com.android.launcher3}}:Provider{ProviderId{user:0, app:10056, cmp:ComponentInfo{com.android.quicksearchbox/com.android.quicksearchbox.SearchWidgetProvider}}}}
04-01 08:46:51.392 1316 1316 D nativeloader: Configuring clns-shared-7 for other apk /system/app/KeyChain/KeyChain.apk. target_sdk_version=35, uses_libraries=, library_path=/system/app/KeyChain/lib/arm64:/system/app/KeyChain/KeyChain.apk!/lib/arm64-v8a:/system/lib64, permitted_path=/data:/mnt/expand:/data/user/0/com.android.keychain:/system/app/KeyChain:/system/lib64
04-01 08:46:51.409 880 880 I Choreographer: Skipped 262 frames! The application may be doing too much work on its main thread.
04-01 08:46:51.415 1331 1331 D nativeloader: Load libframework-connectivity-tiramisu-jni.so using APEX ns com_android_tethering for caller /apex/com.android.tethering/javalib/framework-connectivity-t.jar: ok
04-01 08:46:51.427 663 663 I DeviceLockControllerConnectorImpl: Connected to com.android.devicelockcontroller/.DeviceLockControllerService
04-01 08:46:51.453 1316 1316 D CompatChangeReporter: Compat change id reported: 202956589; UID 1000; state: ENABLED
04-01 08:46:51.481 663 1108 W com.android.internal.protolog.LogcatOnlyProtoLogImpl: ProtoLog message not processed. Failed to log it to proto. Logging it below to logcat instead.
04-01 08:46:51.481 663 1108 V WindowManager: Binding proc com.android.statementservice with config {1.0 ?mcc0mnc [en_US] ldltr sw720dp w1280dp h720dp 240dpi xlrg long land -touch qwerty/v/v -nav/h winConfig={ mBounds=Rect(0, 0 - 1920, 1080) mAppBounds=Rect(0, 0 - 1920, 1080) mMaxBounds=Rect(0, 0 - 1920, 1080) mDisplayRotation=ROTATION_0 mWindowingMode=fullscreen mActivityType=undefined mAlwaysOnTop=undefined mRotation=ROTATION_0} s.6 fontWeightAdjustment=0}
04-01 08:46:51.548 521 622 D AHAL_StreamPrimary: transfer: skipping transfer (4096 frames)
04-01 08:46:51.552 1316 1316 V GraphicsEnvironment: Currently set values for:
04-01 08:46:51.558 1316 1316 V GraphicsEnvironment: angle_gl_driver_selection_pkgs=[]
04-01 08:46:51.561 1107 1107 D CompatChangeReporter: Compat change id reported: 303326708; UID 10066; state: ENABLED
04-01 08:46:51.562 1316 1316 V GraphicsEnvironment: angle_gl_driver_selection_values=[]
04-01 08:46:51.562 1316 1316 V GraphicsEnvironment: Global.Settings values are invalid: number of packages: 0, number of values: 0
04-01 08:46:51.563 1316 1316 V GraphicsEnvironment: Neither updatable production driver nor prerelease driver is supported.
04-01 08:46:51.572 1107 1107 E RecyclerView: Cannot scroll to position a LayoutManager set. Call setLayoutManager with a non-null argument.
04-01 08:46:51.586 1107 1107 D AlphabeticalAppsList: Clearing FastScrollerSections.
04-01 08:46:51.587 1107 1107 D AlphabeticalAppsList: Adding apps with sections. HasPrivateApps: true
04-01 08:46:51.594 1107 1107 E RecyclerView: Cannot scroll to position a LayoutManager set. Call setLayoutManager with a non-null argument.
04-01 08:46:51.597 521 622 D AHAL_StreamPrimary: transfer: skipping transfer (4096 frames)
04-01 08:46:51.614 1282 1282 D GlobalParametersService: onCreate
04-01 08:46:51.628 1243 1243 V PickerDatabaseHelper: onConfigure() for picker.db
04-01 08:46:51.636 663 961 I AppWidgetServiceImpl: startListening() 0
04-01 08:46:51.651 1282 1349 I DlcClient: Binding com.android.devicelockcontroller/.storage.GlobalParametersService
04-01 08:46:51.658 1331 1331 D ApplicationLoaders: Returning zygote-cached class loader: /system/framework/android.test.base.jar
04-01 08:46:51.678 663 732 I AppWidgetServiceImpl: getInstalledProvidersForProfiles() 0
04-01 08:46:51.680 663 1108 I AppWidgetServiceImpl: getInstalledProvidersForProfiles() 0
04-01 08:46:51.681 663 732 I AppWidgetServiceImpl: notifyProviderInheritance() 0
04-01 08:46:51.681 1107 1107 D b/267448330: provider: ComponentInfo{com.android.quicksearchbox/com.android.quicksearchbox.SearchWidgetProvider}, paddedSizes: [621.3333x108.0, 621.3333x108.0, 1045.3334x101.333336, 1045.3334x101.333336], getMinMaxSizes: Rect(621, 101 - 1045, 108)
04-01 08:46:51.682 663 733 I AppWidgetServiceImpl: getAppWidgetInfo() 0
04-01 08:46:51.699 663 681 I AppWidgetServiceImpl: getAppWidgetViews() 0
04-01 08:46:51.704 880 1147 D BufferPoolAccessor2.0: bufferpool2 0xb400007413ac6bb8 : 0(0 size) total buffers - 0(0 size) used buffers - 2/7 (recycle/alloc) - 5/18 (fetch/transfer)
04-01 08:46:51.704 880 1147 D BufferPoolAccessor2.0: bufferpool2 0xb400007413acb368 : 0(0 size) total buffers - 0(0 size) used buffers - 2/7 (recycle/alloc) - 5/36 (fetch/transfer)
04-01 08:46:51.704 880 1147 D BufferPoolAccessor2.0: evictor expired: 2, evicted: 2
04-01 08:46:51.744 880 1161 I HWUI : Davey! duration=4676ms; Flags=0, FrameTimelineVsyncId=2175, IntendedVsync=42670059612, Vsync=47036701738, InputEventId=0, HandleInputStart=47046174110, AnimationStart=47046176760, PerformTraversalsStart=47075699225, DrawStart=47234498455, FrameDeadline=44386655128, FrameInterval=47045250695, FrameStartTime=16666573, SyncQueued=47236888615, SyncStart=47240770895, IssueDrawCommandsStart=47252359290, SwapBuffers=47349235205, FrameCompleted=47350622900, DequeueBufferDuration=39635, QueueBufferDuration=905670, GpuCompleted=47349235205, SwapBuffersCompleted=47350622900, DisplayPresentTime=0, CommandSubmissionCompleted=47349235205,
04-01 08:46:51.754 663 681 I AppWidgetServiceImpl: getAppWidgetOptions() 0
04-01 08:46:51.758 1107 1107 D CellLayout: Adding view to ShortcutsAndWidgetsContainer: com.android.launcher3.qsb.QsbContainerView{fc79b5f V.E...... ......I. 0,0-0,0 #7f0902b9 app:id/search_container_workspace}
04-01 08:46:51.760 582 877 D BufferPoolAccessor2.0: bufferpool2 0xb40000762c910218 : 0(0 size) total buffers - 0(0 size) used buffers - 3/7 (recycle/alloc) - 4/6 (fetch/transfer)
04-01 08:46:51.760 582 877 D BufferPoolAccessor2.0: evictor expired: 2, evicted: 1
04-01 08:46:51.768 1331 1331 D nativeloader: Configuring clns-shared-7 for other apk /system/priv-app/StatementService/StatementService.apk. target_sdk_version=29, uses_libraries=, library_path=/system/priv-app/StatementService/lib/arm64:/system/lib64, permitted_path=/data:/mnt/expand:/data/user/0/com.android.statementservice:/system/priv-app/StatementService:/system/lib64
04-01 08:46:51.788 1282 1352 I DevicePolicyControllerImpl: Enforcing policies for provision state 0 and device state 0
04-01 08:46:51.792 1243 1243 D PickerSyncLockManager: Trying to acquire lock com.android.providers.media.photopicker.sync.CloseableReentrantLock@235eb6e[Unlocked]. Lock Name = CLOUD_PROVIDER_LOCK. Threads that may be waiting to acquire this lock = []
04-01 08:46:51.793 1243 1243 D CloseableReentrantLock: Successfully acquired lock com.android.providers.media.photopicker.sync.CloseableReentrantLock@235eb6e[Locked by thread main]. Lock Name = CLOUD_PROVIDER_LOCK. Threads that may be waiting to acquire this lock = []
04-01 08:46:51.829 521 622 D AHAL_StreamPrimary: transfer: skipping transfer (4096 frames)
04-01 08:46:51.833 1107 1107 I OverviewComponentObserver: updateOverviewTargets: mIsHomeDisabled=false, isDefaultHomeNull=false, mIsDefaultHome=true
04-01 08:46:51.843 1107 1107 D OverviewActionsView: updateActionButtonsVisibility() called: showSingleTaskActions = [true], showGroupActions = [false]
04-01 08:46:51.864 1243 1243 D PickerSyncController: Cloud-Media-in-Photo-Picker feature is disabled during PickerSyncController construction.
04-01 08:46:51.864 1243 1243 D PickerSyncLockManager: Trying to acquire lock com.android.providers.media.photopicker.sync.CloseableReentrantLock@235eb6e[Locked by thread main]. Lock Name = CLOUD_PROVIDER_LOCK. Threads that may be waiting to acquire this lock = []
04-01 08:46:51.865 1243 1243 D CloseableReentrantLock: Successfully acquired lock com.android.providers.media.photopicker.sync.CloseableReentrantLock@235eb6e[Locked by thread main]. Lock Name = CLOUD_PROVIDER_LOCK. Threads that may be waiting to acquire this lock = []
04-01 08:46:51.865 1243 1243 D PickerSyncLockManager: Trying to acquire lock com.android.providers.media.photopicker.sync.CloseableReentrantLock@235eb6e[Locked by thread main]. Lock Name = CLOUD_PROVIDER_LOCK. Threads that may be waiting to acquire this lock = []
04-01 08:46:51.865 1243 1243 D CloseableReentrantLock: Successfully acquired lock com.android.providers.media.photopicker.sync.CloseableReentrantLock@235eb6e[Locked by thread main]. Lock Name = CLOUD_PROVIDER_LOCK. Threads that may be waiting to acquire this lock = []
04-01 08:46:51.865 1243 1243 D CloseableReentrantLock: Successfully released lock com.android.providers.media.photopicker.sync.CloseableReentrantLock@235eb6e[Locked by thread main]. Lock Name = CLOUD_PROVIDER_LOCK. Threads that may be waiting to acquire this lock = []
04-01 08:46:51.877 521 622 D AHAL_StreamPrimary: transfer: skipping transfer (4096 frames)
04-01 08:46:51.898 1243 1243 D PickerSyncController: Updated cloud provider to: null
04-01 08:46:51.899 1243 1243 D PickerSyncController: Ignoring cache media info for null authority with bundle: null
04-01 08:46:51.916 1282 1354 I DlcClient: Binding com.android.devicelockcontroller/.storage.SetupParametersService
04-01 08:46:51.921 1282 1282 D SetupParametersService: onCreate
04-01 08:46:51.947 663 961 I AppWidgetServiceImpl: startListening() 0
04-01 08:46:51.949 663 663 W Looper : Slow dispatch took 132ms main h=android.app.ActivityThread$H c=android.app.LoadedApk$ReceiverDispatcher$Args$$ExternalSyntheticLambda0@532f35c m=0
04-01 08:46:51.962 663 705 I BroadcastQueue: BOOT_COMPLETED_BROADCAST_COMPLETION_LATENCY_REPORTED action:android.intent.action.LOCKED_BOOT_COMPLETED dispatchLatency:181 completeLatency:4777 dispatchRealLatency:181 completeRealLatency:4777 receiversSize:4 userId:0 userType:android.os.usertype.full.SYSTEM
04-01 08:46:51.966 1243 1243 D PickerNotificationSender: Sending a notification for available providers update
04-01 08:46:51.980 1331 1331 V GraphicsEnvironment: Currently set values for:
04-01 08:46:51.980 1331 1331 V GraphicsEnvironment: angle_gl_driver_selection_pkgs=[]
04-01 08:46:51.980 1331 1331 V GraphicsEnvironment: angle_gl_driver_selection_values=[]
04-01 08:46:51.980 1331 1331 V GraphicsEnvironment: Global.Settings values are invalid: number of packages: 0, number of values: 0
04-01 08:46:51.980 1331 1331 V GraphicsEnvironment: Neither updatable production driver nor prerelease driver is supported.
04-01 08:46:51.982 1243 1243 D CloseableReentrantLock: Successfully released lock com.android.providers.media.photopicker.sync.CloseableReentrantLock@235eb6e[Locked by thread main]. Lock Name = CLOUD_PROVIDER_LOCK. Threads that may be waiting to acquire this lock = []
04-01 08:46:51.993 880 886 W ndroid.systemui: Suspending all threads took: 29.255ms
04-01 08:46:51.995 1243 1243 D CloseableReentrantLock: Successfully released lock com.android.providers.media.photopicker.sync.CloseableReentrantLock@235eb6e[Unlocked]. Lock Name = CLOUD_PROVIDER_LOCK. Threads that may be waiting to acquire this lock = []
04-01 08:46:52.000 1282 1352 D PackagePolicyHandler: Kiosk package is not set
04-01 08:46:52.003 1243 1243 I WorkManagerInitializer: Work manager not initialised. Attempting to initialise.
04-01 08:46:52.004 1107 1107 D CompatChangeReporter: Compat change id reported: 309578419; UID 10066; state: ENABLED
04-01 08:46:52.019 1107 1107 D OverviewActionsView: updateActionButtonsVisibility() called: showSingleTaskActions = [true], showGroupActions = [false]
04-01 08:46:52.025 663 680 I DevicePolicyEngine: Couldn't find any receivers that handle ACTION_DEVICE_POLICY_SET_RESULT in package com.android.devicelockcontroller
04-01 08:46:52.025 663 680 D DevicePolicyEngine: Writing device policies to file.
04-01 08:46:52.025 663 680 D DevicePolicyEngine: Writing to /data/system/device_policy_state.xml
04-01 08:46:52.042 243 243 I hwservicemanager: getTransport: Cannot find entry android.hardware.configstore@1.0::ISurfaceFlingerConfigs/default in either framework or device VINTF manifest.
04-01 08:46:52.073 663 1011 I DeviceLockServiceImpl: User unlocked reported for: UserHandle{0}
04-01 08:46:52.080 1107 1107 D TestEventsEmitterProduction: Event sent LAUNCHER_ON_CREATE
04-01 08:46:52.084 1107 1107 I ViewCaptureFactory: instantiating SettingsAwareViewCapture
04-01 08:46:52.085 1243 1243 D WM-PackageManagerHelper: Skipping component enablement for androidx.work.impl.background.systemjob.SystemJobService
04-01 08:46:52.085 1243 1243 D WM-Schedulers: Created SystemJobScheduler and enabled SystemJobService
04-01 08:46:52.095 1243 1359 D WM-ForceStopRunnable: The default process name was not specified.
04-01 08:46:52.097 1331 1331 D WM-WrkMgrInitializer: Initializing WorkManager with default configuration.
04-01 08:46:52.100 663 832 D WallpaperManagerService: WPMS.saveSettingsLocked-0
04-01 08:46:52.109 521 622 D AHAL_StreamPrimary: transfer: skipping transfer (4096 frames)
04-01 08:46:52.113 663 832 V WallpaperManagerService: WPMS.saveSettingsLocked-0 took to complete: 13ms
04-01 08:46:52.135 1243 1359 D WM-ForceStopRunnable: Performing cleanup operations.
04-01 08:46:52.146 1331 1331 D WM-PackageManagerHelper: Skipping component enablement for androidx.work.impl.background.systemjob.SystemJobService
04-01 08:46:52.146 1331 1331 D WM-Schedulers: Created SystemJobScheduler and enabled SystemJobService
04-01 08:46:52.148 1243 1243 D SyncWorkManager: EndlessWorker has been enqueued
04-01 08:46:52.152 1331 1361 D WM-ForceStopRunnable: The default process name was not specified.
04-01 08:46:52.153 1107 1107 D CompatChangeReporter: Compat change id reported: 349153669; UID 10066; state: ENABLED
04-01 08:46:52.154 1331 1361 D WM-ForceStopRunnable: Performing cleanup operations.
04-01 08:46:52.158 521 622 D AHAL_StreamPrimary: transfer: skipping transfer (4096 frames)
04-01 08:46:52.160 1107 1107 W HWUI : Unknown dataspace 0
04-01 08:46:52.186 1243 1243 D nativeloader: Load /apex/com.android.mediaprovider/priv-app/MediaProvider@AP4A.250105.002.A1/MediaProvider.apk!/lib/arm64-v8a/libleveldb_jni.so using ns clns-shared-7 from class loader (caller=/apex/com.android.mediaprovider/priv-app/MediaProvider@AP4A.250105.002.A1/MediaProvider.apk): ok
04-01 08:46:52.208 1243 1359 D WM-SystemJobScheduler: Reconciling jobs
04-01 08:46:52.216 1107 1107 D TouchInteractionService: onUserUnlocked: userId=0
04-01 08:46:52.226 1107 1107 I OverviewComponentObserver: updateOverviewTargets: mIsHomeDisabled=false, isDefaultHomeNull=false, mIsDefaultHome=true
04-01 08:46:52.265 663 695 V GrammaticalInflectionUtils: AttributionSource: AttributionSource { uid = 10042, packageName = null, attributionTag = null, token = android.os.Binder@9b3ff43, deviceId = 0, next = null } does not have READ_SYSTEM_GRAMMATICAL_GENDER permission.
04-01 08:46:52.297 497 531 I netd : tetherGetStats() -> {[]} <21.75ms>
04-01 08:46:52.330 500 500 D Zygote : Forked child process 1364
04-01 08:46:52.331 663 696 W ActivityManager: Slow operation: 61ms so far, now at startProcess: returned from zygote!
04-01 08:46:52.332 663 696 W ActivityManager: Slow operation: 62ms so far, now at startProcess: done updating battery stats
04-01 08:46:52.333 663 696 W ActivityManager: Slow operation: 63ms so far, now at startProcess: building log message
04-01 08:46:52.333 663 696 I ActivityManager: Start proc 1364:com.android.traceur/u0a42 for broadcast {com.android.traceur/com.android.traceur.Receiver}
04-01 08:46:52.333 663 696 W ActivityManager: Slow operation: 63ms so far, now at startProcess: starting to update pids map
04-01 08:46:52.333 663 696 W ActivityManager: Slow operation: 63ms so far, now at startProcess: done updating pids map
04-01 08:46:52.344 663 1244 E AppSearchIcing: document-store.cc:516: Invalid header crc for /data/system_ce/0/appsearch/icing/document_dir/uri_mapper/persistent_hash_map.kFailed to initialize KeyMapper
04-01 08:46:52.344 663 1244 W AppSearchIcing: document-store.cc:458: Couldn't find derived files or failed to initialize them, regenerating derived files for DocumentStore.
04-01 08:46:52.380 1243 1359 D WM-ForceStopRunnable: Found unfinished work, scheduling it.
04-01 08:46:52.384 521 622 D AHAL_StreamPrimary: transfer: skipping transfer (4096 frames)
04-01 08:46:52.413 1331 1361 D WM-SystemJobScheduler: Reconciling jobs
04-01 08:46:52.430 1364 1364 I android.traceur: Using CollectorTypeCMC GC.
04-01 08:46:52.432 521 622 D AHAL_StreamPrimary: transfer: skipping transfer (4096 frames)
04-01 08:46:52.433 1243 1359 D CompatChangeReporter: Compat change id reported: 311402873; UID 10094; state: ENABLED
04-01 08:46:52.433 1243 1359 D CompatChangeReporter: Compat change id reported: 323349338; UID 10094; state: ENABLED
04-01 08:46:52.433 1243 1359 D WM-SystemJobScheduler: Scheduling work ID 66e536f5-2d7e-46eb-835f-f7759141e176Job ID 0
04-01 08:46:52.436 663 732 D CompatChangeReporter: Compat change id reported: 311402873; UID 10094; state: ENABLED
04-01 08:46:52.437 663 732 D CompatChangeReporter: Compat change id reported: 323349338; UID 10094; state: ENABLED
04-01 08:46:52.456 1364 1364 E android.traceur: Not starting debugger since process cannot load the jdwp agent.
04-01 08:46:52.466 1107 1107 D b/254119092: Set mActivity=com.android.launcher3.uioverrides.QuickstepLauncher@9730447
04-01 08:46:52.466 1107 1107 D b/254119092: mActivity and mContext device profiles have different values, add more logs.
04-01 08:46:52.466 1107 1107 D b/254119092: mActivity logs:
04-01 08:46:52.466 1107 1107 D b/254119092: mActivity=com.android.launcher3.uioverrides.QuickstepLauncher@9730447
04-01 08:46:52.466 1107 1107 D b/254119092: mActivity.getResources().getConfiguration()={1.0 ?mcc0mnc [en_US] ldltr sw720dp w1280dp h720dp 240dpi xlrg long land -touch qwerty/v/v -nav/h winConfig={ mBounds=Rect(0, 0 - 1920, 1080) mAppBounds=Rect(0, 0 - 1920, 1080) mMaxBounds=Rect(0, 0 - 1920, 1080) mDisplayRotation=ROTATION_0 mWindowingMode=fullscreen mActivityType=home mAlwaysOnTop=undefined mRotation=ROTATION_0} s.3 fontWeightAdjustment=0}
04-01 08:46:52.466 1107 1107 D b/254119092: mActivity.getDeviceProfile().isTaskbarPresent=true
04-01 08:46:52.466 1107 1107 D b/254119092: mContext logs:
04-01 08:46:52.466 1107 1107 D b/254119092: mContext=android.window.WindowContext@6a392cd
04-01 08:46:52.466 1107 1107 D b/254119092: mContext.getResources().getConfiguration()={1.0 ?mcc0mnc [en_US] ldltr sw720dp w1280dp h720dp 240dpi xlrg long land -touch qwerty/v/v -nav/h winConfig={ mBounds=Rect(0, 0 - 1920, 1080) mAppBounds=Rect(0, 0 - 1920, 1080) mMaxBounds=Rect(0, 0 - 1920, 1080) mDisplayRotation=ROTATION_0 mWindowingMode=fullscreen mActivityType=undefined mAlwaysOnTop=undefined mRotation=ROTATION_0} s.6 fontWeightAdjustment=0}
04-01 08:46:52.466 1107 1107 D b/254119092: Couldn't get DeviceProfile because !mUserUnlocked
04-01 08:46:52.466 1107 1107 D b/254119092: registering activity lifecycle callbacks from setActivity().
04-01 08:46:52.471 1107 1107 D b/254119092: destroyExistingTaskbar: null
04-01 08:46:52.471 1107 1107 D b/254119092: mActivity and mContext agree taskbarIsPresent=true
04-01 08:46:52.471 1107 1107 D b/254119092: recreateTaskbar: isTaskbarEnabled=true [dp != null (i.e. mUserUnlocked)]=true FLAG_HIDE_NAVBAR_WINDOW=false dp.isTaskbarPresent=true
04-01 08:46:52.471 1107 1107 D b/254119092: mActivity and mContext agree taskbarIsPresent=true
04-01 08:46:52.489 1364 1364 D nativeloader: Load libframework-connectivity-tiramisu-jni.so using APEX ns com_android_tethering for caller /apex/com.android.tethering/javalib/framework-connectivity-t.jar: ok
04-01 08:46:52.491 880 880 D MediaRouter: onRestoreRoute() : route=RouteInfo{ name=Tablet, description=null, status=null, category=RouteCategory{ name=System types=ROUTE_TYPE_LIVE_AUDIO ROUTE_TYPE_LIVE_VIDEO groupable=false }, supportedTypes=ROUTE_TYPE_LIVE_AUDIO ROUTE_TYPE_LIVE_VIDEO , presentationDisplay=null }
04-01 08:46:52.492 880 880 V MediaRouter: Selecting route: RouteInfo{ name=Tablet, description=null, status=null, category=RouteCategory{ name=System types=ROUTE_TYPE_LIVE_AUDIO ROUTE_TYPE_LIVE_VIDEO groupable=false }, supportedTypes=ROUTE_TYPE_LIVE_AUDIO ROUTE_TYPE_LIVE_VIDEO , presentationDisplay=null }
04-01 08:46:52.498 1243 1243 D MediaCodecList: codecHandlesFormat: no format, so no extra checks
04-01 08:46:52.500 1243 1243 D MediaCodecList: codecHandlesFormat: no format, so no extra checks
04-01 08:46:52.532 1243 1379 D CCodec : allocate(c2.v4l2.hevc.decoder)
04-01 08:46:52.556 1243 1379 I Codec2Client: Available Codec2 services: "default" "software"
04-01 08:46:52.565 1243 1379 I CCodec : setting up 'default' as default (vendor) store
04-01 08:46:52.570 663 680 W com.android.internal.protolog.LogcatOnlyProtoLogImpl: ProtoLog message not processed. Failed to log it to proto. Logging it below to logcat instead.
04-01 08:46:52.570 663 680 V WindowManager: Binding proc com.android.traceur with config {1.0 ?mcc0mnc [en_US] ldltr sw720dp w1280dp h720dp 240dpi xlrg long land -touch qwerty/v/v -nav/h winConfig={ mBounds=Rect(0, 0 - 1920, 1080) mAppBounds=Rect(0, 0 - 1920, 1080) mMaxBounds=Rect(0, 0 - 1920, 1080) mDisplayRotation=ROTATION_0 mWindowingMode=fullscreen mActivityType=undefined mAlwaysOnTop=undefined mRotation=ROTATION_0} s.6 fontWeightAdjustment=0}
04-01 08:46:52.582 1331 1361 D WM-ForceStopRunnable: Found unfinished work, scheduling it.
04-01 08:46:52.587 1243 1379 I CCodec : Created component [c2.v4l2.hevc.decoder]
04-01 08:46:52.595 1243 1379 W Codec2Client: query -- param skipped: index = 2684356613.
04-01 08:46:52.596 1243 1379 D CCodecConfig: Query domain & kind failed => BAD_INDEX
04-01 08:46:52.600 1243 1379 D CCodecConfig: read media type: video/hevc
04-01 08:46:52.600 1243 1379 D CCodecConfig: read media type: video/hevc
04-01 08:46:52.625 1243 1379 D ReflectedParamUpdater: extent() != 1 for single value type: input.buffers.allocator-ids.values
04-01 08:46:52.629 1243 1379 D ReflectedParamUpdater: extent() != 1 for single value type: output.buffers.allocator-ids.values
04-01 08:46:52.629 880 880 W NotifCollection: Collection missing 3 entries in ranking update. Just lost 3: -1|android|26|null|1000, -1|android|32|null|1000, -1|android|55|null|1000
04-01 08:46:52.633 1243 1379 D ReflectedParamUpdater: extent() != 1 for single value type: output.buffers.pool-ids.values
04-01 08:46:52.636 1243 1379 D CCodecConfig: ignoring local param raw.size (0xd2001800) as it is already supported
04-01 08:46:52.636 1243 1379 D CCodecConfig: ignoring local param default.color (0x5200180b) as it is already supported
04-01 08:46:52.636 1243 1379 D ReflectedParamUpdater: ignored struct field raw.hdr-static-info.mastering
04-01 08:46:52.643 1243 1379 I CCodecConfig: query failed after returning 10 values (BAD_INDEX)
04-01 08:46:52.644 1243 1379 D CCodecConfig: c2 config diff is Dict {
04-01 08:46:52.644 1243 1379 D CCodecConfig: c2::u32 algo.delay.value = 3
04-01 08:46:52.644 1243 1379 D CCodecConfig: c2::u32 coded.pl.level = 24576
04-01 08:46:52.644 1243 1379 D CCodecConfig: c2::u32 coded.pl.profile = 24576
04-01 08:46:52.644 1243 1379 D CCodecConfig: c2::u32 coded.vui.color.matrix = 0
04-01 08:46:52.644 1243 1379 D CCodecConfig: c2::u32 coded.vui.color.primaries = 0
04-01 08:46:52.644 1243 1379 D CCodecConfig: c2::u32 coded.vui.color.range = 2
04-01 08:46:52.644 1243 1379 D CCodecConfig: c2::u32 coded.vui.color.transfer = 0
04-01 08:46:52.644 1243 1379 D CCodecConfig: c2::u32 default.color.matrix = 0
04-01 08:46:52.644 1243 1379 D CCodecConfig: c2::u32 default.color.primaries = 0
04-01 08:46:52.644 1243 1379 D CCodecConfig: c2::u32 default.color.range = 0
04-01 08:46:52.644 1243 1379 D CCodecConfig: c2::u32 default.color.transfer = 0
04-01 08:46:52.644 1243 1379 D CCodecConfig: c2::u32 input.buffers.max-size.value = 2097152
04-01 08:46:52.644 1243 1379 D CCodecConfig: string input.media-type.value = "video/hevc"
04-01 08:46:52.644 1243 1379 D CCodecConfig: c2::u32 output.delay.value = 16
04-01 08:46:52.644 1243 1379 D CCodecConfig: string output.media-type.value = "video/raw"
04-01 08:46:52.644 1243 1379 D CCodecConfig: c2::u32 raw.color.matrix = 0
04-01 08:46:52.644 1243 1379 D CCodecConfig: c2::u32 raw.color.primaries = 0
04-01 08:46:52.644 1243 1379 D CCodecConfig: c2::u32 raw.color.range = 2
04-01 08:46:52.644 1243 1379 D CCodecConfig: c2::u32 raw.color.transfer = 0
04-01 08:46:52.644 1243 1379 D CCodecConfig: c2::i32 raw.rotation.flip = 0
04-01 08:46:52.644 1243 1379 D CCodecConfig: c2::i32 raw.rotation.value = 0
04-01 08:46:52.644 1243 1379 D CCodecConfig: c2::u32 raw.sar.height = 1
04-01 08:46:52.644 1243 1379 D CCodecConfig: c2::u32 raw.sar.width = 1
04-01 08:46:52.644 1243 1379 D CCodecConfig: c2::u32 raw.size.height = 240
04-01 08:46:52.644 1243 1379 D CCodecConfig: c2::u32 raw.size.width = 320
04-01 08:46:52.644 1243 1379 D CCodecConfig: c2::u32 raw.surface-scaling.value = 1
04-01 08:46:52.644 1243 1379 D CCodecConfig: }
04-01 08:46:52.646 1243 1379 W ColorUtils: expected specified color aspects (2:0:0:0)
04-01 08:46:52.653 1364 1364 D CompatChangeReporter: Compat change id reported: 242716250; UID 10042; state: ENABLED
04-01 08:46:52.665 1243 1368 D WM-PackageManagerHelper: Skipping component enablement for androidx.work.impl.background.systemalarm.RescheduleReceiver
04-01 08:46:52.667 521 622 D AHAL_StreamPrimary: transfer: skipping transfer (4096 frames)
04-01 08:46:52.671 1243 1379 D CCodec : [c2.v4l2.hevc.decoder] buffers are bound to CCodec for this session
04-01 08:46:52.671 1243 1379 D CCodec : Client requested ByteBuffer mode decoder w/o color format set: using default planar color format
04-01 08:46:52.672 1243 1379 D CCodecConfig: no c2 equivalents for flags
04-01 08:46:52.673 1243 1379 D CCodecConfig: c2 config diff is c2::u32 raw.size.height = 1080
04-01 08:46:52.673 1243 1379 D CCodecConfig: c2::u32 raw.size.width = 1920
04-01 08:46:52.674 880 880 D BiometricsRepositoryImpl: currentUser authFlags changed, new value: AuthenticationFlags(userId=0, flag=0)
04-01 08:46:52.674 880 880 D BiometricsRepositoryImpl: currentUser authFlags changed, new value: AuthenticationFlags(userId=0, flag=0)
04-01 08:46:52.675 1243 1379 W ColorUtils: expected specified color aspects (2:0:0:0)
04-01 08:46:52.675 880 880 D BiometricsRepositoryImpl: currentUser authFlags changed, new value: AuthenticationFlags(userId=0, flag=0)
04-01 08:46:52.675 1243 1379 D CCodec : encoding statistics level = 0
04-01 08:46:52.676 1243 1379 D CCodec : setup formats input: AMessage(what = 0x00000000) = {
04-01 08:46:52.676 1243 1379 D CCodec : int32_t height = 1080
04-01 08:46:52.676 1243 1379 D CCodec : int32_t level = 1
04-01 08:46:52.676 1243 1379 D CCodec : int32_t max-input-size = 2097152
04-01 08:46:52.676 1243 1379 D CCodec : string mime = "video/hevc"
04-01 08:46:52.676 1243 1379 D CCodec : int32_t profile = 1
04-01 08:46:52.676 1243 1379 D CCodec : int32_t width = 1920
04-01 08:46:52.676 1243 1379 D CCodec : Rect crop(0, 0, 1919, 1079)
04-01 08:46:52.676 1243 1379 D CCodec : int64_t android._C2MemoryUsage = 4194304
04-01 08:46:52.676 1243 1379 D CCodec : int32_t color-transfer-request = 0
04-01 08:46:52.676 1243 1379 D CCodec : }
04-01 08:46:52.676 880 880 D BiometricsRepositoryImpl: currentUser authFlags changed, new value: AuthenticationFlags(userId=0, flag=0)
04-01 08:46:52.676 1243 1379 D CCodec : setup formats output: AMessage(what = 0x00000000) = {
04-01 08:46:52.676 1243 1379 D CCodec : int32_t android._video-scaling = 1
04-01 08:46:52.676 1243 1379 D CCodec : int32_t rotation-degrees = 0
04-01 08:46:52.676 1243 1379 D CCodec : int32_t color-standard = 0
04-01 08:46:52.676 1243 1379 D CCodec : int32_t color-range = 2
04-01 08:46:52.676 1243 1379 D CCodec : int32_t color-transfer = 0
04-01 08:46:52.676 1243 1379 D CCodec : int32_t sar-height = 1
04-01 08:46:52.676 1243 1379 D CCodec : int32_t sar-width = 1
04-01 08:46:52.676 1243 1379 D CCodec : Rect crop(0, 0, 1919, 1079)
04-01 08:46:52.676 1243 1379 D CCodec : int32_t width = 1920
04-01 08:46:52.676 1243 1379 D CCodec : int32_t height = 1080
04-01 08:46:52.676 1243 1379 D CCodec : string mime = "video/raw"
04-01 08:46:52.676 1243 1379 D CCodec : int32_t android._dataspace = 268435456
04-01 08:46:52.676 1243 1379 D CCodec : int32_t color-format = 19
04-01 08:46:52.676 1243 1379 D CCodec : }
04-01 08:46:52.676 1243 1379 I CCodecConfig: query failed after returning 10 values (BAD_INDEX)
04-01 08:46:52.677 880 880 D BiometricsRepositoryImpl: onStrongAuthRequiredChanged for userId: 0, flag value: 0
04-01 08:46:52.678 577 960 W ResourceManagerMetrics: notifyClientStopped: Start Config is missing!
04-01 08:46:52.680 880 969 D BiometricsRepositoryImpl: currentUser authFlags changed, new value: AuthenticationFlags(userId=0, flag=0)
04-01 08:46:52.680 1243 1243 I TranscodeHelper: Device HDR Plugin is available: false
04-01 08:46:52.680 880 969 D BiometricsRepositoryImpl: currentUser authFlags changed, new value: AuthenticationFlags(userId=0, flag=0)
04-01 08:46:52.681 1243 1243 I TranscodeHelper: Empty transcode compat stale
04-01 08:46:52.682 1243 1243 I TranscodeHelper: Parsed 0 packages from resource
04-01 08:46:52.682 663 961 W UserManagerService: Requested status bar icon for non-badged user 0
04-01 08:46:52.682 1243 1243 I TranscodeHelper: Empty device config transcode compat manifest
04-01 08:46:52.688 1243 1379 I hw-BpHwBinder: onLastStrongRef automatically unlinking death recipients
04-01 08:46:52.695 513 1384 I hw-BpHwBinder: onLastStrongRef automatically unlinking death recipients
04-01 08:46:52.715 521 622 D AHAL_StreamPrimary: transfer: skipping transfer (4096 frames)
04-01 08:46:52.722 880 1032 D Bubbles : handleKeyguardOrDreamChange isUnlockedShade=true keyguardShowing=false dreamingOrInPreview=false
04-01 08:46:52.731 1364 1364 D CompatChangeReporter: Compat change id reported: 3400644; UID 10042; state: ENABLED
04-01 08:46:52.736 1243 1243 D PickerSyncLockManager: Trying to acquire lock com.android.providers.media.photopicker.sync.CloseableReentrantLock@235eb6e[Unlocked]. Lock Name = CLOUD_PROVIDER_LOCK. Threads that may be waiting to acquire this lock = []
04-01 08:46:52.736 1243 1243 D CloseableReentrantLock: Successfully acquired lock com.android.providers.media.photopicker.sync.CloseableReentrantLock@235eb6e[Locked by thread main]. Lock Name = CLOUD_PROVIDER_LOCK. Threads that may be waiting to acquire this lock = []
04-01 08:46:52.736 1243 1243 D CloseableReentrantLock: Successfully released lock com.android.providers.media.photopicker.sync.CloseableReentrantLock@235eb6e[Unlocked]. Lock Name = CLOUD_PROVIDER_LOCK. Threads that may be waiting to acquire this lock = []
04-01 08:46:52.739 663 1244 E AppSearchIcing: icing-flash-bitmap.cc:101: Flash bitmap /data/system_ce/0/appsearch/icing/index_dir/idx/lite.lexicon.prop.2 is dirty
04-01 08:46:52.739 663 1244 E AppSearchIcing: icing-dynamic-trie.cc:1275: Init of /data/system_ce/0/appsearch/icing/index_dir/idx/lite.lexicon.prop.2 failed
04-01 08:46:52.739 663 1244 E AppSearchIcing: icing-dynamic-trie.cc:1329: Open prop bitmap failed: /data/system_ce/0/appsearch/icing/index_dir/idx/lite.lexicon.prop.2
04-01 08:46:52.741 1243 1243 D CompatChangeReporter: Compat change id reported: 312399441; UID 10094; state: ENABLED
04-01 08:46:52.743 880 886 I ndroid.systemui: Background concurrent mark compact GC freed 9663KB AllocSpace bytes, 10(264KB) LOS objects, 49% free, 11MB/23MB, paused 73.825ms,40.826ms total 1.573s
04-01 08:46:52.745 1364 1364 D ApplicationLoaders: Returning zygote-cached class loader: /system_ext/framework/androidx.window.extensions.jar
04-01 08:46:52.745 1364 1364 D ApplicationLoaders: Returning zygote-cached class loader: /system_ext/framework/androidx.window.sidecar.jar
04-01 08:46:52.756 1243 1243 V MediaStore: Examining volume emulated;0 with name external_primary and state checking
04-01 08:46:52.763 1243 1243 V MediaProvider: attachVolume() called for internal with state:null
04-01 08:46:52.798 1364 1364 D nativeloader: Configuring clns-shared-7 for other apk /system/app/Traceur/Traceur.apk. target_sdk_version=34, uses_libraries=, library_path=/system/app/Traceur/lib/arm64:/system/lib64, permitted_path=/data:/mnt/expand:/data/user/0/com.android.traceur:/system/app/Traceur:/system/lib64
04-01 08:46:52.806 880 880 W NotifCollection: Ranking update is missing ranking for 2 entries (2 new): -1|android|2147483647|ranker_group|1000|ranker_group, -1|android|55|null|1000
04-01 08:46:52.815 880 889 W ndroid.systemui: ApkAssets: Deleting an ApkAssets object ' and /system/system_ext/priv-app/Launcher3QuickStep/Launcher3QuickStep.apk' with 1 weak references
04-01 08:46:52.819 880 880 I Choreographer: Skipped 84 frames! The application may be doing too much work on its main thread.
04-01 08:46:52.834 1331 1361 D WM-SystemJobScheduler: Scheduling work ID ce1454a1-a1a8-4605-9e22-d46a2b7b7e70Job ID 20
04-01 08:46:52.853 1243 1243 I MediaProvider: Changed PhotoPickerGetContentActivity component state to STATE_ENABLED ( 1 )
04-01 08:46:52.867 1243 1243 I MediaProvider: Changed PhotoPickerActivity component state to STATE_ENABLED ( 1 )
04-01 08:46:52.868 1243 1243 I MediaProvider: Changed PhotoPickerUserSelectActivity component state to STATE_ENABLED ( 1 )
04-01 08:46:52.870 1243 1243 D PulledMetrics: Registering callback with StatsManager
04-01 08:46:52.867 880 885 I ndroid.systemui: JIT allocated 54KB for compiled code of java.lang.Object com.android.systemui.dagger.DaggerReferenceGlobalRootComponent$ReferenceSysUIComponentImpl$SwitchingProvider.get11()
04-01 08:46:52.872 880 885 I ndroid.systemui: Compiler allocated 4396KB to compile java.lang.Object com.android.systemui.dagger.DaggerReferenceGlobalRootComponent$ReferenceSysUIComponentImpl$SwitchingProvider.get11()
04-01 08:46:52.877 663 832 D ConnectivityService: requestNetwork for uid/pid:1000/663 asUid: 10033 activeRequest: null callbackRequest: 35 [NetworkRequest [ REQUEST id=36, [ Capabilities: INTERNET&NOT_RESTRICTED&TRUSTED&NOT_VCN_MANAGED&NOT_BANDWIDTH_CONSTRAINED Uid: 10033 RequestorUid: 1000 RequestorPkg: android UnderlyingNetworks: Null] ]] callback flags: 0 order: 2147483647 isUidTracked: false declaredMethods: ALL
04-01 08:46:52.885 663 794 D WifiNetworkFactory: got request NetworkRequest [ REQUEST id=36, [ Capabilities: INTERNET&NOT_RESTRICTED&TRUSTED&NOT_VCN_MANAGED&NOT_BANDWIDTH_CONSTRAINED Uid: 10033 RequestorUid: 1000 RequestorPkg: android UnderlyingNetworks: Null] ]
04-01 08:46:52.886 663 794 D UntrustedWifiNetworkFactory: got request NetworkRequest [ REQUEST id=36, [ Capabilities: INTERNET&NOT_RESTRICTED&TRUSTED&NOT_VCN_MANAGED&NOT_BANDWIDTH_CONSTRAINED Uid: 10033 RequestorUid: 1000 RequestorPkg: android UnderlyingNetworks: Null] ]
04-01 08:46:52.886 663 794 D OemPaidWifiNetworkFactory: got request NetworkRequest [ REQUEST id=36, [ Capabilities: INTERNET&NOT_RESTRICTED&TRUSTED&NOT_VCN_MANAGED&NOT_BANDWIDTH_CONSTRAINED Uid: 10033 RequestorUid: 1000 RequestorPkg: android UnderlyingNetworks: Null] ]
04-01 08:46:52.886 663 794 D MultiInternetWifiNetworkFactory: got request NetworkRequest [ REQUEST id=36, [ Capabilities: INTERNET&NOT_RESTRICTED&TRUSTED&NOT_VCN_MANAGED&NOT_BANDWIDTH_CONSTRAINED Uid: 10033 RequestorUid: 1000 RequestorPkg: android UnderlyingNetworks: Null] ]
04-01 08:46:52.899 1243 1362 V MediaProvider: onConfigure() for external.db
04-01 08:46:52.918 1331 1361 D WM-SystemJobScheduler: Scheduling work ID fccbe573-1daa-451b-917e-931c07b8338fJob ID 21
04-01 08:46:52.919 1243 1362 V MediaProvider: onOpen() for external.db
04-01 08:46:52.920 663 808 D ConnectivityService: NetReassign [no changes] [c 0] [a 0] [i 7]
04-01 08:46:52.922 1243 1362 W JobInfo : Job 'com.android.providers.media.module/com.android.providers.media.MediaService#-300' has a deadline with no functional constraints. The deadline won't improve job execution latency. Consider removing the deadline.
04-01 08:46:52.924 663 733 W JobInfo : Job 'com.android.providers.media.module/com.android.providers.media.MediaService#-300' has a deadline with no functional constraints. The deadline won't improve job execution latency. Consider removing the deadline.
04-01 08:46:52.932 1331 1361 D WM-SystemJobScheduler: Scheduling work ID f266173e-4795-4c1d-9ca8-ca941ef6d2b5Job ID 0
04-01 08:46:52.936 1364 1364 V GraphicsEnvironment: Currently set values for:
04-01 08:46:52.936 1364 1364 V GraphicsEnvironment: angle_gl_driver_selection_pkgs=[]
04-01 08:46:52.937 1364 1364 V GraphicsEnvironment: angle_gl_driver_selection_values=[]
04-01 08:46:52.937 1364 1364 V GraphicsEnvironment: Global.Settings values are invalid: number of packages: 0, number of values: 0
04-01 08:46:52.937 1364 1364 V GraphicsEnvironment: Neither updatable production driver nor prerelease driver is supported.
04-01 08:46:52.944 521 622 D AHAL_StreamPrimary: transfer: skipping transfer (4096 frames)
04-01 08:46:52.952 663 848 D ShortcutService: saveDirtyInfo
04-01 08:46:52.952 663 848 D ShortcutService: Saving to /data/system_ce/0/shortcut_service/shortcuts.xml
04-01 08:46:52.953 1107 1107 E Overrides: Bad overriden class
04-01 08:46:52.953 1107 1107 E Overrides: java.lang.NoSuchMethodException: com.android.launcher3.taskbar.TaskbarModelCallbacksFactory. [class android.content.Context]
04-01 08:46:52.953 1107 1107 E Overrides: at java.lang.Class.getConstructor0(Class.java:3395)
04-01 08:46:52.953 1107 1107 E Overrides: at java.lang.Class.getDeclaredConstructor(Class.java:3077)
04-01 08:46:52.953 1107 1107 E Overrides: at com.android.launcher3.util.ResourceBasedOverride$Overrides.getObject(ResourceBasedOverride.java:42)
04-01 08:46:52.953 1107 1107 E Overrides: at com.android.launcher3.taskbar.TaskbarModelCallbacksFactory$Companion.newInstance(TaskbarModelCallbacksFactory.kt:35)
04-01 08:46:52.953 1107 1107 E Overrides: at com.android.launcher3.taskbar.TaskbarModelCallbacksFactory.newInstance(TaskbarModelCallbacksFactory.kt:0)
04-01 08:46:52.953 1107 1107 E Overrides: at com.android.launcher3.taskbar.TaskbarViewController.(TaskbarViewController.java:194)
04-01 08:46:52.953 1107 1107 E Overrides: at com.android.launcher3.taskbar.TaskbarActivityContext.(TaskbarActivityContext.java:321)
04-01 08:46:52.953 1107 1107 E Overrides: at com.android.launcher3.taskbar.TaskbarManager.recreateTaskbar(TaskbarManager.java:477)
04-01 08:46:52.953 1107 1107 E Overrides: at com.android.launcher3.taskbar.TaskbarManager.onUserUnlocked(TaskbarManager.java:383)
04-01 08:46:52.953 1107 1107 E Overrides: at com.android.quickstep.TouchInteractionService$$ExternalSyntheticLambda2.run(R8$$SyntheticClass:0)
04-01 08:46:52.953 1107 1107 E Overrides: at com.android.launcher3.util.RunnableList.executeAllAndClear(RunnableList.java:68)
04-01 08:46:52.953 1107 1107 E Overrides: at com.android.launcher3.util.RunnableList.executeAllAndDestroy(RunnableList.java:56)
04-01 08:46:52.953 1107 1107 E Overrides: at com.android.launcher3.util.LockedUserState.notifyUserUnlocked(LockedUserState.kt:74)
04-01 08:46:52.953 1107 1107 E Overrides: at com.android.launcher3.util.LockedUserState.setUserUnlocked(LockedUserState.kt:32)
04-01 08:46:52.953 1107 1107 E Overrides: at com.android.launcher3.util.LockedUserState.access$setUserUnlocked(LockedUserState.kt:26)
04-01 08:46:52.953 1107 1107 E Overrides: at com.android.launcher3.util.LockedUserState$mUserUnlockedReceiver$1.accept(LockedUserState.kt:42)
04-01 08:46:52.953 1107 1107 E Overrides: at com.android.launcher3.util.LockedUserState$mUserUnlockedReceiver$1.accept(LockedUserState.kt:40)
04-01 08:46:52.953 1107 1107 E Overrides: at com.android.launcher3.util.SimpleBroadcastReceiver.onReceive(SimpleBroadcastReceiver.java:50)
04-01 08:46:52.953 1107 1107 E Overrides: at android.app.LoadedApk$ReceiverDispatcher$Args.lambda$getRunnable$0(LoadedApk.java:1814)
04-01 08:46:52.953 1107 1107 E Overrides: at android.app.LoadedApk$ReceiverDispatcher$Args.$r8$lambda$mcNAAl1SQ4MyJPyDg8TJ2x2h0Rk(Unknown Source:0)
04-01 08:46:52.953 1107 1107 E Overrides: at android.app.LoadedApk$ReceiverDispatcher$Args$$ExternalSyntheticLambda0.run(D8$$SyntheticClass:0)
04-01 08:46:52.953 1107 1107 E Overrides: at android.os.Handler.handleCallback(Handler.java:991)
04-01 08:46:52.953 1107 1107 E Overrides: at android.os.Handler.dispatchMessage(Handler.java:102)
04-01 08:46:52.953 1107 1107 E Overrides: at android.os.Looper.loopOnce(Looper.java:232)
04-01 08:46:52.953 1107 1107 E Overrides: at android.os.Looper.loop(Looper.java:317)
