04-01 08:46:41.502 663 663 D SystemServerTiming: OnBootPhase_600_com.android.server.BinderCallsStatsService$LifeCycle
04-01 08:46:41.502 663 663 V SystemServerTiming: OnBootPhase_600_com.android.server.BinderCallsStatsService$LifeCycle took to complete: 0ms
04-01 08:46:41.503 663 663 D SystemServerTiming: OnBootPhase_600_com.android.server.LooperStatsService$Lifecycle
04-01 08:46:41.503 663 663 V SystemServerTiming: OnBootPhase_600_com.android.server.LooperStatsService$Lifecycle took to complete: 0ms
04-01 08:46:41.503 663 663 D SystemServerTiming: OnBootPhase_600_com.android.server.rollback.RollbackManagerService
04-01 08:46:41.503 663 663 V SystemServerTiming: OnBootPhase_600_com.android.server.rollback.RollbackManagerService took to complete: 0ms
04-01 08:46:41.503 663 663 D SystemServerTiming: OnBootPhase_600_com.android.server.os.NativeTombstoneManagerService
04-01 08:46:41.503 663 663 V SystemServerTiming: OnBootPhase_600_com.android.server.os.NativeTombstoneManagerService took to complete: 0ms
04-01 08:46:41.503 663 663 D SystemServerTiming: OnBootPhase_600_com.android.server.os.BugreportManagerService
04-01 08:46:41.503 663 663 V SystemServerTiming: OnBootPhase_600_com.android.server.os.BugreportManagerService took to complete: 0ms
04-01 08:46:41.503 663 663 D SystemServerTiming: OnBootPhase_600_com.android.server.gpu.GpuService
04-01 08:46:41.503 663 663 V SystemServerTiming: OnBootPhase_600_com.android.server.gpu.GpuService took to complete: 0ms
04-01 08:46:41.503 663 663 D SystemServerTiming: OnBootPhase_600_com.android.server.security.rkp.RemoteProvisioningService
04-01 08:46:41.503 663 663 V SystemServerTiming: OnBootPhase_600_com.android.server.security.rkp.RemoteProvisioningService took to complete: 0ms
04-01 08:46:41.503 663 663 D SystemServerTiming: OnBootPhase_600_com.android.server.cpu.CpuMonitorService
04-01 08:46:41.503 663 663 V SystemServerTiming: OnBootPhase_600_com.android.server.cpu.CpuMonitorService took to complete: 0ms
04-01 08:46:41.503 663 663 D SystemServerTiming: OnBootPhase_600_com.android.server.security.KeyChainSystemService
04-01 08:46:41.503 663 663 V SystemServerTiming: OnBootPhase_600_com.android.server.security.KeyChainSystemService took to complete: 0ms
04-01 08:46:41.503 663 663 D SystemServerTiming: OnBootPhase_600_com.android.server.BinaryTransparencyService
04-01 08:46:41.503 663 663 V SystemServerTiming: OnBootPhase_600_com.android.server.BinaryTransparencyService took to complete: 0ms
04-01 08:46:41.503 663 663 D SystemServerTiming: OnBootPhase_600_com.android.server.accounts.AccountManagerService$Lifecycle
04-01 08:46:41.503 663 663 V SystemServerTiming: OnBootPhase_600_com.android.server.accounts.AccountManagerService$Lifecycle took to complete: 0ms
04-01 08:46:41.503 663 663 D SystemServerTiming: OnBootPhase_600_com.android.server.content.ContentService$Lifecycle
04-01 08:46:41.503 663 663 V SystemServerTiming: OnBootPhase_600_com.android.server.content.ContentService$Lifecycle took to complete: 0ms
04-01 08:46:41.503 663 663 D SystemServerTiming: OnBootPhase_600_com.android.server.deviceconfig.DeviceConfigInit$Lifecycle
04-01 08:46:41.503 663 663 V SystemServerTiming: OnBootPhase_600_com.android.server.deviceconfig.DeviceConfigInit$Lifecycle took to complete: 0ms
04-01 08:46:41.503 663 663 D SystemServerTiming: OnBootPhase_600_com.android.server.DropBoxManagerService
04-01 08:46:41.503 663 663 V SystemServerTiming: OnBootPhase_600_com.android.server.DropBoxManagerService took to complete: 0ms
04-01 08:46:41.503 663 663 D SystemServerTiming: OnBootPhase_600_com.android.ecm.EnhancedConfirmationService
04-01 08:46:41.503 663 663 V SystemServerTiming: OnBootPhase_600_com.android.ecm.EnhancedConfirmationService took to complete: 0ms
04-01 08:46:41.503 663 663 D SystemServerTiming: OnBootPhase_600_com.android.server.power.hint.HintManagerService
04-01 08:46:41.503 663 663 V SystemServerTiming: OnBootPhase_600_com.android.server.power.hint.HintManagerService took to complete: 0ms
04-01 08:46:41.503 663 663 D SystemServerTiming: OnBootPhase_600_com.android.role.RoleService
04-01 08:46:41.503 663 663 V SystemServerTiming: OnBootPhase_600_com.android.role.RoleService took to complete: 0ms
04-01 08:46:41.503 663 663 D SystemServerTiming: OnBootPhase_600_com.android.server.vibrator.VibratorManagerService$Lifecycle
04-01 08:46:41.503 663 663 V SystemServerTiming: OnBootPhase_600_com.android.server.vibrator.VibratorManagerService$Lifecycle took to complete: 0ms
04-01 08:46:41.503 663 663 D SystemServerTiming: OnBootPhase_600_com.android.server.alarm.AlarmManagerService
04-01 08:46:41.503 663 663 V SystemServerTiming: OnBootPhase_600_com.android.server.alarm.AlarmManagerService took to complete: 0ms
04-01 08:46:41.503 663 663 D SystemServerTiming: OnBootPhase_600_com.android.server.devicestate.DeviceStateManagerService
04-01 08:46:41.503 663 663 V SystemServerTiming: OnBootPhase_600_com.android.server.devicestate.DeviceStateManagerService took to complete: 0ms
04-01 08:46:41.503 663 663 D SystemServerTiming: OnBootPhase_600_com.android.server.camera.CameraServiceProxy
04-01 08:46:41.503 663 663 V SystemServerTiming: OnBootPhase_600_com.android.server.camera.CameraServiceProxy took to complete: 0ms
04-01 08:46:41.503 663 663 D SystemServerTiming: OnBootPhase_600_com.android.server.connectivity.IpConnectivityMetrics
04-01 08:46:41.503 663 663 V SystemServerTiming: OnBootPhase_600_com.android.server.connectivity.IpConnectivityMetrics took to complete: 0ms
04-01 08:46:41.503 663 663 D SystemServerTiming: OnBootPhase_600_com.android.server.net.watchlist.NetworkWatchlistService$Lifecycle
04-01 08:46:41.503 663 663 V SystemServerTiming: OnBootPhase_600_com.android.server.net.watchlist.NetworkWatchlistService$Lifecycle took to complete: 0ms
04-01 08:46:41.503 663 663 D SystemServerTiming: OnBootPhase_600_com.android.server.PinnerService
04-01 08:46:41.503 663 663 V SystemServerTiming: OnBootPhase_600_com.android.server.PinnerService took to complete: 0ms
04-01 08:46:41.503 663 663 D SystemServerTiming: OnBootPhase_600_com.android.server.integrity.AppIntegrityManagerService
04-01 08:46:41.505 663 663 V SystemServerTiming: OnBootPhase_600_com.android.server.integrity.AppIntegrityManagerService took to complete: 0ms
04-01 08:46:41.505 663 663 D SystemServerTiming: OnBootPhase_600_com.android.server.logcat.LogcatManagerService
04-01 08:46:41.505 663 663 V SystemServerTiming: OnBootPhase_600_com.android.server.logcat.LogcatManagerService took to complete: 0ms
04-01 08:46:41.505 663 663 D SystemServerTiming: OnBootPhase_600_com.android.server.inputmethod.InputMethodManagerService$Lifecycle
04-01 08:46:41.505 663 663 V SystemServerTiming: OnBootPhase_600_com.android.server.inputmethod.InputMethodManagerService$Lifecycle took to complete: 0ms
04-01 08:46:41.505 663 663 D SystemServerTiming: OnBootPhase_600_com.android.server.accessibility.AccessibilityManagerService$Lifecycle
04-01 08:46:41.505 880 880 V WindowManagerShell: UNKNOWN MESSAGE (-776239364395549896) CompatUIController
04-01 08:46:41.507 663 663 V SystemServerTiming: OnBootPhase_600_com.android.server.accessibility.AccessibilityManagerService$Lifecycle took to complete: 2ms
04-01 08:46:41.507 663 663 D SystemServerTiming: OnBootPhase_600_com.android.server.StorageManagerService$Lifecycle
04-01 08:46:41.507 663 663 V SystemServerTiming: OnBootPhase_600_com.android.server.StorageManagerService$Lifecycle took to complete: 0ms
04-01 08:46:41.507 663 663 D SystemServerTiming: OnBootPhase_600_com.android.server.usage.StorageStatsService$Lifecycle
04-01 08:46:41.507 663 663 V SystemServerTiming: OnBootPhase_600_com.android.server.usage.StorageStatsService$Lifecycle took to complete: 0ms
04-01 08:46:41.507 663 663 D SystemServerTiming: OnBootPhase_600_com.android.server.UiModeManagerService
04-01 08:46:41.507 663 663 V SystemServerTiming: OnBootPhase_600_com.android.server.UiModeManagerService took to complete: 0ms
04-01 08:46:41.507 663 663 D SystemServerTiming: OnBootPhase_600_com.android.server.locales.LocaleManagerService
04-01 08:46:41.507 663 663 V SystemServerTiming: OnBootPhase_600_com.android.server.locales.LocaleManagerService took to complete: 0ms
04-01 08:46:41.507 663 663 D SystemServerTiming: OnBootPhase_600_com.android.server.grammaticalinflection.GrammaticalInflectionService
04-01 08:46:41.507 663 663 V SystemServerTiming: OnBootPhase_600_com.android.server.grammaticalinflection.GrammaticalInflectionService took to complete: 0ms
04-01 08:46:41.507 663 663 D SystemServerTiming: OnBootPhase_600_com.android.server.apphibernation.AppHibernationService
04-01 08:46:41.507 663 663 V SystemServerTiming: OnBootPhase_600_com.android.server.apphibernation.AppHibernationService took to complete: 0ms
04-01 08:46:41.507 663 663 D SystemServerTiming: OnBootPhase_600_com.android.server.locksettings.LockSettingsService$Lifecycle
04-01 08:46:41.507 663 663 V SystemServerTiming: OnBootPhase_600_com.android.server.locksettings.LockSettingsService$Lifecycle took to complete: 0ms
04-01 08:46:41.507 663 663 D SystemServerTiming: OnBootPhase_600_com.android.server.pdb.PersistentDataBlockService
04-01 08:46:41.507 663 663 V SystemServerTiming: OnBootPhase_600_com.android.server.pdb.PersistentDataBlockService took to complete: 0ms
04-01 08:46:41.507 663 663 D SystemServerTiming: OnBootPhase_600_com.android.server.testharness.TestHarnessModeService
04-01 08:46:41.507 663 663 V SystemServerTiming: OnBootPhase_600_com.android.server.testharness.TestHarnessModeService took to complete: 0ms
04-01 08:46:41.507 663 663 D SystemServerTiming: OnBootPhase_600_com.android.server.oemlock.OemLockService
04-01 08:46:41.508 663 663 V SystemServerTiming: OnBootPhase_600_com.android.server.oemlock.OemLockService took to complete: 0ms
04-01 08:46:41.508 663 663 D SystemServerTiming: OnBootPhase_600_com.android.server.DeviceIdleController
04-01 08:46:41.508 663 663 V SystemServerTiming: OnBootPhase_600_com.android.server.DeviceIdleController took to complete: 0ms
04-01 08:46:41.508 663 663 D SystemServerTiming: OnBootPhase_600_com.android.server.devicepolicy.DevicePolicyManagerService$Lifecycle
04-01 08:46:41.508 663 663 V SystemServerTiming: OnBootPhase_600_com.android.server.devicepolicy.DevicePolicyManagerService$Lifecycle took to complete: 0ms
04-01 08:46:41.508 663 663 D SystemServerTiming: OnBootPhase_600_com.android.server.texttospeech.TextToSpeechManagerService
04-01 08:46:41.510 663 663 V SystemServerTiming: OnBootPhase_600_com.android.server.texttospeech.TextToSpeechManagerService took to complete: 1ms
04-01 08:46:41.510 663 663 D SystemServerTiming: OnBootPhase_600_com.android.server.wearable.WearableSensingManagerService
04-01 08:46:41.510 663 663 V SystemServerTiming: OnBootPhase_600_com.android.server.wearable.WearableSensingManagerService took to complete: 0ms
04-01 08:46:41.510 663 663 D SystemServerTiming: OnBootPhase_600_com.android.server.ondeviceintelligence.OnDeviceIntelligenceManagerService
04-01 08:46:41.511 663 663 W OnDeviceIntelligenceManagerService: Couldn't pre-start remote ondeviceintelligence services.
04-01 08:46:41.511 663 663 W OnDeviceIntelligenceManagerService: java.lang.IllegalStateException: Remote service is not configured to complete the request
04-01 08:46:41.511 663 663 W OnDeviceIntelligenceManagerService: at com.android.server.ondeviceintelligence.OnDeviceIntelligenceManagerService.validateServiceElevated(OnDeviceIntelligenceManagerService.java:828)
04-01 08:46:41.511 663 663 W OnDeviceIntelligenceManagerService: at com.android.server.ondeviceintelligence.OnDeviceIntelligenceManagerService.lambda$ensureRemoteInferenceServiceInitialized$2(OnDeviceIntelligenceManagerService.java:622)
04-01 08:46:41.511 663 663 W OnDeviceIntelligenceManagerService: at com.android.server.ondeviceintelligence.OnDeviceIntelligenceManagerService.$r8$lambda$qWFNamOCjZtux7sLH__Vr5HGTvc(OnDeviceIntelligenceManagerService.java:0)
04-01 08:46:41.511 663 663 W OnDeviceIntelligenceManagerService: at com.android.server.ondeviceintelligence.OnDeviceIntelligenceManagerService$$ExternalSyntheticLambda4.runOrThrow(R8$$SyntheticClass:0)
04-01 08:46:41.511 663 663 W OnDeviceIntelligenceManagerService: at android.os.Binder.withCleanCallingIdentity(Binder.java:467)
04-01 08:46:41.511 663 663 W OnDeviceIntelligenceManagerService: at com.android.server.ondeviceintelligence.OnDeviceIntelligenceManagerService.ensureRemoteInferenceServiceInitialized(OnDeviceIntelligenceManagerService.java:622)
04-01 08:46:41.511 663 663 W OnDeviceIntelligenceManagerService: at com.android.server.ondeviceintelligence.OnDeviceIntelligenceManagerService.onBootPhase(OnDeviceIntelligenceManagerService.java:201)
04-01 08:46:41.511 663 663 W OnDeviceIntelligenceManagerService: at com.android.server.SystemServiceManager.startBootPhase(SystemServiceManager.java:318)
04-01 08:46:41.511 663 663 W OnDeviceIntelligenceManagerService: at com.android.server.SystemServer.lambda$startOtherServices$6(SystemServer.java:3245)
04-01 08:46:41.511 663 663 W OnDeviceIntelligenceManagerService: at com.android.server.SystemServer.$r8$lambda$R8_YVQM1rsXoSgswlNNq9SsFhyw(SystemServer.java:0)
04-01 08:46:41.511 663 663 W OnDeviceIntelligenceManagerService: at com.android.server.SystemServer$$ExternalSyntheticLambda6.run(R8$$SyntheticClass:0)
04-01 08:46:41.511 663 663 W OnDeviceIntelligenceManagerService: at com.android.server.am.ActivityManagerService.systemReady(ActivityManagerService.java:9004)
04-01 08:46:41.511 663 663 W OnDeviceIntelligenceManagerService: at com.android.server.SystemServer.startOtherServices(SystemServer.java:3097)
04-01 08:46:41.511 663 663 W OnDeviceIntelligenceManagerService: at com.android.server.SystemServer.run(SystemServer.java:948)
04-01 08:46:41.511 663 663 W OnDeviceIntelligenceManagerService: at com.android.server.SystemServer.main(SystemServer.java:669)
04-01 08:46:41.511 663 663 W OnDeviceIntelligenceManagerService: at java.lang.reflect.Method.invoke(Native Method)
04-01 08:46:41.511 663 663 W OnDeviceIntelligenceManagerService: at com.android.internal.os.RuntimeInit$MethodAndArgsCaller.run(RuntimeInit.java:591)
04-01 08:46:41.511 663 663 W OnDeviceIntelligenceManagerService: at com.android.internal.os.ZygoteInit.main(ZygoteInit.java:849)
04-01 08:46:41.511 663 663 V SystemServerTiming: OnBootPhase_600_com.android.server.ondeviceintelligence.OnDeviceIntelligenceManagerService took to complete: 1ms
04-01 08:46:41.512 663 663 D SystemServerTiming: OnBootPhase_600_com.android.server.speech.SpeechRecognitionManagerService
04-01 08:46:41.513 663 663 V SystemServerTiming: OnBootPhase_600_com.android.server.speech.SpeechRecognitionManagerService took to complete: 1ms
04-01 08:46:41.513 663 663 D SystemServerTiming: OnBootPhase_600_com.android.server.graphics.fonts.FontManagerService$Lifecycle
04-01 08:46:41.513 663 663 V SystemServerTiming: OnBootPhase_600_com.android.server.graphics.fonts.FontManagerService$Lifecycle took to complete: 0ms
04-01 08:46:41.513 663 663 D SystemServerTiming: OnBootPhase_600_com.android.server.textservices.TextServicesManagerService$Lifecycle
04-01 08:46:41.513 663 663 V SystemServerTiming: OnBootPhase_600_com.android.server.textservices.TextServicesManagerService$Lifecycle took to complete: 0ms
04-01 08:46:41.513 663 663 D SystemServerTiming: OnBootPhase_600_com.android.server.textclassifier.TextClassificationManagerService$Lifecycle
04-01 08:46:41.513 663 663 V SystemServerTiming: OnBootPhase_600_com.android.server.textclassifier.TextClassificationManagerService$Lifecycle took to complete: 0ms
04-01 08:46:41.513 663 663 D SystemServerTiming: OnBootPhase_600_com.android.server.NetworkScoreService$Lifecycle
04-01 08:46:41.513 663 663 V SystemServerTiming: OnBootPhase_600_com.android.server.NetworkScoreService$Lifecycle took to complete: 0ms
04-01 08:46:41.513 663 663 D SystemServerTiming: OnBootPhase_600_com.android.server.NetworkStatsServiceInitializer
04-01 08:46:41.513 663 663 V SystemServerTiming: OnBootPhase_600_com.android.server.NetworkStatsServiceInitializer took to complete: 0ms
04-01 08:46:41.513 663 663 D SystemServerTiming: OnBootPhase_600_com.android.server.wifi.WifiService
04-01 08:46:41.513 663 663 V SystemServerTiming: OnBootPhase_600_com.android.server.wifi.WifiService took to complete: 0ms
04-01 08:46:41.513 663 663 D SystemServerTiming: OnBootPhase_600_com.android.server.wifi.scanner.WifiScanningService
04-01 08:46:41.513 663 663 V SystemServerTiming: OnBootPhase_600_com.android.server.wifi.scanner.WifiScanningService took to complete: 0ms
04-01 08:46:41.513 663 663 D SystemServerTiming: OnBootPhase_600_com.android.server.wifi.p2p.WifiP2pService
04-01 08:46:41.513 663 663 V SystemServerTiming: OnBootPhase_600_com.android.server.wifi.p2p.WifiP2pService took to complete: 0ms
04-01 08:46:41.513 663 663 D SystemServerTiming: OnBootPhase_600_com.android.server.ConnectivityServiceInitializer
04-01 08:46:41.513 663 663 V SystemServerTiming: OnBootPhase_600_com.android.server.ConnectivityServiceInitializer took to complete: 0ms
04-01 08:46:41.513 663 663 D SystemServerTiming: OnBootPhase_600_com.android.server.notification.NotificationManagerService
04-01 08:46:41.513 880 880 V WindowManagerShell: UNKNOWN MESSAGE (-776239364395549896) TaskStackTransitionObserver
04-01 08:46:41.514 880 880 V WindowManagerShell: UNKNOWN MESSAGE (-776239364395549896) RecentTasksController
04-01 08:46:41.520 458 462 D PermissionCache: checking android.permission.ACCESS_SURFACE_FLINGER for uid=10070 => granted (1739 us)
04-01 08:46:41.521 880 880 V WindowManagerShell: UNKNOWN MESSAGE (-776239364395549896) ShellTaskOrganizer
04-01 08:46:41.526 880 880 D DesktopModeFlagsUtil: Toggle override initialized to: OVERRIDE_UNSET
04-01 08:46:41.529 663 663 V SystemServerTiming: OnBootPhase_600_com.android.server.notification.NotificationManagerService took to complete: 15ms
04-01 08:46:41.529 663 663 D SystemServerTiming: OnBootPhase_600_com.android.server.storage.DeviceStorageMonitorService
04-01 08:46:41.529 663 663 V SystemServerTiming: OnBootPhase_600_com.android.server.storage.DeviceStorageMonitorService took to complete: 0ms
04-01 08:46:41.529 663 663 D SystemServerTiming: OnBootPhase_600_com.android.server.timedetector.TimeDetectorService$Lifecycle
04-01 08:46:41.529 663 663 V SystemServerTiming: OnBootPhase_600_com.android.server.timedetector.TimeDetectorService$Lifecycle took to complete: 0ms
04-01 08:46:41.529 663 663 D SystemServerTiming: OnBootPhase_600_com.android.server.location.LocationManagerService$Lifecycle
04-01 08:46:41.533 663 663 W LocationManagerService: no network location provider found
04-01 08:46:41.541 663 663 I ServiceWatcher: [fused] chose new implementation 1000/com.android.location.fused/.FusedLocationService@0
04-01 08:46:41.544 663 663 E LocationManagerService: no geocoder provider found
04-01 08:46:41.546 663 663 E ActivityRecognitionHardware: activity_recognition HAL is deprecated. is_supported is effectively a no-op
04-01 08:46:41.547 663 663 E LocationManagerService: unable to bind ActivityRecognitionProxy
04-01 08:46:41.548 663 663 V SystemServerTiming: OnBootPhase_600_com.android.server.location.LocationManagerService$Lifecycle took to complete: 19ms
04-01 08:46:41.548 663 663 D SystemServerTiming: OnBootPhase_600_com.android.server.timezonedetector.TimeZoneDetectorService$Lifecycle
04-01 08:46:41.548 663 663 V SystemServerTiming: OnBootPhase_600_com.android.server.timezonedetector.TimeZoneDetectorService$Lifecycle took to complete: 0ms
04-01 08:46:41.548 663 663 D SystemServerTiming: OnBootPhase_600_com.android.server.location.altitude.AltitudeService$Lifecycle
04-01 08:46:41.548 663 663 V SystemServerTiming: OnBootPhase_600_com.android.server.location.altitude.AltitudeService$Lifecycle took to complete: 0ms
04-01 08:46:41.548 663 663 D SystemServerTiming: OnBootPhase_600_com.android.server.timezonedetector.location.LocationTimeZoneManagerService$Lifecycle
04-01 08:46:41.548 663 663 V SystemServerTiming: OnBootPhase_600_com.android.server.timezonedetector.location.LocationTimeZoneManagerService$Lifecycle took to complete: 0ms
04-01 08:46:41.549 663 663 D SystemServerTiming: OnBootPhase_600_com.android.server.search.SearchManagerService$Lifecycle
04-01 08:46:41.549 663 663 V SystemServerTiming: OnBootPhase_600_com.android.server.search.SearchManagerService$Lifecycle took to complete: 0ms
04-01 08:46:41.549 663 663 D SystemServerTiming: OnBootPhase_600_com.android.server.wallpaper.WallpaperManagerService$Lifecycle
04-01 08:46:41.552 663 663 D WallpaperManagerService: Wallpaper_switch-user-0
04-01 08:46:41.553 663 663 V WallpaperManagerService: bindWallpaperComponentLocked: componentName=ComponentInfo{com.android.systemui/com.android.systemui.wallpapers.ImageWallpaper}
04-01 08:46:41.553 663 663 D WallpaperManagerService: WPMS.bindWallpaperComponentLocked-ComponentInfo{com.android.systemui/com.android.systemui.wallpapers.ImageWallpaper}
04-01 08:46:41.556 663 680 W PackageManager: Invalid dex load report. loadingPackageName=null, uid=1037
04-01 08:46:41.556 901 901 D nativeloader: InitLlndkLibrariesProduct: libEGL.so:libGLESv1_CM.so:libGLESv2.so:libGLESv3.so:libRS.so:libandroid_net.so:libapexsupport.so:libbinder_ndk.so:libc.so:libcgrouprc.so:libclang_rt.asan-aarch64-android.so:libclang_rt.hwasan-aarch64-android.so:libcom.android.tethering.connectivity_native.so:libdl.so:libft2.so:liblog.so:libm.so:libmediandk.so:libnativewindow.so:libneuralnetworks.so:libselinux.so:libsync.so:libvendorsupport.so:libvndksupport.so:libvulkan.so
04-01 08:46:41.557 901 901 D nativeloader: Configuring product-clns-7 for unbundled product apk /system/product/app/webview/webview.apk. target_sdk_version=34, uses_libraries=, library_path=/system/product/app/webview/lib/arm64:/system/product/app/webview/webview.apk!/lib/arm64-v8a:/product/lib64:/system/product/lib64, permitted_path=/data:/mnt/expand:/product/lib64:/system/product/lib64
04-01 08:46:41.560 663 663 V WallpaperManagerService: WPMS.bindWallpaperComponentLocked-ComponentInfo{com.android.systemui/com.android.systemui.wallpapers.ImageWallpaper} took to complete: 6ms
04-01 08:46:41.560 663 663 V WallpaperManagerService: Wallpaper_switch-user-0 took to complete: 8ms
04-01 08:46:41.561 901 901 D nativeloader: InitVndkspLibrariesProduct: VNDK is deprecated with product
04-01 08:46:41.561 663 663 V SystemServerTiming: OnBootPhase_600_com.android.server.wallpaper.WallpaperManagerService$Lifecycle took to complete: 12ms
04-01 08:46:41.561 663 663 D SystemServerTiming: OnBootPhase_600_com.android.server.audio.AudioService$Lifecycle
04-01 08:46:41.561 663 663 V SystemServerTiming: OnBootPhase_600_com.android.server.audio.AudioService$Lifecycle took to complete: 0ms
04-01 08:46:41.561 663 663 D SystemServerTiming: OnBootPhase_600_com.android.server.soundtrigger_middleware.SoundTriggerMiddlewareService$Lifecycle
04-01 08:46:41.561 663 663 V SystemServerTiming: OnBootPhase_600_com.android.server.soundtrigger_middleware.SoundTriggerMiddlewareService$Lifecycle took to complete: 1ms
04-01 08:46:41.561 663 663 D SystemServerTiming: OnBootPhase_600_com.android.server.DockObserver
04-01 08:46:41.562 663 663 V SystemServerTiming: OnBootPhase_600_com.android.server.DockObserver took to complete: 0ms
04-01 08:46:41.562 663 663 D SystemServerTiming: OnBootPhase_600_com.android.server.adb.AdbService$Lifecycle
04-01 08:46:41.562 663 663 V SystemServerTiming: OnBootPhase_600_com.android.server.adb.AdbService$Lifecycle took to complete: 0ms
04-01 08:46:41.562 663 663 D SystemServerTiming: OnBootPhase_600_com.android.server.usb.UsbService$Lifecycle
04-01 08:46:41.562 663 663 V SystemServerTiming: OnBootPhase_600_com.android.server.usb.UsbService$Lifecycle took to complete: 0ms
04-01 08:46:41.562 663 663 D SystemServerTiming: OnBootPhase_600_com.android.server.SerialService$Lifecycle
04-01 08:46:41.562 663 663 V SystemServerTiming: OnBootPhase_600_com.android.server.SerialService$Lifecycle took to complete: 0ms
04-01 08:46:41.562 663 663 D SystemServerTiming: OnBootPhase_600_com.android.server.twilight.TwilightService
04-01 08:46:41.562 663 663 V SystemServerTiming: OnBootPhase_600_com.android.server.twilight.TwilightService took to complete: 0ms
04-01 08:46:41.562 663 663 D SystemServerTiming: OnBootPhase_600_com.android.server.display.color.ColorDisplayService
04-01 08:46:41.562 663 663 V SystemServerTiming: OnBootPhase_600_com.android.server.display.color.ColorDisplayService took to complete: 0ms
04-01 08:46:41.562 663 663 D SystemServerTiming: OnBootPhase_600_com.android.server.job.JobSchedulerService
04-01 08:46:41.566 880 880 V WindowManagerShell: UNKNOWN MESSAGE (-776239364395549896) OneHandedController
04-01 08:46:41.571 663 663 D ConnectivityService: requestNetwork for uid/pid:1000/663 asUid: 10084 activeRequest: null callbackRequest: 13 [NetworkRequest [ REQUEST id=14, [ Capabilities: INTERNET&NOT_RESTRICTED&TRUSTED&NOT_VCN_MANAGED&NOT_BANDWIDTH_CONSTRAINED Uid: 10084 RequestorUid: 1000 RequestorPkg: android UnderlyingNetworks: Null] ]] callback flags: 0 order: 2147483647 isUidTracked: false declaredMethods: ALL
04-01 08:46:41.572 880 880 V WindowManagerShell: UNKNOWN MESSAGE (-776239364395549896) RootTaskDisplayAreaOrganizer
04-01 08:46:41.572 663 808 D ConnectivityService: NetReassign [no changes] [c 0] [a 0] [i 0]
04-01 08:46:41.577 880 880 V WindowManagerShell: UNKNOWN MESSAGE (-776239364395549896) DefaultTransitionHandler
04-01 08:46:41.578 880 880 V WindowManagerShell: UNKNOWN MESSAGE (-6160073112438359978)
04-01 08:46:41.578 880 880 V WindowManagerShell: UNKNOWN MESSAGE (-2436748845961170270)
04-01 08:46:41.578 880 880 V WindowManagerShell: UNKNOWN MESSAGE (-776239364395549896) Transitions
04-01 08:46:41.579 880 880 V WindowManagerShell: UNKNOWN MESSAGE (-776239364395549896) DragAndDropController
04-01 08:46:41.579 582 644 I mediaswcodec: missing struct descriptor #Param::CoreIndex(--004) for field values of struct #Param::CoreIndex(F-12004)
04-01 08:46:41.580 582 644 I mediaswcodec: missing struct descriptor #Param::CoreIndex(--1812) for field values of struct #Param::CoreIndex(F-11812)
04-01 08:46:41.584 880 880 V WindowManagerShell: UNKNOWN MESSAGE (-776239364395549896) BubbleController
04-01 08:46:41.586 663 663 V SystemServerTiming: OnBootPhase_600_com.android.server.job.JobSchedulerService took to complete: 23ms
04-01 08:46:41.586 663 663 D SystemServerTiming: OnBootPhase_600_com.android.server.soundtrigger.SoundTriggerService
04-01 08:46:41.586 663 663 D SoundTriggerService: onBootPhase: 600 : false
04-01 08:46:41.592 663 663 V SystemServerTiming: OnBootPhase_600_com.android.server.soundtrigger.SoundTriggerService took to complete: 6ms
04-01 08:46:41.593 663 663 D SystemServerTiming: OnBootPhase_600_com.android.server.trust.TrustManagerService
04-01 08:46:41.599 880 880 V WindowManagerShell: UNKNOWN MESSAGE (-776239364395549896) CaptionWindowDecorViewModel
04-01 08:46:41.601 880 880 V WindowManagerShell: UNKNOWN MESSAGE (-776239364395549896) SplitScreenController
04-01 08:46:41.601 880 880 V WindowManagerShell: UNKNOWN MESSAGE (-776239364395549896) FullscreenTaskListener
04-01 08:46:41.604 287 319 I keystore2: system/security/keystore2/src/authorization.rs:128 - on_device_unlocked(user_id=0, password.is_some()=false)
04-01 08:46:41.607 880 880 V WindowManagerShell: UNKNOWN MESSAGE (-776239364395549896) FreeformTaskTransitionHandler
04-01 08:46:41.607 663 663 I ServiceWatcher: [TrustManagerService] chose new implementation null
04-01 08:46:41.608 663 663 V SystemServerTiming: OnBootPhase_600_com.android.server.trust.TrustManagerService took to complete: 14ms
04-01 08:46:41.608 663 663 D SystemServerTiming: OnBootPhase_600_com.android.server.backup.BackupManagerService$Lifecycle
04-01 08:46:41.608 663 663 V SystemServerTiming: OnBootPhase_600_com.android.server.backup.BackupManagerService$Lifecycle took to complete: 0ms
04-01 08:46:41.608 663 663 D SystemServerTiming: OnBootPhase_600_com.android.server.appwidget.AppWidgetService
04-01 08:46:41.608 663 663 V SystemServerTiming: OnBootPhase_600_com.android.server.appwidget.AppWidgetService took to complete: 0ms
04-01 08:46:41.608 663 663 D SystemServerTiming: OnBootPhase_600_com.android.server.voiceinteraction.VoiceInteractionManagerService
04-01 08:46:41.608 880 880 V WindowManagerShell: UNKNOWN MESSAGE (-776239364395549896) RecentsTransitionHandler
04-01 08:46:41.610 880 880 V WindowManagerShell: UNKNOWN MESSAGE (-776239364395549896) ActivityEmbeddingController
04-01 08:46:41.611 663 663 V SystemServerTiming: OnBootPhase_600_com.android.server.voiceinteraction.VoiceInteractionManagerService took to complete: 3ms
04-01 08:46:41.612 663 663 D SystemServerTiming: OnBootPhase_600_com.android.server.GestureLauncherService
04-01 08:46:41.617 663 663 V SystemServerTiming: OnBootPhase_600_com.android.server.GestureLauncherService took to complete: 5ms
04-01 08:46:41.617 663 663 D SystemServerTiming: OnBootPhase_600_com.android.server.SensorNotificationService
04-01 08:46:41.620 663 663 V SystemServerTiming: OnBootPhase_600_com.android.server.SensorNotificationService took to complete: 2ms
04-01 08:46:41.620 663 663 D SystemServerTiming: OnBootPhase_600_com.android.server.emergency.EmergencyAffordanceService
04-01 08:46:41.620 663 663 V SystemServerTiming: OnBootPhase_600_com.android.server.emergency.EmergencyAffordanceService took to complete: 0ms
04-01 08:46:41.620 663 663 D SystemServerTiming: OnBootPhase_600_com.android.server.blob.BlobStoreManagerService
04-01 08:46:41.626 663 663 V SystemServerTiming: OnBootPhase_600_com.android.server.blob.BlobStoreManagerService took to complete: 6ms
04-01 08:46:41.626 663 663 D SystemServerTiming: OnBootPhase_600_com.android.server.dreams.DreamManagerService
04-01 08:46:41.646 663 663 V SystemServerTiming: OnBootPhase_600_com.android.server.dreams.DreamManagerService took to complete: 20ms
04-01 08:46:41.646 663 663 D SystemServerTiming: OnBootPhase_600_com.android.server.print.PrintManagerService
04-01 08:46:41.646 663 663 V SystemServerTiming: OnBootPhase_600_com.android.server.print.PrintManagerService took to complete: 0ms
04-01 08:46:41.646 663 663 D SystemServerTiming: OnBootPhase_600_com.android.server.security.AttestationVerificationManagerService
04-01 08:46:41.646 663 663 V SystemServerTiming: OnBootPhase_600_com.android.server.security.AttestationVerificationManagerService took to complete: 0ms
04-01 08:46:41.646 663 663 D SystemServerTiming: OnBootPhase_600_com.android.server.companion.CompanionDeviceManagerService
04-01 08:46:41.646 663 663 V SystemServerTiming: OnBootPhase_600_com.android.server.companion.CompanionDeviceManagerService took to complete: 0ms
04-01 08:46:41.646 663 663 D SystemServerTiming: OnBootPhase_600_com.android.server.companion.virtual.VirtualDeviceManagerService
04-01 08:46:41.646 663 663 V SystemServerTiming: OnBootPhase_600_com.android.server.companion.virtual.VirtualDeviceManagerService took to complete: 0ms
04-01 08:46:41.646 663 663 D SystemServerTiming: OnBootPhase_600_com.android.server.restrictions.RestrictionsManagerService
04-01 08:46:41.646 663 663 V SystemServerTiming: OnBootPhase_600_com.android.server.restrictions.RestrictionsManagerService took to complete: 0ms
04-01 08:46:41.646 663 663 D SystemServerTiming: OnBootPhase_600_com.android.server.media.MediaSessionService
04-01 08:46:41.646 663 663 V SystemServerTiming: OnBootPhase_600_com.android.server.media.MediaSessionService took to complete: 0ms
04-01 08:46:41.647 663 663 D SystemServerTiming: OnBootPhase_600_com.android.server.biometrics.BiometricService
04-01 08:46:41.647 663 663 V SystemServerTiming: OnBootPhase_600_com.android.server.biometrics.BiometricService took to complete: 0ms
04-01 08:46:41.647 663 663 D SystemServerTiming: OnBootPhase_600_com.android.server.biometrics.AuthService
04-01 08:46:41.647 663 663 V SystemServerTiming: OnBootPhase_600_com.android.server.biometrics.AuthService took to complete: 0ms
04-01 08:46:41.647 663 663 D SystemServerTiming: OnBootPhase_600_com.android.server.adaptiveauth.AdaptiveAuthService
04-01 08:46:41.647 663 663 V SystemServerTiming: OnBootPhase_600_com.android.server.adaptiveauth.AdaptiveAuthService took to complete: 0ms
04-01 08:46:41.647 663 663 D SystemServerTiming: OnBootPhase_600_com.android.server.pm.ShortcutService$Lifecycle
04-01 08:46:41.647 663 663 D ShortcutService: onBootPhase: 600
04-01 08:46:41.647 663 663 V SystemServerTiming: OnBootPhase_600_com.android.server.pm.ShortcutService$Lifecycle took to complete: 0ms
04-01 08:46:41.647 663 663 D SystemServerTiming: OnBootPhase_600_com.android.server.pm.LauncherAppsService
04-01 08:46:41.647 663 663 V SystemServerTiming: OnBootPhase_600_com.android.server.pm.LauncherAppsService took to complete: 0ms
04-01 08:46:41.647 663 663 D SystemServerTiming: OnBootPhase_600_com.android.server.pm.CrossProfileAppsService
04-01 08:46:41.647 663 663 V SystemServerTiming: OnBootPhase_600_com.android.server.pm.CrossProfileAppsService took to complete: 0ms
04-01 08:46:41.647 663 663 D SystemServerTiming: OnBootPhase_600_com.android.server.people.PeopleService
04-01 08:46:41.647 663 663 V SystemServerTiming: OnBootPhase_600_com.android.server.people.PeopleService took to complete: 0ms
04-01 08:46:41.647 663 663 D SystemServerTiming: OnBootPhase_600_com.android.server.media.metrics.MediaMetricsManagerService
04-01 08:46:41.647 663 663 V SystemServerTiming: OnBootPhase_600_com.android.server.media.metrics.MediaMetricsManagerService took to complete: 0ms
04-01 08:46:41.647 663 663 D SystemServerTiming: OnBootPhase_600_com.android.server.pm.BackgroundInstallControlService
04-01 08:46:41.647 663 663 V SystemServerTiming: OnBootPhase_600_com.android.server.pm.BackgroundInstallControlService took to complete: 0ms
04-01 08:46:41.647 663 663 D SystemServerTiming: OnBootPhase_600_com.android.server.media.projection.MediaProjectionManagerService
04-01 08:46:41.647 663 663 V SystemServerTiming: OnBootPhase_600_com.android.server.media.projection.MediaProjectionManagerService took to complete: 0ms
04-01 08:46:41.647 663 663 D SystemServerTiming: OnBootPhase_600_com.android.server.slice.SliceManagerService$Lifecycle
04-01 08:46:41.647 663 663 V SystemServerTiming: OnBootPhase_600_com.android.server.slice.SliceManagerService$Lifecycle took to complete: 0ms
04-01 08:46:41.647 663 663 D SystemServerTiming: OnBootPhase_600_com.android.server.stats.StatsCompanion$Lifecycle
04-01 08:46:41.649 663 663 W AlarmManager: Unrecognized alarm listener com.android.server.stats.StatsCompanionService$PullingAlarmListener@742cf19
04-01 08:46:41.649 663 663 W AlarmManager: Unrecognized alarm listener com.android.server.stats.StatsCompanionService$PeriodicAlarmListener@8e1fbde
04-01 08:46:41.650 880 880 V WindowManagerShell: UNKNOWN MESSAGE (-776239364395549896) PipTransition
04-01 08:46:41.664 880 880 V WindowManagerShell: UNKNOWN MESSAGE (-776239364395549896) PerfHintController
04-01 08:46:41.665 499 863 W statsd : AIBinder_linkToDeath is being called with a non-null cookie and no onUnlink callback set. This might not be intended. AIBinder_DeathRecipient_setOnUnlinked should be called first.
04-01 08:46:41.671 880 880 V WindowManagerShell: UNKNOWN MESSAGE (-776239364395549896) PipTransition
04-01 08:46:41.672 880 880 V WindowManagerShell: UNKNOWN MESSAGE (-776239364395549896) KeyguardTransitionHandler
04-01 08:46:41.672 880 880 V WindowManagerShell: UNKNOWN MESSAGE (-776239364395549896) DefaultMixedHandler
04-01 08:46:41.672 663 663 I StatsCompanionService: Told statsd that StatsCompanionService is alive.
04-01 08:46:41.672 663 663 V SystemServerTiming: OnBootPhase_600_com.android.server.stats.StatsCompanion$Lifecycle took to complete: 25ms
04-01 08:46:41.673 663 663 D SystemServerTiming: OnBootPhase_600_com.android.server.scheduling.RebootReadinessManagerService$Lifecycle
04-01 08:46:41.673 663 663 V SystemServerTiming: OnBootPhase_600_com.android.server.scheduling.RebootReadinessManagerService$Lifecycle took to complete: 0ms
04-01 08:46:41.673 663 663 D SystemServerTiming: OnBootPhase_600_com.android.server.stats.pull.StatsPullAtomService
04-01 08:46:41.673 663 663 V SystemServerTiming: OnBootPhase_600_com.android.server.stats.pull.StatsPullAtomService took to complete: 0ms
04-01 08:46:41.673 663 663 D SystemServerTiming: OnBootPhase_600_com.android.server.stats.bootstrap.StatsBootstrapAtomService$Lifecycle
04-01 08:46:41.673 663 663 V SystemServerTiming: OnBootPhase_600_com.android.server.stats.bootstrap.StatsBootstrapAtomService$Lifecycle took to complete: 0ms
04-01 08:46:41.673 663 663 D SystemServerTiming: OnBootPhase_600_com.android.server.incident.IncidentCompanionService
04-01 08:46:41.673 663 663 V SystemServerTiming: OnBootPhase_600_com.android.server.incident.IncidentCompanionService took to complete: 0ms
04-01 08:46:41.673 663 663 D SystemServerTiming: OnBootPhase_600_com.android.server.sdksandbox.SdkSandboxManagerService$Lifecycle
04-01 08:46:41.673 663 663 V SystemServerTiming: OnBootPhase_600_com.android.server.sdksandbox.SdkSandboxManagerService$Lifecycle took to complete: 0ms
04-01 08:46:41.673 663 663 D SystemServerTiming: OnBootPhase_600_com.android.server.adservices.AdServicesManagerService$Lifecycle
04-01 08:46:41.673 663 663 V SystemServerTiming: OnBootPhase_600_com.android.server.adservices.AdServicesManagerService$Lifecycle took to complete: 0ms
04-01 08:46:41.673 663 663 D SystemServerTiming: OnBootPhase_600_com.android.server.ondevicepersonalization.OnDevicePersonalizationSystemService$Lifecycle
04-01 08:46:41.673 663 663 V SystemServerTiming: OnBootPhase_600_com.android.server.ondevicepersonalization.OnDevicePersonalizationSystemService$Lifecycle took to complete: 0ms
04-01 08:46:41.673 663 663 D SystemServerTiming: OnBootPhase_600_android.os.profiling.ProfilingService$Lifecycle
04-01 08:46:41.673 663 663 V SystemServerTiming: OnBootPhase_600_android.os.profiling.ProfilingService$Lifecycle took to complete: 0ms
04-01 08:46:41.673 663 694 D StatsPullAtomService: Registering NetworkStats pullers with statsd
04-01 08:46:41.680 663 663 D SystemServerTiming: OnBootPhase_600_com.android.server.autofill.AutofillManagerService
04-01 08:46:41.682 663 663 V SystemServerTiming: OnBootPhase_600_com.android.server.autofill.AutofillManagerService took to complete: 2ms
04-01 08:46:41.682 663 663 D SystemServerTiming: OnBootPhase_600_com.android.server.clipboard.ClipboardService
04-01 08:46:41.682 663 663 V SystemServerTiming: OnBootPhase_600_com.android.server.clipboard.ClipboardService took to complete: 0ms
04-01 08:46:41.682 663 663 D SystemServerTiming: OnBootPhase_600_com.android.server.appbinding.AppBindingService$Lifecycle
04-01 08:46:41.683 663 663 V SystemServerTiming: OnBootPhase_600_com.android.server.appbinding.AppBindingService$Lifecycle took to complete: 1ms
04-01 08:46:41.683 663 663 D SystemServerTiming: OnBootPhase_600_com.android.server.tracing.TracingServiceProxy
04-01 08:46:41.683 663 663 V SystemServerTiming: OnBootPhase_600_com.android.server.tracing.TracingServiceProxy took to complete: 0ms
04-01 08:46:41.683 663 663 D SystemServerTiming: OnBootPhase_600_com.android.server.policy.PermissionPolicyService
04-01 08:46:41.683 663 663 V SystemServerTiming: OnBootPhase_600_com.android.server.policy.PermissionPolicyService took to complete: 0ms
04-01 08:46:41.683 663 663 D SystemServerTiming: OnBootPhase_600_com.android.server.pm.StagingManager$Lifecycle
04-01 08:46:41.683 663 663 V SystemServerTiming: OnBootPhase_600_com.android.server.pm.StagingManager$Lifecycle took to complete: 0ms
04-01 08:46:41.683 663 663 D SystemServerTiming: OnBootPhase_600_com.android.server.app.GameManagerService$Lifecycle
04-01 08:46:41.683 663 663 V SystemServerTiming: OnBootPhase_600_com.android.server.app.GameManagerService$Lifecycle took to complete: 0ms
04-01 08:46:41.683 663 663 D SystemServerTiming: OnBootPhase_600_com.android.safetycenter.SafetyCenterService
04-01 08:46:41.683 663 663 V SystemServerTiming: OnBootPhase_600_com.android.safetycenter.SafetyCenterService took to complete: 0ms
04-01 08:46:41.683 663 663 D SystemServerTiming: OnBootPhase_600_com.android.server.appsearch.AppSearchModule$Lifecycle
04-01 08:46:41.683 663 663 V SystemServerTiming: OnBootPhase_600_com.android.server.appsearch.AppSearchModule$Lifecycle took to complete: 0ms
04-01 08:46:41.683 663 663 D SystemServerTiming: OnBootPhase_600_com.android.server.compos.IsolatedCompilationService
04-01 08:46:41.683 663 663 V SystemServerTiming: OnBootPhase_600_com.android.server.compos.IsolatedCompilationService took to complete: 0ms
04-01 08:46:41.683 663 663 D SystemServerTiming: OnBootPhase_600_com.android.server.media.MediaCommunicationService
04-01 08:46:41.683 663 663 V SystemServerTiming: OnBootPhase_600_com.android.server.media.MediaCommunicationService took to complete: 0ms
04-01 08:46:41.683 663 663 D SystemServerTiming: OnBootPhase_600_com.android.server.compat.overrides.AppCompatOverridesService$Lifecycle
04-01 08:46:41.684 663 663 V SystemServerTiming: OnBootPhase_600_com.android.server.compat.overrides.AppCompatOverridesService$Lifecycle took to complete: 0ms
04-01 08:46:41.685 663 663 D SystemServerTiming: OnBootPhase_600_com.android.server.healthconnect.HealthConnectManagerService
04-01 08:46:41.685 663 663 V SystemServerTiming: OnBootPhase_600_com.android.server.healthconnect.HealthConnectManagerService took to complete: 0ms
04-01 08:46:41.685 663 663 D SystemServerTiming: OnBootPhase_600_com.android.server.devicelock.DeviceLockService
04-01 08:46:41.685 663 663 D DeviceLockService: onBootPhase: 600
04-01 08:46:41.685 663 663 V SystemServerTiming: OnBootPhase_600_com.android.server.devicelock.DeviceLockService took to complete: 0ms
04-01 08:46:41.685 663 663 D SystemServerTiming: OnBootPhase_600_com.android.server.SensitiveContentProtectionManagerService
04-01 08:46:41.685 663 663 V SystemServerTiming: OnBootPhase_600_com.android.server.SensitiveContentProtectionManagerService took to complete: 0ms
04-01 08:46:41.685 663 663 V SystemServerTiming: OnBootPhase_600 took to complete: 190ms
04-01 08:46:41.685 663 663 V SystemServerTiming: PhaseThirdPartyAppsCanStart took to complete: 190ms
04-01 08:46:41.685 663 663 D SystemServerTiming: StartNetworkStack
04-01 08:46:41.685 663 663 D ConnectivityModuleConnector: Starting networking module android.net.INetworkStackConnector
04-01 08:46:41.686 663 663 D ConnectivityModuleConnector: Starting networking module in network_stack process
04-01 08:46:41.688 663 694 W BestClock: java.time.DateTimeException: Missing network time fix
04-01 08:46:41.691 663 663 V GrammaticalInflectionUtils: AttributionSource: AttributionSource { uid = 1073, packageName = null, attributionTag = null, token = android.os.Binder@9b3ff43, deviceId = 0, next = null } does not have READ_SYSTEM_GRAMMATICAL_GENDER permission.
04-01 08:46:41.693 663 663 D CompatChangeReporter: Compat change id reported: 151861875; UID 1073; state: ENABLED
04-01 08:46:41.697 663 663 D ConnectivityModuleConnector: Networking module service start requested
04-01 08:46:41.697 663 663 D NetworkStackClient: Network stack service start requested
04-01 08:46:41.697 663 663 V SystemServerTiming: StartNetworkStack took to complete: 12ms
04-01 08:46:41.697 663 663 D SystemServerTiming: StartTethering
04-01 08:46:41.698 663 663 D ConnectivityModuleConnector: Starting networking module android.net.ITetheringConnector
04-01 08:46:41.698 663 663 D ConnectivityModuleConnector: Starting networking module in network_stack process
04-01 08:46:41.720 663 663 D ConnectivityModuleConnector: Networking module service start requested
04-01 08:46:41.720 663 663 V SystemServerTiming: StartTethering took to complete: 23ms
04-01 08:46:41.720 663 663 D SystemServerTiming: MakeCountryDetectionServiceReady
04-01 08:46:41.720 663 663 V SystemServerTiming: MakeCountryDetectionServiceReady took to complete: 0ms
04-01 08:46:41.721 663 663 D SystemServerTiming: MakeNetworkTimeUpdateReady
04-01 08:46:41.722 901 901 I WebViewLoader-a: System.exit called, status: 0
04-01 08:46:41.722 901 901 I AndroidRuntime: VM exiting with result code 0, cleanup skipped.
04-01 08:46:41.726 500 500 D Zygote : Forked child process 926
04-01 08:46:41.728 663 696 I ActivityManager: Start proc 926:com.android.networkstack.process/1073 for service {com.android.networkstack/com.android.server.NetworkStackService}
04-01 08:46:41.730 880 880 V WindowManagerShell: UNKNOWN MESSAGE (-776239364395549896) StartingWindowController
04-01 08:46:41.731 880 880 V WindowManagerShell: UNKNOWN MESSAGE (-776239364395549896) ProtoLogController
04-01 08:46:41.736 500 500 W Zygote : forkRepeatedly terminated due to non-simple command
04-01 08:46:41.736 500 500 D Zygote : mbuffer starts with 15, nice name is webview_zygote, mEnd = 415, mNext = 183, mLinesLeft = 6, mFd = 5
04-01 08:46:41.740 663 663 D ConnectivityService: requestNetwork for uid/pid:1000/663 activeRequest: null callbackRequest: 15 [NetworkRequest [ REQUEST id=16, [ Capabilities: INTERNET&NOT_RESTRICTED&TRUSTED&NOT_VCN_MANAGED&NOT_BANDWIDTH_CONSTRAINED Uid: 1000 RequestorUid: 1000 RequestorPkg: android UnderlyingNetworks: Null] ]] callback flags: 0 order: 2147483647 isUidTracked: false declaredMethods: ALL
04-01 08:46:41.741 663 808 D ConnectivityService: NetReassign [no changes] [c 0] [a 0] [i 0]
04-01 08:46:41.744 663 663 V SystemServerTiming: MakeNetworkTimeUpdateReady took to complete: 20ms
04-01 08:46:41.744 663 663 D SystemServerTiming: MakeInputManagerServiceReady
04-01 08:46:41.760 497 531 I netd : tetherGetStats() -> {[]} <2.20ms>
04-01 08:46:41.766 582 644 I C2SoftVpxEnc: setting temporal layering 0 + 0
04-01 08:46:41.767 582 644 I mediaswcodec: missing struct descriptor #Param::CoreIndex(--1812) for field values of struct #Param::CoreIndex(F-11812)
04-01 08:46:41.768 663 694 W BestClock: java.time.DateTimeException: Missing network time fix
04-01 08:46:41.776 926 926 I rkstack.process: Using CollectorTypeCMC GC.
04-01 08:46:41.780 255 881 E IMGAidlAllocator: isSupported:328 Invalid BufferDescriptorInfo
04-01 08:46:41.780 255 881 E IMGAidlAllocator: isSupported:329 width -> 320
04-01 08:46:41.780 255 881 E IMGAidlAllocator: isSupported:330 height -> 240
04-01 08:46:41.780 255 881 E IMGAidlAllocator: isSupported:331 format -> 54
04-01 08:46:41.780 255 881 E IMGAidlAllocator: isSupported:332 usage -> 0x0962
04-01 08:46:41.787 926 926 E rkstack.process: Not starting debugger since process cannot load the jdwp agent.
04-01 08:46:41.789 880 880 V WindowManagerShell: UNKNOWN MESSAGE (-776239364395549896) PipTouchHandler
04-01 08:46:41.789 880 880 V WindowManagerShell: UNKNOWN MESSAGE (-776239364395549896) DevicePostureController
04-01 08:46:41.789 880 880 V WindowManagerShell: UNKNOWN MESSAGE (-776239364395549896) TabletopModeController
04-01 08:46:41.791 500 500 D Zygote : Forked child process 940
04-01 08:46:41.795 880 913 W Looper : Slow delivery took 34ms wmshell.main h=android.os.Handler c=com.android.wm.shell.pip.PipTaskOrganizer$$ExternalSyntheticLambda0@ba35991 m=0
04-01 08:46:41.798 880 880 W WindowManagerShell: UNKNOWN MESSAGE (-784520377779406630) PipController
04-01 08:46:41.802 663 663 I InputManager: Enabling motion classifier because just booted: feature enabled, long press timeout = 400 ms
04-01 08:46:41.802 663 663 I InputProcessor: Enabling motion classifier
04-01 08:46:41.805 880 880 V WindowManagerShell: UNKNOWN MESSAGE (-776239364395549896) RootDisplayAreaOrganizer
04-01 08:46:41.810 663 900 W ZygoteProcess: Got error connecting to zygote, retrying. msg= Connection refused
04-01 08:46:41.814 663 694 D StatsPullAtomService: ENABLE_MOBILE_DATA_STATS_AGGREGATED_PULLER = true
04-01 08:46:41.818 663 946 I InputProcessor: HAL android.hardware.input.processor.IInputProcessor/default is not declared
04-01 08:46:41.818 940 940 I libc : SetHeapTaggingLevel: tag level set to 0
04-01 08:46:41.819 242 242 I servicemanager: Caller(pid=663,uid=1000,sid=u:r:system_server:s0) Could not find android.hardware.input.processor.IInputProcessor/default in the VINTF manifest. No alternative instances declared in VINTF.
04-01 08:46:41.821 582 644 I C2SoftVpxEnc: setting temporal layering 0 + 0
04-01 08:46:41.822 582 644 I mediaswcodec: missing struct descriptor #Param::CoreIndex(--1812) for field values of struct #Param::CoreIndex(F-11812)
04-01 08:46:41.823 880 880 V WindowManagerShell: UNKNOWN MESSAGE (-776239364395549896) BackAnimationController
04-01 08:46:41.824 577 627 D MediaCodecsXmlParser: parsing /apex/com.android.media.swcodec/etc/media_codecs.xml...
04-01 08:46:41.827 926 926 D nativeloader: Load libframework-connectivity-tiramisu-jni.so using APEX ns com_android_tethering for caller /apex/com.android.tethering/javalib/framework-connectivity-t.jar: ok
04-01 08:46:41.830 940 940 I webview_zygote: Using CollectorTypeCMC GC.
04-01 08:46:41.832 577 627 D MediaCodecsXmlParser: disabling c2.android.gsm.decoder
04-01 08:46:41.833 880 880 V WindowManagerShell: UNKNOWN MESSAGE (6809365603763764620) BackAnimationController$BackTransitionHandler
04-01 08:46:41.833 577 627 D MediaCodecsXmlParser: disabling c2.android.mpeg2.decoder
04-01 08:46:41.835 577 627 D MediaCodecsXmlParser: disabling c2.android.av1.encoder
04-01 08:46:41.835 577 627 I MediaCodecsXmlParser: codec c2.android.av1.encoder enabled, device sdk 36 >= required 34
04-01 08:46:41.835 577 627 I MediaCodecsXmlParser: Did not find media_codecs_performance.xml in search path
04-01 08:46:41.837 663 763 I InputReader: Reconfiguring input devices, changes=DEVICE_ALIAS
04-01 08:46:41.837 577 627 D MediaCodecsXmlParser: parsing /vendor/etc/media_codecs_c2.xml...
04-01 08:46:41.839 880 913 V WindowManagerShell: UNKNOWN MESSAGE (6164850266728838211) 33
04-01 08:46:41.839 577 627 I MediaCodecsXmlParser: Did not find media_codecs_performance_c2.xml in search path
04-01 08:46:41.840 577 627 D MediaCodecsXmlParser: parsing /vendor/etc/media_codecs.xml...
04-01 08:46:41.841 577 627 D MediaCodecsXmlParser: parsing /vendor/etc/media_codecs_google_c2_audio.xml...
