04-01 08:46:43.860 663 1092 D CCodec : int32_t channel-count = 1
04-01 08:46:43.860 663 1092 D CCodec : string mime = "audio/raw"
04-01 08:46:43.860 663 1092 D CCodec : int32_t sample-rate = 44100
04-01 08:46:43.860 663 1092 D CCodec : int32_t channel-mask = 1
04-01 08:46:43.860 663 1092 D CCodec : int32_t android._config-pcm-encoding = 2
04-01 08:46:43.860 663 1092 D CCodec : }
04-01 08:46:43.861 663 1092 I CCodecConfig: query failed after returning 8 values (BAD_INDEX)
04-01 08:46:43.862 663 1048 D SafetySourceDataValidat: No cert check requested for package com.android.permissioncontroller
04-01 08:46:43.862 880 1101 D CompatChangeReporter: Compat change id reported: 361433696; UID 10070; state: ENABLED
04-01 08:46:43.863 663 1091 W Codec2Client: query -- param skipped: index = 1342179345.
04-01 08:46:43.863 663 1091 W Codec2Client: query -- param skipped: index = 2415921170.
04-01 08:46:43.865 663 1092 W Codec2Client: query -- param skipped: index = 1342179345.
04-01 08:46:43.865 663 1092 W Codec2Client: query -- param skipped: index = 2415921170.
04-01 08:46:43.866 663 1091 D CCodecBufferChannel: [c2.android.vorbis.decoder#993] Created input block pool with allocatorID 16 => poolID 21 - OK (0)
04-01 08:46:43.868 663 663 V WallpaperManagerService: WPMS.saveSettingsLocked-0 took to complete: 10ms
04-01 08:46:43.868 663 663 V WallpaperManagerService: WPMS.onServiceConnected-ComponentInfo{com.android.systemui/com.android.systemui.wallpapers.ImageWallpaper} took to complete: 37ms
04-01 08:46:43.869 663 1092 D CCodecBufferChannel: [c2.android.vorbis.decoder#683] Created input block pool with allocatorID 16 => poolID 22 - OK (0)
04-01 08:46:43.872 663 1091 I CCodecBufferChannel: [c2.android.vorbis.decoder#993] Created output block pool with allocatorID 16 => poolID 27 - OK
04-01 08:46:43.873 663 919 W ScanResultUtil: Empty or null ScanResult list
04-01 08:46:43.873 663 919 W WifiService: Attempt to retrieve WifiConfiguration with invalid scanResult List
04-01 08:46:43.873 663 1048 V SafetyCenterRefreshTrac: Refresh with id: 80cdb80e-1920-44f2-afae-cbe5f010fcc2_0 completed for source id: AndroidWorkPolicyInfo, user id: 0, duration: PT1.015S, successful: true, data changed: false, tracking: true, now 2 tracked sources in flight
04-01 08:46:43.875 663 1091 D CCodecBufferChannel: [c2.android.vorbis.decoder#993] Configured output block pool ids 27 => OK
04-01 08:46:43.876 663 1092 I CCodecBufferChannel: [c2.android.vorbis.decoder#683] Created output block pool with allocatorID 16 => poolID 28 - OK
04-01 08:46:43.876 582 964 E Codec2-ComponentInterface: We have a failed config
04-01 08:46:43.877 663 1092 D CCodecBufferChannel: [c2.android.vorbis.decoder#683] Configured output block pool ids 28 => OK
04-01 08:46:43.878 663 1102 D SafetySourceDataValidat: No cert check requested for package com.android.permissioncontroller
04-01 08:46:43.879 582 962 E Codec2-ComponentInterface: We have a failed config
04-01 08:46:43.879 663 1102 V SafetyCenterRefreshTrac: Refresh with id: 80cdb80e-1920-44f2-afae-cbe5f010fcc2_0 completed for source id: AndroidPermissionAutoRevoke, user id: 0, duration: null, successful: true, data changed: false, tracking: false, now 2 tracked sources in flight
04-01 08:46:43.881 880 880 V SystemUIBootTiming: StartServices com.android.keyguard.KeyguardUpdateMonitor took to complete: 37ms
04-01 08:46:43.883 880 880 V SystemUIBootTiming: StartServices com.android.systemui.LatencyTester took to complete: 1ms
04-01 08:46:43.883 663 1102 W ScanResultUtil: Empty or null ScanResult list
04-01 08:46:43.883 663 1102 W WifiService: Attempt to retrieve WifiConfiguration with invalid scanResult List
04-01 08:46:43.884 663 1102 W ScanResultUtil: Empty or null ScanResult list
04-01 08:46:43.885 663 1102 E WifiService: Attempt to retrieve passpoint with invalid scanResult List
04-01 08:46:43.885 582 1097 D SimpleC2Component: Using output block pool with poolID 27 => got 27 - 0
04-01 08:46:43.886 663 1102 W ScanResultUtil: Empty or null ScanResult list
04-01 08:46:43.886 663 1102 W WifiService: Attempt to retrieve OsuProviders with invalid scanResult List
04-01 08:46:43.888 582 1098 D SimpleC2Component: Using output block pool with poolID 28 => got 28 - 0
04-01 08:46:43.910 663 681 D CompatChangeReporter: Compat change id reported: 151861875; UID 10070; state: ENABLED
04-01 08:46:43.914 880 880 V SystemUIBootTiming: StartServices com.android.systemui.ScreenDecorations took to complete: 31ms
04-01 08:46:43.915 880 880 V SystemUIBootTiming: StartServices com.android.systemui.SliceBroadcastRelayHandler took to complete: 1ms
04-01 08:46:43.916 880 880 D NavigationModeController: getCurrentInteractionMode: mode=0 contextUser=0
04-01 08:46:43.927 880 880 D NavigationModeController: getCurrentInteractionMode: mode=0 contextUser=0
04-01 08:46:43.928 458 486 E HwcComposer: getDisplayDecorationSupport failed Status(-8, EX_SERVICE_SPECIFIC): '8: '
04-01 08:46:43.929 458 486 E HWComposer: getDisplayDecorationSupport: getDisplayDecorationSupport failed for display 4621271769366227712: Unsupported (8)
04-01 08:46:43.934 880 880 D OverviewProxyService: disconnectFromLauncherService bound?: false currentProxy: null disconnectReason: startConnectionToCurrentUser
04-01 08:46:43.934 880 880 D OverviewProxyService: java.lang.Throwable
04-01 08:46:43.934 880 880 D OverviewProxyService: at com.android.systemui.recents.OverviewProxyService.disconnectFromLauncherService(go/retraceme af44648a6e7a5b48e34493d7411b9ae84b8425fee49a02e67ed8e34b6fd5500c:37)
04-01 08:46:43.934 880 880 D OverviewProxyService: at com.android.systemui.recents.OverviewProxyService.internalConnectToCurrentUser(go/retraceme af44648a6e7a5b48e34493d7411b9ae84b8425fee49a02e67ed8e34b6fd5500c:13)
04-01 08:46:43.934 880 880 D OverviewProxyService: at com.android.systemui.recents.OverviewProxyService.startConnectionToCurrentUser(go/retraceme af44648a6e7a5b48e34493d7411b9ae84b8425fee49a02e67ed8e34b6fd5500c:21)
04-01 08:46:43.934 880 880 D OverviewProxyService: at com.android.systemui.recents.OverviewProxyService.updateEnabledAndBinding(go/retraceme af44648a6e7a5b48e34493d7411b9ae84b8425fee49a02e67ed8e34b6fd5500c:30)
04-01 08:46:43.934 880 880 D OverviewProxyService: at com.android.systemui.recents.OverviewProxyService.(go/retraceme af44648a6e7a5b48e34493d7411b9ae84b8425fee49a02e67ed8e34b6fd5500c:60)
04-01 08:46:43.934 880 880 D OverviewProxyService: at com.android.systemui.dagger.DaggerReferenceGlobalRootComponent$ReferenceSysUIComponentImpl$SwitchingProvider.get0(go/retraceme af44648a6e7a5b48e34493d7411b9ae84b8425fee49a02e67ed8e34b6fd5500c:4)
04-01 08:46:43.934 880 880 D OverviewProxyService: at com.android.systemui.dagger.DaggerReferenceGlobalRootComponent$ReferenceSysUIComponentImpl$SwitchingProvider.get(go/retraceme af44648a6e7a5b48e34493d7411b9ae84b8425fee49a02e67ed8e34b6fd5500c:86)
04-01 08:46:43.934 880 880 D OverviewProxyService: at dagger.internal.DoubleCheck.get(go/retraceme af44648a6e7a5b48e34493d7411b9ae84b8425fee49a02e67ed8e34b6fd5500c:14)
04-01 08:46:43.934 880 880 D OverviewProxyService: at dagger.internal.DelegateFactory.get(go/retraceme af44648a6e7a5b48e34493d7411b9ae84b8425fee49a02e67ed8e34b6fd5500c:5)
04-01 08:46:43.934 880 880 D OverviewProxyService: at com.android.systemui.dagger.DaggerReferenceGlobalRootComponent$ReferenceSysUIComponentImpl$SwitchingProvider.get13(go/retraceme af44648a6e7a5b48e34493d7411b9ae84b8425fee49a02e67ed8e34b6fd5500c:846)
04-01 08:46:43.934 880 880 D OverviewProxyService: at com.android.systemui.dagger.DaggerReferenceGlobalRootComponent$ReferenceSysUIComponentImpl$SwitchingProvider.get(go/retraceme af44648a6e7a5b48e34493d7411b9ae84b8425fee49a02e67ed8e34b6fd5500c:21)
04-01 08:46:43.934 880 880 D OverviewProxyService: at dagger.internal.DoubleCheck.get(go/retraceme af44648a6e7a5b48e34493d7411b9ae84b8425fee49a02e67ed8e34b6fd5500c:14)
04-01 08:46:43.934 880 880 D OverviewProxyService: at com.android.systemui.SystemUIApplication$$ExternalSyntheticLambda0.run(go/retraceme af44648a6e7a5b48e34493d7411b9ae84b8425fee49a02e67ed8e34b6fd5500c:47)
04-01 08:46:43.934 880 880 D OverviewProxyService: at com.android.systemui.SystemUIApplication.timeInitialization(go/retraceme af44648a6e7a5b48e34493d7411b9ae84b8425fee49a02e67ed8e34b6fd5500c:28)
04-01 08:46:43.934 880 880 D OverviewProxyService: at com.android.systemui.SystemUIApplication.startServicesIfNeeded(go/retraceme af44648a6e7a5b48e34493d7411b9ae84b8425fee49a02e67ed8e34b6fd5500c:183)
04-01 08:46:43.934 880 880 D OverviewProxyService: at com.android.systemui.SystemUIApplication.startSystemUserServicesIfNeeded(go/retraceme af44648a6e7a5b48e34493d7411b9ae84b8425fee49a02e67ed8e34b6fd5500c:64)
04-01 08:46:43.934 880 880 D OverviewProxyService: at com.android.systemui.SystemUIService.onCreate(go/retraceme af44648a6e7a5b48e34493d7411b9ae84b8425fee49a02e67ed8e34b6fd5500c:10)
04-01 08:46:43.934 880 880 D OverviewProxyService: at android.app.ActivityThread.handleCreateService(ActivityThread.java:5058)
04-01 08:46:43.934 880 880 D OverviewProxyService: at android.app.ActivityThread.-$$Nest$mhandleCreateService(Unknown Source:0)
04-01 08:46:43.934 880 880 D OverviewProxyService: at android.app.ActivityThread$H.handleMessage(ActivityThread.java:2496)
04-01 08:46:43.934 880 880 D OverviewProxyService: at android.os.Handler.dispatchMessage(Handler.java:109)
04-01 08:46:43.934 880 880 D OverviewProxyService: at android.os.Looper.loopOnce(Looper.java:232)
04-01 08:46:43.934 880 880 D OverviewProxyService: at android.os.Looper.loop(Looper.java:317)
04-01 08:46:43.934 880 880 D OverviewProxyService: at android.app.ActivityThread.main(ActivityThread.java:8787)
04-01 08:46:43.934 880 880 D OverviewProxyService: at java.lang.reflect.Method.invoke(Native Method)
04-01 08:46:43.934 880 880 D OverviewProxyService: at com.android.internal.os.RuntimeInit$MethodAndArgsCaller.run(RuntimeInit.java:591)
04-01 08:46:43.934 880 880 D OverviewProxyService: at com.android.internal.os.ZygoteInit.main(ZygoteInit.java:871)
04-01 08:46:43.942 880 1104 E ViewRootImpl: SensitiveContentProtectionService shouldn't be null
04-01 08:46:43.949 880 1101 D WallpaperService: reportEngineShown: shouldWait=true
04-01 08:46:43.992 663 1092 D CCodecBufferChannel: [c2.android.vorbis.decoder#683] MediaCodec discarded an unknown buffer
04-01 08:46:43.996 880 1104 E ViewRootImpl: SensitiveContentProtectionService shouldn't be null
04-01 08:46:43.997 880 1101 D WallpaperService: reportEngineShown: shouldWait=true
04-01 08:46:43.998 663 1102 V GrammaticalInflectionUtils: AttributionSource: AttributionSource { uid = 10066, packageName = null, attributionTag = null, token = android.os.Binder@9b3ff43, deviceId = 0, next = null } does not have READ_SYSTEM_GRAMMATICAL_GENDER permission.
04-01 08:46:43.999 663 1102 D CompatChangeReporter: Compat change id reported: 151861875; UID 10066; state: ENABLED
04-01 08:46:44.004 663 1092 I hw-BpHwBinder: onLastStrongRef automatically unlinking death recipients
04-01 08:46:44.006 582 643 I hw-BpHwBinder: onLastStrongRef automatically unlinking death recipients
04-01 08:46:44.007 663 1102 W ActivityManager: Slow operation: 68ms so far, now at startProcess: done creating new process record
04-01 08:46:44.007 663 1102 W ActivityManager: Slow operation: 68ms so far, now at startProcess: stepping in to startProcess
04-01 08:46:44.010 663 1102 W ActivityManager: Slow operation: 71ms so far, now at startProcess: done starting proc!
04-01 08:46:44.013 582 643 D BufferPoolAccessor2.0: Destruction - bufferpool2 0xb40000762c90b378 cached: 0/0M, 0/0% in use; allocs: 0, 0% recycled; transfers: 0, 0% unfetched
04-01 08:46:44.016 663 1091 D CCodecBufferChannel: [c2.android.vorbis.decoder#993] MediaCodec discarded an unknown buffer
04-01 08:46:44.016 880 1101 D WallpaperService: reportEngineShown: shouldWait=true
04-01 08:46:44.016 663 1091 D CCodecBufferChannel: [c2.android.vorbis.decoder#993] MediaCodec discarded an unknown buffer
04-01 08:46:44.024 663 1091 I hw-BpHwBinder: onLastStrongRef automatically unlinking death recipients
04-01 08:46:44.025 582 1028 I hw-BpHwBinder: onLastStrongRef automatically unlinking death recipients
04-01 08:46:44.025 582 1028 I hw-BpHwBinder: onLastStrongRef automatically unlinking death recipients
04-01 08:46:44.026 880 880 V SystemUIBootTiming: StartServices com.android.systemui.accessibility.MagnificationImpl took to complete: 111ms
04-01 08:46:44.028 582 1097 D BufferPoolAccessor2.0: Destruction - bufferpool2 0xb40000762c910218 cached: 0/0M, 0/0% in use; allocs: 0, 0% recycled; transfers: 0, 0% unfetched
04-01 08:46:44.049 500 500 D Zygote : Forked child process 1107
04-01 08:46:44.053 663 696 I ActivityManager: Start proc 1107:com.android.launcher3/u0a66 for service {com.android.launcher3/com.android.quickstep.TouchInteractionService}
04-01 08:46:44.058 663 681 D CoreBackPreview: Window{8742e01 u0 ScreenDecorOverlay}: Setting back callback OnBackInvokedCallbackInfo{mCallback=android.window.IOnBackInvokedCallback$Stub$Proxy@e200ceb, mPriority=0, mIsAnimationCallback=false}
04-01 08:46:44.067 663 832 D CoreBackPreview: Window{b85ffd7 u0 ScreenDecorOverlayBottom}: Setting back callback OnBackInvokedCallbackInfo{mCallback=android.window.IOnBackInvokedCallback$Stub$Proxy@574a48, mPriority=0, mIsAnimationCallback=false}
04-01 08:46:44.109 1107 1107 I droid.launcher3: Using CollectorTypeCMC GC.
04-01 08:46:44.115 880 880 D CompatChangeReporter: Compat change id reported: 63938206; UID 10070; state: ENABLED
04-01 08:46:44.120 1107 1107 E droid.launcher3: Not starting debugger since process cannot load the jdwp agent.
04-01 08:46:44.129 1107 1107 D nativeloader: Load libframework-connectivity-tiramisu-jni.so using APEX ns com_android_tethering for caller /apex/com.android.tethering/javalib/framework-connectivity-t.jar: ok
04-01 08:46:44.167 663 680 W com.android.internal.protolog.LogcatOnlyProtoLogImpl: ProtoLog message not processed. Failed to log it to proto. Logging it below to logcat instead.
04-01 08:46:44.168 663 680 V WindowManager: Binding proc com.android.launcher3 with config {1.0 ?mcc0mnc [en_US] ldltr sw720dp w1280dp h720dp 240dpi xlrg long land -touch qwerty/v/v -nav/h winConfig={ mBounds=Rect(0, 0 - 1920, 1080) mAppBounds=Rect(0, 0 - 1920, 1080) mMaxBounds=Rect(0, 0 - 1920, 1080) mDisplayRotation=ROTATION_0 mWindowingMode=fullscreen mActivityType=undefined mAlwaysOnTop=undefined mRotation=ROTATION_0} s.6 fontWeightAdjustment=0}
04-01 08:46:44.196 1107 1107 D ApplicationLoaders: Returning zygote-cached class loader: /system_ext/framework/androidx.window.extensions.jar
04-01 08:46:44.197 1107 1107 D ApplicationLoaders: Returning zygote-cached class loader: /system_ext/framework/androidx.window.sidecar.jar
04-01 08:46:44.215 1107 1107 D nativeloader: Configuring clns-shared-7 for other apk /system/system_ext/priv-app/Launcher3QuickStep/Launcher3QuickStep.apk. target_sdk_version=35, uses_libraries=, library_path=/system/system_ext/priv-app/Launcher3QuickStep/lib/arm64:/system/lib64, permitted_path=/data:/mnt/expand:/data/user/0/com.android.launcher3:/system/system_ext/priv-app/Launcher3QuickStep:/system/lib64
04-01 08:46:44.299 1107 1107 D CompatChangeReporter: Compat change id reported: 202956589; UID 10066; state: ENABLED
04-01 08:46:44.317 880 1008 D vulkan : searching for layers in '/system/lib64'
04-01 08:46:44.318 1107 1107 W ContextImpl: Failed to ensure /data/user/0/com.android.launcher3/cache: mkdir failed: errno 126 (Required key not available)
04-01 08:46:44.320 1107 1107 W ContextImpl: Failed to update user.inode_cache: stat failed: ENOENT (No such file or directory)
04-01 08:46:44.322 1107 1107 V GraphicsEnvironment: Currently set values for:
04-01 08:46:44.323 1107 1107 V GraphicsEnvironment: angle_gl_driver_selection_pkgs=[]
04-01 08:46:44.323 1107 1107 V GraphicsEnvironment: angle_gl_driver_selection_values=[]
04-01 08:46:44.323 1107 1107 V GraphicsEnvironment: Global.Settings values are invalid: number of packages: 0, number of values: 0
04-01 08:46:44.323 1107 1107 V GraphicsEnvironment: Neither updatable production driver nor prerelease driver is supported.
04-01 08:46:44.332 663 687 I DropBoxManagerService: add tag=system_app_strictmode isTagEnabled=true flags=0x2
04-01 08:46:44.337 663 687 I DropBoxManagerService: add tag=system_app_strictmode isTagEnabled=true flags=0x2
04-01 08:46:44.343 663 687 I DropBoxManagerService: add tag=system_app_strictmode isTagEnabled=true flags=0x2
04-01 08:46:44.348 663 687 I DropBoxManagerService: add tag=system_app_strictmode isTagEnabled=true flags=0x2
04-01 08:46:44.352 880 880 W RenderThread: type=1400 audit(0.0:19): avc: denied { read } for name="uevent" dev="sysfs" ino=5852 scontext=u:r:platform_app:s0:c512,c768 tcontext=u:object_r:sysfs:s0 tclass=file permissive=0 app=com.android.systemui
04-01 08:46:44.360 243 243 I hwservicemanager: getTransport: Cannot find entry android.hardware.configstore@1.0::ISurfaceFlingerConfigs/default in either framework or device VINTF manifest.
04-01 08:46:44.362 1122 1122 I logd : start watching /data/system/packages.list ...
04-01 08:46:44.365 1122 1122 I logd : ReadPackageList, total packages: 105
04-01 08:46:44.395 1107 1107 W ContextImpl: Failed to ensure /data/user/0/com.android.launcher3/files: mkdir failed: errno 126 (Required key not available)
04-01 08:46:44.398 663 687 I DropBoxManagerService: add tag=system_app_strictmode isTagEnabled=true flags=0x2
04-01 08:46:44.401 663 687 I DropBoxManagerService: add tag=system_app_strictmode isTagEnabled=true flags=0x2
04-01 08:46:44.403 880 1008 E ion : open /dev/ion failed: No such file or directory
04-01 08:46:44.406 663 687 I DropBoxManagerService: add tag=system_app_strictmode isTagEnabled=true flags=0x2
04-01 08:46:44.427 880 1099 D WallpaperService: reportEngineShown: shouldWait=false
04-01 08:46:44.431 880 1101 D WallpaperService: Wallpaper has updated the surface:null
04-01 08:46:44.430 242 242 I servicemanager: Caller(pid=880,uid=10070,sid=u:r:platform_app:s0:c512,c768) Found android.hardware.graphics.allocator.IAllocator/default in device VINTF manifest.
04-01 08:46:44.434 242 242 I servicemanager: Caller(pid=880,uid=10070,sid=u:r:platform_app:s0:c512,c768) Found android.hardware.graphics.allocator.IAllocator/default in device VINTF manifest.
04-01 08:46:44.436 242 242 I servicemanager: Caller(pid=880,uid=10070,sid=u:r:platform_app:s0:c512,c768) Found mapper/powervr in device VINTF manifest.
04-01 08:46:44.442 497 531 I netd : tetherGetStats() -> {[]} <2.57ms>
04-01 08:46:44.499 663 681 D DisplayManagerService: supportedStates=[0]
04-01 08:46:44.501 663 681 D DisplayManagerService: possibleInfos={DisplayInfo{"Built-in Screen", displayId 0, displayGroupId 0, FLAG_SECURE, FLAG_SUPPORTS_PROTECTED_BUFFERS, FLAG_TRUSTED, real 1920 x 1080, largest app 1920 x 1920, smallest app 1080 x 1080, appVsyncOff 1000000, presDeadline 16666667, mode 1, renderFrameRate 60.0, defaultMode 1, userPreferredModeId -1, supportedModes [{id=1, width=1920, height=1080, fps=60.0, vsync=60.0, synthetic=false, alternativeRefreshRates=[], supportedHdrTypes=[]}, {id=2, width=1920, height=1080, fps=59.940205, vsync=59.940205, synthetic=false, alternativeRefreshRates=[], supportedHdrTypes=[]}, {id=3, width=1920, height=1080, fps=50.0, vsync=50.0, synthetic=false, alternativeRefreshRates=[], supportedHdrTypes=[]}, {id=4, width=1680, height=1050, fps=59.883255, vsync=59.883255, synthetic=false, alternativeRefreshRates=[], supportedHdrTypes=[]}, {id=5, width=1600, height=900, fps=60.0, vsync=60.0, synthetic=false, alternativeRefreshRates=[], supportedHdrTypes=[]}, {id=6, width=1280, height=1024, fps=60.01974, vsync=60.01974, synthetic=false, alternativeRefreshRates=[], supportedHdrTypes=[]}, {id=7, width=1440, height=900, fps=59.901463, vsync=59.901463, synthetic=false, alternativeRefreshRates=[], supportedHdrTypes=[]}, {id=8, width=1280, height=800, fps=59.90955, vsync=59.90955, synthetic=false, alternativeRefreshRates=[], supportedHdrTypes=[]}, {id=9, width=1280, height=720, fps=60.0, vsync=60.0, synthetic=false, alternativeRefreshRates=[], supportedHdrTypes=[]}, {id=10, width=1280, height=720, fps=59.940205, vsync=59.940205, synthetic=false, alternativeRefreshRates=[], supportedHdrTypes=[]}, {id=11, width=1280, height=720, fps=50.0, vsync=50.0, synthetic=false, alternativeRefreshRates=[], supportedHdrTypes=[]}, {id=12, width=1024, height=768, fps=60.00384, vsync=60.00384, synthetic=false, alternativeRefreshRates=[], supportedHdrTypes=[]}, {id=13, width=800, height=600, fps=60.316544, vsync=60.316544, synthetic=false, alternativeRefreshRates=[], supportedHdrTypes=[]}, {id=14, width=720, height=576, fps=50.0, vsync=50.0, synthetic=false, alternativeRefreshRates=[], supportedHdrTypes=[]}, {id=15, width=720, height=480, fps=60.0, vsync=60.0, synthetic=false, alternativeRefreshRates=[], supportedHdrTypes=[]}, {id=16, width=720, height=480, fps=59.940063, vsync=59.940063, synthetic=false, alternativeRefreshRates=[], supportedHdrTypes=[]}, {id=17, width=640, height=480, fps=60.0, vsync=60.0, synthetic=false, alternativeRefreshRates=[], supportedHdrTypes=[]}, {id=18, width=640, height=480, fps=59.94048, vsync=59.94048, synthetic=false, alternativeRefreshRates=[], supportedHdrTypes=[]}, {id=19, width=720, height=400, fps=70.08167, vsync=70.08167, synthetic=false, alternativeRefreshRates=[], supportedHdrTypes=[]}], appsSupportedModes [{id=1, width=1920, height=1080, fps=60.0, vsync=60.0, synthetic=false, alternativeRefreshRates=[], supportedHdrTypes=[]}, {id=2, width=1920, height=1080, fps=59.940205, vsync=59.940205, synthetic=false, alternativeRefreshRates=[], supportedHdrTypes=[]}, {id=3, width=1920, height=1080, fps=50.0, vsync=50.0, synthetic=false, alternativeRefreshRates=[], supportedHdrTypes=[]}, {id=4, width=1680, height=1050, fps=59.883255, vsync=59.883255, synthetic=false, alternativeRefreshRates=[], supportedHdrTypes=[]}, {id=5, width=1600, height=900, fps=60.0, vsync=60.0, synthetic=false, alternativeRefreshRates=[], supportedHdrTypes=[]}, {id=6, width=1280, height=1024, fps=60.01974, vsync=60.01974, synthetic=false, alternativeRefreshRates=[], supportedHdrTypes=[]}, {id=7, width=1440, height=900, fps=59.901463, vsync=59.901463, synthetic=false, alternativeRefreshRates=[], supportedHdrTypes=[]}, {id=8, width=1280, height=800, fps=59.90955, vsync=59.90955, synthetic=false, alternativeRefreshRates=[], supportedHdrTypes=[]}, {id=9, width=1280, height=720, fps=60.0, vsync=60.0, synthetic=false, alternativeRefreshRates=[], supportedHdrTypes=[]}, {id=10, width=1280, height=720, fps=59.940205, vsync=59.940205, synthetic=false, alternativeRefreshRates=[], supportedHdrTypes=[]}, {id=11, w
04-01 08:46:44.507 1107 1107 D DesktopModeFlagsUtil: Toggle override initialized to: OVERRIDE_UNSET
04-01 08:46:44.520 880 880 D NavigationModeController: getCurrentInteractionMode: mode=0 contextUser=0
04-01 08:46:44.533 1107 1107 I DisplayController: (CTOR) perDisplayBounds: {CachedDisplayInfo{size=Point(1920, 1080), cutout=DisplayCutout{insets=Rect(0, 0 - 0, 0) waterfall=Insets{left=0, top=0, right=0, bottom=0} boundingRect={Bounds=[Rect(0, 0 - 0, 0), Rect(0, 0 - 0, 0), Rect(0, 0 - 0, 0), Rect(0, 0 - 0, 0)]} cutoutPathParserInfo={CutoutPathParserInfo{displayWidth=0 displayHeight=0 physicalDisplayWidth=0 physicalDisplayHeight=0 density={0.0} cutoutSpec={} rotation={0} scale={0.0} physicalPixelDisplaySizeRatio={0.0}}} sideOverrides=null}, rotation=0}=[WindowBounds{bounds=Rect(0, 0 - 1920, 1080), insets=Rect(0, 36 - 0, 0), availableSize=Point(1920, 1044), rotationHint=0}, WindowBounds{bounds=Rect(0, 0 - 1080, 1920), insets=Rect(0, 36 - 0, 0), availableSize=Point(1080, 1884), rotationHint=1}, WindowBounds{bounds=Rect(0, 0 - 1920, 1080), insets=Rect(0, 36 - 0, 0), availableSize=Point(1920, 1044), rotationHint=2}, WindowBounds{bounds=Rect(0, 0 - 1080, 1920), insets=Rect(0, 36 - 0, 0), availableSize=Point(1080, 1884), rotationHint=3}]}
04-01 08:46:44.545 1107 1132 E FileLog : Error writing logs to file
04-01 08:46:44.545 1107 1132 E FileLog : java.io.FileNotFoundException: /data/user/0/com.android.launcher3/files/log-3: open failed: ENOENT (No such file or directory)
04-01 08:46:44.545 1107 1132 E FileLog : at libcore.io.IoBridge.open(IoBridge.java:574)
04-01 08:46:44.545 1107 1132 E FileLog : at java.io.FileOutputStream.(FileOutputStream.java:259)
04-01 08:46:44.545 1107 1132 E FileLog : at java.io.FileWriter.(FileWriter.java:113)
04-01 08:46:44.545 1107 1132 E FileLog : at com.android.launcher3.logging.FileLog$LogWriterCallback.handleMessage(FileLog.java:194)
04-01 08:46:44.545 1107 1132 E FileLog : at android.os.Handler.dispatchMessage(Handler.java:105)
04-01 08:46:44.545 1107 1132 E FileLog : at android.os.Looper.loopOnce(Looper.java:232)
04-01 08:46:44.545 1107 1132 E FileLog : at android.os.Looper.loop(Looper.java:317)
04-01 08:46:44.545 1107 1132 E FileLog : at android.os.HandlerThread.run(HandlerThread.java:85)
04-01 08:46:44.545 1107 1132 E FileLog : Caused by: android.system.ErrnoException: open failed: ENOENT (No such file or directory)
04-01 08:46:44.545 1107 1132 E FileLog : at libcore.io.Linux.open(Native Method)
04-01 08:46:44.545 1107 1132 E FileLog : at libcore.io.ForwardingOs.open(ForwardingOs.java:563)
04-01 08:46:44.545 1107 1132 E FileLog : at libcore.io.BlockGuardOs.open(BlockGuardOs.java:274)
04-01 08:46:44.545 1107 1132 E FileLog : at libcore.io.ForwardingOs.open(ForwardingOs.java:563)
04-01 08:46:44.545 1107 1132 E FileLog : at android.app.ActivityThread$AndroidOs.open(ActivityThread.java:8673)
04-01 08:46:44.545 1107 1132 E FileLog : at libcore.io.IoBridge.open(IoBridge.java:560)
04-01 08:46:44.545 1107 1132 E FileLog : ... 7 more
04-01 08:46:44.546 663 687 I DropBoxManagerService: add tag=system_app_strictmode isTagEnabled=true flags=0x2
04-01 08:46:44.548 880 880 D ZenModeController: Added callback class com.android.systemui.wmshell.BubblesManager$2
04-01 08:46:44.556 663 687 I DropBoxManagerService: add tag=system_app_strictmode isTagEnabled=true flags=0x2
04-01 08:46:44.575 880 880 W ConstraintSet: Unknown attribute 0x39 0
04-01 08:46:44.577 880 880 W ConstraintSet: Unknown attribute 0x39 0
04-01 08:46:44.578 880 880 W ConstraintSet: Unknown attribute 0x39 0
04-01 08:46:44.586 880 959 W SNPC : Error adding emergency assistance package to exemption
04-01 08:46:44.586 880 959 W SNPC : java.lang.IllegalStateException: isEmergencyAssistanceEnabled() is false or device not voice capable.
04-01 08:46:44.586 880 959 W SNPC : at android.telephony.TelephonyManager.getEmergencyAssistancePackageName(TelephonyManager.java:15089)
04-01 08:46:44.586 880 959 W SNPC : at com.android.systemui.statusbar.policy.SensitiveNotificationProtectionControllerImpl$$ExternalSyntheticLambda1.run(go/retraceme af44648a6e7a5b48e34493d7411b9ae84b8425fee49a02e67ed8e34b6fd5500c:47)
04-01 08:46:44.586 880 959 W SNPC : at android.os.Handler.handleCallback(Handler.java:991)
04-01 08:46:44.586 880 959 W SNPC : at android.os.Handler.dispatchMessage(Handler.java:102)
04-01 08:46:44.586 880 959 W SNPC : at android.os.Looper.loopOnce(Looper.java:232)
04-01 08:46:44.586 880 959 W SNPC : at android.os.Looper.loop(Looper.java:317)
04-01 08:46:44.586 880 959 W SNPC : at android.os.HandlerThread.run(HandlerThread.java:85)
04-01 08:46:44.620 1107 1107 D b/254119092: registering component callbacks from constructor.
04-01 08:46:44.621 1107 1107 D b/254119092: TaskbarManager created
04-01 08:46:44.621 1107 1107 D b/254119092: mActivity and mContext agree taskbarIsPresent=false
04-01 08:46:44.621 1107 1107 D b/254119092: destroyExistingTaskbar: null
04-01 08:46:44.621 1107 1107 D b/254119092: mActivity and mContext agree taskbarIsPresent=false
04-01 08:46:44.622 1107 1107 D b/254119092: recreateTaskbar: isTaskbarEnabled=false [dp != null (i.e. mUserUnlocked)]=false FLAG_HIDE_NAVBAR_WINDOW=false dp.isTaskbarPresent=null
04-01 08:46:44.622 1107 1107 D b/254119092: mActivity and mContext agree taskbarIsPresent=false
04-01 08:46:44.625 1107 1107 D TouchInteractionService: disposeEventHandlers: Reason: Initializing input monitor due to: onNavigationModeChanged()
04-01 08:46:44.628 1107 1107 D TouchInteractionService: Touch service connected: user=0
04-01 08:46:44.630 1107 1107 D TouchInteractionService: Touch service connected: user=0
04-01 08:46:44.632 1107 1107 D TISBindHelper: TIS service connected
04-01 08:46:44.724 880 880 I StatusBarIconController: Ignoring removal of (mobile). It should be controlled elsewhere
04-01 08:46:44.725 880 880 I StatusBarIconController: Ignoring removal of (wifi). It should be controlled elsewhere
04-01 08:46:44.744 663 675 I system_server: Compiler allocated 4962KB to compile int com.android.server.am.BroadcastController.broadcastIntentLockedTraced(com.android.server.am.ProcessRecord, java.lang.String, java.lang.String, android.content.Intent, java.lang.String, com.android.server.am.ProcessRecord, android.content.IIntentReceiver, int, java.lang.String, android.os.Bundle, java.lang.String[], java.lang.String[], java.lang.String[], int, android.app.BroadcastOptions, boolean, boolean, int, int, int, int, int, android.app.BackgroundStartPrivileges, int[], java.util.function.BiFunction, com.android.server.am.BroadcastSentEventRecord)
04-01 08:46:44.785 663 808 D ConnectivityService: NetReassign [no changes] [c 0] [a 0] [i 0]
04-01 08:46:44.786 663 732 D ConnectivityService: requestNetwork for uid/pid:10070/880 activeRequest: null callbackRequest: 28 [NetworkRequest [ REQUEST id=29, [ Capabilities: INTERNET&NOT_RESTRICTED&TRUSTED&NOT_VCN_MANAGED&NOT_BANDWIDTH_CONSTRAINED Uid: 10070 RequestorUid: 10070 RequestorPkg: com.android.systemui UnderlyingNetworks: Null] ]] callback flags: 1 order: 2147483647 isUidTracked: false declaredMethods: ALL
04-01 08:46:44.787 663 808 D ConnectivityService: NetReassign [no changes] [c 0] [a 0] [i 0]
04-01 08:46:44.787 880 880 V WifiManager: registerTrafficStateCallback: callback=com.android.systemui.statusbar.connectivity.WifiSignalController$WifiTrafficStateCallback@36f1808, executor=android.os.HandlerExecutor@bb61bf0
04-01 08:46:44.792 880 880 V WifiManager: registerScanResultsCallback: callback=com.android.systemui.statusbar.connectivity.NetworkControllerImpl$5@5f1c1c6, executor=androidx.emoji2.text.ConcurrencyHelpers$$ExternalSyntheticLambda0@61e0587
04-01 08:46:44.794 663 732 D ConnectivityService: requestNetwork for uid/pid:10070/880 activeRequest: null callbackRequest: 30 [NetworkRequest [ REQUEST id=31, [ Capabilities: INTERNET&NOT_RESTRICTED&TRUSTED&NOT_VCN_MANAGED&NOT_BANDWIDTH_CONSTRAINED Uid: 10070 RequestorUid: 10070 RequestorPkg: com.android.systemui UnderlyingNetworks: Null] ]] callback flags: 1 order: 2147483647 isUidTracked: false declaredMethods: ALL
04-01 08:46:44.795 663 808 D ConnectivityService: NetReassign [no changes] [c 0] [a 0] [i 0]
04-01 08:46:44.838 880 970 D BiometricsRepositoryImpl: isFaceAuthSupportedInCurrentPosture value changed to: true
04-01 08:46:44.841 880 968 D BiometricsRepositoryImpl: isFaceAuthSupportedInCurrentPosture value changed to: true
04-01 08:46:44.843 880 975 D BiometricsRepositoryImpl: currentUser authFlags changed, new value: AuthenticationFlags(userId=0, flag=1)
04-01 08:46:44.844 880 970 D BiometricsRepositoryImpl: isFaceAuthSupportedInCurrentPosture value changed to: true
04-01 08:46:44.849 880 969 D BiometricsRepositoryImpl: currentUser authFlags changed, new value: AuthenticationFlags(userId=0, flag=1)
04-01 08:46:44.850 880 975 D BiometricsRepositoryImpl: isFaceAuthSupportedInCurrentPosture value changed to: true
04-01 08:46:44.909 880 880 E EdgeBackGestureHandler: No resource found for gesture-blocking activities
04-01 08:46:44.910 880 880 D NavigationModeController: getCurrentUserContext: contextUser=0 currentUser=0
04-01 08:46:44.913 880 880 D NavigationModeController: getCurrentInteractionMode: mode=0 contextUser=0
04-01 08:46:44.916 880 880 D NavigationModeController: getCurrentInteractionMode: mode=0 contextUser=0
04-01 08:46:44.944 880 880 D BiometricsRepositoryImpl: currentUser authFlags changed, new value: AuthenticationFlags(userId=0, flag=1)
04-01 08:46:45.104 880 880 D NavigationModeController: getCurrentInteractionMode: mode=0 contextUser=0
04-01 08:46:45.106 880 880 D NavigationModeController: getCurrentInteractionMode: mode=0 contextUser=0
04-01 08:46:45.156 880 880 V SystemUIBootTiming: StartServices com.android.systemui.accessibility.SystemActions took to complete: 1130ms
04-01 08:46:45.156 880 880 W SystemUIService: Initialization of com.android.systemui.accessibility.SystemActions took 1130 ms
04-01 08:46:45.157 880 880 V SystemUIBootTiming: StartServices com.android.systemui.back.domain.interactor.BackActionInteractor took to complete: 1ms
04-01 08:46:45.159 880 880 V SystemUIBootTiming: StartServices com.android.systemui.biometrics.AuthController took to complete: 2ms
04-01 08:46:45.161 880 880 V SystemUIBootTiming: StartServices com.android.systemui.biometrics.AuthRippleController took to complete: 2ms
04-01 08:46:45.165 880 880 V SystemUIBootTiming: StartServices com.android.systemui.biometrics.BiometricNotificationService took to complete: 4ms
04-01 08:46:45.169 880 880 V SystemUIBootTiming: StartServices com.android.systemui.biometrics.ui.binder.SideFpsOverlayViewBinder took to complete: 3ms
04-01 08:46:45.170 880 880 D BouncerMessageAuditLogger: bouncerMessage: BouncerMessageModel(message=null, secondaryMessage=null)
04-01 08:46:45.170 880 880 V SystemUIBootTiming: StartServices com.android.systemui.bouncer.domain.interactor.BouncerMessageAuditLogger took to complete: 1ms
04-01 08:46:45.176 880 880 V SystemUIBootTiming: StartServices com.android.systemui.bouncer.log.BouncerLoggerStartable took to complete: 6ms
04-01 08:46:45.177 880 880 V SystemUIBootTiming: StartServices com.android.systemui.broadcast.BroadcastDispatcherStartable took to complete: 0ms
04-01 08:46:45.184 880 880 V SystemUIBootTiming: StartServices com.android.systemui.classifier.FalsingCoreStartable took to complete: 7ms
04-01 08:46:45.190 880 880 V SystemUIBootTiming: StartServices com.android.systemui.clipboardoverlay.ClipboardListener took to complete: 6ms
04-01 08:46:45.191 986 986 D CompatChangeReporter: Compat change id reported: 63938206; UID 1000; state: ENABLED
04-01 08:46:45.191 880 880 V SystemUIBootTiming: StartServices com.android.systemui.communal.CommunalBackupRestoreStartable took to complete: 1ms
04-01 08:46:45.192 880 880 V SystemUIBootTiming: StartServices com.android.systemui.communal.CommunalDreamStartable took to complete: 1ms
04-01 08:46:45.193 880 880 V SystemUIBootTiming: StartServices com.android.systemui.communal.CommunalMetricsStartable took to complete: 1ms
04-01 08:46:45.194 880 880 V SystemUIBootTiming: StartServices com.android.systemui.communal.CommunalOngoingContentStartable took to complete: 0ms
04-01 08:46:45.202 663 808 D ConnectivityService: NetReassign [no changes] [c 0] [a 0] [i 1]
04-01 08:46:45.217 880 880 I vol.Events: writeEvent collection_started
04-01 08:46:45.222 663 1108 I MR2ServiceImpl: registerManager | callerUid: 10070, callerPid: 880, callerPackage: com.android.systemui, targetPackageName: null, targetUserId: UserHandle{0}, hasMediaRoutingControl: false
04-01 08:46:45.257 880 880 D vol.VolumeDialogImpl: initDialog: called!
04-01 08:46:45.267 880 880 D CompatChangeReporter: Compat change id reported: 309578419; UID 10070; state: ENABLED
04-01 08:46:45.363 880 1137 I vol.Events: writeEvent level_changed STREAM_VOICE_CALL 3
04-01 08:46:45.366 880 1137 I vol.Events: writeEvent level_changed STREAM_SYSTEM 5
04-01 08:46:45.370 880 1137 I vol.Events: writeEvent level_changed STREAM_RING 5
04-01 08:46:45.372 880 1137 I vol.Events: writeEvent level_changed STREAM_MUSIC 5
04-01 08:46:45.376 880 1137 I vol.Events: writeEvent level_changed STREAM_ALARM 6
04-01 08:46:45.382 880 1137 I vol.Events: writeEvent external_ringer_mode_changed unknown
04-01 08:46:45.383 880 1137 I vol.Events: writeEvent zen_mode_config_changed [disallowAlarms=false disallowMedia=false disallowSystem=true disallowRinger=false]
04-01 08:46:45.401 880 880 I TetheringManager: registerTetheringEventCallback:com.android.systemui
04-01 08:46:45.402 880 880 I TetheringManager: registerTetheringEventCallback caller:com.android.systemui
04-01 08:46:45.407 880 880 E BluetoothAdapter: Bluetooth service is null
04-01 08:46:45.460 880 880 V SystemUIBootTiming: StartServices com.android.systemui.communal.CommunalSceneStartable took to complete: 266ms
04-01 08:46:45.463 880 880 V SystemUIBootTiming: StartServices com.android.systemui.communal.domain.interactor.CommunalSceneTransitionInteractor took to complete: 2ms
04-01 08:46:45.464 880 880 V SystemUIBootTiming: StartServices com.android.systemui.communal.log.CommunalLoggerStartable took to complete: 1ms
04-01 08:46:45.465 880 880 V SystemUIBootTiming: StartServices com.android.systemui.communal.widgets.CommunalAppWidgetHostStartable took to complete: 1ms
04-01 08:46:45.472 880 880 V SystemUIBootTiming: StartServices com.android.systemui.controls.start.ControlsStartable took to complete: 7ms
04-01 08:46:45.473 880 880 V SystemUIBootTiming: StartServices com.android.systemui.deviceentry.domain.interactor.DeviceEntryFaceAuthInteractor took to complete: 0ms
04-01 08:46:45.475 880 880 V SystemUIBootTiming: StartServices com.android.systemui.deviceentry.ui.binder.LiftToRunFaceAuthBinder took to complete: 2ms
04-01 08:46:45.481 880 880 D enabledDisplayIds: newValue: [0]
04-01 08:46:45.482 880 880 D ignoredDisplayIds: newValue: []
04-01 08:46:45.483 880 880 V SystemUIBootTiming: StartServices com.android.systemui.display.ui.viewmodel.ConnectingDisplayViewModel took to complete: 8ms
04-01 08:46:45.494 880 975 D DisplayRepository: getInitialConnectedDisplays: [0]
04-01 08:46:45.495 880 969 D connectedDisplayIds: newValue: [0]
04-01 08:46:45.508 880 880 V SystemUIBootTiming: StartServices com.android.systemui.dreams.AssistantAttentionMonitor took to complete: 25ms
04-01 08:46:45.509 880 880 V SystemUIBootTiming: StartServices com.android.systemui.dreams.DreamMonitor took to complete: 1ms
04-01 08:46:45.511 880 880 V SystemUIBootTiming: StartServices com.android.systemui.dreams.homecontrols.HomeControlsDreamStartable took to complete: 1ms
04-01 08:46:45.511 880 880 V SystemUIBootTiming: StartServices com.android.systemui.education.domain.interactor.ContextualEducationInteractor took to complete: 0ms
04-01 08:46:45.511 880 880 V SystemUIBootTiming: StartServices com.android.systemui.education.domain.interactor.KeyboardTouchpadEduInteractor took to complete: 0ms
04-01 08:46:45.511 880 880 V SystemUIBootTiming: StartServices com.android.systemui.education.ui.view.ContextualEduUiCoordinator took to complete: 0ms
04-01 08:46:45.520 880 880 V SystemUIBootTiming: StartServices com.android.systemui.flags.FeatureFlagsDebugStartable took to complete: 9ms
04-01 08:46:45.523 880 880 V SystemUIBootTiming: StartServices com.android.systemui.flags.FlagDependencies took to complete: 3ms
04-01 08:46:45.534 880 880 V SystemUIBootTiming: StartServices com.android.systemui.globalactions.GlobalActionsComponent took to complete: 10ms
04-01 08:46:45.534 880 880 V SystemUIBootTiming: StartServices com.android.systemui.inputdevice.tutorial.KeyboardTouchpadTutorialCoreStartable took to complete: 0ms
04-01 08:46:45.537 880 880 V SystemUIBootTiming: StartServices com.android.systemui.keyboard.KeyboardUI took to complete: 2ms
04-01 08:46:45.550 880 880 V SystemUIBootTiming: StartServices com.android.systemui.keyboard.PhysicalKeyboardCoreStartable took to complete: 13ms
04-01 08:46:45.550 880 880 V SystemUIBootTiming: StartServices com.android.systemui.keyboard.shortcut.data.repository.ShortcutHelperStateRepository took to complete: 0ms
04-01 08:46:45.550 880 880 V SystemUIBootTiming: StartServices com.android.systemui.keyboard.shortcut.ui.ShortcutHelperActivityStarter took to complete: 0ms
04-01 08:46:45.562 880 880 V SystemUIBootTiming: StartServices com.android.systemui.keyguard.KeyguardViewConfigurator took to complete: 12ms
04-01 08:46:45.568 880 1032 D KeyguardViewMediator: updateActivityLockScreenState(false, false, setupLocked - keyguard service enabled)
04-01 08:46:45.585 880 880 V SystemUIBootTiming: StartServices com.android.systemui.keyguard.KeyguardViewMediator took to complete: 23ms
04-01 08:46:45.587 880 880 D ResourceTrimmer: Resource trimmer registered.
04-01 08:46:45.588 880 880 V SystemUIBootTiming: StartServices com.android.systemui.keyguard.ResourceTrimmer took to complete: 2ms
04-01 08:46:45.610 880 1141 D MediaCodecList: codecHandlesFormat: no format, so no extra checks
04-01 08:46:45.610 880 1142 D MediaCodecList: codecHandlesFormat: no format, so no extra checks
04-01 08:46:45.613 880 880 D CompatChangeReporter: Compat change id reported: 303742236; UID 10070; state: ENABLED
04-01 08:46:45.615 880 1143 D CCodec : allocate(c2.android.vorbis.decoder)
04-01 08:46:45.616 880 1144 D CCodec : allocate(c2.android.vorbis.decoder)
04-01 08:46:45.619 880 1143 I Codec2Client: Available Codec2 services: "default" "software"
04-01 08:46:45.624 880 1144 I CCodec : setting up 'default' as default (vendor) store
04-01 08:46:45.624 880 1143 I CCodec : setting up 'default' as default (vendor) store
04-01 08:46:45.629 513 541 I ComponentStore: createComponent(): Invalid component name: c2.android.vorbis.decoder
04-01 08:46:45.630 513 541 I ComponentStore: createComponent(): Invalid component name: c2.android.vorbis.decoder
04-01 08:46:45.644 880 1144 I CCodec : Created component [c2.android.vorbis.decoder]
04-01 08:46:45.645 880 1144 D CCodecConfig: read media type: audio/vorbis
04-01 08:46:45.646 880 1143 I CCodec : Created component [c2.android.vorbis.decoder]
04-01 08:46:45.648 880 1143 D CCodecConfig: read media type: audio/vorbis
04-01 08:46:45.650 880 880 V SystemUIBootTiming: StartServices com.android.systemui.keyguard.data.quickaffordance.MuteQuickAffordanceCoreStartable took to complete: 62ms
04-01 08:46:45.659 880 1144 D ReflectedParamUpdater: extent() != 1 for single value type: algo.buffers.max-count.values
04-01 08:46:45.661 880 1144 D ReflectedParamUpdater: extent() != 1 for single value type: output.subscribed-indices.values
04-01 08:46:45.661 880 1144 D ReflectedParamUpdater: extent() != 1 for single value type: input.buffers.allocator-ids.values
04-01 08:46:45.662 880 1143 D ReflectedParamUpdater: extent() != 1 for single value type: algo.buffers.max-count.values
04-01 08:46:45.663 880 1144 D ReflectedParamUpdater: extent() != 1 for single value type: output.buffers.allocator-ids.values
04-01 08:46:45.663 880 1143 D ReflectedParamUpdater: extent() != 1 for single value type: output.subscribed-indices.values
04-01 08:46:45.664 880 1144 D ReflectedParamUpdater: extent() != 1 for single value type: algo.buffers.allocator-ids.values
04-01 08:46:45.664 880 1143 D ReflectedParamUpdater: extent() != 1 for single value type: input.buffers.allocator-ids.values
04-01 08:46:45.664 880 1144 D ReflectedParamUpdater: extent() != 1 for single value type: output.buffers.pool-ids.values
04-01 08:46:45.664 880 1143 D ReflectedParamUpdater: extent() != 1 for single value type: output.buffers.allocator-ids.values
04-01 08:46:45.664 880 1143 D ReflectedParamUpdater: extent() != 1 for single value type: algo.buffers.allocator-ids.values
04-01 08:46:45.664 880 1144 D ReflectedParamUpdater: extent() != 1 for single value type: algo.buffers.pool-ids.values
04-01 08:46:45.665 880 1143 D ReflectedParamUpdater: extent() != 1 for single value type: output.buffers.pool-ids.values
04-01 08:46:45.665 880 1143 D ReflectedParamUpdater: extent() != 1 for single value type: algo.buffers.pool-ids.values
04-01 08:46:45.666 880 880 V SystemUIBootTiming: StartServices com.android.systemui.keyguard.domain.interactor.KeyguardBlueprintInteractor took to complete: 16ms
04-01 08:46:45.670 880 1144 I CCodecConfig: query failed after returning 8 values (BAD_INDEX)
04-01 08:46:45.671 880 1144 D CCodecConfig: c2 config diff is Dict {
04-01 08:46:45.671 880 1144 D CCodecConfig: c2::u32 coded.bitrate.value = 64000
04-01 08:46:45.671 880 1144 D CCodecConfig: c2::u32 input.buffers.max-size.value = 32768
04-01 08:46:45.671 880 1144 D CCodecConfig: c2::u32 input.delay.value = 0
04-01 08:46:45.671 880 1144 D CCodecConfig: string input.media-type.value = "audio/vorbis"
04-01 08:46:45.671 880 1144 D CCodecConfig: c2::u32 output.large-frame.max-size = 0
04-01 08:46:45.671 880 1144 D CCodecConfig: c2::u32 output.large-frame.threshold-size = 0
04-01 08:46:45.671 880 1144 D CCodecConfig: string output.media-type.value = "audio/raw"
04-01 08:46:45.671 880 1144 D CCodecConfig: c2::u32 raw.channel-count.value = 1
04-01 08:46:45.671 880 1144 D CCodecConfig: c2::u32 raw.sample-rate.value = 48000
04-01 08:46:45.671 880 1144 D CCodecConfig: }
04-01 08:46:45.672 880 880 D BiometricsRepositoryImpl: currentUser authFlags changed, new value: AuthenticationFlags(userId=0, flag=1)
04-01 08:46:45.676 880 1143 I CCodecConfig: query failed after returning 8 values (BAD_INDEX)
04-01 08:46:45.677 880 1143 D CCodecConfig: c2 config diff is Dict {
04-01 08:46:45.677 880 1143 D CCodecConfig: c2::u32 coded.bitrate.value = 64000
04-01 08:46:45.677 880 1143 D CCodecConfig: c2::u32 input.buffers.max-size.value = 32768
04-01 08:46:45.677 880 1143 D CCodecConfig: c2::u32 input.delay.value = 0
04-01 08:46:45.677 880 1143 D CCodecConfig: string input.media-type.value = "audio/vorbis"
04-01 08:46:45.677 880 1143 D CCodecConfig: c2::u32 output.large-frame.max-size = 0
04-01 08:46:45.677 880 1143 D CCodecConfig: c2::u32 output.large-frame.threshold-size = 0
04-01 08:46:45.677 880 1143 D CCodecConfig: string output.media-type.value = "audio/raw"
04-01 08:46:45.677 880 1143 D CCodecConfig: c2::u32 raw.channel-count.value = 1
04-01 08:46:45.677 880 1143 D CCodecConfig: c2::u32 raw.sample-rate.value = 48000
04-01 08:46:45.677 880 1143 D CCodecConfig: }
04-01 08:46:45.680 880 1144 D CCodec : [c2.android.vorbis.decoder] buffers are bound to CCodec for this session
04-01 08:46:45.680 880 1144 D CCodecConfig: no c2 equivalents for durationUs
04-01 08:46:45.680 880 1144 D CCodecConfig: no c2 equivalents for track-id
04-01 08:46:45.680 880 1144 D CCodecConfig: no c2 equivalents for csd-1
04-01 08:46:45.680 880 1144 D CCodecConfig: no c2 equivalents for flags
04-01 08:46:45.683 880 1144 D CCodecConfig: c2 config diff is c2::u32 coded.bitrate.value = 160000
04-01 08:46:45.683 880 1144 D CCodecConfig: c2::u32 raw.channel-count.value = 2
04-01 08:46:45.683 880 1144 D CCodecConfig: c2::u32 raw.sample-rate.value = 44100
04-01 08:46:45.686 880 1144 W Codec2Client: query -- param skipped: index = 1107298332.
04-01 08:46:45.687 880 1144 D CCodec : encoding statistics level = 0
04-01 08:46:45.687 880 1144 D CCodec : setup formats input: AMessage(what = 0x00000000) = {
04-01 08:46:45.687 880 1144 D CCodec : int32_t bitrate = 160000
04-01 08:46:45.687 880 1144 D CCodec : int32_t channel-count = 2
04-01 08:46:45.687 880 1144 D CCodec : int32_t max-input-size = 32768
04-01 08:46:45.687 880 1144 D CCodec : string mime = "audio/vorbis"
04-01 08:46:45.687 880 1144 D CCodec : int32_t sample-rate = 44100
04-01 08:46:45.687 880 1144 D CCodec : }
04-01 08:46:45.687 880 1144 D CCodec : setup formats output: AMessage(what = 0x00000000) = {
04-01 08:46:45.687 880 1144 D CCodec : int32_t buffer-batch-max-output-size = 0
04-01 08:46:45.687 880 1144 D CCodec : int32_t buffer-batch-threshold-output-size = 0
04-01 08:46:45.687 880 1144 D CCodec : int32_t channel-count = 2
04-01 08:46:45.687 880 1144 D CCodec : string mime = "audio/raw"
04-01 08:46:45.687 880 1144 D CCodec : int32_t sample-rate = 44100
04-01 08:46:45.687 880 1144 D CCodec : int32_t channel-mask = 3
04-01 08:46:45.687 880 1144 D CCodec : int32_t android._config-pcm-encoding = 2
04-01 08:46:45.687 880 1144 D CCodec : }
04-01 08:46:45.687 880 1144 I CCodecConfig: query failed after returning 8 values (BAD_INDEX)
04-01 08:46:45.690 880 1144 W Codec2Client: query -- param skipped: index = 1342179345.
04-01 08:46:45.690 880 1143 D CCodec : [c2.android.vorbis.decoder] buffers are bound to CCodec for this session
04-01 08:46:45.690 880 1144 W Codec2Client: query -- param skipped: index = 2415921170.
04-01 08:46:45.690 880 1143 D CCodecConfig: no c2 equivalents for durationUs
04-01 08:46:45.690 880 1143 D CCodecConfig: no c2 equivalents for track-id
04-01 08:46:45.690 880 1143 D CCodecConfig: no c2 equivalents for csd-1
04-01 08:46:45.690 880 1143 D CCodecConfig: no c2 equivalents for flags
04-01 08:46:45.691 880 1144 D C2Store : Using DMABUF Heaps
04-01 08:46:45.693 880 1143 D CCodecConfig: c2 config diff is c2::u32 coded.bitrate.value = 160000
04-01 08:46:45.693 880 1143 D CCodecConfig: c2::u32 raw.channel-count.value = 2
04-01 08:46:45.693 880 1143 D CCodecConfig: c2::u32 raw.sample-rate.value = 44100
04-01 08:46:45.695 880 1144 D CCodecBufferChannel: [c2.android.vorbis.decoder#298] Created input block pool with allocatorID 16 => poolID 17 - OK (0)
04-01 08:46:45.695 880 1143 W Codec2Client: query -- param skipped: index = 1107298332.
04-01 08:46:45.695 880 1143 D CCodec : encoding statistics level = 0
04-01 08:46:45.695 880 1143 D CCodec : setup formats input: AMessage(what = 0x00000000) = {
04-01 08:46:45.695 880 1143 D CCodec : int32_t bitrate = 160000
04-01 08:46:45.695 880 1143 D CCodec : int32_t channel-count = 2
04-01 08:46:45.695 880 1143 D CCodec : int32_t max-input-size = 32768
04-01 08:46:45.695 880 1143 D CCodec : string mime = "audio/vorbis"
04-01 08:46:45.695 880 1143 D CCodec : int32_t sample-rate = 44100
04-01 08:46:45.695 880 1143 D CCodec : }
04-01 08:46:45.695 880 1143 D CCodec : setup formats output: AMessage(what = 0x00000000) = {
04-01 08:46:45.695 880 1143 D CCodec : int32_t buffer-batch-max-output-size = 0
04-01 08:46:45.695 880 1143 D CCodec : int32_t buffer-batch-threshold-output-size = 0
04-01 08:46:45.695 880 1143 D CCodec : int32_t channel-count = 2
04-01 08:46:45.695 880 1143 D CCodec : string mime = "audio/raw"
