01-01 00:00:37.985 663 663 E AconfigFlags: at com.android.server.SystemServer.run(SystemServer.java:946)
01-01 00:00:37.985 663 663 E AconfigFlags: at com.android.server.SystemServer.main(SystemServer.java:669)
01-01 00:00:37.985 663 663 E AconfigFlags: at java.lang.reflect.Method.invoke(Native Method)
01-01 00:00:37.985 663 663 E AconfigFlags: at com.android.internal.os.RuntimeInit$MethodAndArgsCaller.run(RuntimeInit.java:591)
01-01 00:00:37.985 663 663 E AconfigFlags: at com.android.internal.os.ZygoteInit.main(ZygoteInit.java:849)
01-01 00:00:37.985 663 663 E AconfigFlags: Caused by: android.system.ErrnoException: open failed: ENOENT (No such file or directory)
01-01 00:00:37.985 663 663 E AconfigFlags: at libcore.io.Linux.open(Native Method)
01-01 00:00:37.985 663 663 E AconfigFlags: at libcore.io.ForwardingOs.open(ForwardingOs.java:563)
01-01 00:00:37.985 663 663 E AconfigFlags: at libcore.io.BlockGuardOs.open(BlockGuardOs.java:274)
01-01 00:00:37.985 663 663 E AconfigFlags: at libcore.io.IoBridge.open(IoBridge.java:560)
01-01 00:00:37.985 663 663 E AconfigFlags: ... 17 more
01-01 00:00:37.989 446 446 I apexd : getAllPackages received by ApexService
01-01 00:00:38.144 663 663 I PackageManager: /system/apex/com.android.adservices.apex changed; collecting certs
01-01 00:00:38.161 663 663 I PackageBackwardCompatibility: Loaded android.content.pm.AndroidTestBaseUpdater
01-01 00:00:38.171 663 663 I PackageManager: /system/apex/com.android.adbd.apex changed; collecting certs
01-01 00:00:38.179 544 544 W ServiceManagerCppClient: Waited one second for activity (is service started? Number of threads started in the threadpool: 16. Are binder threads started and available?)
01-01 00:00:38.182 242 242 I servicemanager: Caller(pid=544,uid=1041,sid=u:r:audioserver:s0) Since 'activity' could not be found trying to start it as a lazy AIDL service. (if it's not configured to be a lazy service, it may be stuck starting or still starting).
01-01 00:00:38.182 663 663 I PackageManager: /system/apex/com.android.apex.cts.shim.apex changed; collecting certs
01-01 00:00:38.191 663 663 I PackageManager: /system/apex/com.android.appsearch.apex changed; collecting certs
01-01 00:00:38.195 242 726 W libc : Unable to set property "ctl.interface_start" to "aidl/activity": PROP_ERROR_HANDLE_CONTROL_MESSAGE (0x20)
01-01 00:00:38.183 1 1 E init : Control message: Could not find 'aidl/activity' for ctl.interface_start from pid: 242 (/system/bin/servicemanager)
01-01 00:00:38.197 726 726 I servicemanager: Caller(pid=544,uid=1041,sid=u:r:audioserver:s0) Tried to start aidl service activity as a lazy service, but was unable to. Usually this happens when a service is not installed, but if the service is intended to be used as a lazy service, then it may be configured incorrectly.
01-01 00:00:38.201 663 663 I PackageManager: /system/apex/com.android.btservices.apex changed; collecting certs
01-01 00:00:38.212 663 663 I PackageManager: /system/apex/com.android.configinfrastructure.apex changed; collecting certs
01-01 00:00:38.222 663 663 I PackageManager: /system/system_ext/apex/com.android.compos.apex changed; collecting certs
01-01 00:00:38.232 663 663 I PackageManager: /system/apex/com.android.art.apex changed; collecting certs
01-01 00:00:38.242 663 663 I PackageManager: /system/apex/com.android.conscrypt.apex changed; collecting certs
01-01 00:00:38.251 663 663 I PackageManager: /vendor/apex/com.android.hardware.audio.ti.apex changed; collecting certs
01-01 00:00:38.261 663 663 I PackageManager: /system/apex/com.android.devicelock.apex changed; collecting certs
01-01 00:00:38.271 663 663 I PackageManager: /system/apex/com.android.extservices.apex changed; collecting certs
01-01 00:00:38.280 663 663 I PackageManager: /vendor/apex/com.android.hardware.boot.apex changed; collecting certs
01-01 00:00:38.290 663 663 I PackageManager: /vendor/apex/com.android.hardware.camera.libcamera.apex changed; collecting certs
01-01 00:00:38.300 663 663 I PackageManager: /vendor/apex/com.android.hardware.cas.apex changed; collecting certs
01-01 00:00:38.310 663 663 I PackageManager: /vendor/apex/com.android.hardware.drm.clearkey.apex changed; collecting certs
01-01 00:00:38.321 663 663 I PackageManager: /vendor/apex/com.android.hardware.thermal.ti.apex changed; collecting certs
01-01 00:00:38.331 663 663 I PackageManager: /vendor/apex/com.android.hardware.power.apex changed; collecting certs
01-01 00:00:38.340 663 663 I PackageManager: /system/apex/com.android.healthfitness.apex changed; collecting certs
01-01 00:00:38.350 663 663 I PackageManager: /vendor/apex/com.android.hardware.usb.generic.apex changed; collecting certs
01-01 00:00:38.359 663 663 I PackageManager: /system/apex/com.android.media.apex changed; collecting certs
01-01 00:00:38.368 544 598 D AudioSystem: getService: waiting for media.audio_policy
01-01 00:00:38.369 663 663 I PackageManager: /system/apex/com.android.media.swcodec.apex changed; collecting certs
01-01 00:00:38.379 663 663 I PackageManager: /system/apex/com.android.ipsec.apex changed; collecting certs
01-01 00:00:38.390 663 663 I PackageManager: /system/apex/com.android.i18n.apex changed; collecting certs
01-01 00:00:38.399 663 663 I PackageManager: /system/apex/com.android.mediaprovider.apex changed; collecting certs
01-01 00:00:38.409 663 663 I PackageManager: /system/apex/com.android.neuralnetworks.apex changed; collecting certs
01-01 00:00:38.418 663 663 I PackageManager: /system/apex/com.android.nfcservices.apex changed; collecting certs
01-01 00:00:38.428 663 663 I PackageManager: /system/apex/com.android.ondevicepersonalization.apex changed; collecting certs
01-01 00:00:38.437 663 663 I PackageManager: /system/apex/com.android.permission.apex changed; collecting certs
01-01 00:00:38.446 663 663 I PackageManager: /system/apex/com.android.os.statsd.apex changed; collecting certs
01-01 00:00:38.456 663 663 I PackageManager: /system/apex/com.android.profiling.apex changed; collecting certs
01-01 00:00:38.467 663 663 I PackageManager: /system/apex/com.android.resolv.apex changed; collecting certs
01-01 00:00:38.477 663 663 I PackageManager: /system/apex/com.android.runtime.apex changed; collecting certs
01-01 00:00:38.487 663 663 I PackageManager: /system/apex/com.android.rkpd.apex changed; collecting certs
01-01 00:00:38.496 663 663 I PackageManager: /system/apex/com.android.scheduling.apex changed; collecting certs
01-01 00:00:38.505 663 663 I PackageManager: /system/apex/com.android.sdkext.apex changed; collecting certs
01-01 00:00:38.515 663 663 I PackageManager: /system/apex/com.android.tzdata.apex changed; collecting certs
01-01 00:00:38.524 663 663 I PackageManager: /system/apex/com.android.uwb.apex changed; collecting certs
01-01 00:00:38.534 663 663 I PackageManager: /system/apex/com.android.tethering.apex changed; collecting certs
01-01 00:00:38.545 663 663 I PackageManager: /system/apex/com.android.virt.apex changed; collecting certs
01-01 00:00:38.555 663 663 I PackageManager: /system/apex/com.android.wifi.apex changed; collecting certs
01-01 00:00:38.565 663 663 I PackageManager: /vendor/apex/com.google.cf.health.apex changed; collecting certs
01-01 00:00:38.574 663 663 I PackageManager: /vendor/apex/com.google.cf.health.storage.apex changed; collecting certs
01-01 00:00:38.582 663 663 D PackageManager: No files in app dir /apex/com.android.hardware.audio.ti/overlay
01-01 00:00:38.583 663 663 D PackageManager: No files in app dir /apex/com.android.hardware.camera.libcamera/overlay
01-01 00:00:38.583 663 663 D PackageManager: No files in app dir /apex/com.google.cf.health/overlay
01-01 00:00:38.583 663 663 D PackageManager: No files in app dir /apex/com.android.hardware.thermal.ti/overlay
01-01 00:00:38.583 663 663 D PackageManager: No files in app dir /apex/com.android.hardware.usb.generic/overlay
01-01 00:00:38.583 663 663 D PackageManager: No files in app dir /apex/com.google.cf.health.storage/overlay
01-01 00:00:38.584 663 663 D PackageManager: No files in app dir /apex/com.android.hardware.cas/overlay
01-01 00:00:38.584 663 663 D PackageManager: No files in app dir /apex/com.android.hardware.drm.clearkey/overlay
01-01 00:00:38.584 663 663 D PackageManager: No files in app dir /apex/com.android.hardware.power/overlay
01-01 00:00:38.584 663 663 D PackageManager: No files in app dir /apex/com.android.hardware.boot/overlay
01-01 00:00:38.584 663 663 D PackageManager: No files in app dir /system/system_ext/overlay
01-01 00:00:38.636 663 663 D PackageManager: No files in app dir /oem/overlay
01-01 00:00:38.636 663 663 D PackageManager: No files in app dir /odm/overlay
01-01 00:00:38.656 663 663 W PackageManager: Failed to parse /system/framework/oat: Missing base APK in /system/framework/oat/arm64
01-01 00:00:38.657 663 663 W PackageManager: Failed to parse /system/framework/arm64: Missing base APK in /system/framework/arm64
01-01 00:00:38.704 663 723 D AconfigFlags: Aconfig flag value for android.provider.user_keys = true
01-01 00:00:38.717 663 723 D AconfigFlags: Aconfig flag value for com.android.internal.camera.flags.camera_hsum_permission = true
01-01 00:00:38.721 663 723 W PackageParsing: android defines a knownSigner permission but the provided knownCerts resource is null
01-01 00:00:38.722 663 723 W PackageParsing: android defines a knownSigner permission but the provided knownCerts resource is null
01-01 00:00:38.723 663 723 W PackageParsing: android defines a knownSigner permission but the provided knownCerts resource is null
01-01 00:00:38.724 663 723 D AconfigFlags: Aconfig flag value for android.net.platform.flags.register_nsd_offload_engine = false
01-01 00:00:38.724 663 723 V AconfigFlags: Skipping element permission behind feature flag android.net.platform.flags.register_nsd_offload_engine = false
01-01 00:00:38.724 663 723 D AconfigFlags: Aconfig flag value for android.content.pm.quarantined_enabled = false
01-01 00:00:38.725 663 723 V AconfigFlags: Skipping element permission behind feature flag android.content.pm.quarantined_enabled = false
01-01 00:00:38.726 663 723 D AconfigFlags: Aconfig flag value for android.os.vibrator.vendor_vibration_effects = false
01-01 00:00:38.726 663 723 V AconfigFlags: Skipping element permission behind feature flag android.os.vibrator.vendor_vibration_effects = false
01-01 00:00:38.729 663 723 D AconfigFlags: Aconfig flag value for com.android.window.flags.screen_recording_callbacks = true
01-01 00:00:38.745 663 723 D AconfigFlags: Aconfig flag value for android.media.tv.flags.tif_unbind_inactive_tis = false
01-01 00:00:38.745 663 723 V AconfigFlags: Skipping element permission behind feature flag android.media.tv.flags.tif_unbind_inactive_tis = false
01-01 00:00:38.749 663 723 W PackageParsing: android defines a knownSigner permission but the provided knownCerts resource is null
01-01 00:00:38.755 663 723 D AconfigFlags: Aconfig flag value for android.permission.flags.sensitive_notification_app_protection = true
01-01 00:00:38.757 663 723 D AconfigFlags: Aconfig flag value for android.app.contextualsearch.flags.enable_service = true
01-01 00:00:38.761 663 723 D AconfigFlags: Aconfig flag value for android.app.appfunctions.flags.enable_app_function_manager = false
01-01 00:00:38.761 663 723 V AconfigFlags: Skipping element permission behind feature flag android.app.appfunctions.flags.enable_app_function_manager = false
01-01 00:00:38.761 663 723 D AconfigFlags: Aconfig flag value for android.app.appfunctions.flags.enable_app_function_manager = false
01-01 00:00:38.761 663 723 V AconfigFlags: Skipping element permission behind feature flag android.app.appfunctions.flags.enable_app_function_manager = false
01-01 00:00:38.761 663 723 D AconfigFlags: Aconfig flag value for android.app.appfunctions.flags.enable_app_function_manager = false
01-01 00:00:38.761 663 723 V AconfigFlags: Skipping element permission behind feature flag android.app.appfunctions.flags.enable_app_function_manager = false
01-01 00:00:38.762 663 723 D AconfigFlags: Aconfig flag value for com.android.hardware.input.manage_key_gestures = false
01-01 00:00:38.762 663 723 V AconfigFlags: Skipping element permission behind feature flag com.android.hardware.input.manage_key_gestures = false
01-01 00:00:38.763 663 723 W PackageParsing: android defines a knownSigner permission but the provided knownCerts resource is null
01-01 00:00:38.764 663 723 W PackageParsing: android defines a knownSigner permission but the provided knownCerts resource is null
01-01 00:00:38.764 663 723 D AconfigFlags: Aconfig flag value for android.os.allow_consentless_bugreport_delegated_consent = false
01-01 00:00:38.764 663 723 V AconfigFlags: Skipping element permission behind feature flag android.os.allow_consentless_bugreport_delegated_consent = false
01-01 00:00:38.796 663 723 I PackageParsing: Parse times for '/system/framework/framework-res.apk': parse=131ms, update_cache=13 ms
01-01 00:00:38.954 663 723 W PackageParsing: Ignoring duplicate uses-permissions/uses-permissions-sdk-m: android.permission.SATELLITE_COMMUNICATION in package: com.android.shell at: Binary XML file line #765
01-01 00:00:38.960 663 723 W PackageParsing: Ignoring duplicate uses-permissions/uses-permissions-sdk-m: android.permission.FOREGROUND_SERVICE in package: com.android.shell at: Binary XML file line #864
01-01 00:00:38.960 663 723 W PackageParsing: Ignoring duplicate uses-permissions/uses-permissions-sdk-m: android.permission.FOREGROUND_SERVICE_SYSTEM_EXEMPTED in package: com.android.shell at: Binary XML file line #865
01-01 00:00:39.098 663 722 W PackageParsing: Ignoring duplicate uses-permissions/uses-permissions-sdk-m: android.permission.POST_NOTIFICATIONS in package: com.android.phone at: Binary XML file line #171
01-01 00:00:39.181 544 544 W ServiceManagerCppClient: Waited one second for activity (is service started? Number of threads started in the threadpool: 16. Are binder threads started and available?)
01-01 00:00:39.184 242 242 I servicemanager: Caller(pid=544,uid=1041,sid=u:r:audioserver:s0) Since 'activity' could not be found trying to start it as a lazy AIDL service. (if it's not configured to be a lazy service, it may be stuck starting or still starting).
01-01 00:00:39.186 1 1 E init : Control message: Could not find 'aidl/activity' for ctl.interface_start from pid: 242 (/system/bin/servicemanager)
01-01 00:00:39.197 242 727 W libc : Unable to set property "ctl.interface_start" to "aidl/activity": PROP_ERROR_HANDLE_CONTROL_MESSAGE (0x20)
01-01 00:00:39.199 727 727 I servicemanager: Caller(pid=544,uid=1041,sid=u:r:audioserver:s0) Tried to start aidl service activity as a lazy service, but was unable to. Usually this happens when a service is not installed, but if the service is intended to be used as a lazy service, then it may be configured incorrectly.
01-01 00:00:39.290 663 663 D PackageManager: No files in app dir /vendor/priv-app
01-01 00:00:39.291 663 663 D PackageManager: No files in app dir /vendor/app
01-01 00:00:39.291 663 663 D PackageManager: No files in app dir /odm/priv-app
01-01 00:00:39.292 663 663 D PackageManager: No files in app dir /odm/app
01-01 00:00:39.292 663 663 D PackageManager: No files in app dir /oem/app
01-01 00:00:39.339 663 722 W PackageParsing: No actions in intent-filter at /system/product/priv-app/Contacts/Contacts.apk Binary XML file line #565
01-01 00:00:39.369 544 598 D AudioSystem: getService: waiting for media.audio_policy
01-01 00:00:39.479 663 724 I PackageParsing: Parse times for '/system/product/app/DeskClock': parse=125ms, update_cache=2 ms
01-01 00:00:39.511 663 663 W PackageManager: Skipping provider name com.android.gallery3d.provider (in package com.android.gallery3d): name already used by com.android.gallery3d
01-01 00:00:39.549 663 722 I PackageParsing: Parse times for '/system/product/app/LatinIME': parse=195ms, update_cache=2 ms
01-01 00:00:39.667 663 724 I PackageParsing: Parse times for '/system/system_ext/priv-app/StorageManager': parse=109ms, update_cache=2 ms
01-01 00:00:39.741 663 723 W PackageParsing: Ignoring duplicate uses-permissions/uses-permissions-sdk-m: android.permission.CONFIGURE_WIFI_DISPLAY in package: com.android.systemui at: Binary XML file line #172
01-01 00:00:39.743 663 723 W PackageParsing: Ignoring duplicate uses-permissions/uses-permissions-sdk-m: android.permission.GET_RUNTIME_PERMISSIONS in package: com.android.systemui at: Binary XML file line #247
01-01 00:00:39.745 663 723 W PackageParsing: Ignoring duplicate uses-permissions/uses-permissions-sdk-m: android.permission.READ_DEVICE_CONFIG in package: com.android.systemui at: Binary XML file line #367
01-01 00:00:39.768 663 723 D AconfigFlags: Aconfig flag value for com.android.wm.shell.enable_retrievable_bubbles = false
01-01 00:00:39.768 663 723 V AconfigFlags: Skipping element activity behind feature flag com.android.wm.shell.enable_retrievable_bubbles = false
01-01 00:00:39.768 663 723 W PackageParsing: Unknown element under : intent-filter at /system/system_ext/priv-app/SystemUI/SystemUI.apk Binary XML file line #1247
01-01 00:00:39.768 663 723 D AconfigFlags: Aconfig flag value for com.android.wm.shell.enable_retrievable_bubbles = false
01-01 00:00:39.768 663 723 V AconfigFlags: Skipping element activity behind feature flag com.android.wm.shell.enable_retrievable_bubbles = false
01-01 00:00:39.768 663 723 W PackageParsing: Unknown element under : intent-filter at /system/system_ext/priv-app/SystemUI/SystemUI.apk Binary XML file line #1259
01-01 00:00:39.773 663 723 I PackageParsing: Parse times for '/system/system_ext/priv-app/SystemUI': parse=117ms, update_cache=4 ms
01-01 00:00:39.862 580 660 W ServiceManagerCppClient: Service package_native didn't start. Returning NULL
01-01 00:00:39.862 580 660 E storaged: getService package_native failed
01-01 00:00:40.012 663 722 D AconfigFlags: Aconfig flag value for android.app.modes_ui = false
01-01 00:00:40.012 663 722 V AconfigFlags: Skipping element intent-filter behind feature flag android.app.modes_ui = false
01-01 00:00:40.012 663 722 W PackageParsing: Unknown element under : action at /system/system_ext/priv-app/Settings/Settings.apk Binary XML file line #1553
01-01 00:00:40.012 663 722 W PackageParsing: Unknown element under : category at /system/system_ext/priv-app/Settings/Settings.apk Binary XML file line #1555
01-01 00:00:40.012 663 722 D AconfigFlags: Aconfig flag value for android.app.modes_ui = false
01-01 00:00:40.012 663 722 V AconfigFlags: Skipping element intent-filter behind feature flag android.app.modes_ui = false
01-01 00:00:40.012 663 722 W PackageParsing: Unknown element under : action at /system/system_ext/priv-app/Settings/Settings.apk Binary XML file line #1560
01-01 00:00:40.012 663 722 W PackageParsing: Unknown element under : category at /system/system_ext/priv-app/Settings/Settings.apk Binary XML file line #1562
01-01 00:00:40.012 663 722 W PackageParsing: Unknown element under : category at /system/system_ext/priv-app/Settings/Settings.apk Binary XML file line #1563
01-01 00:00:40.012 663 722 D AconfigFlags: Aconfig flag value for android.app.modes_ui = false
01-01 00:00:40.012 663 722 V AconfigFlags: Skipping element intent-filter behind feature flag android.app.modes_ui = false
01-01 00:00:40.012 663 722 W PackageParsing: Unknown element under : action at /system/system_ext/priv-app/Settings/Settings.apk Binary XML file line #1568
01-01 00:00:40.012 663 722 W PackageParsing: Unknown element under : category at /system/system_ext/priv-app/Settings/Settings.apk Binary XML file line #1570
01-01 00:00:40.012 663 722 D AconfigFlags: Aconfig flag value for android.app.modes_ui = false
01-01 00:00:40.012 663 722 V AconfigFlags: Skipping element intent-filter behind feature flag android.app.modes_ui = false
01-01 00:00:40.012 663 722 W PackageParsing: Unknown element under : action at /system/system_ext/priv-app/Settings/Settings.apk Binary XML file line #1575
01-01 00:00:40.012 663 722 W PackageParsing: Unknown element under : category at /system/system_ext/priv-app/Settings/Settings.apk Binary XML file line #1577
01-01 00:00:40.012 663 722 D AconfigFlags: Aconfig flag value for android.app.modes_ui = false
01-01 00:00:40.013 663 722 V AconfigFlags: Skipping element intent-filter behind feature flag android.app.modes_ui = false
01-01 00:00:40.013 663 722 W PackageParsing: Unknown element under : action at /system/system_ext/priv-app/Settings/Settings.apk Binary XML file line #1582
01-01 00:00:40.013 663 722 W PackageParsing: Unknown element under : category at /system/system_ext/priv-app/Settings/Settings.apk Binary XML file line #1584
01-01 00:00:40.013 663 722 W PackageParsing: Unknown element under : category at /system/system_ext/priv-app/Settings/Settings.apk Binary XML file line #1585
01-01 00:00:40.013 663 722 D AconfigFlags: Aconfig flag value for android.app.modes_ui = false
01-01 00:00:40.013 663 722 D AconfigFlags: Aconfig flag value for android.app.modes_ui = false
01-01 00:00:40.014 663 722 D AconfigFlags: Aconfig flag value for android.app.modes_ui = false
01-01 00:00:40.014 663 722 D AconfigFlags: Aconfig flag value for android.app.modes_ui = false
01-01 00:00:40.014 663 722 V AconfigFlags: Skipping element intent-filter behind feature flag android.app.modes_ui = false
01-01 00:00:40.014 663 722 W PackageParsing: Unknown element under : action at /system/system_ext/priv-app/Settings/Settings.apk Binary XML file line #1642
01-01 00:00:40.014 663 722 W PackageParsing: Unknown element under : category at /system/system_ext/priv-app/Settings/Settings.apk Binary XML file line #1644
01-01 00:00:40.015 663 722 D AconfigFlags: Aconfig flag value for android.app.modes_ui = false
01-01 00:00:40.015 663 722 D AconfigFlags: Aconfig flag value for android.app.modes_ui = false
01-01 00:00:40.093 663 722 I PackageParsing: Parse times for '/system/system_ext/priv-app/Settings': parse=500ms, update_cache=11 ms
01-01 00:00:40.135 663 663 D PackageManager: No files in app dir /apex/com.android.runtime/priv-app
01-01 00:00:40.136 663 663 D PackageManager: No files in app dir /apex/com.android.runtime/app
01-01 00:00:40.136 663 663 D PackageManager: No files in app dir /apex/com.android.scheduling/priv-app
01-01 00:00:40.136 663 663 D PackageManager: No files in app dir /apex/com.android.scheduling/app
01-01 00:00:40.137 663 663 D PackageManager: No files in app dir /apex/com.android.neuralnetworks/priv-app
01-01 00:00:40.137 663 663 D PackageManager: No files in app dir /apex/com.android.neuralnetworks/app
01-01 00:00:40.183 544 544 W ServiceManagerCppClient: Waited one second for activity (is service started? Number of threads started in the threadpool: 16. Are binder threads started and available?)
01-01 00:00:40.186 242 242 I servicemanager: Caller(pid=544,uid=1041,sid=u:r:audioserver:s0) Since 'activity' could not be found trying to start it as a lazy AIDL service. (if it's not configured to be a lazy service, it may be stuck starting or still starting).
01-01 00:00:40.191 663 663 I ApexManager: Registering android.ext.services as apk-in-apex of com.android.extservices
01-01 00:00:40.194 663 663 D PackageManager: No files in app dir /apex/com.android.extservices/app
01-01 00:00:40.198 242 728 W libc : Unable to set property "ctl.interface_start" to "aidl/activity": PROP_ERROR_HANDLE_CONTROL_MESSAGE (0x20)
01-01 00:00:40.187 1 1 E init : Control message: Could not find 'aidl/activity' for ctl.interface_start from pid: 242 (/system/bin/servicemanager)
01-01 00:00:40.200 728 728 I servicemanager: Caller(pid=544,uid=1041,sid=u:r:audioserver:s0) Tried to start aidl service activity as a lazy service, but was unable to. Usually this happens when a service is not installed, but if the service is intended to be used as a lazy service, then it may be configured incorrectly.
01-01 00:00:40.210 663 663 I ApexManager: Registering com.android.cts.priv.ctsshim as apk-in-apex of com.android.apex.cts.shim
01-01 00:00:40.228 663 663 I ApexManager: Registering com.android.cts.ctsshim as apk-in-apex of com.android.apex.cts.shim
01-01 00:00:40.230 663 663 D PackageManager: No files in app dir /apex/com.android.hardware.boot/priv-app
01-01 00:00:40.230 663 663 D PackageManager: No files in app dir /apex/com.android.hardware.boot/app
01-01 00:00:40.231 663 663 D PackageManager: No files in app dir /apex/com.android.resolv/priv-app
01-01 00:00:40.231 663 663 D PackageManager: No files in app dir /apex/com.android.resolv/app
01-01 00:00:40.231 663 663 D PackageManager: No files in app dir /apex/com.android.hardware.power/priv-app
01-01 00:00:40.231 663 663 D PackageManager: No files in app dir /apex/com.android.hardware.power/app
01-01 00:00:40.279 663 663 I ApexManager: Registering com.android.healthconnect.controller as apk-in-apex of com.android.healthfitness
01-01 00:00:40.294 663 663 I ApexManager: Registering com.android.health.connect.backuprestore as apk-in-apex of com.android.healthfitness
01-01 00:00:40.297 663 663 D PackageManager: No files in app dir /apex/com.android.media/priv-app
01-01 00:00:40.297 663 663 D PackageManager: No files in app dir /apex/com.android.media/app
01-01 00:00:40.298 663 663 D PackageManager: No files in app dir /apex/com.android.adbd/priv-app
01-01 00:00:40.298 663 663 D PackageManager: No files in app dir /apex/com.android.adbd/app
01-01 00:00:40.314 663 663 I ApexManager: Registering com.android.connectivity.resources as apk-in-apex of com.android.tethering
01-01 00:00:40.318 663 663 I ApexManager: Registering com.android.networkstack.tethering as apk-in-apex of com.android.tethering
01-01 00:00:40.320 663 663 D PackageManager: No files in app dir /apex/com.android.tethering/app
01-01 00:00:40.321 663 663 D PackageManager: No files in app dir /apex/com.android.media.swcodec/priv-app
01-01 00:00:40.321 663 663 D PackageManager: No files in app dir /apex/com.android.media.swcodec/app
01-01 00:00:40.338 663 663 I ApexManager: Registering com.android.ondevicepersonalization.services as apk-in-apex of com.android.ondevicepersonalization
01-01 00:00:40.353 663 663 I ApexManager: Registering com.android.federatedcompute.services as apk-in-apex of com.android.ondevicepersonalization
01-01 00:00:40.370 544 598 D AudioSystem: getService: waiting for media.audio_policy
01-01 00:00:40.377 663 663 I ApexManager: Registering com.android.wifi.resources as apk-in-apex of com.android.wifi
01-01 00:00:40.398 663 663 I ApexManager: Registering com.android.hotspot2.osulogin as apk-in-apex of com.android.wifi
01-01 00:00:40.402 663 663 I ApexManager: Registering com.android.wifi.dialog as apk-in-apex of com.android.wifi
01-01 00:00:40.435 663 663 I ApexManager: Registering com.android.devicelockcontroller as apk-in-apex of com.android.devicelock
01-01 00:00:40.438 663 663 D PackageManager: No files in app dir /apex/com.android.devicelock/app
01-01 00:00:40.480 663 724 W PackageParsing: Unknown element under : meta-data at /apex/com.android.mediaprovider/priv-app/MediaProvider@AP4A.250105.002.A1/MediaProvider.apk Binary XML file line #9
01-01 00:00:40.484 663 663 I ApexManager: Registering com.android.photopicker as apk-in-apex of com.android.mediaprovider
01-01 00:00:40.495 663 663 I ApexManager: Registering com.android.providers.media.module as apk-in-apex of com.android.mediaprovider
01-01 00:00:40.498 663 663 D PackageManager: No files in app dir /apex/com.android.mediaprovider/app
01-01 00:00:40.498 663 663 D PackageManager: No files in app dir /apex/com.android.virt/priv-app
01-01 00:00:40.510 663 663 I ApexManager: Registering com.android.virtualmachine.res as apk-in-apex of com.android.virt
01-01 00:00:40.513 663 663 I ApexManager: Registering com.android.microdroid.empty_payload as apk-in-apex of com.android.virt
01-01 00:00:40.515 663 663 D PackageManager: No files in app dir /apex/com.android.tzdata/priv-app
01-01 00:00:40.515 663 663 D PackageManager: No files in app dir /apex/com.android.tzdata/app
01-01 00:00:40.515 663 663 D PackageManager: No files in app dir /apex/com.android.hardware.drm.clearkey/priv-app
01-01 00:00:40.516 663 663 D PackageManager: No files in app dir /apex/com.android.hardware.drm.clearkey/app
01-01 00:00:40.516 663 663 D PackageManager: No files in app dir /apex/com.android.ipsec/priv-app
01-01 00:00:40.516 663 663 D PackageManager: No files in app dir /apex/com.android.ipsec/app
01-01 00:00:40.516 663 663 D PackageManager: No files in app dir /apex/com.android.hardware.cas/priv-app
01-01 00:00:40.516 663 663 D PackageManager: No files in app dir /apex/com.android.hardware.cas/app
01-01 00:00:40.517 663 663 D PackageManager: No files in app dir /apex/com.android.art/priv-app
01-01 00:00:40.517 663 663 D PackageManager: No files in app dir /apex/com.android.art/app
01-01 00:00:40.517 663 663 D PackageManager: No files in app dir /apex/com.android.i18n/priv-app
01-01 00:00:40.517 663 663 D PackageManager: No files in app dir /apex/com.android.i18n/app
01-01 00:00:40.554 663 663 I ApexManager: Registering com.android.safetycenter.resources as apk-in-apex of com.android.permission
01-01 00:00:40.641 663 724 I PackageParsing: Parse times for '/apex/com.android.permission/priv-app/PermissionController@AP4A.250105.002.A1': parse=118ms, update_cache=3 ms
01-01 00:00:40.644 663 663 I ApexManager: Registering com.android.permissioncontroller as apk-in-apex of com.android.permission
01-01 00:00:40.647 663 663 D PackageManager: No files in app dir /apex/com.android.permission/app
01-01 00:00:40.648 663 663 D PackageManager: No files in app dir /apex/com.android.conscrypt/priv-app
01-01 00:00:40.648 663 663 D PackageManager: No files in app dir /apex/com.android.conscrypt/app
01-01 00:00:40.659 663 663 I ApexManager: Registering com.android.uwb.resources as apk-in-apex of com.android.uwb
01-01 00:00:40.662 663 663 D PackageManager: No files in app dir /apex/com.android.uwb/app
01-01 00:00:40.960 663 722 W PackageParsing: Ignoring duplicate uses-permissions/uses-permissions-sdk-m: android.permission.RECEIVE_BOOT_COMPLETED in package: com.android.adservices.api at: Binary XML file line #159
01-01 00:00:40.969 663 722 I PackageParsing: Parse times for '/apex/com.android.adservices/priv-app/AdServicesApk@AP4A.250105.002.A1': parse=302ms, update_cache=3 ms
01-01 00:00:40.972 663 663 I ApexManager: Registering com.android.adservices.api as apk-in-apex of com.android.adservices
01-01 00:00:40.986 663 663 I ApexManager: Registering com.android.sdksandbox as apk-in-apex of com.android.adservices
01-01 00:00:40.988 663 663 D PackageManager: No files in app dir /apex/com.android.compos/priv-app
01-01 00:00:40.999 663 663 I ApexManager: Registering com.android.compos.payload as apk-in-apex of com.android.compos
01-01 00:00:41.012 663 663 I ApexManager: Registering com.android.appsearch.apk as apk-in-apex of com.android.appsearch
01-01 00:00:41.014 663 663 D PackageManager: No files in app dir /apex/com.android.appsearch/app
01-01 00:00:41.014 663 663 D PackageManager: No files in app dir /apex/com.google.cf.health.storage/priv-app
01-01 00:00:41.014 663 663 D PackageManager: No files in app dir /apex/com.google.cf.health.storage/app
01-01 00:00:41.015 663 663 D PackageManager: No files in app dir /apex/com.android.hardware.usb.generic/priv-app
01-01 00:00:41.015 663 663 D PackageManager: No files in app dir /apex/com.android.hardware.usb.generic/app
01-01 00:00:41.033 663 663 I ApexManager: Registering com.android.rkpdapp as apk-in-apex of com.android.rkpd
01-01 00:00:41.035 663 663 D PackageManager: No files in app dir /apex/com.android.rkpd/app
01-01 00:00:41.035 663 663 D PackageManager: No files in app dir /apex/com.android.hardware.thermal.ti/priv-app
01-01 00:00:41.036 663 663 D PackageManager: No files in app dir /apex/com.android.hardware.thermal.ti/app
01-01 00:00:41.036 663 663 D PackageManager: No files in app dir /apex/com.android.os.statsd/priv-app
01-01 00:00:41.036 663 663 D PackageManager: No files in app dir /apex/com.android.os.statsd/app
01-01 00:00:41.036 663 663 D PackageManager: No files in app dir /apex/com.google.cf.health/priv-app
01-01 00:00:41.036 663 663 D PackageManager: No files in app dir /apex/com.google.cf.health/app
01-01 00:00:41.037 663 663 D PackageManager: No files in app dir /apex/com.android.hardware.camera.libcamera/priv-app
01-01 00:00:41.037 663 663 D PackageManager: No files in app dir /apex/com.android.hardware.camera.libcamera/app
01-01 00:00:41.037 663 663 D PackageManager: No files in app dir /apex/com.android.sdkext/priv-app
01-01 00:00:41.037 663 663 D PackageManager: No files in app dir /apex/com.android.sdkext/app
01-01 00:00:41.038 663 663 D PackageManager: No files in app dir /apex/com.android.profiling/priv-app
01-01 00:00:41.038 663 663 D PackageManager: No files in app dir /apex/com.android.profiling/app
01-01 00:00:41.038 663 663 D PackageManager: No files in app dir /apex/com.android.configinfrastructure/priv-app
01-01 00:00:41.051 663 663 I ApexManager: Registering com.android.server.deviceconfig.resources as apk-in-apex of com.android.configinfrastructure
01-01 00:00:41.053 663 663 D PackageManager: No files in app dir /apex/com.android.hardware.audio.ti/priv-app
01-01 00:00:41.053 663 663 D PackageManager: No files in app dir /apex/com.android.hardware.audio.ti/app
01-01 00:00:41.074 663 724 D AconfigFlags: Aconfig flag value for com.android.nfc.flags.enable_direct_boot_aware = false
01-01 00:00:41.074 663 724 V AconfigFlags: Skipping element application behind feature flag com.android.nfc.flags.enable_direct_boot_aware = false
01-01 00:00:41.074 663 724 W PackageParsing: Unknown element under : meta-data at /apex/com.android.nfcservices/priv-app/NfcNciApex@AP4A.250105.002.A1/NfcNciApex.apk Binary XML file line #100
01-01 00:00:41.074 663 724 W PackageParsing: Unknown element under : provider at /apex/com.android.nfcservices/priv-app/NfcNciApex@AP4A.250105.002.A1/NfcNciApex.apk Binary XML file line #104
01-01 00:00:41.074 663 724 W PackageParsing: Unknown element under : activity at /apex/com.android.nfcservices/priv-app/NfcNciApex@AP4A.250105.002.A1/NfcNciApex.apk Binary XML file line #114
01-01 00:00:41.074 663 724 W PackageParsing: Unknown element under : activity at /apex/com.android.nfcservices/priv-app/NfcNciApex@AP4A.250105.002.A1/NfcNciApex.apk Binary XML file line #120
01-01 00:00:41.074 663 724 W PackageParsing: Unknown element under : activity at /apex/com.android.nfcservices/priv-app/NfcNciApex@AP4A.250105.002.A1/NfcNciApex.apk Binary XML file line #127
01-01 00:00:41.074 663 724 W PackageParsing: Unknown element under : activity at /apex/com.android.nfcservices/priv-app/NfcNciApex@AP4A.250105.002.A1/NfcNciApex.apk Binary XML file line #133
01-01 00:00:41.074 663 724 W PackageParsing: Unknown element under : activity at /apex/com.android.nfcservices/priv-app/NfcNciApex@AP4A.250105.002.A1/NfcNciApex.apk Binary XML file line #138
01-01 00:00:41.074 663 724 W PackageParsing: Unknown element under : activity at /apex/com.android.nfcservices/priv-app/NfcNciApex@AP4A.250105.002.A1/NfcNciApex.apk Binary XML file line #145
01-01 00:00:41.074 663 724 W PackageParsing: Unknown element under : activity at /apex/com.android.nfcservices/priv-app/NfcNciApex@AP4A.250105.002.A1/NfcNciApex.apk Binary XML file line #151
01-01 00:00:41.075 663 724 W PackageParsing: Unknown element under : receiver at /apex/com.android.nfcservices/priv-app/NfcNciApex@AP4A.250105.002.A1/NfcNciApex.apk Binary XML file line #156
01-01 00:00:41.075 663 724 W PackageParsing: Unknown element under : service at /apex/com.android.nfcservices/priv-app/NfcNciApex@AP4A.250105.002.A1/NfcNciApex.apk Binary XML file line #164
01-01 00:00:41.075 663 724 D AconfigFlags: Aconfig flag value for com.android.nfc.flags.enable_direct_boot_aware = false
01-01 00:00:41.086 663 663 I ApexManager: Registering com.android.nfc as apk-in-apex of com.android.nfcservices
01-01 00:00:41.088 663 663 D PackageManager: No files in app dir /apex/com.android.nfcservices/app
01-01 00:00:41.089 663 663 D PackageManager: No files in app dir /apex/com.android.btservices/priv-app
01-01 00:00:41.121 663 663 I ApexManager: Registering com.android.bluetooth as apk-in-apex of com.android.btservices
01-01 00:00:41.125 663 663 W OverlayConfig: partition_order.xml does not exist.
01-01 00:00:41.142 663 663 I PackageManager: Finished scanning system apps. Time: 3366 ms, packageCount: 167 , timePerPackage: 20 , cached: 0
01-01 00:00:41.143 663 663 D PackageManager: No files in app dir /data/app
01-01 00:00:41.143 663 663 I PackageManager: Finished scanning non-system apps. Time: 1 ms, packageCount: 0 , timePerPackage: 0 , cached: 0
01-01 00:00:41.145 663 663 W PackageManager: There should probably be a verifier, but, none were found
01-01 00:00:41.148 663 663 W PackageManager: Missing required system package: .
01-01 00:00:41.149 663 663 W PackageManager: Missing required system package: .
01-01 00:00:41.158 663 663 I PackageManager: Time to scan packages: 3.381 seconds
01-01 00:00:41.185 544 544 W ServiceManagerCppClient: Waited one second for activity (is service started? Number of threads started in the threadpool: 16. Are binder threads started and available?)
01-01 00:00:41.187 242 242 I servicemanager: Caller(pid=544,uid=1041,sid=u:r:audioserver:s0) Since 'activity' could not be found trying to start it as a lazy AIDL service. (if it's not configured to be a lazy service, it may be stuck starting or still starting).
01-01 00:00:41.188 1 1 E init : Control message: Could not find 'aidl/activity' for ctl.interface_start from pid: 242 (/system/bin/servicemanager)
01-01 00:00:41.199 242 729 W libc : Unable to set property "ctl.interface_start" to "aidl/activity": PROP_ERROR_HANDLE_CONTROL_MESSAGE (0x20)
01-01 00:00:41.202 729 729 I servicemanager: Caller(pid=544,uid=1041,sid=u:r:audioserver:s0) Tried to start aidl service activity as a lazy service, but was unable to. Usually this happens when a service is not installed, but if the service is intended to be used as a lazy service, then it may be configured incorrectly.
01-01 00:00:41.232 499 506 W ServiceManagerCppClient: Service statscompanion didn't start. Returning NULL
01-01 00:00:41.232 499 506 E statsd : Uid 1000 does not have the android.permission.REGISTER_STATS_PULL_ATOM permission when registering atom 10205 (-1)
01-01 00:00:41.306 663 663 W AppIdPermissionPolicy: Ignoring permission android.permission.ACCESS_ADSERVICES_TOPICS declared in system package com.android.adservices.api: already declared in another system package android.ext.services
01-01 00:00:41.306 663 663 W AppIdPermissionPolicy: Ignoring permission android.permission.ACCESS_ADSERVICES_ATTRIBUTION declared in system package com.android.adservices.api: already declared in another system package android.ext.services
01-01 00:00:41.306 663 663 W AppIdPermissionPolicy: Ignoring permission android.permission.ACCESS_ADSERVICES_CUSTOM_AUDIENCE declared in system package com.android.adservices.api: already declared in another system package android.ext.services
01-01 00:00:41.306 663 663 W AppIdPermissionPolicy: Ignoring permission android.permission.ACCESS_ADSERVICES_AD_SELECTION declared in system package com.android.adservices.api: already declared in another system package android.ext.services
01-01 00:00:41.306 663 663 W AppIdPermissionPolicy: Ignoring permission android.permission.ACCESS_ADSERVICES_PROTECTED_SIGNALS declared in system package com.android.adservices.api: already declared in another system package android.ext.services
01-01 00:00:41.306 663 663 W AppIdPermissionPolicy: Ignoring permission android.permission.ACCESS_ADSERVICES_AD_ID declared in system package com.android.adservices.api: already declared in another system package android.ext.services
01-01 00:00:41.346 663 663 V PackageManager: reconcileAppsData for null u0 0x1 migrateAppData=true
01-01 00:00:41.369 573 584 I SELinux : SELinux: Loaded file context from:
01-01 00:00:41.369 573 584 I SELinux : /system/etc/selinux/plat_file_contexts
01-01 00:00:41.369 573 584 I SELinux : /system_ext/etc/selinux/system_ext_file_contexts
01-01 00:00:41.369 573 584 I SELinux : /product/etc/selinux/product_file_contexts
01-01 00:00:41.369 573 584 I SELinux : /vendor/etc/selinux/vendor_file_contexts
01-01 00:00:41.370 544 598 D AudioSystem: getService: waiting for media.audio_policy
01-01 00:00:41.472 663 663 V PackageManager: reconcileAppsData finished 24 packages
01-01 00:00:41.473 663 663 D PackageManagerTiming: write settings
01-01 00:00:41.474 663 730 D SystemServerTimingAsync: InitThreadPoolExec:prepareAppData
01-01 00:00:41.474 663 730 D SystemServerInitThreadPool: Started executing prepareAppData
01-01 00:00:41.516 663 663 I SELinux : SELinux: Loaded file context from:
01-01 00:00:41.516 663 663 I SELinux : /system/etc/selinux/plat_file_contexts
01-01 00:00:41.516 663 663 I SELinux : /system_ext/etc/selinux/system_ext_file_contexts
01-01 00:00:41.516 663 663 I SELinux : /product/etc/selinux/product_file_contexts
01-01 00:00:41.516 663 663 I SELinux : /vendor/etc/selinux/vendor_file_contexts
01-01 00:00:41.530 663 663 V PackageManagerTiming: write settings took to complete: 57ms
01-01 00:00:41.533 663 663 W PackageManager: Domain verification agent not found
01-01 00:00:41.542 663 663 D PackageManager: Ephemeral resolver NOT found; no matching intent filters
01-01 00:00:41.543 663 663 D PackageManager: Instant App installer not found with android.intent.action.INSTALL_INSTANT_APP_PACKAGE
01-01 00:00:41.543 663 663 D PackageManager: Clear ephemeral installer activity
01-01 00:00:41.555 663 663 I PackageManager: Fix for b/169414761 is applied
01-01 00:00:41.555 663 663 V PackageManagerTiming: create package manager took to complete: 4171ms
01-01 00:00:41.556 663 663 V UserSystemPackageInstaller: Checking that all system packages are whitelisted.
01-01 00:00:41.559 663 663 W UserSystemPackageInstaller: checkWhitelistedSystemPackages(mode=d) has 55 warnings:
01-01 00:00:41.559 663 663 W UserSystemPackageInstaller: com.android.theme.color.amethyst is allowlisted but not present.
01-01 00:00:41.559 663 663 W UserSystemPackageInstaller: com.android.theme.icon.pebble is allowlisted but not present.
01-01 00:00:41.559 663 663 W UserSystemPackageInstaller: com.android.internal.systemui.navbar.gestural_wide_back is allowlisted but not present.
01-01 00:00:41.559 663 663 W UserSystemPackageInstaller: com.android.theme.color.sand is allowlisted but not present.
01-01 00:00:41.559 663 663 W UserSystemPackageInstaller: com.android.theme.icon.vessel is allowlisted but not present.
01-01 00:00:41.559 663 663 W UserSystemPackageInstaller: com.android.theme.color.cinnamon is allowlisted but not present.
01-01 00:00:41.559 663 663 W UserSystemPackageInstaller: com.android.theme.icon_pack.victor.settings is allowlisted but not present.
01-01 00:00:41.559 663 663 W UserSystemPackageInstaller: com.android.theme.icon_pack.rounded.systemui is allowlisted but not present.
01-01 00:00:41.559 663 663 W UserSystemPackageInstaller: com.android.theme.icon.taperedrect is allowlisted but not present.
01-01 00:00:41.559 663 663 W UserSystemPackageInstaller: com.android.theme.icon_pack.rounded.android is allowlisted but not present.
01-01 00:00:41.559 663 663 W UserSystemPackageInstaller: com.android.internal.systemui.onehanded.gestural is allowlisted but not present.
01-01 00:00:41.559 663 663 W UserSystemPackageInstaller: com.android.theme.icon_pack.victor.systemui is allowlisted but not present.
01-01 00:00:41.559 663 663 W UserSystemPackageInstaller: com.android.theme.icon_pack.circular.themepicker is allowlisted but not present.
01-01 00:00:41.559 663 663 W UserSystemPackageInstaller: com.android.avatarpicker is allowlisted but not present.
01-01 00:00:41.559 663 663 W UserSystemPackageInstaller: com.android.theme.color.tangerine is allowlisted but not present.
01-01 00:00:41.559 663 663 W UserSystemPackageInstaller: com.android.theme.color.aquamarine is allowlisted but not present.
01-01 00:00:41.559 663 663 W UserSystemPackageInstaller: com.android.theme.color.black is allowlisted but not present.
01-01 00:00:41.559 663 663 W UserSystemPackageInstaller: com.android.theme.color.green is allowlisted but not present.
01-01 00:00:41.559 663 663 W UserSystemPackageInstaller: com.android.theme.color.ocean is allowlisted but not present.
01-01 00:00:41.559 663 663 W UserSystemPackageInstaller: com.android.theme.color.space is allowlisted but not present.
01-01 00:00:41.559 663 663 W UserSystemPackageInstaller: com.android.theme.icon_pack.rounded.launcher is allowlisted but not present.
01-01 00:00:41.559 663 663 W UserSystemPackageInstaller: com.android.theme.icon_pack.kai.settings is allowlisted but not present.
01-01 00:00:41.559 663 663 W UserSystemPackageInstaller: com.android.internal.systemui.navbar.twobutton is allowlisted but not present.
01-01 00:00:41.559 663 663 W UserSystemPackageInstaller: com.android.theme.icon_pack.sam.settings is allowlisted but not present.
01-01 00:00:41.559 663 663 W UserSystemPackageInstaller: com.android.internal.systemui.navbar.gestural_extra_wide_back is allowlisted but not present.
01-01 00:00:41.559 663 663 W UserSystemPackageInstaller: com.android.theme.icon_pack.kai.themepicker is allowlisted but not present.
01-01 00:00:41.559 663 663 W UserSystemPackageInstaller: com.android.theme.icon_pack.victor.launcher is allowlisted but not present.
01-01 00:00:41.559 663 663 W UserSystemPackageInstaller: com.android.theme.icon_pack.filled.settings is allowlisted but not present.
01-01 00:00:41.559 663 663 W UserSystemPackageInstaller: com.android.theme.icon_pack.kai.systemui is allowlisted but not present.
01-01 00:00:41.559 663 663 W UserSystemPackageInstaller: com.android.theme.icon_pack.circular.settings is allowlisted but not present.
01-01 00:00:41.559 663 663 W UserSystemPackageInstaller: com.android.theme.icon_pack.sam.systemui is allowlisted but not present.
01-01 00:00:41.559 663 663 W UserSystemPackageInstaller: com.android.theme.icon.teardrop is allowlisted but not present.
01-01 00:00:41.559 663 663 W UserSystemPackageInstaller: com.android.theme.icon_pack.rounded.themepicker is allowlisted but not present.
01-01 00:00:41.559 663 663 W UserSystemPackageInstaller: com.android.theme.icon_pack.filled.systemui is allowlisted but not present.
01-01 00:00:41.559 663 663 W UserSystemPackageInstaller: com.android.theme.icon_pack.sam.android is allowlisted but not present.
01-01 00:00:41.559 663 663 W UserSystemPackageInstaller: com.android.theme.icon_pack.filled.android is allowlisted but not present.
01-01 00:00:41.559 663 663 W UserSystemPackageInstaller: com.android.theme.icon_pack.circular.systemui is allowlisted but not present.
01-01 00:00:41.559 663 663 W UserSystemPackageInstaller: com.android.theme.icon_pack.kai.android is allowlisted but not present.
01-01 00:00:41.559 663 663 W UserSystemPackageInstaller: com.android.theme.icon_pack.kai.launcher is allowlisted but not present.
01-01 00:00:41.559 663 663 W UserSystemPackageInstaller: com.android.theme.icon_pack.sam.launcher is allowlisted but not present.
01-01 00:00:41.559 663 663 W UserSystemPackageInstaller: com.android.theme.icon.squircle is allowlisted but not present.
01-01 00:00:41.559 663 663 W UserSystemPackageInstaller: com.android.theme.icon_pack.victor.android is allowlisted but not present.
01-01 00:00:41.559 663 663 W UserSystemPackageInstaller: com.android.theme.color.palette is allowlisted but not present.
01-01 00:00:41.559 663 663 W UserSystemPackageInstaller: com.android.theme.icon_pack.filled.launcher is allowlisted but not present.
01-01 00:00:41.559 663 663 W UserSystemPackageInstaller: com.android.theme.color.carbon is allowlisted but not present.
01-01 00:00:41.559 663 663 W UserSystemPackageInstaller: com.android.theme.icon_pack.circular.launcher is allowlisted but not present.
01-01 00:00:41.559 663 663 W UserSystemPackageInstaller: com.android.theme.icon_pack.filled.themepicker is allowlisted but not present.
01-01 00:00:41.559 663 663 W UserSystemPackageInstaller: com.android.theme.icon_pack.victor.themepicker is allowlisted but not present.
01-01 00:00:41.560 663 663 W UserSystemPackageInstaller: com.android.theme.color.orchid is allowlisted but not present.
01-01 00:00:41.560 663 663 W UserSystemPackageInstaller: com.android.theme.color.purple is allowlisted but not present.
01-01 00:00:41.560 663 663 W UserSystemPackageInstaller: com.android.theme.icon_pack.sam.themepicker is allowlisted but not present.
01-01 00:00:41.560 663 663 W UserSystemPackageInstaller: com.android.theme.icon.roundedrect is allowlisted but not present.
01-01 00:00:41.560 663 663 W UserSystemPackageInstaller: com.android.internal.systemui.navbar.gestural_narrow_back is allowlisted but not present.
01-01 00:00:41.560 663 663 W UserSystemPackageInstaller: com.android.theme.icon_pack.rounded.settings is allowlisted but not present.
01-01 00:00:41.560 663 663 W UserSystemPackageInstaller: com.android.theme.icon_pack.circular.android is allowlisted but not present.
01-01 00:00:41.564 663 663 I Watchdog: Resuming HandlerChecker: main thread for reason: packagemanagermain. Pause count: 0
01-01 00:00:41.565 663 663 V SystemServerTiming: StartPackageManagerService took to complete: 4185ms
01-01 00:00:41.565 663 663 D SystemServerTiming: DexUseManagerLocal
01-01 00:00:41.596 663 663 V SystemServerTiming: DexUseManagerLocal took to complete: 30ms
01-01 00:00:41.596 663 663 D SystemServerTiming: StartOtaDexOptService
01-01 00:00:41.596 663 663 I Watchdog: Pausing HandlerChecker: main thread for reason: moveab. Pause count: 1
01-01 00:00:41.599 663 663 D OTADexopt: No upgrade, skipping A/B artifacts check.
01-01 00:00:41.599 663 663 I Watchdog: Resuming HandlerChecker: main thread for reason: moveab. Pause count: 0
01-01 00:00:41.599 663 663 V SystemServerTiming: StartOtaDexOptService took to complete: 3ms
01-01 00:00:41.599 663 663 D SystemServerTiming: StartUserManagerService
