04-01 08:46:52.953 1107 1107 E Overrides: at android.app.ActivityThread.main(ActivityThread.java:8787)
04-01 08:46:52.953 1107 1107 E Overrides: at java.lang.reflect.Method.invoke(Native Method)
04-01 08:46:52.953 1107 1107 E Overrides: at com.android.internal.os.RuntimeInit$MethodAndArgsCaller.run(RuntimeInit.java:591)
04-01 08:46:52.953 1107 1107 E Overrides: at com.android.internal.os.ZygoteInit.main(ZygoteInit.java:871)
04-01 08:46:52.970 500 500 D Zygote : Forked child process 1390
04-01 08:46:52.971 1243 1243 I MediaApplication: PhotoPickerSettingsActivity is now disabled.
04-01 08:46:52.974 663 696 W ActivityManager: Slow operation: 59ms so far, now at startProcess: returned from zygote!
04-01 08:46:52.980 663 696 W ActivityManager: Slow operation: 65ms so far, now at startProcess: done updating battery stats
04-01 08:46:52.980 663 696 W ActivityManager: Slow operation: 65ms so far, now at startProcess: building log message
04-01 08:46:52.980 663 696 I ActivityManager: Start proc 1390:com.android.localtransport/1000 for service {com.android.localtransport/com.android.localtransport.LocalTransportService}
04-01 08:46:52.981 663 696 W ActivityManager: Slow operation: 66ms so far, now at startProcess: starting to update pids map
04-01 08:46:52.984 663 696 W ActivityManager: Slow operation: 69ms so far, now at startProcess: done updating pids map
04-01 08:46:52.996 521 622 D AHAL_StreamPrimary: transfer: skipping transfer (4096 frames)
04-01 08:46:52.997 1243 1362 I MediaProvider: No database change across sequential open calls for external.db.
04-01 08:46:53.014 547 552 I GpuWork : Initialized!
04-01 08:46:53.016 1243 1362 D MediaProvider: xattr set to 12eb7e4b-26c0-4cfe-8e1d-734c7ba3860e for key:user.extdbsessionid0 on path: /data/user/0/com.android.providers.media.module/databases/external.db.
04-01 08:46:53.033 663 1244 W AppSearchIcing: integer-index.cc:215: Failed to persist integer index to disk while destructing /data/system_ce/0/appsearch/icing/integer_index_dir
04-01 08:46:53.039 1331 1361 D WM-SystemJobScheduler: Scheduling work ID 3fa4bbde-481c-4e6c-98f2-4c7f9f795806Job ID 1
04-01 08:46:53.048 1390 1390 I .localtransport: Using CollectorTypeCMC GC.
04-01 08:46:53.060 663 1241 I StorageUserConnection: Service: [ComponentInfo{com.android.providers.media.module/com.android.providers.media.fuse.ExternalStorageServiceImpl}] connected. User [0]
04-01 08:46:53.068 1390 1390 E .localtransport: Not starting debugger since process cannot load the jdwp agent.
04-01 08:46:53.087 1390 1390 D nativeloader: Load libframework-connectivity-tiramisu-jni.so using APEX ns com_android_tethering for caller /apex/com.android.tethering/javalib/framework-connectivity-t.jar: ok
04-01 08:46:53.087 1243 1362 D MediaProvider: xattr set to 12eb7e4b-26c0-4cfe-8e1d-734c7ba3860e for key:user.extdbsessionid0 on path: /data/media/0.
04-01 08:46:53.087 1243 1362 I MediaProvider: SessionId set to 12eb7e4b-26c0-4cfe-8e1d-734c7ba3860e on paths /data/user/0/com.android.providers.media.module/databases/external.db and /data/media/0.
04-01 08:46:53.089 1243 1362 V MediaProvider: onOpen() finished for external.db
04-01 08:46:53.105 1243 1393 I ExternalStorageServiceImpl: Starting session for id: emulated;0
04-01 08:46:53.113 663 732 D OomAdjuster: Not killing cached processes
04-01 08:46:53.119 1107 1107 E Overrides: Bad overriden class
04-01 08:46:53.119 1107 1107 E Overrides: java.lang.NoSuchMethodException: com.android.launcher3.taskbar.TaskbarViewCallbacksFactory. [class android.content.Context]
04-01 08:46:53.119 1107 1107 E Overrides: at java.lang.Class.getConstructor0(Class.java:3395)
04-01 08:46:53.119 1107 1107 E Overrides: at java.lang.Class.getDeclaredConstructor(Class.java:3077)
04-01 08:46:53.119 1107 1107 E Overrides: at com.android.launcher3.util.ResourceBasedOverride$Overrides.getObject(ResourceBasedOverride.java:42)
04-01 08:46:53.119 1107 1107 E Overrides: at com.android.launcher3.taskbar.TaskbarViewCallbacksFactory$Companion.newInstance(TaskbarViewCallbacksFactory.kt:36)
04-01 08:46:53.119 1107 1107 E Overrides: at com.android.launcher3.taskbar.TaskbarViewCallbacksFactory.newInstance(TaskbarViewCallbacksFactory.kt:0)
04-01 08:46:53.119 1107 1107 E Overrides: at com.android.launcher3.taskbar.TaskbarViewController.init(TaskbarViewController.java:208)
04-01 08:46:53.119 1107 1107 E Overrides: at com.android.launcher3.taskbar.TaskbarControllers.init(TaskbarControllers.java:159)
04-01 08:46:53.119 1107 1107 E Overrides: at com.android.launcher3.taskbar.TaskbarActivityContext.init(TaskbarActivityContext.java:413)
04-01 08:46:53.119 1107 1107 E Overrides: at com.android.launcher3.taskbar.TaskbarManager.recreateTaskbar(TaskbarManager.java:486)
04-01 08:46:53.119 1107 1107 E Overrides: at com.android.launcher3.taskbar.TaskbarManager.onUserUnlocked(TaskbarManager.java:383)
04-01 08:46:53.119 1107 1107 E Overrides: at com.android.quickstep.TouchInteractionService$$ExternalSyntheticLambda2.run(R8$$SyntheticClass:0)
04-01 08:46:53.119 1107 1107 E Overrides: at com.android.launcher3.util.RunnableList.executeAllAndClear(RunnableList.java:68)
04-01 08:46:53.119 1107 1107 E Overrides: at com.android.launcher3.util.RunnableList.executeAllAndDestroy(RunnableList.java:56)
04-01 08:46:53.119 1107 1107 E Overrides: at com.android.launcher3.util.LockedUserState.notifyUserUnlocked(LockedUserState.kt:74)
04-01 08:46:53.119 1107 1107 E Overrides: at com.android.launcher3.util.LockedUserState.setUserUnlocked(LockedUserState.kt:32)
04-01 08:46:53.119 1107 1107 E Overrides: at com.android.launcher3.util.LockedUserState.access$setUserUnlocked(LockedUserState.kt:26)
04-01 08:46:53.119 1107 1107 E Overrides: at com.android.launcher3.util.LockedUserState$mUserUnlockedReceiver$1.accept(LockedUserState.kt:42)
04-01 08:46:53.119 1107 1107 E Overrides: at com.android.launcher3.util.LockedUserState$mUserUnlockedReceiver$1.accept(LockedUserState.kt:40)
04-01 08:46:53.119 1107 1107 E Overrides: at com.android.launcher3.util.SimpleBroadcastReceiver.onReceive(SimpleBroadcastReceiver.java:50)
04-01 08:46:53.119 1107 1107 E Overrides: at android.app.LoadedApk$ReceiverDispatcher$Args.lambda$getRunnable$0(LoadedApk.java:1814)
04-01 08:46:53.119 1107 1107 E Overrides: at android.app.LoadedApk$ReceiverDispatcher$Args.$r8$lambda$mcNAAl1SQ4MyJPyDg8TJ2x2h0Rk(Unknown Source:0)
04-01 08:46:53.119 1107 1107 E Overrides: at android.app.LoadedApk$ReceiverDispatcher$Args$$ExternalSyntheticLambda0.run(D8$$SyntheticClass:0)
04-01 08:46:53.119 1107 1107 E Overrides: at android.os.Handler.handleCallback(Handler.java:991)
04-01 08:46:53.119 1107 1107 E Overrides: at android.os.Handler.dispatchMessage(Handler.java:102)
04-01 08:46:53.119 1107 1107 E Overrides: at android.os.Looper.loopOnce(Looper.java:232)
04-01 08:46:53.119 1107 1107 E Overrides: at android.os.Looper.loop(Looper.java:317)
04-01 08:46:53.119 1107 1107 E Overrides: at android.app.ActivityThread.main(ActivityThread.java:8787)
04-01 08:46:53.119 1107 1107 E Overrides: at java.lang.reflect.Method.invoke(Native Method)
04-01 08:46:53.119 1107 1107 E Overrides: at com.android.internal.os.RuntimeInit$MethodAndArgsCaller.run(RuntimeInit.java:591)
04-01 08:46:53.119 1107 1107 E Overrides: at com.android.internal.os.ZygoteInit.main(ZygoteInit.java:871)
04-01 08:46:53.121 1243 1403 I MediaProvider: Begin Intent { act=com.android.providers.media.action.RECOVER_PUBLIC_VOLUMES }
04-01 08:46:53.121 1243 1403 I MediaProvider: End Intent { act=com.android.providers.media.action.RECOVER_PUBLIC_VOLUMES }
04-01 08:46:53.175 663 732 D CompatChangeReporter: Compat change id reported: 311208629; UID 10094; state: ENABLED
04-01 08:46:53.197 663 733 W com.android.internal.protolog.LogcatOnlyProtoLogImpl: ProtoLog message not processed. Failed to log it to proto. Logging it below to logcat instead.
04-01 08:46:53.197 663 733 V WindowManager: Binding proc com.android.localtransport with config {0.0 ?mcc0mnc ?localeList ?layoutDir ?swdp ?wdp ?hdp ?density ?lsize ?long ?ldr ?wideColorGamut ?orien ?uimode ?night ?touch ?keyb/?/? ?nav/? winConfig={ mBounds=Rect(0, 0 - 0, 0) mAppBounds=null mMaxBounds=Rect(0, 0 - 0, 0) mDisplayRotation=undefined mWindowingMode=undefined mActivityType=undefined mAlwaysOnTop=undefined mRotation=undefined} ?fontWeightAdjustment}
04-01 08:46:53.197 1331 1406 D WM-Processor: Processor cancelling 98eb6e59-4bb5-4721-94f8-b261d23fa097
04-01 08:46:53.197 1331 1406 D WM-Processor: WorkerWrapper could not be found for 98eb6e59-4bb5-4721-94f8-b261d23fa097
04-01 08:46:53.197 663 733 D CompatChangeReporter: Compat change id reported: 151861875; UID 1000; state: ENABLED
04-01 08:46:53.219 1243 1393 V FuseDaemonThread: Waiting 100ms for FUSE start. Count 49
04-01 08:46:53.219 521 622 D AHAL_StreamPrimary: transfer: skipping transfer (4096 frames)
04-01 08:46:53.222 1364 1364 I Traceur : Received BOOT_COMPLETE
04-01 08:46:53.245 1243 1404 I FuseDaemonThread: Starting thread for emulated;0 ...
04-01 08:46:53.250 663 733 W ActivityManager: Slow operation: 54ms so far, now at attachApplicationLocked: after updateOomAdjLocked
04-01 08:46:53.251 1243 1404 I FuseDaemon: fuse-bpf is enabled because /sys/fs/fuse/features/fuse_bpf reads 'supported'
04-01 08:46:53.251 1243 1404 I FuseDaemon: Using FUSE BPF, BPF prog fd fetched
04-01 08:46:53.252 1243 1404 I FuseDaemon: Starting fuse...
04-01 08:46:53.264 663 680 D CompatChangeReporter: Compat change id reported: 161145287; UID 10042; state: ENABLED
04-01 08:46:53.269 521 622 D AHAL_StreamPrimary: transfer: skipping transfer (4096 frames)
04-01 08:46:53.272 663 732 I AppWidgetServiceImpl: getInstalledProvidersForProfiles() 0
04-01 08:46:53.279 663 961 I AppWidgetServiceImpl: notifyProviderInheritance() 0
04-01 08:46:53.281 1331 1406 D WM-GreedyScheduler: Cancelling work ID 98eb6e59-4bb5-4721-94f8-b261d23fa097
04-01 08:46:53.289 663 695 V GrammaticalInflectionUtils: AttributionSource: AttributionSource { uid = 10093, packageName = null, attributionTag = null, token = android.os.Binder@9b3ff43, deviceId = 0, next = null } does not have READ_SYSTEM_GRAMMATICAL_GENDER permission.
04-01 08:46:53.289 1331 1406 D WM-Processor: Processor cancelling ce1454a1-a1a8-4605-9e22-d46a2b7b7e70
04-01 08:46:53.289 1331 1406 D WM-Processor: WorkerWrapper could not be found for ce1454a1-a1a8-4605-9e22-d46a2b7b7e70
04-01 08:46:53.290 663 695 D CompatChangeReporter: Compat change id reported: 151861875; UID 10093; state: ENABLED
04-01 08:46:53.330 663 695 W ActivityManager: Slow operation: 52ms so far, now at startProcess: done starting proc!
04-01 08:46:53.336 497 531 I netd : tetherGetStats() -> {[]} <16.29ms>
04-01 08:46:53.337 663 686 W Looper : Slow dispatch took 182ms android.ui h=com.android.server.am.ActivityManagerService$UiHandler c=null m=68
04-01 08:46:53.340 1107 1107 D TISBindHelper: TIS service connected
04-01 08:46:53.348 663 961 I AppWidgetServiceImpl: startListening() 0
04-01 08:46:53.350 252 252 I vold : fuse-bpf is enabled because /sys/fs/fuse/features/fuse_bpf reads 'supported'
04-01 08:46:53.350 252 252 I vold : Setting ro.fuse.bpf.is_running to true
04-01 08:46:53.376 252 252 I vold : Configuring read_ahead of /mnt/user/0/emulated fuse filesystem to 256kb
04-01 08:46:53.378 663 848 D ShortcutService: Saving package item com.android.documentsui to /data/system_ce/0/shortcut_service/packages/com.android.documentsui.xml
04-01 08:46:53.378 252 252 I vold : Writing 256 to /sys/class/bdi/0:72/read_ahead_kb
04-01 08:46:53.378 252 252 I vold : Configuring max_ratio of /mnt/user/0/emulated fuse filesystem to 40
04-01 08:46:53.382 500 500 D Zygote : Forked child process 1414
04-01 08:46:53.383 663 696 W ActivityManager: Slow operation: 56ms so far, now at startProcess: returned from zygote!
04-01 08:46:53.387 252 252 I vold : Writing 40 to /sys/class/bdi/0:72/max_ratio
04-01 08:46:53.388 663 961 I AppWidgetServiceImpl: startListening() 0
04-01 08:46:53.395 663 696 W ActivityManager: Slow operation: 64ms so far, now at startProcess: done updating battery stats
04-01 08:46:53.396 663 696 W ActivityManager: Slow operation: 69ms so far, now at startProcess: building log message
04-01 08:46:53.396 663 696 I ActivityManager: Start proc 1414:com.android.photopicker/u0a93 for broadcast {com.android.photopicker/com.android.photopicker.PhotopickerDeviceConfigReceiver}
04-01 08:46:53.396 663 696 W ActivityManager: Slow operation: 69ms so far, now at startProcess: starting to update pids map
04-01 08:46:53.396 1390 1390 D nativeloader: Configuring clns-shared-7 for other apk /system/priv-app/LocalTransport/LocalTransport.apk. target_sdk_version=35, uses_libraries=, library_path=/system/priv-app/LocalTransport/lib/arm64:/system/priv-app/LocalTransport/LocalTransport.apk!/lib/arm64-v8a:/system/lib64, permitted_path=/data:/mnt/expand:/data/user/0/com.android.localtransport:/system/priv-app/LocalTransport:/system/lib64
04-01 08:46:53.400 1331 1406 D WM-GreedyScheduler: Cancelling work ID ce1454a1-a1a8-4605-9e22-d46a2b7b7e70
04-01 08:46:53.401 663 696 W ActivityManager: Slow operation: 74ms so far, now at startProcess: done updating pids map
04-01 08:46:53.401 1390 1390 D CompatChangeReporter: Compat change id reported: 202956589; UID 1000; state: ENABLED
04-01 08:46:53.402 663 770 I StorageManagerService: Mounted volume VolumeInfo{emulated;0}:
04-01 08:46:53.402 663 770 I StorageManagerService: type=EMULATED diskId=null partGuid= mountFlags=PRIMARY|VISIBLE_FOR_WRITE
04-01 08:46:53.402 663 770 I StorageManagerService: mountUserId=0 state=CHECKING
04-01 08:46:53.402 663 770 I StorageManagerService: fsType=null fsUuid=null fsLabel=null
04-01 08:46:53.402 663 770 I StorageManagerService: path=/storage/emulated internalPath=/data/media
04-01 08:46:53.408 663 770 I StorageSessionController: Notifying volume state changed for session with id: emulated;0
04-01 08:46:53.410 1107 1107 D StatsLog: LAUNCHER_ONRESUME
04-01 08:46:53.419 1243 1393 V MediaProvider: detachVolume() received for external_primary
04-01 08:46:53.433 1243 1393 V MediaStore: Examining volume emulated;0 with name external_primary and state mounted
04-01 08:46:53.447 1107 1107 I Choreographer: Skipped 76 frames! The application may be doing too much work on its main thread.
04-01 08:46:53.452 1390 1390 V GraphicsEnvironment: Currently set values for:
04-01 08:46:53.453 1390 1390 V GraphicsEnvironment: angle_gl_driver_selection_pkgs=[]
04-01 08:46:53.453 1390 1390 V GraphicsEnvironment: angle_gl_driver_selection_values=[]
04-01 08:46:53.453 1390 1390 V GraphicsEnvironment: Global.Settings values are invalid: number of packages: 0, number of values: 0
04-01 08:46:53.453 544 626 D StreamHalAidl: [out|ioHandle:13] standby
04-01 08:46:53.453 1390 1390 V GraphicsEnvironment: Neither updatable production driver nor prerelease driver is supported.
04-01 08:46:53.453 544 626 D StreamHalAidl: [out|ioHandle:13] pause
04-01 08:46:53.453 521 622 D AHAL_Stream: cycle: received command Command{pause: Void{}} in writer
04-01 08:46:53.453 521 622 D AHAL_Stream: cycle: writing reply Reply{status: 0, fmqByteCount: 0, observable: Position{frames: 217088, timeNs: 49089469695}, hardware: Position{frames: -1, timeNs: -1}, latencyMs: 0, xrunFrames: 0, state: PAUSED}
04-01 08:46:53.453 544 626 D StreamHalAidl: [out|ioHandle:13] flush
04-01 08:46:53.453 521 622 D AHAL_Stream: cycle: received command Command{flush: Void{}} in writer
04-01 08:46:53.453 521 622 D AHAL_Stream: cycle: writing reply Reply{status: 0, fmqByteCount: 0, observable: Position{frames: 217088, timeNs: 49089810235}, hardware: Position{frames: -1, timeNs: -1}, latencyMs: 0, xrunFrames: 0, state: IDLE}
04-01 08:46:53.453 521 622 D AHAL_Stream: cycle: received command Command{standby: Void{}} in writer
04-01 08:46:53.454 521 622 D alsa_device_proxy: proxy_close() [pcm:0xb400007dda46bab0]
04-01 08:46:53.459 880 1161 I HWUI : Davey! duration=1993ms; Flags=0, FrameTimelineVsyncId=4029, IntendedVsync=47053392128, Vsync=48453385268, InputEventId=0, HandleInputStart=48460354560, AnimationStart=48460361650, PerformTraversalsStart=48678936480, DrawStart=48951003615, FrameDeadline=47370033292, FrameInterval=48455293935, FrameStartTime=16666585, SyncQueued=48952156425, SyncStart=48952275640, IssueDrawCommandsStart=48952572330, SwapBuffers=49042672335, FrameCompleted=49047130660, DequeueBufferDuration=35640, QueueBufferDuration=870465, GpuCompleted=49043851410, SwapBuffersCompleted=49047130660, DisplayPresentTime=0, CommandSubmissionCompleted=49042672335,
04-01 08:46:53.464 521 622 D AHAL_Stream: cycle: writing reply Reply{status: 0, fmqByteCount: 0, observable: Position{frames: 217088, timeNs: 49090039425}, hardware: Position{frames: -1, timeNs: -1}, latencyMs: 0, xrunFrames: 0, state: STANDBY}
04-01 08:46:53.465 663 770 I StorageSessionController: Notifying volume state changed for session with id: emulated;0
04-01 08:46:53.478 663 733 D CoreBackPreview: Window{ffc6b45 u0 com.android.launcher3/com.android.launcher3.uioverrides.QuickstepLauncher}: Setting back callback OnBackInvokedCallbackInfo{mCallback=android.window.IOnBackInvokedCallback$Stub$Proxy@f23fd27, mPriority=-1, mIsAnimationCallback=false}
04-01 08:46:53.480 663 733 D CoreBackPreview: Window{ffc6b45 u0 com.android.launcher3/com.android.launcher3.uioverrides.QuickstepLauncher}: Setting back callback OnBackInvokedCallbackInfo{mCallback=android.window.IOnBackInvokedCallback$Stub$Proxy@c9edbd4, mPriority=0, mIsAnimationCallback=true}
04-01 08:46:53.483 1243 1393 I ExternalStorageServiceImpl: Ignoring volume state for vol:external_primary. State: checking
04-01 08:46:53.535 1107 1107 D OverviewActionsView: updateActionButtonsVisibility() called: showSingleTaskActions = [true], showGroupActions = [false]
04-01 08:46:53.544 1414 1414 I oid.photopicker: Using CollectorTypeCMC GC.
04-01 08:46:53.550 880 880 I ThemeOverlayController: Wallpaper changed from background app, keep deferring color events. Accepting: true
04-01 08:46:53.555 1414 1414 E oid.photopicker: Not starting debugger since process cannot load the jdwp agent.
04-01 08:46:53.557 880 959 W Looper : Slow dispatch took 1758ms SysUiBg h=android.os.Handler c=com.android.systemui.statusbar.policy.SecurityControllerImpl$$ExternalSyntheticLambda0@a34324a m=0
04-01 08:46:53.565 663 848 D ShortcutService: Persisting shortcuts from 0@com.android.documentsui
04-01 08:46:53.566 663 848 D ShortcutService: content://com.android.providers.media.documents/root/images_root [ImManIc-rStr]
04-01 08:46:53.581 1414 1414 D nativeloader: Load libframework-connectivity-tiramisu-jni.so using APEX ns com_android_tethering for caller /apex/com.android.tethering/javalib/framework-connectivity-t.jar: ok
04-01 08:46:53.584 880 959 W Looper : Slow delivery took 1478ms SysUiBg h=android.os.Handler c=null m=0
04-01 08:46:53.594 880 959 W Looper : Drained
04-01 08:46:53.632 458 462 W ServiceManagerCppClient: Permission failure: android.permission.ACCESS_SURFACE_FLINGER from uid=10066 pid=0
04-01 08:46:53.632 458 1160 W ServiceManagerCppClient: Permission failure: android.permission.ACCESS_SURFACE_FLINGER from uid=10066 pid=1107
04-01 08:46:53.633 458 462 D PermissionCache: checking android.permission.ACCESS_SURFACE_FLINGER for uid=10066 => denied (2534 us)
04-01 08:46:53.633 458 1160 D PermissionCache: checking android.permission.ACCESS_SURFACE_FLINGER for uid=10066 => denied (813 us)
04-01 08:46:53.633 458 462 D PermissionCache: checking android.permission.ROTATE_SURFACE_FLINGER for uid=10066 => granted (573 us)
04-01 08:46:53.633 458 1160 D PermissionCache: checking android.permission.ROTATE_SURFACE_FLINGER for uid=10066 => granted (552 us)
04-01 08:46:53.634 458 462 D PermissionCache: checking android.permission.INTERNAL_SYSTEM_WINDOW for uid=10066 => granted (913 us)
04-01 08:46:53.636 458 1160 D PermissionCache: checking android.permission.INTERNAL_SYSTEM_WINDOW for uid=10066 => granted (2788 us)
04-01 08:46:53.680 663 961 W com.android.internal.protolog.LogcatOnlyProtoLogImpl: ProtoLog message not processed. Failed to log it to proto. Logging it below to logcat instead.
04-01 08:46:53.680 663 961 V WindowManager: Binding proc com.android.photopicker with config {1.0 ?mcc0mnc [en_US] ldltr sw720dp w1280dp h720dp 240dpi xlrg long land -touch qwerty/v/v -nav/h winConfig={ mBounds=Rect(0, 0 - 1920, 1080) mAppBounds=Rect(0, 0 - 1920, 1080) mMaxBounds=Rect(0, 0 - 1920, 1080) mDisplayRotation=ROTATION_0 mWindowingMode=fullscreen mActivityType=undefined mAlwaysOnTop=undefined mRotation=ROTATION_0} s.6 fontWeightAdjustment=0}
04-01 08:46:53.681 1107 1130 D CompatChangeReporter: Compat change id reported: 270674727; UID 10066; state: ENABLED
04-01 08:46:53.685 1107 1130 D b/353505773: before: Database file: launcher_6_by_5.db
04-01 08:46:53.685 1107 1130 D b/353505773: before: Database file: launcher_6_by_5.db-journal
04-01 08:46:53.685 1107 1130 D b/353505773: before: Database file: app_icons.db
04-01 08:46:53.685 1107 1130 D b/353505773: before: Database file: app_icons.db-journal
04-01 08:46:53.686 1107 1130 D RestoreDbTask: No restore task pending, exiting RestoreDbTask
04-01 08:46:53.686 1107 1130 D b/353505773: after: Database file: launcher_6_by_5.db
04-01 08:46:53.686 1107 1130 D b/353505773: after: Database file: launcher_6_by_5.db-journal
04-01 08:46:53.686 1107 1130 D b/353505773: after: Database file: app_icons.db
04-01 08:46:53.686 1107 1130 D b/353505773: after: Database file: app_icons.db-journal
04-01 08:46:53.687 1107 1130 D LauncherProvider: migrateGridIfNeeded: no grid migration needed
04-01 08:46:53.687 1107 1130 D LoaderTask: loadWorkspace: loading default favorites
04-01 08:46:53.731 663 961 W ActivityManager: Slow operation: 52ms so far, now at attachApplicationLocked: after updateOomAdjLocked
04-01 08:46:53.732 1243 1393 V MediaStore: Examining volume emulated;0 with name external_primary and state mounted
04-01 08:46:53.748 1107 1107 D BubbleBarView: BubbleBar RTL properties changed, new layoutDirection=0 previous layoutDirection=-1
04-01 08:46:53.760 663 663 I DevicePolicyManager: Finished calculating hasIncompatibleAccountsTask
04-01 08:46:53.762 663 1431 I RecoverySystem: No recovery log file
04-01 08:46:53.763 663 663 I TransportConnection: LocalTransportService#0: Notifying [TransportManager.registerTransport()] transport = BackupTransportClient
04-01 08:46:53.773 1107 1130 D LoaderTask: loadWorkspace: Packages with active install sessions: []
04-01 08:46:53.784 663 1431 I DropBoxManagerService: add tag=SYSTEM_BOOT isTagEnabled=true flags=0x2
04-01 08:46:53.793 663 1431 I BootReceiver: Copying audit failures to DropBox
04-01 08:46:53.802 663 1431 I BootReceiver: Checking for fsck errors
04-01 08:46:53.810 1331 1406 D WM-SystemJobScheduler: Scheduling work ID ad77c14e-e6f0-43fc-8388-ab737f084a9aJob ID 22
04-01 08:46:53.816 663 1431 I BootReceiver: fs_stat, partition:userdata stat:0x0
04-01 08:46:53.820 663 1023 D BufferPoolAccessor2.0: evictor expired: 2, evicted: 0
04-01 08:46:53.831 663 733 D ShortcutService: Getting shortcuts for launcher= com.android.launcher3userId=0 pkg=null
04-01 08:46:53.849 663 680 W ServiceManagerCppClient: Permission failure: android.permission.ACCESS_SURFACE_FLINGER from uid=10066 pid=0
04-01 08:46:53.849 663 680 D PermissionCache: checking android.permission.ACCESS_SURFACE_FLINGER for uid=10066 => denied (427 us)
04-01 08:46:53.850 663 680 D PermissionCache: checking android.permission.ROTATE_SURFACE_FLINGER for uid=10066 => granted (203 us)
04-01 08:46:53.850 663 680 D PermissionCache: checking android.permission.INTERNAL_SYSTEM_WINDOW for uid=10066 => granted (142 us)
04-01 08:46:53.874 663 686 W Looper : Slow dispatch took 108ms android.ui h=com.android.server.am.ActivityManagerService$UiHandler c=null m=68
04-01 08:46:53.880 1107 1253 I HWUI : Davey! duration=1680ms; Flags=1, FrameTimelineVsyncId=4319, IntendedVsync=47803394335, Vsync=49070065207, InputEventId=0, HandleInputStart=49091706625, AnimationStart=49091709410, PerformTraversalsStart=49092234335, DrawStart=49459173590, FrameDeadline=47820061002, FrameInterval=49083378940, FrameStartTime=16666667, SyncQueued=49464938935, SyncStart=49465187510, IssueDrawCommandsStart=49468830195, SwapBuffers=49481838435, FrameCompleted=49484078595, DequeueBufferDuration=42550, QueueBufferDuration=1485615, GpuCompleted=49482943555, SwapBuffersCompleted=49484078595, DisplayPresentTime=0, CommandSubmissionCompleted=49481838435,
04-01 08:46:53.871 1331 1406 D WM-GreedyScheduler: Starting tracking for ad77c14e-e6f0-43fc-8388-ab737f084a9a
04-01 08:46:53.888 663 681 D SystemServerTiming: getUserSwitchability-0
04-01 08:46:53.888 663 681 D SystemServerTiming: TM.isInCall
04-01 08:46:53.888 663 681 V SystemServerTiming: TM.isInCall took to complete: 0ms
04-01 08:46:53.888 663 681 D SystemServerTiming: hasUserRestriction-DISALLOW_USER_SWITCH
04-01 08:46:53.888 663 681 V SystemServerTiming: hasUserRestriction-DISALLOW_USER_SWITCH took to complete: 0ms
04-01 08:46:53.889 663 681 D SystemServerTiming: getInt-ALLOW_USER_SWITCHING_WHEN_SYSTEM_USER_LOCKED
04-01 08:46:53.889 663 681 V SystemServerTiming: getInt-ALLOW_USER_SWITCHING_WHEN_SYSTEM_USER_LOCKED took to complete: 0ms
04-01 08:46:53.889 663 681 D SystemServerTiming: isUserUnlocked-USER_SYSTEM
04-01 08:46:53.889 663 681 V SystemServerTiming: isUserUnlocked-USER_SYSTEM took to complete: 0ms
04-01 08:46:53.889 663 681 V SystemServerTiming: getUserSwitchability-0 took to complete: 1ms
04-01 08:46:53.892 663 770 I StorageSessionController: Notifying volume state changed for session with id: emulated;0
04-01 08:46:53.896 663 1431 V GrammaticalInflectionUtils: AttributionSource: AttributionSource { uid = 10019, packageName = null, attributionTag = null, token = android.os.Binder@9b3ff43, deviceId = 0, next = null } does not have READ_SYSTEM_GRAMMATICAL_GENDER permission.
04-01 08:46:53.896 880 880 D SbStateController: setIsDreaming:false
04-01 08:46:53.896 663 1431 D CompatChangeReporter: Compat change id reported: 151861875; UID 10019; state: ENABLED
04-01 08:46:53.897 663 1244 W AppSearchIcing: icing-search-engine.cc:328: Error: 5, Message: Document (VS#Pkg$VS#AndroidVDb/androidVOverlay, android$contacts/builtin:ContactPoint) not found.
04-01 08:46:53.902 880 880 I Choreographer: Skipped 64 frames! The application may be doing too much work on its main thread.
04-01 08:46:53.907 981 981 I VvmSimStateTracker: android.intent.action.BOOT_COMPLETED
04-01 08:46:53.918 981 981 I VvmSimStateTracker: onReceive: ACTION_BOOT_COMPLETED
04-01 08:46:53.920 663 663 W Looper : Slow dispatch took 104ms main h=android.app.ActivityThread$H c=android.app.LoadedApk$ReceiverDispatcher$Args$$ExternalSyntheticLambda0@42d9a3a m=0
04-01 08:46:53.923 986 986 D BootBroadcastReceiver: refresh periodic job from action=android.intent.action.BOOT_COMPLETED
04-01 08:46:53.924 1243 1393 V MediaProvider: attachVolume() called for external_primary with state:mounted
04-01 08:46:53.925 1414 1414 D ApplicationLoaders: Returning zygote-cached class loader: /system_ext/framework/androidx.window.extensions.jar
04-01 08:46:53.925 1414 1414 D ApplicationLoaders: Returning zygote-cached class loader: /system_ext/framework/androidx.window.sidecar.jar
04-01 08:46:53.932 663 1244 W AppSearchIcing: icing-search-engine.cc:328: Error: 5, Message: Document (VS#Pkg$VS#AndroidVDb/androidVOverlay, android$contacts/builtin:Person) not found.
04-01 08:46:53.936 1282 1282 I CheckInBootCompletedReceiver: Received boot completed intent
04-01 08:46:53.950 663 685 W Looper : Slow dispatch took 152ms android.fg h=com.android.server.DropBoxManagerService$DropBoxManagerBroadcastHandler c=null m=1
04-01 08:46:53.975 1243 1243 V MediaStore: Examining volume emulated;0 with name external_primary and state mounted
04-01 08:46:53.978 500 500 D Zygote : Forked child process 1439
04-01 08:46:53.983 663 696 W ActivityManager: Slow operation: 86ms so far, now at startProcess: returned from zygote!
04-01 08:46:53.985 1107 1130 D LoaderTask: No pinned shortcuts found for user UserHandle{0}
04-01 08:46:53.986 663 848 D ShortcutService: Saving package item com.android.contacts to /data/system_ce/0/shortcut_service/packages/com.android.contacts.xml
04-01 08:46:53.989 663 848 D ShortcutService: Persisting shortcuts from 0@com.android.contacts
04-01 08:46:53.989 663 848 D ShortcutService: shortcut-add-contact [ImManIc-rStr]
04-01 08:46:54.016 663 696 W ActivityManager: Slow operation: 119ms so far, now at startProcess: done updating battery stats
04-01 08:46:54.019 663 696 W ActivityManager: Slow operation: 122ms so far, now at startProcess: building log message
04-01 08:46:54.019 663 696 I ActivityManager: Start proc 1439:android.process.media/u0a19 for content provider {com.android.providers.downloads/com.android.providers.downloads.DownloadProvider}
04-01 08:46:54.019 663 696 W ActivityManager: Slow operation: 122ms so far, now at startProcess: starting to update pids map
04-01 08:46:54.027 663 696 W ActivityManager: Slow operation: 130ms so far, now at startProcess: done updating pids map
04-01 08:46:54.038 1439 1439 I d.process.media: Using CollectorTypeCMC GC.
04-01 08:46:54.039 1414 1414 D nativeloader: Configuring clns-shared-7 for other apk /apex/com.android.mediaprovider/priv-app/Photopicker@AP4A.250105.002.A1/Photopicker.apk. target_sdk_version=35, uses_libraries=, library_path=/apex/com.android.mediaprovider/priv-app/Photopicker@AP4A.250105.002.A1/lib/arm64:/system/lib64, permitted_path=/data:/mnt/expand:/data/user/0/com.android.photopicker:/apex/com.android.mediaprovider/priv-app/Photopicker@AP4A.250105.002.A1:/system/lib64
04-01 08:46:54.046 1282 1438 I DeviceLockControllerSchedulerImpl: Successfully called notifyNeedRescheduleCheckIn
04-01 08:46:54.052 1168 1168 I SystemBroadcastReceiver: Boot has been completed
04-01 08:46:54.052 1168 1168 I SystemBroadcastReceiver: toggleAppIcon() : FLAG_SYSTEM = true
04-01 08:46:54.057 1439 1439 E d.process.media: Not starting debugger since process cannot load the jdwp agent.
04-01 08:46:54.085 1282 1282 D WM-RescheduleReceiver: Received intent Intent { act=android.intent.action.BOOT_COMPLETED flg=0x89000010 cmp=com.android.devicelockcontroller/androidx.work.impl.background.systemalarm.RescheduleReceiver (has extras) }
04-01 08:46:54.095 1414 1414 D nativeloader: InitApexLibraries:
04-01 08:46:54.095 1414 1414 D nativeloader: com_android_adservices: libhpke_jni.so:libtflite_support_classifiers_native.so
04-01 08:46:54.095 1414 1414 D nativeloader: com_android_appsearch: libicing.so
04-01 08:46:54.095 1414 1414 D nativeloader: com_android_art: libartservice.so
04-01 08:46:54.095 1414 1414 D nativeloader: com_android_btservices: libbluetooth_jni.so
04-01 08:46:54.095 1414 1414 D nativeloader: com_android_conscrypt: libjavacrypto.so
04-01 08:46:54.095 1414 1414 D nativeloader: com_android_extservices: libtflite_support_classifiers_native.so
04-01 08:46:54.095 1414 1414 D nativeloader: com_android_mediaprovider: libpdfclient.so
04-01 08:46:54.095 1414 1414 D nativeloader: com_android_nfcservices: libnfc_nci_jni.so
04-01 08:46:54.095 1414 1414 D nativeloader: com_android_ondevicepersonalization: libfcp_cpp_dep_jni.so:libfcp_hpke_jni.so
04-01 08:46:54.095 1414 1414 D nativeloader: com_android_os_statsd: libstats_jni.so
04-01 08:46:54.095 1414 1414 D nativeloader: com_android_tethering: libandroid_net_connectivity_com_android_net_module_util_jni.so:libcrypto.so:libframework-connectivity-jni.so:libframework-connectivity-tiramisu-jni.so:libmainlinecronet.126.0.6423.0.so:libservice-connectivity.so:libservice-thread-jni.so:libssl.so
04-01 08:46:54.095 1414 1414 D nativeloader: com_android_uwb: libuwb_uci_jni_rust.so
04-01 08:46:54.095 1414 1414 D nativeloader: com_android_virt: libvirtualizationservice_jni.so:libvirtualmachine_jni.so
04-01 08:46:54.119 1439 1439 D nativeloader: Load libframework-connectivity-tiramisu-jni.so using APEX ns com_android_tethering for caller /apex/com.android.tethering/javalib/framework-connectivity-t.jar: ok
04-01 08:46:54.135 1243 1393 D MediaProvider: Received db backup Fuse Daemon for: external_primary
04-01 08:46:54.144 663 1244 E AppSearchManagerService: Unable to schedule fully persist job for 0
04-01 08:46:54.144 663 1244 E AppSearchManagerService: java.lang.IllegalArgumentException: Tried to schedule job for non-existent component: ComponentInfo{android/com.android.server.appsearch.AppSearchMaintenanceService}
04-01 08:46:54.144 663 1244 E AppSearchManagerService: at com.android.server.job.JobSchedulerService$JobSchedulerStub.enforceValidJobRequest(JobSchedulerService.java:4771)
04-01 08:46:54.144 663 1244 E AppSearchManagerService: at com.android.server.job.JobSchedulerService$JobSchedulerStub.schedule(JobSchedulerService.java:4984)
04-01 08:46:54.144 663 1244 E AppSearchManagerService: at android.app.JobSchedulerImpl.schedule(JobSchedulerImpl.java:87)
04-01 08:46:54.144 663 1244 E AppSearchManagerService: at com.android.server.appsearch.AppSearchMaintenanceService.scheduleFullyPersistJob(AppSearchMaintenanceService.java:91)
04-01 08:46:54.144 663 1244 E AppSearchManagerService: at com.android.server.appsearch.AppSearchManagerService.lambda$onUserUnlocking$1(AppSearchManagerService.java:386)
04-01 08:46:54.144 663 1244 E AppSearchManagerService: at com.android.server.appsearch.AppSearchManagerService.$r8$lambda$7li-QUZvrsDk5ZvsFzpgCXuGV7s(AppSearchManagerService.java:0)
04-01 08:46:54.144 663 1244 E AppSearchManagerService: at com.android.server.appsearch.AppSearchManagerService$$ExternalSyntheticLambda3.run(R8$$SyntheticClass:0)
04-01 08:46:54.144 663 1244 E AppSearchManagerService: at java.util.concurrent.ThreadPoolExecutor.runWorker(ThreadPoolExecutor.java:1145)
04-01 08:46:54.144 663 1244 E AppSearchManagerService: at java.util.concurrent.ThreadPoolExecutor$Worker.run(ThreadPoolExecutor.java:644)
04-01 08:46:54.144 663 1244 E AppSearchManagerService: at java.lang.Thread.run(Thread.java:1117)
04-01 08:46:54.148 663 1245 D BackupTransportManager: [UserID:0] Transport com.android.localtransport/.LocalTransportService registered
04-01 08:46:54.148 663 1245 D BackupManagerService: [UserID:0] Transport com.android.localtransport/.LocalTransport registered 4322ms after first request (delay = 3000ms)
04-01 08:46:54.162 663 1244 W AppSearchIcing: icing-search-engine.cc:328: Error: 5, Message: Failed to delete Document. namespace: VS#Pkg$VS#AndroidVDb/androidVOverlay, uri: android$contacts/builtin:ContactPoint;Failed to find DocumentId by key: VS#Pkg$VS#AndroidVDb/androidVOverlay, android$contacts/builtin:ContactPoint;Key not found VS#Pkg$VS#AndroidVDb/androidVOverlay in DynamicTrieKeyMapper /data/system_ce/0/appsearch/icing/document_dir/namespace_mapper/key_mapper_dir/key_mapper.
04-01 08:46:54.163 663 1244 W AppSearchIcing: icing-search-engine.cc:328: Error: 5, Message: Failed to delete Document. namespace: VS#Pkg$VS#AndroidVDb/androidVOverlay, uri: android$contacts/builtin:Person;Failed to find DocumentId by key: VS#Pkg$VS#AndroidVDb/androidVOverlay, android$contacts/builtin:Person;Key not found VS#Pkg$VS#AndroidVDb/androidVOverlay in DynamicTrieKeyMapper /data/system_ce/0/appsearch/icing/document_dir/namespace_mapper/key_mapper_dir/key_mapper.
04-01 08:46:54.194 1243 1393 E FuseDaemon: Leveldb setup is missing for: internal
04-01 08:46:54.212 663 1245 I BackupManagerService: [UserID:0] Found 11 stale backup journal(s), scheduling.
04-01 08:46:54.214 663 733 W com.android.internal.protolog.LogcatOnlyProtoLogImpl: ProtoLog message not processed. Failed to log it to proto. Logging it below to logcat instead.
04-01 08:46:54.214 663 733 V WindowManager: Binding proc android.process.media with config {1.0 ?mcc0mnc [en_US] ldltr sw720dp w1280dp h720dp 240dpi xlrg long land -touch qwerty/v/v -nav/h winConfig={ mBounds=Rect(0, 0 - 1920, 1080) mAppBounds=Rect(0, 0 - 1920, 1080) mMaxBounds=Rect(0, 0 - 1920, 1080) mDisplayRotation=ROTATION_0 mWindowingMode=fullscreen mActivityType=undefined mAlwaysOnTop=undefined mRotation=ROTATION_0} s.6 fontWeightAdjustment=0}
04-01 08:46:54.235 663 1246 V GrammaticalInflectionUtils: AttributionSource: AttributionSource { uid = 10018, packageName = null, attributionTag = null, token = android.os.Binder@9b3ff43, deviceId = 0, next = null } does not have READ_SYSTEM_GRAMMATICAL_GENDER permission.
04-01 08:46:54.239 1414 1414 D CompatChangeReporter: Compat change id reported: 202956589; UID 10093; state: ENABLED
04-01 08:46:54.239 663 1246 D CompatChangeReporter: Compat change id reported: 151861875; UID 10018; state: ENABLED
04-01 08:46:54.243 986 986 D PeriodicJobManager: schedule next alarm job at Apr 01, 2025, 10:00:00
04-01 08:46:54.252 1331 1361 D WM-ConstraintTracker: NetworkStateTracker24: initial state = NetworkState(isConnected=false, isValidated=false, isMetered=true, isNotRoaming=false)
04-01 08:46:54.252 1331 1361 D WM-NetworkStateTracker: Registering network callback
04-01 08:46:54.261 663 848 D ShortcutService: Saving package item com.android.settings to /data/system_ce/0/shortcut_service/packages/com.android.settings.xml
04-01 08:46:54.262 663 733 I AppWidgetServiceImpl: getInstalledProvidersForProfiles() 0
04-01 08:46:54.270 986 986 D BatterySettingsMigrateChecker: onReceive: Intent { act=android.intent.action.BOOT_COMPLETED flg=0x89000010 cmp=com.android.settings/.fuelgauge.BatterySettingsMigrateChecker (has extras) } owner: true
04-01 08:46:54.270 986 986 D BatterySettingsMigrateChecker: invoke verifySaverConfiguration()
04-01 08:46:54.272 500 500 D Zygote : Forked child process 1458
04-01 08:46:54.274 663 696 I ActivityManager: Start proc 1458:android.process.acore/u0a18 for content provider {com.android.providers.contacts/com.android.providers.contacts.ContactsProvider2}
04-01 08:46:54.283 663 733 I AppWidgetServiceImpl: setWidgetPreview() 0
04-01 08:46:54.296 663 836 D AppWidgetServiceImpl: Trying to notify widget providers changed
04-01 08:46:54.300 663 836 D AppWidgetServiceImpl: Trying to notify widget providers changed
04-01 08:46:54.306 986 986 D BatterySettingsMigrateChecker: invoke verifyOptimizationModes()
04-01 08:46:54.312 986 986 I DynamicDenylistManager: syncPolicyIfNeeded() ignore synced manual denylist
04-01 08:46:54.315 1414 1414 V GraphicsEnvironment: Currently set values for:
04-01 08:46:54.315 1414 1414 V GraphicsEnvironment: angle_gl_driver_selection_pkgs=[]
04-01 08:46:54.315 1414 1414 V GraphicsEnvironment: angle_gl_driver_selection_values=[]
04-01 08:46:54.315 1414 1414 V GraphicsEnvironment: Global.Settings values are invalid: number of packages: 0, number of values: 0
04-01 08:46:54.315 1414 1414 V GraphicsEnvironment: Neither updatable production driver nor prerelease driver is supported.
04-01 08:46:54.326 1458 1458 I d.process.acore: Using CollectorTypeCMC GC.
04-01 08:46:54.327 663 732 I AppWidgetServiceImpl: getInstalledProvidersForProfiles() 0
04-01 08:46:54.329 1107 1107 D b/267448330: provider: ComponentInfo{com.android.quicksearchbox/com.android.quicksearchbox.SearchWidgetProvider}, paddedSizes: [621.3333x108.0, 621.3333x108.0, 1045.3334x101.333336, 1045.3334x101.333336], getMinMaxSizes: Rect(621, 101 - 1045, 108)
04-01 08:46:54.330 663 1108 I AppWidgetServiceImpl: getAppWidgetInfo() 0
04-01 08:46:54.337 1458 1458 E d.process.acore: Not starting debugger since process cannot load the jdwp agent.
04-01 08:46:54.338 1282 1282 D WM-PackageManagerHelper: Skipping component enablement for androidx.work.impl.background.systemjob.SystemJobService
04-01 08:46:54.338 1282 1282 D WM-Schedulers: Created SystemJobScheduler and enabled SystemJobService
04-01 08:46:54.340 663 732 I AppWidgetServiceImpl: getAppWidgetViews() 0
04-01 08:46:54.351 1439 1439 D nativeloader: Configuring clns-shared-7 for other apk /system/priv-app/DownloadProvider/DownloadProvider.apk. target_sdk_version=35, uses_libraries=, library_path=/system/priv-app/DownloadProvider/lib/arm64:/system/lib64, permitted_path=/data:/mnt/expand:/data/user/0/com.android.providers.downloads:/system/priv-app/DownloadProvider:/system/lib64
04-01 08:46:54.354 1439 1439 D CompatChangeReporter: Compat change id reported: 202956589; UID 10019; state: ENABLED
04-01 08:46:54.355 663 733 I AppWidgetServiceImpl: getAppWidgetOptions() 0
04-01 08:46:54.355 1458 1458 D nativeloader: Load libframework-connectivity-tiramisu-jni.so using APEX ns com_android_tethering for caller /apex/com.android.tethering/javalib/framework-connectivity-t.jar: ok
04-01 08:46:54.357 986 986 W DynamicDenylistManager: resetDenylistIfNeeded: there is no valid UIDs
04-01 08:46:54.358 986 986 I DynamicDenylistManager: clearSharedPreferences()
04-01 08:46:54.359 1282 1467 D WM-ForceStopRunnable: The default process name was not specified.
04-01 08:46:54.360 1282 1467 D WM-ForceStopRunnable: Performing cleanup operations.
04-01 08:46:54.376 1439 1439 V GraphicsEnvironment: Currently set values for:
04-01 08:46:54.376 1439 1439 V GraphicsEnvironment: angle_gl_driver_selection_pkgs=[]
04-01 08:46:54.376 1439 1439 V GraphicsEnvironment: angle_gl_driver_selection_values=[]
04-01 08:46:54.376 1439 1439 V GraphicsEnvironment: Global.Settings values are invalid: number of packages: 0, number of values: 0
04-01 08:46:54.376 1439 1439 V GraphicsEnvironment: Neither updatable production driver nor prerelease driver is supported.
04-01 08:46:54.377 880 880 D ZenModeController: Added callback class com.android.systemui.qs.tiles.DndTile$3
04-01 08:46:54.381 1243 1393 I FuseDaemon: Leveldb connection established for :internal
04-01 08:46:54.381 1243 1393 E FuseDaemon: Leveldb setup is missing for: external_primary
04-01 08:46:54.393 663 681 D ConnectivityService: requestNetwork for uid/pid:10033/1331 activeRequest: null callbackRequest: 37 [NetworkRequest [ REQUEST id=38, [ Capabilities: INTERNET&NOT_RESTRICTED&TRUSTED&NOT_VCN_MANAGED&NOT_BANDWIDTH_CONSTRAINED Uid: 10033 RequestorUid: 10033 RequestorPkg: com.android.statementservice UnderlyingNetworks: Null] ]] callback flags: 0 order: 2147483647 isUidTracked: false declaredMethods: ALL
04-01 08:46:54.393 663 732 W com.android.internal.protolog.LogcatOnlyProtoLogImpl: ProtoLog message not processed. Failed to log it to proto. Logging it below to logcat instead.
04-01 08:46:54.393 663 732 V WindowManager: Binding proc android.process.acore with config {1.0 ?mcc0mnc [en_US] ldltr sw720dp w1280dp h720dp 240dpi xlrg long land -touch qwerty/v/v -nav/h winConfig={ mBounds=Rect(0, 0 - 1920, 1080) mAppBounds=Rect(0, 0 - 1920, 1080) mMaxBounds=Rect(0, 0 - 1920, 1080) mDisplayRotation=ROTATION_0 mWindowingMode=fullscreen mActivityType=undefined mAlwaysOnTop=undefined mRotation=ROTATION_0} s.6 fontWeightAdjustment=0}
04-01 08:46:54.394 663 794 D WifiNetworkFactory: got request NetworkRequest [ REQUEST id=38, [ Capabilities: INTERNET&NOT_RESTRICTED&TRUSTED&NOT_VCN_MANAGED&NOT_BANDWIDTH_CONSTRAINED Uid: 10033 RequestorUid: 10033 RequestorPkg: com.android.statementservice UnderlyingNetworks: Null] ]
04-01 08:46:54.395 663 794 D UntrustedWifiNetworkFactory: got request NetworkRequest [ REQUEST id=38, [ Capabilities: INTERNET&NOT_RESTRICTED&TRUSTED&NOT_VCN_MANAGED&NOT_BANDWIDTH_CONSTRAINED Uid: 10033 RequestorUid: 10033 RequestorPkg: com.android.statementservice UnderlyingNetworks: Null] ]
04-01 08:46:54.395 663 794 D OemPaidWifiNetworkFactory: got request NetworkRequest [ REQUEST id=38, [ Capabilities: INTERNET&NOT_RESTRICTED&TRUSTED&NOT_VCN_MANAGED&NOT_BANDWIDTH_CONSTRAINED Uid: 10033 RequestorUid: 10033 RequestorPkg: com.android.statementservice UnderlyingNetworks: Null] ]
04-01 08:46:54.395 663 808 D ConnectivityService: NetReassign [no changes] [c 0] [a 0] [i 1]
04-01 08:46:54.397 663 794 D MultiInternetWifiNetworkFactory: got request NetworkRequest [ REQUEST id=38, [ Capabilities: INTERNET&NOT_RESTRICTED&TRUSTED&NOT_VCN_MANAGED&NOT_BANDWIDTH_CONSTRAINED Uid: 10033 RequestorUid: 10033 RequestorPkg: com.android.statementservice UnderlyingNetworks: Null] ]
04-01 08:46:54.400 663 1245 I BackupManagerService: [UserID:0] Stale backup journals: Scheduled 11 package(s) total
04-01 08:46:54.408 1037 1037 D CompatChangeReporter: Compat change id reported: 311402873; UID 10074; state: ENABLED
04-01 08:46:54.417 1037 1037 D CompatChangeReporter: Compat change id reported: 323349338; UID 10074; state: ENABLED
04-01 08:46:54.420 663 733 D CompatChangeReporter: Compat change id reported: 311402873; UID 10074; state: ENABLED
04-01 08:46:54.420 663 733 D CompatChangeReporter: Compat change id reported: 323349338; UID 10074; state: ENABLED
04-01 08:46:54.429 663 848 D ShortcutService: Persisting shortcuts from 0@com.android.settings
04-01 08:46:54.429 663 848 D ShortcutService: manifest-shortcut-wifi [ImManIc-rStr]
04-01 08:46:54.430 663 848 D ShortcutService: manifest-shortcut-battery [ImManIc-rStr]
04-01 08:46:54.440 1331 1401 D WM-PackageManagerHelper: Skipping component enablement for androidx.work.impl.background.systemalarm.RescheduleReceiver
04-01 08:46:54.485 497 531 I netd : tetherGetStats() -> {[]} <13.94ms>
04-01 08:46:54.513 1331 1401 D WM-GreedyScheduler: Constraints not met: Cancelling work ID WorkGenerationalId(workSpecId=ad77c14e-e6f0-43fc-8388-ab737f084a9a, generation=0)
04-01 08:46:54.530 1439 1439 D nativeloader: Configuring clns-shared-8 for other apk /system/priv-app/MtpService/MtpService.apk. target_sdk_version=35, uses_libraries=, library_path=/system/priv-app/MtpService/lib/arm64:/system/lib64, permitted_path=/data:/mnt/expand:/data/user/0/com.android.mtp:/system/priv-app/MtpService:/system/lib64
04-01 08:46:54.537 1243 1393 I FuseDaemon: Leveldb connection established for :external_primary
04-01 08:46:54.537 1243 1393 E FuseDaemon: Leveldb setup is missing for: ownership
04-01 08:46:54.549 1107 1130 D LoaderTask: loadWorkspace
04-01 08:46:54.553 663 681 I AppWidgetServiceImpl: getAppWidgetIdsForHost() 0
04-01 08:46:54.570 663 681 D ShortcutService: Getting shortcuts for launcher= com.android.launcher3userId=0 pkg=null
04-01 08:46:54.583 1282 1467 D WM-SystemJobScheduler: Reconciling jobs
04-01 08:46:54.613 1458 1458 D nativeloader: Configuring clns-shared-7 for other apk /system/priv-app/ContactsProvider/ContactsProvider.apk. target_sdk_version=35, uses_libraries=, library_path=/system/priv-app/ContactsProvider/lib/arm64:/system/lib64, permitted_path=/data:/mnt/expand:/data/user/0/com.android.providers.contacts:/system/priv-app/ContactsProvider:/system/lib64
04-01 08:46:54.622 880 880 I Choreographer: Skipped 42 frames! The application may be doing too much work on its main thread.
04-01 08:46:54.633 1458 1458 D CompatChangeReporter: Compat change id reported: 202956589; UID 10018; state: ENABLED
04-01 08:46:54.637 1282 1467 D WM-ForceStopRunnable: Found unfinished work, scheduling it.
04-01 08:46:54.670 1458 1458 V GraphicsEnvironment: Currently set values for:
04-01 08:46:54.670 1458 1458 V GraphicsEnvironment: angle_gl_driver_selection_pkgs=[]
04-01 08:46:54.671 1458 1458 V GraphicsEnvironment: angle_gl_driver_selection_values=[]
04-01 08:46:54.671 1458 1458 V GraphicsEnvironment: Global.Settings values are invalid: number of packages: 0, number of values: 0
04-01 08:46:54.671 1458 1458 V GraphicsEnvironment: Neither updatable production driver nor prerelease driver is supported.
04-01 08:46:54.678 1282 1467 D CompatChangeReporter: Compat change id reported: 311402873; UID 10085; state: ENABLED
04-01 08:46:54.679 1282 1467 D CompatChangeReporter: Compat change id reported: 323349338; UID 10085; state: ENABLED
04-01 08:46:54.679 1282 1467 D WM-SystemJobScheduler: Scheduling work ID be35e7ea-051b-4496-8d85-56b7cfbb86b3Job ID 0
04-01 08:46:54.683 663 680 D CompatChangeReporter: Compat change id reported: 311402873; UID 10085; state: ENABLED
04-01 08:46:54.683 663 680 D CompatChangeReporter: Compat change id reported: 323349338; UID 10085; state: ENABLED
04-01 08:46:54.696 663 680 D ConnectivityService: requestNetwork for uid/pid:1000/663 asUid: 10085 activeRequest: null callbackRequest: 39 [NetworkRequest [ REQUEST id=40, [ Capabilities: INTERNET&NOT_RESTRICTED&TRUSTED&NOT_VCN_MANAGED&NOT_BANDWIDTH_CONSTRAINED Uid: 10085 RequestorUid: 1000 RequestorPkg: android UnderlyingNetworks: Null] ]] callback flags: 0 order: 2147483647 isUidTracked: false declaredMethods: ALL
04-01 08:46:54.701 1107 1130 D LoaderTask: sanitizeData
04-01 08:46:54.707 1107 1130 D LoaderTask: bindWorkspace
04-01 08:46:54.708 663 808 D ConnectivityService: NetReassign [no changes] [c 0] [a 0] [i 7]
04-01 08:46:54.709 663 794 D WifiNetworkFactory: got request NetworkRequest [ REQUEST id=40, [ Capabilities: INTERNET&NOT_RESTRICTED&TRUSTED&NOT_VCN_MANAGED&NOT_BANDWIDTH_CONSTRAINED Uid: 10085 RequestorUid: 1000 RequestorPkg: android UnderlyingNetworks: Null] ]
04-01 08:46:54.709 663 794 D UntrustedWifiNetworkFactory: got request NetworkRequest [ REQUEST id=40, [ Capabilities: INTERNET&NOT_RESTRICTED&TRUSTED&NOT_VCN_MANAGED&NOT_BANDWIDTH_CONSTRAINED Uid: 10085 RequestorUid: 1000 RequestorPkg: android UnderlyingNetworks: Null] ]
04-01 08:46:54.709 663 794 D OemPaidWifiNetworkFactory: got request NetworkRequest [ REQUEST id=40, [ Capabilities: INTERNET&NOT_RESTRICTED&TRUSTED&NOT_VCN_MANAGED&NOT_BANDWIDTH_CONSTRAINED Uid: 10085 RequestorUid: 1000 RequestorPkg: android UnderlyingNetworks: Null] ]
04-01 08:46:54.710 663 794 D MultiInternetWifiNetworkFactory: got request NetworkRequest [ REQUEST id=40, [ Capabilities: INTERNET&NOT_RESTRICTED&TRUSTED&NOT_VCN_MANAGED&NOT_BANDWIDTH_CONSTRAINED Uid: 10085 RequestorUid: 1000 RequestorPkg: android UnderlyingNetworks: Null] ]
04-01 08:46:54.732 1107 1107 D CellLayout: Adding view to ShortcutsAndWidgetsContainer: com.android.launcher3.qsb.QsbContainerView{fc79b5f V.E...... ......ID 0,0-737,152 #7f0902b9 app:id/search_container_workspace}
04-01 08:46:54.736 1037 1096 D AccessibilitySourceService: enabled a11y services count 0
04-01 08:46:54.736 1107 1107 D ModelCallbacks: startBinding: hotseat layout was vertical: false and is setting to false
04-01 08:46:54.736 1037 1096 D AccessibilitySourceService: a11y source sending 0 issue to sc
