01-01 00:00:15.398 230 230 I loop1 : detected capacity change from 0 to 15576
01-01 00:00:15.400 229 229 I loop2 : detected capacity change from 0 to 1648
01-01 00:00:15.404 167 167 E ueventd : LoadWithAliases was unable to load of:NgpioT(null)Cti,am64-gpioCti,keystone-gpio, tried: of:NgpioT(null)Cti,am64_gpioCti,keystone_gpio
01-01 00:00:15.407 231 231 W apexd-bootstrap: Loopback device 3 not ready. Waiting 50ms...: No such file or directory
01-01 00:00:15.421 167 167 E ueventd : LoadWithAliases was unable to load of:NgpioT(null)Cti,am64-gpioCti,keystone-gpio, tried: of:NgpioT(null)Cti,am64_gpioCti,keystone_gpio
01-01 00:00:15.439 167 167 E ueventd : LoadWithAliases was unable to load of:Ndma-controllerT(null)Cti,am62a-dmss-bcdma-csirx, tried: of:Ndma_controllerT(null)Cti,am62a_dmss_bcdma_csirx
01-01 00:00:15.457 167 167 E ueventd : LoadWithAliases was unable to load of:Ni2cT(null)Cti,am64-i2cCti,omap4-i2c, tried: of:Ni2cT(null)Cti,am64_i2cCti,omap4_i2c
01-01 00:00:15.470 231 231 I loop3 : detected capacity change from 0 to 70504
01-01 00:00:15.472 167 167 I ueventd : Loading module /vendor/lib/modules/sa2ul.ko with args ''
01-01 00:00:15.477 167 167 E ueventd : LoadWithAliases was unable to load of:NsysconT(null)CsysconCsimple-mfd, tried: of:NsysconT(null)CsysconCsimple_mfd
01-01 00:00:15.478 229 229 I EXT4-fs (loop2): mounted filesystem 7d1522e1-9dfa-5edb-a43e-98e3a4d20250 ro without journal. Quota mode: none.
01-01 00:00:15.479 228 228 I EXT4-fs (loop0): mounted filesystem 7d1522e1-9dfa-5edb-a43e-98e3a4d20250 ro without journal. Quota mode: none.
01-01 00:00:15.479 228 228 I apexd-bootstrap: Successfully mounted package /vendor/apex/com.android.hardware.boot.apex on /apex/com.android.hardware.boot@1 duration=82
01-01 00:00:15.490 230 230 I EXT4-fs (loop1): mounted filesystem 7d1522e1-9dfa-5edb-a43e-98e3a4d20250 ro without journal. Quota mode: none.
01-01 00:00:15.490 230 230 I apexd-bootstrap: Successfully mounted package /system/apex/com.android.runtime.apex on /apex/com.android.runtime@1 duration=93
01-01 00:00:15.491 229 229 I apexd-bootstrap: Successfully mounted package /system/apex/com.android.tzdata.apex on /apex/com.android.tzdata@352090000 duration=91
01-01 00:00:15.493 167 167 E ueventd : LoadWithAliases was unable to load of:Nethernet-mac-sysconT(null)Cti,am62p-cpsw-mac-efuseCsyscon, tried: of:Nethernet_mac_sysconT(null)Cti,am62p_cpsw_mac_efuseCsyscon
01-01 00:00:15.512 167 167 I ueventd : Loading module /vendor/lib/modules/ti_k3_r5_remoteproc.ko with args ''
01-01 00:00:15.515 167 167 E ueventd : LoadWithAliases was unable to load hid:b0003g0001v0000413Cp00002107, tried: hid:b0003g0001v0000413Cp00002107
01-01 00:00:15.518 231 231 I EXT4-fs (loop3): mounted filesystem 7d1522e1-9dfa-5edb-a43e-98e3a4d20250 ro without journal. Quota mode: none.
01-01 00:00:15.528 231 231 I apexd-bootstrap: Successfully mounted package /system/apex/com.android.i18n.apex on /apex/com.android.i18n@1 duration=124
01-01 00:00:15.529 167 167 E ueventd : LoadWithAliases was unable to load usb:v046DpC077d7200dc00dsc00dp00ic03isc01ip02in00, tried: usb:v046DpC077d7200dc00dsc00dp00ic03isc01ip02in00
01-01 00:00:15.530 164 164 I apexd-bootstrap: Activated 4 packages.
01-01 00:00:15.548 167 167 E ueventd : LoadWithAliases was unable to load of:Nopp-tableT(null)Coperating-points-v2-ti-cpu, tried: of:Nopp_tableT(null)Coperating_points_v2_ti_cpu
01-01 00:00:15.552 164 164 I SELinux : SELinux: Loaded file context from:
01-01 00:00:15.563 164 164 I SELinux : /system/etc/selinux/plat_file_contexts
01-01 00:00:15.563 164 164 I SELinux : /system_ext/etc/selinux/system_ext_file_contexts
01-01 00:00:15.563 164 164 I SELinux : /product/etc/selinux/product_file_contexts
01-01 00:00:15.564 164 164 I SELinux : /vendor/etc/selinux/vendor_file_contexts
01-01 00:00:15.567 167 167 E ueventd : LoadWithAliases was unable to load of:NpmuT(null)Carm,cortex-a53-pmu, tried: of:NpmuT(null)Carm,cortex_a53_pmu
01-01 00:00:15.571 164 164 I apexd-bootstrap: OnBootstrap done, duration=1236
01-01 00:00:15.581 167 167 E ueventd : LoadWithAliases was unable to load cpu:type:aarch64:feature:,0000,0001,0002,0003,0004,0005,0006,0007,000B
01-01 00:00:15.584 1 1 I init : Service 'apexd-bootstrap' (pid 164) exited with status 0 waiting took 1.378000 seconds
01-01 00:00:15.593 1 1 I init : Sending signal 9 to service 'apexd-bootstrap' (pid 164) process group...
01-01 00:00:15.593 167 167 E ueventd : , tried: cpu:type:aarch64:feature:,0000,0001,0002,0003,0004,0005,0006,0007,000B
01-01 00:00:15.593 1 1 I libprocessgroup: Removed cgroup /sys/fs/cgroup/uid_0/pid_164
01-01 00:00:15.603 167 167 E ueventd :
01-01 00:00:15.616 1 1 I init : Parsing file /apex/com.android.hardware.boot/etc/android.hardware.boot-service.default.rc...
01-01 00:00:15.643 163 163 I ueventd : Coldboot took 1.353 seconds
01-01 00:00:15.655 163 163 I ueventd : Loading module /vendor/lib/modules/wave5.ko with args ''
01-01 00:00:15.664 163 163 E ueventd : LoadWithAliases was unable to load spi:spi-nor, tried: spi:spi_nor
01-01 00:00:15.676 163 163 I ueventd : Loading module /vendor/lib/modules/spi-cadence-quadspi.ko with args ''
01-01 00:00:15.683 163 163 I ueventd : Loading module /vendor/lib/modules/snd-soc-hdmi-codec.ko with args ''
01-01 00:00:15.691 163 163 E ueventd : LoadWithAliases was unable to load of:Ntarget-moduleT(null)Cti,sysc-omap2Cti,sysc, tried: of:Ntarget_moduleT(null)Cti,sysc_omap2Cti,sysc
01-01 00:00:15.696 1 1 I init : linkerconfig generated /linkerconfig with mounted APEX modules info
01-01 00:00:15.706 1 1 I init : Command 'perform_apex_config --bootstrap' action=early-init (/system/etc/init/hw/init.rc:77) took 102ms and succeeded
01-01 00:00:15.711 163 163 E ueventd : LoadWithAliases was unable to load of:Nr5fT(null)Cti,am62-r5f, tried: of:Nr5fT(null)Cti,am62_r5f
01-01 00:00:15.715 1 1 I init : processing action (early-init) from (/init.environ.rc:2)
01-01 00:00:15.723 1 1 I init : processing action (early-init) from (/vendor/etc/init/hw/init.am62p.rc:1)
01-01 00:00:15.733 163 163 I ueventd : Loading module /vendor/lib/modules/snd-soc-tlv320aic3x.ko with args ''
01-01 00:00:15.733 163 163 I ueventd : Loading module /vendor/lib/modules/snd-soc-tlv320aic3x-i2c.ko with args ''
01-01 00:00:15.728 162 162 W init : type=1400 audit(0.0:4): avc: denied { write } for name="features" dev="debugfs" ino=908 scontext=u:r:vendor_init:s0 tcontext=u:object_r:debugfs:s0 tclass=file permissive=0
01-01 00:00:15.734 1 1 I init : Command 'write /sys/kernel/debug/sched/features NO_ENERGY_AWARE' action=early-init (/vendor/etc/init/hw/init.am62p.rc:7) took 0ms and failed: Unable to write to file '/sys/kernel/debug/sched/features': open() failed: Permission denied
01-01 00:00:15.753 163 163 I ueventd : Loading module /vendor/lib/modules/pvrsrvkm_am62p.ko with args ''
01-01 00:00:15.768 163 163 I ueventd : Loading module /vendor/lib/modules/gpio-davinci.ko with args ''
01-01 00:00:15.769 163 163 I ueventd : Loading module /vendor/lib/modules/ti_sci.ko with args ''
01-01 00:00:15.769 163 163 I ueventd : Loading module /vendor/lib/modules/ti_k3_r5_remoteproc.ko with args ''
01-01 00:00:15.773 163 163 E ueventd : LoadWithAliases was unable to load of:Nr5fT(null)Cti,am62-r5f, tried: of:Nr5fT(null)Cti,am62_r5f
01-01 00:00:15.790 163 163 E ueventd : LoadWithAliases was unable to load platform:rproc-virtio, tried: platform:rproc_virtio
01-01 00:00:15.803 163 163 E ueventd : LoadWithAliases was unable to load platform:rproc-virtio, tried: platform:rproc_virtio
01-01 00:00:15.819 163 163 E ueventd : LoadWithAliases was unable to load platform:rproc-virtio, tried: platform:rproc_virtio
01-01 00:00:15.824 1 1 I init : Command 'write /sys/block/mmcblk0/queue/nr_requests 256' action=early-init (/vendor/etc/init/hw/init.am62p.rc:13) took 51ms and succeeded
01-01 00:00:15.833 163 163 E ueventd : LoadWithAliases was unable to load platform:rproc-virtio, tried: platform:rproc_virtio
01-01 00:00:15.836 1 1 I init : processing action (ro.product.debugfs_restrictions.enabled=true && early-init) from (/system/etc/init/init-debug.rc:10)
01-01 00:00:15.844 1 1 I init : Command 'mount debugfs debugfs /sys/kernel/debug' action=ro.product.debugfs_restrictions.enabled=true && early-init (/system/etc/init/init-debug.rc:11) took 0ms and failed: mount() failed: Device or resource busy
01-01 00:00:15.844 1 1 I init : processing action (early-init) from (/system/etc/init/prng_seeder.rc:5)
01-01 00:00:15.844 1 1 I init : starting service 'prng_seeder'...
01-01 00:00:15.845 1 1 I init : Created socket '/dev/socket/prng_seeder', mode 666, user 1092, group 1092
01-01 00:00:15.847 163 163 I ueventd : Loading module /vendor/lib/modules/rpmsg_ns.ko with args ''
01-01 00:00:15.849 163 163 I ueventd : Loaded kernel module /vendor/lib/modules/rpmsg_ns.ko
01-01 00:00:15.849 163 163 I ueventd : Loading module /vendor/lib/modules/virtio_rpmsg_bus.ko with args ''
01-01 00:00:15.852 163 163 I virtio_rpmsg_bus virtio0: rpmsg host is online
01-01 00:00:15.853 163 163 I virtio_rpmsg_bus virtio1: rpmsg host is online
01-01 00:00:15.853 163 163 I ueventd : Loaded kernel module /vendor/lib/modules/virtio_rpmsg_bus.ko
01-01 00:00:15.853 171 171 I virtio_rpmsg_bus virtio1: creating channel ti.ipc4.ping-pong addr 0xd
01-01 00:00:15.853 171 171 I virtio_rpmsg_bus virtio1: creating channel rpmsg_chrdev addr 0xe
01-01 00:00:15.853 178 178 I virtio_rpmsg_bus virtio0: creating channel ti.ipc4.ping-pong addr 0xd
01-01 00:00:15.854 178 178 I virtio_rpmsg_bus virtio0: creating channel rpmsg_chrdev addr 0xe
01-01 00:00:15.854 1 1 I init : ... started service 'prng_seeder' has pid 238
01-01 00:00:15.854 1 1 I init : processing action (ro.product.cpu.abilist64=* && early-init) from (/vendor/etc/boringssl_self_test.zygote64.rc:1)
01-01 00:00:15.856 1 1 I init : starting service 'boringssl_self_test64_vendor'...
01-01 00:00:15.857 163 163 E ueventd : LoadWithAliases was unable to load of:Nr5fssT(null)Cti,am62-r5fss, tried: of:Nr5fssT(null)Cti,am62_r5fss
01-01 00:00:15.864 1 1 I init : ... started service 'boringssl_self_test64_vendor' has pid 239
01-01 00:00:15.870 1 1 I init : SVC_EXEC service 'boringssl_self_test64_vendor' pid 239 (uid 0 gid 0+0 context default) started; waiting...
01-01 00:00:15.877 163 163 E ueventd : LoadWithAliases was unable to load virtio:d00000007v00000000, tried: virtio:d00000007v00000000
01-01 00:00:15.902 163 163 E ueventd : LoadWithAliases was unable to load platform:tps65224-adc, tried: platform:tps65224_adc
01-01 00:00:15.916 163 163 I ueventd : Loading module /vendor/lib/modules/tps6594-pfsm.ko with args ''
01-01 00:00:15.956 163 163 I ueventd : Loaded kernel module /vendor/lib/modules/tps6594-pfsm.ko
01-01 00:00:15.961 163 163 I ueventd : Loading module /vendor/lib/modules/snd-soc-ti-edma.ko with args ''
01-01 00:00:15.962 163 163 I ueventd : Loading module /vendor/lib/modules/snd-soc-ti-udma.ko with args ''
01-01 00:00:15.962 163 163 I ueventd : Loading module /vendor/lib/modules/snd-soc-ti-sdma.ko with args ''
01-01 00:00:15.963 163 163 I ueventd : Loading module /vendor/lib/modules/snd-soc-davinci-mcasp.ko with args ''
01-01 00:00:15.970 238 238 W prng_seeder: Hanging forever because setup failed: hwrng.read_exact in new
01-01 00:00:15.970 238 238 W Caused by:
01-01 00:00:15.970 238 238 W : No such device (os error 19)
01-01 00:00:15.971 163 163 I ueventd : Loading module /vendor/lib/modules/gpio-regmap.ko with args ''
01-01 00:00:15.972 163 163 I ueventd : Loaded kernel module /vendor/lib/modules/gpio-regmap.ko
01-01 00:00:15.973 163 163 I ueventd : Loading module /vendor/lib/modules/pinctrl-tps6594.ko with args ''
01-01 00:00:15.976 163 163 I ueventd : Loaded kernel module /vendor/lib/modules/pinctrl-tps6594.ko
01-01 00:00:15.979 163 163 I ueventd : Loading module /vendor/lib/modules/tps6594-regulator.ko with args ''
01-01 00:00:15.993 163 163 I ueventd : Loaded kernel module /vendor/lib/modules/tps6594-regulator.ko
01-01 00:00:15.997 163 163 I ueventd : Loading module /vendor/lib/modules/tps6594-core.ko with args ''
01-01 00:00:15.997 163 163 I ueventd : Loading module /vendor/lib/modules/tps6594-i2c.ko with args ''
01-01 00:00:16.009 163 163 I ueventd : Loading module /vendor/lib/modules/mdio-bitbang.ko with args ''
01-01 00:00:16.010 163 163 I ueventd : Loading module /vendor/lib/modules/davinci_mdio.ko with args ''
01-01 00:00:16.020 163 163 I ueventd : Loading module /vendor/lib/modules/cpufreq-dt.ko with args ''
01-01 00:00:16.030 163 163 E ueventd : LoadWithAliases was unable to load of:Nethernet-phyT(null), tried: of:Nethernet_phyT(null)
01-01 00:00:16.044 163 163 E ueventd : LoadWithAliases was unable to load of:Nethernet-phyT(null), tried: of:Nethernet_phyT(null)
01-01 00:00:16.059 163 163 E ueventd : LoadWithAliases was unable to load of:NmdioT(null)Cti,cpsw-mdioCti,davinci_mdio, tried: of:NmdioT(null)Cti,cpsw_mdioCti,davinci_mdio
01-01 00:00:16.076 1 1 I init : Service 'boringssl_self_test64_vendor' (pid 239) exited with status 0 waiting took 0.215000 seconds
01-01 00:00:16.076 1 1 I init : Sending signal 9 to service 'boringssl_self_test64_vendor' (pid 239) process group...
01-01 00:00:16.076 1 1 I libprocessgroup: Removed cgroup /sys/fs/cgroup/uid_0/pid_239
01-01 00:00:16.077 1 1 I init : processing action (ConnectEarlyStageSnapuserd) from (:0)
01-01 00:00:16.077 1 1 I init : processing action (wait_for_coldboot_done) from (:0)
01-01 00:00:16.077 1 1 I init : start_waiting_for_property("ro.cold_boot_done", "true"): already set
01-01 00:00:16.078 1 1 I init : processing action (SetMmapRndBits) from (:0)
01-01 00:00:16.078 1 1 I init : processing action (KeychordInit) from (:0)
01-01 00:00:16.079 1 1 I init : processing action (init) from (/system/etc/init/hw/init.rc:101)
01-01 00:00:16.098 163 163 I ueventd : Loading module /vendor/lib/modules/snd-soc-simple-card-utils.ko with args ''
01-01 00:00:16.098 163 163 I ueventd : Loading module /vendor/lib/modules/snd-soc-simple-card.ko with args ''
01-01 00:00:16.108 1 1 I init : Command 'write /dev/blkio/blkio.weight 1000' action=init (/system/etc/init/hw/init.rc:251) took 0ms and failed: Unable to write to file '/dev/blkio/blkio.weight': open() failed: Permission denied
01-01 00:00:16.109 1 1 I init : Command 'write /dev/blkio/background/blkio.weight 200' action=init (/system/etc/init/hw/init.rc:252) took 0ms and failed: Unable to write to file '/dev/blkio/background/blkio.weight': open() failed: Permission denied
01-01 00:00:16.110 1 1 I init : Command 'write /dev/blkio/blkio.group_idle 0' action=init (/system/etc/init/hw/init.rc:254) took 0ms and failed: Unable to write to file '/dev/blkio/blkio.group_idle': open() failed: Permission denied
01-01 00:00:16.112 1 1 I init : Command 'write /dev/blkio/background/blkio.group_idle 0' action=init (/system/etc/init/hw/init.rc:255) took 1ms and failed: Unable to write to file '/dev/blkio/background/blkio.group_idle': open() failed: Permission denied
01-01 00:00:16.176 1 1 I init : Command 'write /dev/cpu_variant:${ro.bionic.2nd_arch} ${ro.bionic.2nd_cpu_variant}' action=init (/system/etc/init/hw/init.rc:470) took 0ms and failed: property 'ro.bionic.2nd_arch' doesn't exist while expanding '/dev/cpu_variant:${ro.bionic.2nd_arch}'
01-01 00:00:16.176 1 1 I init : Command 'chmod 0444 /dev/cpu_variant:${ro.bionic.2nd_arch}' action=init (/system/etc/init/hw/init.rc:471) took 0ms and failed: property 'ro.bionic.2nd_arch' doesn't exist while expanding '/dev/cpu_variant:${ro.bionic.2nd_arch}'
01-01 00:00:16.177 1 1 I init : starting service 'logd'...
01-01 00:00:16.178 1 1 I init : Created socket '/dev/socket/logd', mode 666, user 1036, group 1036
01-01 00:00:16.178 1 1 I init : Created socket '/dev/socket/logdr', mode 666, user 1036, group 1036
01-01 00:00:16.179 1 1 I init : Created socket '/dev/socket/logdw', mode 222, user 1036, group 1036
01-01 00:00:16.188 1 1 I init : ... started service 'logd' has pid 240
01-01 00:00:16.190 1 1 I init : starting service 'lmkd'...
01-01 00:00:16.191 1 1 I init : Created socket '/dev/socket/lmkd', mode 660, user 1000, group 1000
01-01 00:00:16.201 1 1 I init : ... started service 'lmkd' has pid 241
01-01 00:00:16.202 1 1 I init : starting service 'servicemanager'...
01-01 00:00:16.212 1 1 I init : ... started service 'servicemanager' has pid 242
01-01 00:00:16.215 1 1 I init : starting service 'hwservicemanager'...
01-01 00:00:16.226 1 1 I init : ... started service 'hwservicemanager' has pid 243
01-01 00:00:16.226 1 1 I init : Command 'start vndservicemanager' action=init (/system/etc/init/hw/init.rc:496) took 0ms and failed: service vndservicemanager not found
01-01 00:00:16.233 1 1 I init : processing action (ro.debuggable=1 && init) from (/system/etc/init/hw/init.rc:1358)
01-01 00:00:16.239 1 1 I init : starting service 'console'...
01-01 00:00:16.251 1 1 I init : ... started service 'console' has pid 245
01-01 00:00:16.251 1 1 I init : processing action (init) from (/system/etc/init/hw/init.usb.rc:28)
01-01 00:00:16.252 1 1 I init : processing action (init) from (/vendor/etc/init/hw/init.am62p.rc:19)
01-01 00:00:16.276 163 163 I ueventd : Loading module /vendor/lib/modules/pps_core.ko with args ''
01-01 00:00:16.277 163 163 I ueventd : Loading module /vendor/lib/modules/ptp.ko with args ''
01-01 00:00:16.278 163 163 I ueventd : Loading module /vendor/lib/modules/k3-cppi-desc-pool.ko with args ''
01-01 00:00:16.280 163 163 I ueventd : Loading module /vendor/lib/modules/k3-ringacc.ko with args ''
01-01 00:00:16.281 163 163 I ueventd : Loading module /vendor/lib/modules/k3-psil-lib.ko with args ''
01-01 00:00:16.282 163 163 I ueventd : Loading module /vendor/lib/modules/k3-udma.ko with args ''
01-01 00:00:16.283 163 163 I ueventd : Loading module /vendor/lib/modules/k3-udma-glue.ko with args ''
01-01 00:00:16.284 242 242 I servicemanager: Starting sm instance on /dev/binder
01-01 00:00:16.284 163 163 I ueventd : Loading module /vendor/lib/modules/am65-cpts.ko with args ''
01-01 00:00:16.284 163 163 I ueventd : Loading module /vendor/lib/modules/ti-am65-cpsw-nuss.ko with args ''
01-01 00:00:16.289 1 1 I init : Command 'start watchdogd' action=init (/vendor/etc/init/hw/init.am62p.rc:65) took 0ms and failed: service watchdogd not found
01-01 00:00:16.289 1 1 I init : processing action (ro.product.cpu.abilist64=* && init) from (/system/etc/init/hw/init.boringssl.zygote64.rc:1)
01-01 00:00:16.289 1 1 I init : starting service 'boringssl_self_test64'...
01-01 00:00:16.300 1 1 I init : ... started service 'boringssl_self_test64' has pid 251
01-01 00:00:16.300 1 1 I init : SVC_EXEC service 'boringssl_self_test64' pid 251 (uid 9999 gid 0+0 context default) started; waiting...
01-01 00:00:16.306 242 242 I SELinux : SELinux: Loaded service context from:
01-01 00:00:16.306 242 242 I SELinux : /system/etc/selinux/plat_service_contexts
01-01 00:00:16.306 242 242 I SELinux : /system_ext/etc/selinux/system_ext_service_contexts
01-01 00:00:16.306 242 242 I SELinux : /product/etc/selinux/product_service_contexts
01-01 00:00:16.306 242 242 I SELinux : /vendor/etc/selinux/vendor_service_contexts
01-01 00:00:16.370 1 1 I init : Service 'boringssl_self_test64' (pid 251) exited with status 0 waiting took 0.076000 seconds
01-01 00:00:16.370 1 1 I init : Sending signal 9 to service 'boringssl_self_test64' (pid 251) process group...
01-01 00:00:16.371 1 1 I libprocessgroup: Removed cgroup /sys/fs/cgroup/uid_9999/pid_251
01-01 00:00:16.372 1 1 I init : processing action (init) from (/system/etc/init/audioserver.rc:60)
01-01 00:00:16.374 1 1 I init : processing action (init) from (/system/etc/init/perfetto.rc:153)
01-01 00:00:16.376 1 1 I init : processing action (late-init) from (/system/etc/init/hw/init.rc:548)
01-01 00:00:16.376 1 1 I init : processing action (late-init) from (/system/etc/init/atrace.rc:3)
01-01 00:00:16.402 1 1 I init : processing action (ro.boot.fastboot.boottrace= && late-init) from (/system/etc/init/atrace.rc:315)
01-01 00:00:16.404 1 1 I init : processing action (queue_property_triggers) from (:0)
01-01 00:00:16.404 1 1 I init : processing action (early-fs) from (/system/etc/init/hw/init.rc:582)
01-01 00:00:16.405 1 1 I init : starting service 'vold'...
01-01 00:00:16.413 1 1 I init : ... started service 'vold' has pid 252
01-01 00:00:16.414 1 1 I init : processing action (early-fs) from (/vendor/etc/init/hw/init.am62p.rc:75)
01-01 00:00:16.414 1 1 I init : starting service 'bootanim'...
01-01 00:00:16.424 1 1 I init : ... started service 'bootanim' has pid 253
01-01 00:00:16.426 1 1 I init : service 'bootanim' requested start, but it is already running (flags: 134)
01-01 00:00:16.426 1 1 I init : service 'servicemanager' requested start, but it is already running (flags: 2084)
01-01 00:00:16.427 1 1 I init : starting service 'surfaceflinger'...
01-01 00:00:16.436 1 1 I init : ... started service 'surfaceflinger' has pid 254
01-01 00:00:16.436 1 1 I init : service 'hwservicemanager' requested start, but it is already running (flags: 2212)
01-01 00:00:16.455 1 1 I init : starting service 'vendor.graphics.allocator'...
01-01 00:00:16.465 1 1 I init : ... started service 'vendor.graphics.allocator' has pid 255
01-01 00:00:16.465 1 1 I init : starting service 'vendor.hwcomposer-3'...
01-01 00:00:16.474 1 1 I init : ... started service 'vendor.hwcomposer-3' has pid 256
01-01 00:00:16.479 1 1 I init : processing action (fs) from (/system/etc/init/logd.rc:29)
01-01 00:00:16.480 1 1 I init : processing action (fs) from (/system/etc/init/wifi.rc:25)
01-01 00:00:16.481 1 1 I init : processing action (fs) from (/vendor/etc/init/init.optee.rc:1)
01-01 00:00:16.601 1 1 I init : Command 'restorecon_recursive /mnt/vendor/persist/' action=fs (/vendor/etc/init/init.optee.rc:2) took 119ms and succeeded
01-01 00:00:16.601 1 1 I init : processing action (post-fs) from (/system/etc/init/hw/init.rc:586)
01-01 00:00:16.601 1 1 I init : starting service 'exec 1 (/system/bin/vdc checkpoint markBootAttempt)'...
01-01 00:00:16.609 1 1 I init : ... started service 'exec 1 (/system/bin/vdc checkpoint markBootAttempt)' has pid 257
01-01 00:00:16.609 1 1 I init : SVC_EXEC service 'exec 1 (/system/bin/vdc checkpoint markBootAttempt)' pid 257 (uid 1000 gid 1000+0 context default) started; waiting...
01-01 00:00:16.728 163 163 E ueventd : LoadWithAliases was unable to load rpmsg:rpmsg_ctrl, tried: rpmsg:rpmsg_ctrl
01-01 00:00:16.741 163 163 E ueventd : LoadWithAliases was unable to load rpmsg:rpmsg_ns, tried: rpmsg:rpmsg_ns
01-01 00:00:16.753 163 163 E ueventd : LoadWithAliases was unable to load rpmsg:rpmsg_ns, tried: rpmsg:rpmsg_ns
01-01 00:00:16.760 242 242 E cutils-trace: Error opening trace file: Permission denied (13)
01-01 00:00:16.765 163 163 E ueventd : LoadWithAliases was unable to load virtio:d00000007v00000000, tried: virtio:d00000007v00000000
01-01 00:00:16.785 163 163 E ueventd : LoadWithAliases was unable to load rpmsg:rpmsg_ctrl, tried: rpmsg:rpmsg_ctrl
01-01 00:00:16.797 163 163 E ueventd : LoadWithAliases was unable to load rpmsg:rpmsg_ns, tried: rpmsg:rpmsg_ns
01-01 00:00:16.810 163 163 E ueventd : LoadWithAliases was unable to load rpmsg:rpmsg_ns, tried: rpmsg:rpmsg_ns
01-01 00:00:16.822 163 163 E ueventd : LoadWithAliases was unable to load virtio:d00000007v00000000, tried: virtio:d00000007v00000000
01-01 00:00:16.830 240 240 I logd.auditd: start
01-01 00:00:16.833 240 240 I logd.klogd: 8118311070
01-01 00:00:16.840 163 163 E ueventd : LoadWithAliases was unable to load rpmsg:ti.ipc4.ping-pong, tried: rpmsg:ti.ipc4.ping_pong
01-01 00:00:16.840 163 163 E ueventd : LoadWithAliases was unable to load rpmsg:ti.ipc4.ping-pong, tried: rpmsg:ti.ipc4.ping_pong
01-01 00:00:16.854 163 163 E ueventd : LoadWithAliases was unable to load rpmsg:rpmsg_chrdev, tried: rpmsg:rpmsg_chrdev
01-01 00:00:16.858 240 240 I logd : Loaded bug_map file: /system_ext/etc/selinux/bug_map
01-01 00:00:16.864 240 240 I logd : Loaded bug_map file: /vendor/etc/selinux/selinux_denial_metadata
01-01 00:00:16.867 163 163 E ueventd : LoadWithAliases was unable to load rpmsg:ti.ipc4.ping-pong, tried: rpmsg:ti.ipc4.ping_pong
01-01 00:00:16.881 163 163 E ueventd : LoadWithAliases was unable to load rpmsg:rpmsg_chrdev, tried: rpmsg:rpmsg_chrdev
01-01 00:00:16.897 163 163 E ueventd : LoadWithAliases was unable to load rpmsg:rpmsg_chrdev, tried: rpmsg:rpmsg_chrdev
01-01 00:00:16.913 163 163 E ueventd : LoadWithAliases was unable to load rpmsg:rpmsg_chrdev, tried: rpmsg:rpmsg_chrdev
01-01 00:00:16.929 163 163 E ueventd : LoadWithAliases was unable to load platform:tps6594-pfsm, tried: platform:tps6594_pfsm
01-01 00:00:16.951 163 163 E ueventd : LoadWithAliases was unable to load platform:tps6594-pinctrl, tried: platform:tps6594_pinctrl
01-01 00:00:16.980 163 163 E ueventd : LoadWithAliases was unable to load platform:tps6594-regulator, tried: platform:tps6594_regulator
01-01 00:00:17.077 240 240 I logd : Loaded bug_map file: /system/etc/selinux/bug_map
01-01 00:00:17.165 242 242 I servicemanager: getDeviceHalManifest: Reading VINTF information.
01-01 00:00:17.168 242 242 I servicemanager: Loaded APEX Infos from /bootstrap-apex/apex-info-list.xml
01-01 00:00:17.169 242 242 I servicemanager: getDeviceHalManifest: Successfully processed VINTF information
01-01 00:00:17.169 242 242 I servicemanager: getFrameworkHalManifest: Reading VINTF information.
01-01 00:00:17.172 242 242 I servicemanager: Loaded APEX Infos from /bootstrap-apex/apex-info-list.xml
01-01 00:00:17.172 242 242 I servicemanager: getFrameworkHalManifest: Successfully processed VINTF information
01-01 00:00:17.173 242 242 I servicemanager: Caller(pid=256,uid=1000,sid=u:r:hal_graphics_composer_default:s0) Found android.hardware.graphics.composer3.IComposer/default in device VINTF manifest.
01-01 00:00:17.562 255 255 I PVR_K : 255: RGX Firmware image 'rgx.fw.36.53.104.796' loaded
01-01 00:00:17.573 255 255 I PVR_K : 255: Shader binary image 'rgx.sh.36.53.104.796' loaded
01-01 00:00:17.577 255 255 I PVR_K : 255: FTrace event from "gpu_work_period" enabled
01-01 00:00:17.591 242 242 I servicemanager: Caller(pid=255,uid=1000,sid=u:r:hal_graphics_allocator_default:s0) Found android.hardware.graphics.allocator.IAllocator/default in device VINTF manifest.
01-01 00:00:17.729 242 242 I servicemanager: Caller(pid=254,uid=1000,sid=u:r:surfaceflinger:s0) Found android.hardware.graphics.composer3.IComposer/default in device VINTF manifest.
01-01 00:00:17.785 242 242 I servicemanager: Caller(pid=256,uid=1000,sid=u:r:hal_graphics_composer_default:s0) Found android.hardware.graphics.allocator.IAllocator/default in device VINTF manifest.
01-01 00:00:17.787 242 242 I servicemanager: Caller(pid=256,uid=1000,sid=u:r:hal_graphics_composer_default:s0) Found android.hardware.graphics.allocator.IAllocator/default in device VINTF manifest.
01-01 00:00:17.789 242 242 I servicemanager: Caller(pid=256,uid=1000,sid=u:r:hal_graphics_composer_default:s0) Found mapper/powervr in device VINTF manifest.
01-01 00:00:17.856 256 256 E ion : open /dev/ion failed: No such file or directory
01-01 00:00:17.897 256 256 I drmhwc : Attaching connector HDMI-A-1
01-01 00:00:17.898 256 256 I drmhwc : Attaching pipeline 'HDMI-A-1' to the display #0 (Primary)
01-01 00:00:17.939 256 256 I drmhwc : Backend 'generic' for 'HDMI-A-1' and driver 'tidss' was successfully set
01-01 00:00:17.999 253 253 E cutils-trace: Error opening trace file: Permission denied (13)
01-01 00:00:18.004 242 242 I servicemanager: Caller(pid=253,uid=1003,sid=u:r:bootanim:s0) Since 'SurfaceFlingerAIDL' could not be found trying to start it as a lazy AIDL service. (if it's not configured to be a lazy service, it may be stuck starting or still starting).
01-01 00:00:18.006 1 1 E init : Control message: Could not find 'aidl/SurfaceFlingerAIDL' for ctl.interface_start from pid: 242 (/system/bin/servicemanager)
01-01 00:00:18.018 242 278 W libc : Unable to set property "ctl.interface_start" to "aidl/SurfaceFlingerAIDL": PROP_ERROR_HANDLE_CONTROL_MESSAGE (0x20)
01-01 00:00:18.020 278 278 I servicemanager: Caller(pid=253,uid=1003,sid=u:r:bootanim:s0) Tried to start aidl service SurfaceFlingerAIDL as a lazy service, but was unable to. Usually this happens when a service is not installed, but if the service is intended to be used as a lazy service, then it may be configured incorrectly.
01-01 00:00:18.052 1 1 I init : Service 'exec 1 (/system/bin/vdc checkpoint markBootAttempt)' (pid 257) exited with status 0 waiting took 1.445000 seconds
01-01 00:00:18.052 1 1 I init : Sending signal 9 to service 'exec 1 (/system/bin/vdc checkpoint markBootAttempt)' (pid 257) process group...
01-01 00:00:18.053 1 1 I libprocessgroup: Removed cgroup /sys/fs/cgroup/uid_1000/pid_257
01-01 00:00:18.064 1 1 I init : Command 'chown system cache /cache' action=post-fs (/system/etc/init/hw/init.rc:602) took 0ms and failed: lchown() failed: Read-only file system
01-01 00:00:18.064 1 1 I init : Command 'chmod 0770 /cache' action=post-fs (/system/etc/init/hw/init.rc:603) took 0ms and failed: fchmodat() failed: Read-only file system
01-01 00:00:18.070 1 1 I selinux : SELinux: Skipping restorecon on directory(/metadata)
01-01 00:00:18.076 1 1 I selinux : SELinux: Skipping restorecon on directory(/metadata/apex)
01-01 00:00:18.079 1 1 I init : starting service 'aconfigd-platform-init'...
01-01 00:00:18.089 1 1 I init : ... started service 'aconfigd-platform-init' has pid 283
01-01 00:00:18.089 1 1 I init : SVC_EXEC service 'aconfigd-platform-init' pid 283 (uid 1000 gid 1000+0 context default) started; waiting...
01-01 00:00:18.132 1 1 I init : Service 'aconfigd-platform-init' (pid 283) exited with status 0 waiting took 0.047000 seconds
01-01 00:00:18.132 1 1 I init : Sending signal 9 to service 'aconfigd-platform-init' (pid 283) process group...
01-01 00:00:18.132 1 1 I libprocessgroup: Removed cgroup /sys/fs/cgroup/uid_1000/pid_283
01-01 00:00:18.134 1 1 I init : processing action (post-fs) from (/vendor/etc/init/hw/init.am62p.rc:82)
01-01 00:00:18.135 1 1 I init : processing action (post-fs) from (/system/etc/init/atrace_userdebug.rc:7)
01-01 00:00:18.137 1 1 I init : processing action (post-fs) from (/system/etc/init/gsid.rc:8)
01-01 00:00:18.137 1 1 I init : processing action (post-fs) from (/system/etc/init/recovery-refresh.rc:1)
01-01 00:00:18.137 1 1 I init : starting service 'exec 2 (/system/bin/recovery-refresh)'...
01-01 00:00:18.142 254 254 I HWComposer: Switching to generalized multi-display mode
01-01 00:00:18.145 1 1 I init : ... started service 'exec 2 (/system/bin/recovery-refresh)' has pid 284
01-01 00:00:18.145 1 1 I init : processing action (late-fs) from (/system/etc/init/hw/init.rc:667)
01-01 00:00:18.147 1 1 I init : starting service 'system_suspend'...
01-01 00:00:18.147 254 254 I SurfaceFlinger: Connecting display 4621271769366227712(HAL ID 0)
01-01 00:00:18.150 254 254 E HwcComposer: getPerFrameMetadataKeys failed Status(-8, EX_SERVICE_SPECIFIC): '8: '
01-01 00:00:18.151 256 256 W drmhwc : No panel orientation property available.
01-01 00:00:18.157 242 242 I servicemanager: Caller(pid=254,uid=1000,sid=u:r:surfaceflinger:s0) Found android.hardware.graphics.allocator.IAllocator/default in device VINTF manifest.
01-01 00:00:18.159 242 242 I servicemanager: Caller(pid=254,uid=1000,sid=u:r:surfaceflinger:s0) Found android.hardware.graphics.allocator.IAllocator/default in device VINTF manifest.
01-01 00:00:18.161 242 242 I servicemanager: Caller(pid=254,uid=1000,sid=u:r:surfaceflinger:s0) Found mapper/powervr in device VINTF manifest.
01-01 00:00:18.164 1 1 I init : ... started service 'system_suspend' has pid 285
01-01 00:00:18.164 1 1 I init : starting service 'keystore2'...
01-01 00:00:18.188 1 1 I init : ... started service 'keystore2' has pid 287
01-01 00:00:18.189 1 1 I init : starting service 'vendor.keymint-optee'...
01-01 00:00:18.190 255 269 I DMABUFHEAPS: Using DMA-BUF heap named: reserved
01-01 00:00:18.208 1 1 I init : ... started service 'vendor.keymint-optee' has pid 288
01-01 00:00:18.208 1 1 I init : starting service 'tee-supplicant'...
01-01 00:00:18.219 1 1 I init : ... started service 'tee-supplicant' has pid 289
01-01 00:00:18.221 1 1 I init : starting service 'vendor.boot-default'...
01-01 00:00:18.224 243 243 I hwservicemanager: getTransport: Cannot find entry android.system.suspend@1.0::ISystemSuspend/default in either framework or device VINTF manifest.
01-01 00:00:18.224 242 242 I servicemanager: Caller(pid=285,uid=1000,sid=u:r:system_suspend:s0) Found android.system.suspend.ISystemSuspend/default in framework VINTF manifest.
01-01 00:00:18.231 254 254 I Scheduler: Display 4621271769366227712 is the pacesetter
01-01 00:00:18.232 254 294 W EventThread: Ignoring VSYNC request while display is disconnected
01-01 00:00:18.233 254 295 W EventThread: Ignoring VSYNC request while display is disconnected
01-01 00:00:18.235 254 254 I Scheduler: Display 4621271769366227712 is the pacesetter
01-01 00:00:18.236 254 254 D DisplayModeController: setDesiredMode 4621271769366227712 {mode={fps=60.00 Hz, modePtr={id=0, vsyncRate=60.00 Hz, peakRefreshRate=60.00 Hz}}, emitEvent=true, force=false}
01-01 00:00:18.237 254 299 W SurfaceFlinger: Failed to set thread name on dispatch thread
01-01 00:00:18.235 1 1 I init : ... started service 'vendor.boot-default' has pid 292
01-01 00:00:18.235 1 1 I init : Command 'class_start early_hal' action=late-fs (/system/etc/init/hw/init.rc:674) took 89ms and succeeded
01-01 00:00:18.235 1 1 I init : Service 'exec 2 (/system/bin/recovery-refresh)' (pid 284) exited with status 254 oneshot service took 0.093000 seconds in background
01-01 00:00:18.235 1 1 I init : Sending signal 9 to service 'exec 2 (/system/bin/recovery-refresh)' (pid 284) process group...
01-01 00:00:18.236 1 1 I libprocessgroup: Removed cgroup /sys/fs/cgroup/uid_1000/pid_284
01-01 00:00:18.237 1 1 I init : starting service 'exec 3 (/system/bin/fsverity_init --load-verified-keys)'...
01-01 00:00:18.240 243 243 I hwservicemanager: getTransport: Cannot find entry android.frameworks.displayservice@1.0::IDisplayService/default in either framework or device VINTF manifest.
01-01 00:00:18.242 254 254 E HidlServiceManagement: Service android.frameworks.displayservice@1.0::IDisplayService/default must be in VINTF manifest in order to register/get.
01-01 00:00:18.242 254 254 E SurfaceFlinger: Did not register (deprecated) IDisplayService service.
01-01 00:00:18.242 254 254 D SurfaceFlinger: Setting power mode 0 on display 4621271769366227712
01-01 00:00:18.242 254 254 D SurfaceFlinger: Setting power mode 2 on display 4621271769366227712
01-01 00:00:18.243 254 254 D SurfaceFlinger: Finished setting power mode 2 on display 4621271769366227712
01-01 00:00:18.243 242 242 I BpBinder: onLastStrongRef automatically unlinking death recipients:
01-01 00:00:18.247 253 253 D BootAnimation: BootAnimationStartTiming start time: 9534ms
01-01 00:00:18.249 253 253 D BootAnimation: BootAnimationPreloadTiming start time: 9536ms
01-01 00:00:18.251 253 253 D BootAnimation: BootAnimationPreloadTiming stop time: 9538ms
01-01 00:00:18.252 1 1 I init : ... started service 'exec 3 (/system/bin/fsverity_init --load-verified-keys)' has pid 301
01-01 00:00:18.252 1 1 I init : SVC_EXEC service 'exec 3 (/system/bin/fsverity_init --load-verified-keys)' pid 301 (uid 0 gid 0+0 context default) started; waiting...
01-01 00:00:18.253 1 1 I init : service 'bootanim' requested start, but it is already running (flags: 134)
01-01 00:00:18.254 1 1 I init : Control message: Processed ctl.start for 'bootanim' from pid: 254 (/system/bin/surfaceflinger)
01-01 00:00:18.335 292 292 I android.hardware.boot-service.default: [libfstab] Using Android DT directory /proc/device-tree/firmware/android/
01-01 00:00:18.365 242 242 I servicemanager: Caller(pid=292,uid=0,sid=u:r:hal_bootctl_default:s0) Found android.hardware.boot.IBootControl/default in device VINTF manifest.
01-01 00:00:18.365 292 292 I android.hardware.boot-service.default: IBootControl AIDL service running...
01-01 00:00:18.384 1 1 I init : Service 'exec 3 (/system/bin/fsverity_init --load-verified-keys)' (pid 301) exited with status 0 waiting took 0.137000 seconds
01-01 00:00:18.384 1 1 I init : Sending signal 9 to service 'exec 3 (/system/bin/fsverity_init --load-verified-keys)' (pid 301) process group...
01-01 00:00:18.385 1 1 I libprocessgroup: Removed cgroup /sys/fs/cgroup/uid_0/pid_301
01-01 00:00:18.385 1 1 I init : processing action (late-fs) from (/system/etc/init/hw/init.rc:684)
01-01 00:00:18.387 1 1 I init : processing action (late-fs) from (/vendor/etc/init/hw/init.am62p.rc:92)
01-01 00:00:18.390 1 1 I init : Calling: /system/bin/vdc checkpoint needsCheckpoint
01-01 00:00:18.444 253 303 E ion : open /dev/ion failed: No such file or directory
01-01 00:00:18.453 243 243 I hwservicemanager: getTransport: Cannot find entry android.hardware.configstore@1.0::ISurfaceFlingerConfigs/default in either framework or device VINTF manifest.
01-01 00:00:18.474 306 306 D vdc : Waited 0ms for vold
01-01 00:00:18.476 242 242 I servicemanager: Caller(pid=252,uid=0,sid=u:r:vold:s0) Found android.hardware.boot.IBootControl/default in device VINTF manifest.
01-01 00:00:18.477 242 242 I servicemanager: Caller(pid=253,uid=1003,sid=u:r:bootanim:s0) Found android.hardware.graphics.allocator.IAllocator/default in device VINTF manifest.
01-01 00:00:18.481 242 242 I servicemanager: Caller(pid=253,uid=1003,sid=u:r:bootanim:s0) Found android.hardware.graphics.allocator.IAllocator/default in device VINTF manifest.
01-01 00:00:18.488 242 242 I servicemanager: Caller(pid=253,uid=1003,sid=u:r:bootanim:s0) Found mapper/powervr in device VINTF manifest.
01-01 00:00:18.500 288 288 I optee_keymaster_hal: Initializing OpteeKeymaster as KmVersion: 300
01-01 00:00:18.493 1 1 I init : [libfs_mgr] Invalid f2fs superblock on '/dev/block/platform/bus@f0000/fa10000.mmc/by-name/userdata'
01-01 00:00:18.494 1 1 E init : [libfs_mgr] mount_with_alternatives(): skipping mount due to invalid magic, mountpoint=/data blk_dev=/dev/block/mmcblk0p20 rec[7].fs_type=f2fs
01-01 00:00:18.512 1 1 I init : Calling: /system/bin/vdc cryptfs mountFstab /dev/block/platform/bus@f0000/fa10000.mmc/by-name/userdata /data false
01-01 00:00:18.562 312 312 D vdc : Waited 0ms for vold
01-01 00:00:18.571 242 242 I servicemanager: Caller(pid=252,uid=0,sid=u:r:vold:s0) Since 'android.system.keystore2.IKeystoreService/default' could not be found trying to start it as a lazy AIDL service. (if it's not configured to be a lazy service, it may be stuck starting or still starting).
01-01 00:00:18.589 288 288 I OpteeKeymaster_ipc: Connection with keystore was established
01-01 00:00:18.593 288 288 E android.hardware.security.keymint-service.optee: Adding service instance: android.hardware.security.keymint.IKeyMintDevice/default
01-01 00:00:18.598 253 303 D BootAnimation: No animation file
01-01 00:00:18.605 242 242 I servicemanager: Caller(pid=288,uid=1000,sid=u:r:hal_keymint_default:s0) Found android.hardware.security.keymint.IKeyMintDevice/default in device VINTF manifest.
01-01 00:00:18.608 288 288 E android.hardware.security.keymint-service.optee: Adding service instance: android.hardware.security.secureclock.ISecureClock/default
01-01 00:00:18.610 288 288 E android.hardware.security.keymint-service.optee: Adding service instance: android.hardware.security.sharedsecret.ISharedSecret/default
01-01 00:00:18.611 288 288 E android.hardware.security.keymint-service.optee: Adding service instance: android.hardware.security.keymint.IRemotelyProvisionedComponent/default
01-01 00:00:18.611 242 242 I servicemanager: Caller(pid=288,uid=1000,sid=u:r:hal_keymint_default:s0) Found android.hardware.security.secureclock.ISecureClock/default in device VINTF manifest.
01-01 00:00:18.613 242 242 I servicemanager: Caller(pid=288,uid=1000,sid=u:r:hal_keymint_default:s0) Found android.hardware.security.sharedsecret.ISharedSecret/default in device VINTF manifest.
01-01 00:00:18.617 242 242 I servicemanager: Caller(pid=288,uid=1000,sid=u:r:hal_keymint_default:s0) Found android.hardware.security.keymint.IRemotelyProvisionedComponent/default in device VINTF manifest.
01-01 00:00:18.682 254 254 I SurfaceFlinger: Enter boot animation
01-01 00:00:18.701 288 288 W OpteeKeymaster_ipc: Response contained error code: Feature is not implemented
01-01 00:00:18.701 288 288 E optee_keymaster_hal: Cmd 80 returned error: -100
01-01 00:00:18.711 243 243 I hwservicemanager: getTransport: Cannot find entry android.hardware.keymaster@4.0::IKeymasterDevice/default in either framework or device VINTF manifest.
01-01 00:00:18.712 243 243 I hwservicemanager: getTransport: Cannot find entry android.hardware.keymaster@3.0::IKeymasterDevice/default in either framework or device VINTF manifest.
01-01 00:00:18.718 243 243 I hwservicemanager: getTransport: Cannot find entry android.hardware.keymaster@4.0::IKeymasterDevice/default in either framework or device VINTF manifest.
01-01 00:00:18.719 243 243 I hwservicemanager: getTransport: Cannot find entry android.hardware.keymaster@3.0::IKeymasterDevice/default in either framework or device VINTF manifest.
01-01 00:00:18.723 242 242 I servicemanager: Caller(pid=287,uid=1017,sid=u:r:keystore:s0) Found android.system.keystore2.IKeystoreService/default in framework VINTF manifest.
01-01 00:00:18.725 242 242 I BpBinder: onLastStrongRef automatically unlinking death recipients:
01-01 00:00:18.734 287 319 I SELinux : SELinux: Loaded keystore2 context from:
01-01 00:00:18.734 287 319 I SELinux : /system/etc/selinux/plat_keystore2_key_contexts
01-01 00:00:18.734 287 319 I SELinux : /system_ext/etc/selinux/system_ext_keystore2_key_contexts
01-01 00:00:18.734 287 319 I SELinux : /product/etc/selinux/product_keystore2_key_contexts
01-01 00:00:18.734 287 319 I SELinux : /vendor/etc/selinux/vendor_keystore2_key_contexts
01-01 00:00:18.820 252 252 I fsck.f2fs: Info: Automatic fix mode enabled.
01-01 00:00:18.823 252 252 I fsck.f2fs: Info: not exist /proc/version!
01-01 00:00:18.825 252 252 I fsck.f2fs: Info: MKFS version
01-01 00:00:18.825 252 252 I fsck.f2fs: "5.15.0-1065-gke"
01-01 00:00:18.825 252 252 I fsck.f2fs: Info: FSCK version
01-01 00:00:18.825 252 252 I fsck.f2fs: from "6.6.66-android15-8-g2891b58aa546-4k"
01-01 00:00:18.825 252 252 I fsck.f2fs: to "6.6.66-android15-8-g2891b58aa546-4k"
01-01 00:00:18.825 252 252 I fsck.f2fs: Info: superblock features = 1499 : encrypt extra_attr project_quota quota verity casefold
01-01 00:00:18.825 252 252 I fsck.f2fs: Info: superblock encrypt level = 0, salt = 00000000000000000000000000000000
01-01 00:00:18.825 252 252 I fsck.f2fs: Info: Segments per section = 1
01-01 00:00:18.825 252 252 I fsck.f2fs: Info: Sections per zone = 1
01-01 00:00:18.825 252 252 I fsck.f2fs: Info: total FS sectors = 6529467 (25505 MB)
01-01 00:00:18.829 252 252 I fsck.f2fs: Info: CKPT version = 231415ed
01-01 00:00:18.829 252 252 I fsck.f2fs: Info: version timestamp cur: 4870, prev: 1744
01-01 00:00:18.831 252 252 I fsck.f2fs: Info: checkpoint state = 45 : crc compacted_summary unmount
01-01 00:00:18.831 252 252 I fsck.f2fs: Info: No error was reported
01-01 00:00:18.831 252 252 I fsck.f2fs:
01-01 00:00:18.831 252 252 I fsck.f2fs: c, u, RA, CH, CM, Repl=
01-01 00:00:18.831 252 252 I fsck.f2fs: 10000 9 9 0 9 0
01-01 00:00:18.836 252 252 I F2FS-fs (dm-49): Using encoding defined by superblock: utf8-12.1.0 with flags 0x0
01-01 00:00:18.874 252 252 I F2FS-fs (dm-49): Mounted with checkpoint version = 231415ed
01-01 00:00:18.886 1 1 I init : Command 'mount_all --late' action=late-fs (/vendor/etc/init/hw/init.am62p.rc:93) took 498ms and succeeded
01-01 00:00:18.906 242 314 W libc : Unable to set property "ctl.interface_start" to "aidl/android.system.keystore2.IKeystoreService/default": PROP_ERROR_HANDLE_CONTROL_MESSAGE (0x20)
01-01 00:00:18.891 1 1 E init : Control message: Could not find 'aidl/android.system.keystore2.IKeystoreService/default' for ctl.interface_start from pid: 242 (/system/bin/servicemanager)
01-01 00:00:18.909 1 1 I init : processing action (post-fs-data) from (/system/etc/init/hw/init.rc:698)
01-01 00:00:18.909 314 314 I servicemanager: Caller(pid=252,uid=0,sid=u:r:vold:s0) Tried to start aidl service android.system.keystore2.IKeystoreService/default as a lazy service, but was unable to. Usually this happens when a service is not installed, but if the service is intended to be used as a lazy service, then it may be configured incorrectly.
01-01 00:00:18.910 1 1 I init : starting service 'exec 4 (/system/bin/vdc checkpoint prepareCheckpoint)'...
01-01 00:00:18.923 1 1 I init : ... started service 'exec 4 (/system/bin/vdc checkpoint prepareCheckpoint)' has pid 333
01-01 00:00:18.923 1 1 I init : SVC_EXEC service 'exec 4 (/system/bin/vdc checkpoint prepareCheckpoint)' pid 333 (uid 1000 gid 1000+0 context default) started; waiting...
01-01 00:00:18.967 1 1 I init : Service 'exec 4 (/system/bin/vdc checkpoint prepareCheckpoint)' (pid 333) exited with status 0 waiting took 0.050000 seconds
01-01 00:00:18.967 1 1 I init : Sending signal 9 to service 'exec 4 (/system/bin/vdc checkpoint prepareCheckpoint)' (pid 333) process group...
01-01 00:00:18.968 1 1 I libprocessgroup: Removed cgroup /sys/fs/cgroup/uid_1000/pid_333
01-01 00:00:18.972 1 1 I init : starting service 'exec 5 (/system/bin/vdc --wait cryptfs enablefilecrypto)'...
01-01 00:00:18.979 1 1 I init : ... started service 'exec 5 (/system/bin/vdc --wait cryptfs enablefilecrypto)' has pid 334
01-01 00:00:18.980 1 1 I init : SVC_EXEC service 'exec 5 (/system/bin/vdc --wait cryptfs enablefilecrypto)' pid 334 (uid 0 gid 0+0 context default) started; waiting...
01-01 00:00:19.021 334 334 D vdc : Waited 0ms for vold
01-01 00:00:19.041 1 1 I init : Service 'exec 5 (/system/bin/vdc --wait cryptfs enablefilecrypto)' (pid 334) exited with status 0 waiting took 0.063000 seconds
01-01 00:00:19.041 1 1 I init : Sending signal 9 to service 'exec 5 (/system/bin/vdc --wait cryptfs enablefilecrypto)' (pid 334) process group...
01-01 00:00:19.041 1 1 I libprocessgroup: Removed cgroup /sys/fs/cgroup/uid_0/pid_334
01-01 00:00:19.043 1 1 I init : Verified that /data/bootchart has the encryption policy 30e84d2dce3eddcfc4cdc346717cef49 v2 modes 1/4 flags 0x2
01-01 00:00:19.043 1 1 I fscrypt : AES-256-CTS-CBC using implementation "cts-cbc-aes-ce"
01-01 00:00:19.045 1 1 I fscrypt : AES-256-XTS using implementation "xts-aes-ce"
01-01 00:00:19.047 1 1 I init : Verified that /data/vendor has the encryption policy 30e84d2dce3eddcfc4cdc346717cef49 v2 modes 1/4 flags 0x2
01-01 00:00:19.049 1 1 I init : Verified that /data/anr has the encryption policy 30e84d2dce3eddcfc4cdc346717cef49 v2 modes 1/4 flags 0x2
01-01 00:00:19.050 1 1 I init : Verified that /data/tombstones has the encryption policy 30e84d2dce3eddcfc4cdc346717cef49 v2 modes 1/4 flags 0x2
01-01 00:00:19.052 1 1 I init : starting service 'tombstoned'...
01-01 00:00:19.052 1 1 I init : Created socket '/dev/socket/tombstoned_crash', mode 666, user 1000, group 1000
01-01 00:00:19.053 1 1 I init : Created socket '/dev/socket/tombstoned_intercept', mode 666, user 1000, group 1000
01-01 00:00:19.053 1 1 I init : Created socket '/dev/socket/tombstoned_java_trace', mode 666, user 1000, group 1000
01-01 00:00:19.063 1 1 I init : ... started service 'tombstoned' has pid 336
01-01 00:00:19.064 1 1 I init : Switched to default mount namespace
01-01 00:00:19.065 1 1 I init : Verified that /data/misc has the encryption policy 30e84d2dce3eddcfc4cdc346717cef49 v2 modes 1/4 flags 0x2
01-01 00:00:19.070 1 1 I init : starting service 'exec 6 (/system/bin/vdc keymaster earlyBootEnded)'...
01-01 00:00:19.077 1 1 I init : ... started service 'exec 6 (/system/bin/vdc keymaster earlyBootEnded)' has pid 337
01-01 00:00:19.077 1 1 I init : SVC_EXEC service 'exec 6 (/system/bin/vdc keymaster earlyBootEnded)' pid 337 (uid 1000 gid 1000+0 context default) started; waiting...
01-01 00:00:19.100 336 336 I tombstoned: tombstoned successfully initialized
01-01 00:00:19.109 256 270 I drmhwc : Detaching connector HDMI-A-1
01-01 00:00:19.109 256 270 I drmhwc : Detaching the pipeline 'HDMI-A-1' from the display #0 (Primary)
01-01 00:00:19.143 256 274 I drmhwc : VSyncWorker thread exit
01-01 00:00:19.144 256 273 I drmhwc : DrmAtomicStateManager thread exit --------- beginning of crash
01-01 00:00:19.144 256 256 F libc : Fatal signal 11 (SIGSEGV), code 1 (SEGV_MAPERR), fault addr 0x8 in tid 256 (android.hardwar), pid 256 (android.hardwar)
01-01 00:00:19.164 288 288 W OpteeKeymaster_ipc: Response contained error code: Feature is not implemented
01-01 00:00:19.165 288 288 E optee_keymaster_hal: Cmd 116 returned error: -100
01-01 00:00:19.169 252 252 E vold : keystore2 Keystore earlyBootEnded returned service specific error: -100
01-01 00:00:19.182 1 1 I init : Service 'exec 6 (/system/bin/vdc keymaster earlyBootEnded)' (pid 337) exited with status 0 waiting took 0.107000 seconds
01-01 00:00:19.182 1 1 I init : Sending signal 9 to service 'exec 6 (/system/bin/vdc keymaster earlyBootEnded)' (pid 337) process group...
01-01 00:00:19.183 1 1 I libprocessgroup: Removed cgroup /sys/fs/cgroup/uid_1000/pid_337
01-01 00:00:19.185 1 1 I init : Verified that /data/property has the encryption policy 30e84d2dce3eddcfc4cdc346717cef49 v2 modes 1/4 flags 0x2
01-01 00:00:19.190 160 160 I init : Wait for property 'ro.persistent_properties.ready=true' took 4ms
01-01 00:00:19.190 1 1 I init : service 'logd' requested start, but it is already running (flags: 4)
01-01 00:00:19.190 1 1 I init : starting service 'logd-reinit'...
01-01 00:00:19.204 1 1 I init : ... started service 'logd-reinit' has pid 343
01-01 00:00:19.204 1 1 I init : Not setting encryption policy on: /data/apex
01-01 00:00:19.206 344 344 E crash_dump64: failed to get the guest state header for thread 256: Bad address
01-01 00:00:19.208 344 344 E crash_dump64: failed to get the guest state header for thread 270: Bad address
01-01 00:00:19.208 344 344 E crash_dump64: failed to get the guest state header for thread 339: Bad address
