04-01 08:46:46.797 663 687 D TransparencyService: sepolicy hash: 85d4536599f0b3525ef23036e36eeb44b2b637b3f22bab6f1708d3620c8bac21
04-01 08:46:46.802 663 688 W SystemServiceManager: Service com.android.server.BinaryTransparencyService took 82 ms in onBootPhase
04-01 08:46:46.802 663 688 V ActivityManagerTiming: OnBootPhase_1000_com.android.server.BinaryTransparencyService took to complete: 82ms
04-01 08:46:46.802 663 688 D ActivityManagerTiming: OnBootPhase_1000_com.android.server.accounts.AccountManagerService$Lifecycle
04-01 08:46:46.802 663 688 V ActivityManagerTiming: OnBootPhase_1000_com.android.server.accounts.AccountManagerService$Lifecycle took to complete: 1ms
04-01 08:46:46.802 663 688 D ActivityManagerTiming: OnBootPhase_1000_com.android.server.content.ContentService$Lifecycle
04-01 08:46:46.803 663 688 V ActivityManagerTiming: OnBootPhase_1000_com.android.server.content.ContentService$Lifecycle took to complete: 0ms
04-01 08:46:46.803 663 688 D ActivityManagerTiming: OnBootPhase_1000_com.android.server.deviceconfig.DeviceConfigInit$Lifecycle
04-01 08:46:46.803 663 688 V ActivityManagerTiming: OnBootPhase_1000_com.android.server.deviceconfig.DeviceConfigInit$Lifecycle took to complete: 0ms
04-01 08:46:46.803 663 688 D ActivityManagerTiming: OnBootPhase_1000_com.android.server.DropBoxManagerService
04-01 08:46:46.803 663 688 V ActivityManagerTiming: OnBootPhase_1000_com.android.server.DropBoxManagerService took to complete: 0ms
04-01 08:46:46.803 663 688 D ActivityManagerTiming: OnBootPhase_1000_com.android.ecm.EnhancedConfirmationService
04-01 08:46:46.803 663 688 V ActivityManagerTiming: OnBootPhase_1000_com.android.ecm.EnhancedConfirmationService took to complete: 0ms
04-01 08:46:46.803 663 688 D ActivityManagerTiming: OnBootPhase_1000_com.android.server.power.hint.HintManagerService
04-01 08:46:46.804 663 688 V ActivityManagerTiming: OnBootPhase_1000_com.android.server.power.hint.HintManagerService took to complete: 1ms
04-01 08:46:46.804 663 688 D ActivityManagerTiming: OnBootPhase_1000_com.android.role.RoleService
04-01 08:46:46.804 663 688 V ActivityManagerTiming: OnBootPhase_1000_com.android.role.RoleService took to complete: 0ms
04-01 08:46:46.804 663 688 D ActivityManagerTiming: OnBootPhase_1000_com.android.server.vibrator.VibratorManagerService$Lifecycle
04-01 08:46:46.804 663 688 V ActivityManagerTiming: OnBootPhase_1000_com.android.server.vibrator.VibratorManagerService$Lifecycle took to complete: 0ms
04-01 08:46:46.804 663 688 D ActivityManagerTiming: OnBootPhase_1000_com.android.server.alarm.AlarmManagerService
04-01 08:46:46.804 663 688 V ActivityManagerTiming: OnBootPhase_1000_com.android.server.alarm.AlarmManagerService took to complete: 0ms
04-01 08:46:46.804 663 688 D ActivityManagerTiming: OnBootPhase_1000_com.android.server.devicestate.DeviceStateManagerService
04-01 08:46:46.804 663 688 V ActivityManagerTiming: OnBootPhase_1000_com.android.server.devicestate.DeviceStateManagerService took to complete: 0ms
04-01 08:46:46.804 663 688 D ActivityManagerTiming: OnBootPhase_1000_com.android.server.camera.CameraServiceProxy
04-01 08:46:46.809 663 688 V ActivityManagerTiming: OnBootPhase_1000_com.android.server.camera.CameraServiceProxy took to complete: 5ms
04-01 08:46:46.810 663 688 D ActivityManagerTiming: OnBootPhase_1000_com.android.server.connectivity.IpConnectivityMetrics
04-01 08:46:46.810 663 688 V ActivityManagerTiming: OnBootPhase_1000_com.android.server.connectivity.IpConnectivityMetrics took to complete: 0ms
04-01 08:46:46.810 663 688 D ActivityManagerTiming: OnBootPhase_1000_com.android.server.net.watchlist.NetworkWatchlistService$Lifecycle
04-01 08:46:46.810 663 688 V ActivityManagerTiming: OnBootPhase_1000_com.android.server.net.watchlist.NetworkWatchlistService$Lifecycle took to complete: 0ms
04-01 08:46:46.810 663 688 D ActivityManagerTiming: OnBootPhase_1000_com.android.server.PinnerService
04-01 08:46:46.810 663 688 V ActivityManagerTiming: OnBootPhase_1000_com.android.server.PinnerService took to complete: 0ms
04-01 08:46:46.810 663 688 D ActivityManagerTiming: OnBootPhase_1000_com.android.server.integrity.AppIntegrityManagerService
04-01 08:46:46.810 663 688 V ActivityManagerTiming: OnBootPhase_1000_com.android.server.integrity.AppIntegrityManagerService took to complete: 0ms
04-01 08:46:46.810 663 688 D ActivityManagerTiming: OnBootPhase_1000_com.android.server.logcat.LogcatManagerService
04-01 08:46:46.810 663 688 V ActivityManagerTiming: OnBootPhase_1000_com.android.server.logcat.LogcatManagerService took to complete: 0ms
04-01 08:46:46.811 663 688 D ActivityManagerTiming: OnBootPhase_1000_com.android.server.inputmethod.InputMethodManagerService$Lifecycle
04-01 08:46:46.811 663 688 V ActivityManagerTiming: OnBootPhase_1000_com.android.server.inputmethod.InputMethodManagerService$Lifecycle took to complete: 0ms
04-01 08:46:46.811 663 688 D ActivityManagerTiming: OnBootPhase_1000_com.android.server.accessibility.AccessibilityManagerService$Lifecycle
04-01 08:46:46.811 663 688 V ActivityManagerTiming: OnBootPhase_1000_com.android.server.accessibility.AccessibilityManagerService$Lifecycle took to complete: 0ms
04-01 08:46:46.811 663 688 D ActivityManagerTiming: OnBootPhase_1000_com.android.server.StorageManagerService$Lifecycle
04-01 08:46:46.811 663 688 V ActivityManagerTiming: OnBootPhase_1000_com.android.server.StorageManagerService$Lifecycle took to complete: 0ms
04-01 08:46:46.811 663 688 D ActivityManagerTiming: OnBootPhase_1000_com.android.server.usage.StorageStatsService$Lifecycle
04-01 08:46:46.811 663 688 V ActivityManagerTiming: OnBootPhase_1000_com.android.server.usage.StorageStatsService$Lifecycle took to complete: 0ms
04-01 08:46:46.811 663 688 D ActivityManagerTiming: OnBootPhase_1000_com.android.server.UiModeManagerService
04-01 08:46:46.811 663 688 V ActivityManagerTiming: OnBootPhase_1000_com.android.server.UiModeManagerService took to complete: 0ms
04-01 08:46:46.812 663 688 D ActivityManagerTiming: OnBootPhase_1000_com.android.server.locales.LocaleManagerService
04-01 08:46:46.812 663 688 V ActivityManagerTiming: OnBootPhase_1000_com.android.server.locales.LocaleManagerService took to complete: 0ms
04-01 08:46:46.812 663 688 D ActivityManagerTiming: OnBootPhase_1000_com.android.server.grammaticalinflection.GrammaticalInflectionService
04-01 08:46:46.812 663 688 V ActivityManagerTiming: OnBootPhase_1000_com.android.server.grammaticalinflection.GrammaticalInflectionService took to complete: 0ms
04-01 08:46:46.812 663 688 D ActivityManagerTiming: OnBootPhase_1000_com.android.server.apphibernation.AppHibernationService
04-01 08:46:46.813 663 688 V ActivityManagerTiming: OnBootPhase_1000_com.android.server.apphibernation.AppHibernationService took to complete: 1ms
04-01 08:46:46.813 663 688 D ActivityManagerTiming: OnBootPhase_1000_com.android.server.locksettings.LockSettingsService$Lifecycle
04-01 08:46:46.814 663 770 D StorageManagerService: Thinking about reset, mBootCompleted=true, mDaemonConnected=true
04-01 08:46:46.814 663 770 I Watchdog: Pausing of HandlerChecker: monitor thread for reason: #onReset might be slow. Pause end time: 62450
04-01 08:46:46.815 663 770 I StorageSessionController: Started resetting external storage service...
04-01 08:46:46.815 663 770 I StorageSessionController: Finished resetting external storage service
04-01 08:46:46.815 663 770 I StorageManagerService: Resetting vold...
04-01 08:46:46.816 663 688 I RebootEscrowManager: No reboot escrow data found for users, skipping loading escrow data
04-01 08:46:46.817 663 1169 I HibernationStateDiskStore: No hibernation file on disk for file /data/system/hibernation/states
04-01 08:46:46.817 663 770 I StorageManagerService: Reset vold
04-01 08:46:46.817 252 252 I vold : onUserAdded: 0
04-01 08:46:46.826 663 688 V ActivityManagerTiming: OnBootPhase_1000_com.android.server.locksettings.LockSettingsService$Lifecycle took to complete: 13ms
04-01 08:46:46.828 663 688 D ActivityManagerTiming: OnBootPhase_1000_com.android.server.pdb.PersistentDataBlockService
04-01 08:46:46.828 663 688 V ActivityManagerTiming: OnBootPhase_1000_com.android.server.pdb.PersistentDataBlockService took to complete: 0ms
04-01 08:46:46.829 663 688 D ActivityManagerTiming: OnBootPhase_1000_com.android.server.testharness.TestHarnessModeService
04-01 08:46:46.829 663 688 D TestHarnessModeService: Completing Test Harness Mode setup.
04-01 08:46:46.860 1168 1168 I putmethod.latin: Using CollectorTypeCMC GC.
04-01 08:46:46.863 663 688 V ActivityManagerTiming: OnBootPhase_1000_com.android.server.testharness.TestHarnessModeService took to complete: 34ms
04-01 08:46:46.863 663 688 D ActivityManagerTiming: OnBootPhase_1000_com.android.server.oemlock.OemLockService
04-01 08:46:46.863 663 688 V ActivityManagerTiming: OnBootPhase_1000_com.android.server.oemlock.OemLockService took to complete: 0ms
04-01 08:46:46.863 663 688 D ActivityManagerTiming: OnBootPhase_1000_com.android.server.DeviceIdleController
04-01 08:46:46.863 663 688 V ActivityManagerTiming: OnBootPhase_1000_com.android.server.DeviceIdleController took to complete: 0ms
04-01 08:46:46.863 663 688 D ActivityManagerTiming: OnBootPhase_1000_com.android.server.devicepolicy.DevicePolicyManagerService$Lifecycle
04-01 08:46:46.863 663 688 V ActivityManagerTiming: OnBootPhase_1000_com.android.server.devicepolicy.DevicePolicyManagerService$Lifecycle took to complete: 0ms
04-01 08:46:46.863 663 688 D ActivityManagerTiming: OnBootPhase_1000_com.android.server.texttospeech.TextToSpeechManagerService
04-01 08:46:46.863 663 688 V ActivityManagerTiming: OnBootPhase_1000_com.android.server.texttospeech.TextToSpeechManagerService took to complete: 0ms
04-01 08:46:46.863 663 688 D ActivityManagerTiming: OnBootPhase_1000_com.android.server.wearable.WearableSensingManagerService
04-01 08:46:46.863 663 688 V ActivityManagerTiming: OnBootPhase_1000_com.android.server.wearable.WearableSensingManagerService took to complete: 0ms
04-01 08:46:46.863 663 688 D ActivityManagerTiming: OnBootPhase_1000_com.android.server.ondeviceintelligence.OnDeviceIntelligenceManagerService
04-01 08:46:46.863 663 688 V ActivityManagerTiming: OnBootPhase_1000_com.android.server.ondeviceintelligence.OnDeviceIntelligenceManagerService took to complete: 0ms
04-01 08:46:46.864 663 688 D ActivityManagerTiming: OnBootPhase_1000_com.android.server.speech.SpeechRecognitionManagerService
04-01 08:46:46.864 663 688 V ActivityManagerTiming: OnBootPhase_1000_com.android.server.speech.SpeechRecognitionManagerService took to complete: 0ms
04-01 08:46:46.864 663 688 D ActivityManagerTiming: OnBootPhase_1000_com.android.server.graphics.fonts.FontManagerService$Lifecycle
04-01 08:46:46.864 663 688 V ActivityManagerTiming: OnBootPhase_1000_com.android.server.graphics.fonts.FontManagerService$Lifecycle took to complete: 0ms
04-01 08:46:46.864 663 688 D ActivityManagerTiming: OnBootPhase_1000_com.android.server.textservices.TextServicesManagerService$Lifecycle
04-01 08:46:46.864 663 688 V ActivityManagerTiming: OnBootPhase_1000_com.android.server.textservices.TextServicesManagerService$Lifecycle took to complete: 0ms
04-01 08:46:46.864 663 688 D ActivityManagerTiming: OnBootPhase_1000_com.android.server.textclassifier.TextClassificationManagerService$Lifecycle
04-01 08:46:46.864 663 688 V ActivityManagerTiming: OnBootPhase_1000_com.android.server.textclassifier.TextClassificationManagerService$Lifecycle took to complete: 0ms
04-01 08:46:46.864 663 688 D ActivityManagerTiming: OnBootPhase_1000_com.android.server.NetworkScoreService$Lifecycle
04-01 08:46:46.864 663 688 V ActivityManagerTiming: OnBootPhase_1000_com.android.server.NetworkScoreService$Lifecycle took to complete: 0ms
04-01 08:46:46.864 663 688 D ActivityManagerTiming: OnBootPhase_1000_com.android.server.NetworkStatsServiceInitializer
04-01 08:46:46.864 663 688 V ActivityManagerTiming: OnBootPhase_1000_com.android.server.NetworkStatsServiceInitializer took to complete: 0ms
04-01 08:46:46.864 663 688 D ActivityManagerTiming: OnBootPhase_1000_com.android.server.wifi.WifiService
04-01 08:46:46.864 663 688 V ActivityManagerTiming: OnBootPhase_1000_com.android.server.wifi.WifiService took to complete: 0ms
04-01 08:46:46.865 663 688 D ActivityManagerTiming: OnBootPhase_1000_com.android.server.wifi.scanner.WifiScanningService
04-01 08:46:46.865 663 688 V ActivityManagerTiming: OnBootPhase_1000_com.android.server.wifi.scanner.WifiScanningService took to complete: 0ms
04-01 08:46:46.865 663 688 D ActivityManagerTiming: OnBootPhase_1000_com.android.server.wifi.p2p.WifiP2pService
04-01 08:46:46.865 663 688 V ActivityManagerTiming: OnBootPhase_1000_com.android.server.wifi.p2p.WifiP2pService took to complete: 0ms
04-01 08:46:46.865 663 688 D ActivityManagerTiming: OnBootPhase_1000_com.android.server.ConnectivityServiceInitializer
04-01 08:46:46.865 663 688 E NearbyService: BluetoothAdapter is null.
04-01 08:46:46.866 663 688 V ActivityManagerTiming: OnBootPhase_1000_com.android.server.ConnectivityServiceInitializer took to complete: 1ms
04-01 08:46:46.866 663 688 D ActivityManagerTiming: OnBootPhase_1000_com.android.server.notification.NotificationManagerService
04-01 08:46:46.870 663 688 V ActivityManagerTiming: OnBootPhase_1000_com.android.server.notification.NotificationManagerService took to complete: 4ms
04-01 08:46:46.870 663 688 D ActivityManagerTiming: OnBootPhase_1000_com.android.server.storage.DeviceStorageMonitorService
04-01 08:46:46.870 663 688 V ActivityManagerTiming: OnBootPhase_1000_com.android.server.storage.DeviceStorageMonitorService took to complete: 0ms
04-01 08:46:46.870 663 688 D ActivityManagerTiming: OnBootPhase_1000_com.android.server.timedetector.TimeDetectorService$Lifecycle
04-01 08:46:46.873 663 688 V ActivityManagerTiming: OnBootPhase_1000_com.android.server.timedetector.TimeDetectorService$Lifecycle took to complete: 0ms
04-01 08:46:46.873 663 688 D ActivityManagerTiming: OnBootPhase_1000_com.android.server.location.LocationManagerService$Lifecycle
04-01 08:46:46.873 663 688 V ActivityManagerTiming: OnBootPhase_1000_com.android.server.location.LocationManagerService$Lifecycle took to complete: 1ms
04-01 08:46:46.874 663 688 D ActivityManagerTiming: OnBootPhase_1000_com.android.server.timezonedetector.TimeZoneDetectorService$Lifecycle
04-01 08:46:46.874 663 688 V ActivityManagerTiming: OnBootPhase_1000_com.android.server.timezonedetector.TimeZoneDetectorService$Lifecycle took to complete: 0ms
04-01 08:46:46.874 663 688 D ActivityManagerTiming: OnBootPhase_1000_com.android.server.location.altitude.AltitudeService$Lifecycle
04-01 08:46:46.874 663 688 V ActivityManagerTiming: OnBootPhase_1000_com.android.server.location.altitude.AltitudeService$Lifecycle took to complete: 0ms
04-01 08:46:46.874 663 688 D ActivityManagerTiming: OnBootPhase_1000_com.android.server.timezonedetector.location.LocationTimeZoneManagerService$Lifecycle
04-01 08:46:46.874 663 688 V ActivityManagerTiming: OnBootPhase_1000_com.android.server.timezonedetector.location.LocationTimeZoneManagerService$Lifecycle took to complete: 0ms
04-01 08:46:46.874 663 688 D ActivityManagerTiming: OnBootPhase_1000_com.android.server.search.SearchManagerService$Lifecycle
04-01 08:46:46.874 663 688 V ActivityManagerTiming: OnBootPhase_1000_com.android.server.search.SearchManagerService$Lifecycle took to complete: 0ms
04-01 08:46:46.874 663 688 D ActivityManagerTiming: OnBootPhase_1000_com.android.server.wallpaper.WallpaperManagerService$Lifecycle
04-01 08:46:46.877 663 688 V ActivityManagerTiming: OnBootPhase_1000_com.android.server.wallpaper.WallpaperManagerService$Lifecycle took to complete: 3ms
04-01 08:46:46.877 663 688 D ActivityManagerTiming: OnBootPhase_1000_com.android.server.audio.AudioService$Lifecycle
04-01 08:46:46.877 663 688 V ActivityManagerTiming: OnBootPhase_1000_com.android.server.audio.AudioService$Lifecycle took to complete: 0ms
04-01 08:46:46.877 663 688 D ActivityManagerTiming: OnBootPhase_1000_com.android.server.soundtrigger_middleware.SoundTriggerMiddlewareService$Lifecycle
04-01 08:46:46.877 663 688 V ActivityManagerTiming: OnBootPhase_1000_com.android.server.soundtrigger_middleware.SoundTriggerMiddlewareService$Lifecycle took to complete: 0ms
04-01 08:46:46.877 663 688 D ActivityManagerTiming: OnBootPhase_1000_com.android.server.DockObserver
04-01 08:46:46.877 663 688 V ActivityManagerTiming: OnBootPhase_1000_com.android.server.DockObserver took to complete: 0ms
04-01 08:46:46.877 663 688 D ActivityManagerTiming: OnBootPhase_1000_com.android.server.adb.AdbService$Lifecycle
04-01 08:46:46.878 663 794 D WifiService: Handle boot completed
04-01 08:46:46.878 663 688 V ActivityManagerTiming: OnBootPhase_1000_com.android.server.adb.AdbService$Lifecycle took to complete: 1ms
04-01 08:46:46.878 663 688 D ActivityManagerTiming: OnBootPhase_1000_com.android.server.usb.UsbService$Lifecycle
04-01 08:46:46.880 663 688 V ActivityManagerTiming: OnBootPhase_1000_com.android.server.usb.UsbService$Lifecycle took to complete: 2ms
04-01 08:46:46.881 663 688 D ActivityManagerTiming: OnBootPhase_1000_com.android.server.SerialService$Lifecycle
04-01 08:46:46.881 663 688 V ActivityManagerTiming: OnBootPhase_1000_com.android.server.SerialService$Lifecycle took to complete: 0ms
04-01 08:46:46.881 663 688 D ActivityManagerTiming: OnBootPhase_1000_com.android.server.twilight.TwilightService
04-01 08:46:46.883 1168 1168 E putmethod.latin: Not starting debugger since process cannot load the jdwp agent.
04-01 08:46:46.884 663 688 V ActivityManagerTiming: OnBootPhase_1000_com.android.server.twilight.TwilightService took to complete: 3ms
04-01 08:46:46.884 663 688 D ActivityManagerTiming: OnBootPhase_1000_com.android.server.display.color.ColorDisplayService
04-01 08:46:46.884 663 688 V ActivityManagerTiming: OnBootPhase_1000_com.android.server.display.color.ColorDisplayService took to complete: 0ms
04-01 08:46:46.884 663 688 D ActivityManagerTiming: OnBootPhase_1000_com.android.server.job.JobSchedulerService
04-01 08:46:46.884 663 688 V ActivityManagerTiming: OnBootPhase_1000_com.android.server.job.JobSchedulerService took to complete: 0ms
04-01 08:46:46.884 663 688 D ActivityManagerTiming: OnBootPhase_1000_com.android.server.soundtrigger.SoundTriggerService
04-01 08:46:46.884 663 688 D SoundTriggerService: onBootPhase: 1000 : false
04-01 08:46:46.890 663 688 V ActivityManagerTiming: OnBootPhase_1000_com.android.server.soundtrigger.SoundTriggerService took to complete: 6ms
04-01 08:46:46.890 663 688 D ActivityManagerTiming: OnBootPhase_1000_com.android.server.trust.TrustManagerService
04-01 08:46:46.891 663 688 V ActivityManagerTiming: OnBootPhase_1000_com.android.server.trust.TrustManagerService took to complete: 1ms
04-01 08:46:46.891 663 688 D ActivityManagerTiming: OnBootPhase_1000_com.android.server.backup.BackupManagerService$Lifecycle
04-01 08:46:46.891 663 688 V ActivityManagerTiming: OnBootPhase_1000_com.android.server.backup.BackupManagerService$Lifecycle took to complete: 0ms
04-01 08:46:46.891 663 688 D ActivityManagerTiming: OnBootPhase_1000_com.android.server.appwidget.AppWidgetService
04-01 08:46:46.891 663 688 V ActivityManagerTiming: OnBootPhase_1000_com.android.server.appwidget.AppWidgetService took to complete: 0ms
04-01 08:46:46.891 663 688 D ActivityManagerTiming: OnBootPhase_1000_com.android.server.voiceinteraction.VoiceInteractionManagerService
04-01 08:46:46.895 663 688 V ActivityManagerTiming: OnBootPhase_1000_com.android.server.voiceinteraction.VoiceInteractionManagerService took to complete: 4ms
04-01 08:46:46.895 663 688 D ActivityManagerTiming: OnBootPhase_1000_com.android.server.GestureLauncherService
04-01 08:46:46.895 663 688 V ActivityManagerTiming: OnBootPhase_1000_com.android.server.GestureLauncherService took to complete: 0ms
04-01 08:46:46.895 663 688 D ActivityManagerTiming: OnBootPhase_1000_com.android.server.SensorNotificationService
04-01 08:46:46.900 663 685 W PermissionService: getPermissionFlags: Unknown user -1
04-01 08:46:46.904 663 685 W PermissionService: getPermissionFlags: Unknown user -1
04-01 08:46:46.913 926 1033 I Tethering: USB bcast connected:true configured:true rndis:false ncm:false
04-01 08:46:46.915 663 794 I WifiScoreCard: Installing MemoryStore
04-01 08:46:46.919 1168 1168 D nativeloader: Load libframework-connectivity-tiramisu-jni.so using APEX ns com_android_tethering for caller /apex/com.android.tethering/javalib/framework-connectivity-t.jar: ok
04-01 08:46:46.919 663 794 I WifiHealthMonitor: Installing MemoryStore
04-01 08:46:46.928 597 612 I adbd : adbd_auth: received a new framework connection
04-01 08:46:46.930 597 612 I adbd : adbd_auth: received new framework fd 16 (current = -1)
04-01 08:46:46.937 880 898 D RingtonePlayer: playAsync(uri=content://settings/system/notification_sound, user=UserHandle{-1})
04-01 08:46:46.938 880 898 D RingtonePlayer: play uri=content://settings/system/notification_sound
04-01 08:46:46.945 663 663 D FlashNotifController: requestStartFlashNotification
04-01 08:46:46.945 663 663 I FlashNotifController: startFlashNotification: type=1, tag=android
04-01 08:46:46.946 663 663 D FlashNotifController: Flash notification is disabled
04-01 08:46:46.951 663 688 W SystemServiceManager: Service com.android.server.SensorNotificationService took 56 ms in onBootPhase
04-01 08:46:46.951 663 688 V ActivityManagerTiming: OnBootPhase_1000_com.android.server.SensorNotificationService took to complete: 56ms
04-01 08:46:46.951 663 688 D ActivityManagerTiming: OnBootPhase_1000_com.android.server.emergency.EmergencyAffordanceService
04-01 08:46:46.951 663 794 D WifiNetworkFactory: Registering NetworkFactory
04-01 08:46:46.952 663 688 V ActivityManagerTiming: OnBootPhase_1000_com.android.server.emergency.EmergencyAffordanceService took to complete: 0ms
04-01 08:46:46.952 663 688 D ActivityManagerTiming: OnBootPhase_1000_com.android.server.blob.BlobStoreManagerService
04-01 08:46:46.957 663 808 D ConnectivityService: Got NetworkProvider Messenger for WifiNetworkFactory
04-01 08:46:46.958 663 663 W NotificationHistory: Attempted to add notif for locked/gone/disabled user 0
04-01 08:46:46.959 242 242 I servicemanager: Notifying apexservice they don't (previously: do) have clients when we now have no record of a client
04-01 08:46:46.960 446 446 I AidlLazyServiceRegistrar: Process has 0 (of 1 available) client(s) in use after notification apexservice has clients: 0
04-01 08:46:46.960 446 446 I AidlLazyServiceRegistrar: Shutdown prevented by forcePersist override flag.
04-01 08:46:46.962 663 688 V ActivityManagerTiming: OnBootPhase_1000_com.android.server.blob.BlobStoreManagerService took to complete: 10ms
04-01 08:46:46.962 663 688 D ActivityManagerTiming: OnBootPhase_1000_com.android.server.dreams.DreamManagerService
04-01 08:46:46.962 663 688 V ActivityManagerTiming: OnBootPhase_1000_com.android.server.dreams.DreamManagerService took to complete: 0ms
04-01 08:46:46.962 663 688 D ActivityManagerTiming: OnBootPhase_1000_com.android.server.print.PrintManagerService
04-01 08:46:46.962 663 688 V ActivityManagerTiming: OnBootPhase_1000_com.android.server.print.PrintManagerService took to complete: 0ms
04-01 08:46:46.962 663 688 D ActivityManagerTiming: OnBootPhase_1000_com.android.server.security.AttestationVerificationManagerService
04-01 08:46:46.962 663 688 V ActivityManagerTiming: OnBootPhase_1000_com.android.server.security.AttestationVerificationManagerService took to complete: 0ms
04-01 08:46:46.962 663 688 D ActivityManagerTiming: OnBootPhase_1000_com.android.server.companion.CompanionDeviceManagerService
04-01 08:46:46.962 663 688 W CDM_DevicePresenceProcessor: BluetoothAdapter is NOT available.
04-01 08:46:46.963 663 688 I CDM_InactiveAssociationsRemovalService: Scheduling the Association Removal job
04-01 08:46:46.966 663 688 V ActivityManagerTiming: OnBootPhase_1000_com.android.server.companion.CompanionDeviceManagerService took to complete: 4ms
04-01 08:46:46.967 880 1181 D RingtonePlayer: RemoveFirst
04-01 08:46:46.968 663 688 D ActivityManagerTiming: OnBootPhase_1000_com.android.server.companion.virtual.VirtualDeviceManagerService
04-01 08:46:46.968 880 1181 D RingtonePlayer: PLAY
04-01 08:46:46.968 663 688 V ActivityManagerTiming: OnBootPhase_1000_com.android.server.companion.virtual.VirtualDeviceManagerService took to complete: 0ms
04-01 08:46:46.969 663 688 D ActivityManagerTiming: OnBootPhase_1000_com.android.server.restrictions.RestrictionsManagerService
04-01 08:46:46.969 663 688 V ActivityManagerTiming: OnBootPhase_1000_com.android.server.restrictions.RestrictionsManagerService took to complete: 0ms
04-01 08:46:46.969 663 688 D ActivityManagerTiming: OnBootPhase_1000_com.android.server.media.MediaSessionService
04-01 08:46:46.977 880 1181 D RingtonePlayer: startSound()
04-01 08:46:46.977 663 832 W com.android.internal.protolog.LogcatOnlyProtoLogImpl: ProtoLog message not processed. Failed to log it to proto. Logging it below to logcat instead.
04-01 08:46:46.977 663 832 V WindowManager: Binding proc com.android.inputmethod.latin with config {1.0 ?mcc0mnc [en_US] ldltr sw720dp w1280dp h720dp 240dpi xlrg long land -touch qwerty/v/v -nav/h winConfig={ mBounds=Rect(0, 0 - 1920, 1080) mAppBounds=Rect(0, 0 - 1920, 1080) mMaxBounds=Rect(0, 0 - 1920, 1080) mDisplayRotation=ROTATION_0 mWindowingMode=fullscreen mActivityType=undefined mAlwaysOnTop=undefined mRotation=ROTATION_0} s.6 fontWeightAdjustment=0}
04-01 08:46:46.978 663 794 D UntrustedWifiNetworkFactory: Registering NetworkFactory
04-01 08:46:46.984 663 688 V ActivityManagerTiming: OnBootPhase_1000_com.android.server.media.MediaSessionService took to complete: 11ms
04-01 08:46:46.985 663 688 D ActivityManagerTiming: OnBootPhase_1000_com.android.server.biometrics.BiometricService
04-01 08:46:46.985 663 688 V ActivityManagerTiming: OnBootPhase_1000_com.android.server.biometrics.BiometricService took to complete: 0ms
04-01 08:46:46.985 663 688 D ActivityManagerTiming: OnBootPhase_1000_com.android.server.biometrics.AuthService
04-01 08:46:46.985 663 688 V ActivityManagerTiming: OnBootPhase_1000_com.android.server.biometrics.AuthService took to complete: 0ms
04-01 08:46:46.985 663 688 D ActivityManagerTiming: OnBootPhase_1000_com.android.server.adaptiveauth.AdaptiveAuthService
04-01 08:46:46.986 663 688 V ActivityManagerTiming: OnBootPhase_1000_com.android.server.adaptiveauth.AdaptiveAuthService took to complete: 0ms
04-01 08:46:46.986 663 688 D ActivityManagerTiming: OnBootPhase_1000_com.android.server.pm.ShortcutService$Lifecycle
04-01 08:46:46.986 663 688 D ShortcutService: onBootPhase: 1000
04-01 08:46:46.986 663 688 V ActivityManagerTiming: OnBootPhase_1000_com.android.server.pm.ShortcutService$Lifecycle took to complete: 0ms
04-01 08:46:46.987 663 794 D RestrictedWifiNetworkFactory: Registering NetworkFactory
04-01 08:46:46.991 663 794 D OemPaidWifiNetworkFactory: Registering NetworkFactory
04-01 08:46:46.996 663 794 D MultiInternetWifiNetworkFactory: Registering NetworkFactory
04-01 08:46:47.000 663 688 D ActivityManagerTiming: OnBootPhase_1000_com.android.server.pm.LauncherAppsService
04-01 08:46:47.000 663 688 V ActivityManagerTiming: OnBootPhase_1000_com.android.server.pm.LauncherAppsService took to complete: 0ms
04-01 08:46:47.000 663 688 D ActivityManagerTiming: OnBootPhase_1000_com.android.server.pm.CrossProfileAppsService
04-01 08:46:47.001 663 808 D ConnectivityService: Got NetworkProvider Messenger for UntrustedWifiNetworkFactory
04-01 08:46:47.001 663 808 D ConnectivityService: Got NetworkProvider Messenger for RestrictedWifiNetworkFactory
04-01 08:46:47.002 663 808 D ConnectivityService: Got NetworkProvider Messenger for OemPaidWifiNetworkFactory
04-01 08:46:47.002 663 688 V ActivityManagerTiming: OnBootPhase_1000_com.android.server.pm.CrossProfileAppsService took to complete: 0ms
04-01 08:46:47.002 663 688 D ActivityManagerTiming: OnBootPhase_1000_com.android.server.people.PeopleService
04-01 08:46:47.002 663 688 V ActivityManagerTiming: OnBootPhase_1000_com.android.server.people.PeopleService took to complete: 0ms
04-01 08:46:47.003 663 688 D ActivityManagerTiming: OnBootPhase_1000_com.android.server.media.metrics.MediaMetricsManagerService
04-01 08:46:47.003 663 688 V ActivityManagerTiming: OnBootPhase_1000_com.android.server.media.metrics.MediaMetricsManagerService took to complete: 0ms
04-01 08:46:47.003 663 688 D ActivityManagerTiming: OnBootPhase_1000_com.android.server.pm.BackgroundInstallControlService
04-01 08:46:47.005 880 1183 D RingtonePlayer: in run: new looper Looper (Thread-7, tid 78) {f08f912}
04-01 08:46:47.006 663 688 V ActivityManagerTiming: OnBootPhase_1000_com.android.server.pm.BackgroundInstallControlService took to complete: 3ms
04-01 08:46:47.006 663 688 D ActivityManagerTiming: OnBootPhase_1000_com.android.server.media.projection.MediaProjectionManagerService
04-01 08:46:47.006 663 688 V ActivityManagerTiming: OnBootPhase_1000_com.android.server.media.projection.MediaProjectionManagerService took to complete: 0ms
04-01 08:46:47.006 663 688 D ActivityManagerTiming: OnBootPhase_1000_com.android.server.slice.SliceManagerService$Lifecycle
04-01 08:46:47.006 663 688 V ActivityManagerTiming: OnBootPhase_1000_com.android.server.slice.SliceManagerService$Lifecycle took to complete: 0ms
04-01 08:46:47.006 663 688 D ActivityManagerTiming: OnBootPhase_1000_com.android.server.stats.StatsCompanion$Lifecycle
04-01 08:46:47.011 663 688 V ActivityManagerTiming: OnBootPhase_1000_com.android.server.stats.StatsCompanion$Lifecycle took to complete: 5ms
04-01 08:46:47.011 663 688 D ActivityManagerTiming: OnBootPhase_1000_com.android.server.scheduling.RebootReadinessManagerService$Lifecycle
04-01 08:46:47.011 663 688 V ActivityManagerTiming: OnBootPhase_1000_com.android.server.scheduling.RebootReadinessManagerService$Lifecycle took to complete: 0ms
04-01 08:46:47.011 663 688 D ActivityManagerTiming: OnBootPhase_1000_com.android.server.stats.pull.StatsPullAtomService
04-01 08:46:47.011 663 688 V ActivityManagerTiming: OnBootPhase_1000_com.android.server.stats.pull.StatsPullAtomService took to complete: 0ms
04-01 08:46:47.011 663 688 D ActivityManagerTiming: OnBootPhase_1000_com.android.server.stats.bootstrap.StatsBootstrapAtomService$Lifecycle
04-01 08:46:47.011 663 688 V ActivityManagerTiming: OnBootPhase_1000_com.android.server.stats.bootstrap.StatsBootstrapAtomService$Lifecycle took to complete: 0ms
04-01 08:46:47.011 663 688 D ActivityManagerTiming: OnBootPhase_1000_com.android.server.incident.IncidentCompanionService
04-01 08:46:47.011 663 688 V ActivityManagerTiming: OnBootPhase_1000_com.android.server.incident.IncidentCompanionService took to complete: 0ms
04-01 08:46:47.011 663 688 D ActivityManagerTiming: OnBootPhase_1000_com.android.server.sdksandbox.SdkSandboxManagerService$Lifecycle
04-01 08:46:47.011 663 688 V ActivityManagerTiming: OnBootPhase_1000_com.android.server.sdksandbox.SdkSandboxManagerService$Lifecycle took to complete: 0ms
04-01 08:46:47.011 663 688 D ActivityManagerTiming: OnBootPhase_1000_com.android.server.adservices.AdServicesManagerService$Lifecycle
04-01 08:46:47.011 663 688 V ActivityManagerTiming: OnBootPhase_1000_com.android.server.adservices.AdServicesManagerService$Lifecycle took to complete: 0ms
04-01 08:46:47.011 663 688 D ActivityManagerTiming: OnBootPhase_1000_com.android.server.ondevicepersonalization.OnDevicePersonalizationSystemService$Lifecycle
04-01 08:46:47.011 663 688 V ActivityManagerTiming: OnBootPhase_1000_com.android.server.ondevicepersonalization.OnDevicePersonalizationSystemService$Lifecycle took to complete: 0ms
04-01 08:46:47.011 663 688 D ActivityManagerTiming: OnBootPhase_1000_android.os.profiling.ProfilingService$Lifecycle
04-01 08:46:47.011 663 688 V ActivityManagerTiming: OnBootPhase_1000_android.os.profiling.ProfilingService$Lifecycle took to complete: 0ms
04-01 08:46:47.015 242 242 I servicemanager: Notifying apexservice they do (previously: don't) have clients when service is guaranteed to be in use
04-01 08:46:47.016 446 446 I AidlLazyServiceRegistrar: Process has 1 (of 1 available) client(s) in use after notification apexservice has clients: 1
04-01 08:46:47.012 663 688 D ActivityManagerTiming: OnBootPhase_1000_com.android.server.autofill.AutofillManagerService
04-01 08:46:47.016 446 446 I AidlLazyServiceRegistrar: Shutdown prevented by forcePersist override flag.
04-01 08:46:47.012 663 688 V ActivityManagerTiming: OnBootPhase_1000_com.android.server.autofill.AutofillManagerService took to complete: 0ms
04-01 08:46:47.012 663 688 D ActivityManagerTiming: OnBootPhase_1000_com.android.server.clipboard.ClipboardService
04-01 08:46:47.013 663 688 V ActivityManagerTiming: OnBootPhase_1000_com.android.server.clipboard.ClipboardService took to complete: 0ms
04-01 08:46:47.013 663 688 D ActivityManagerTiming: OnBootPhase_1000_com.android.server.appbinding.AppBindingService$Lifecycle
04-01 08:46:47.013 663 688 V ActivityManagerTiming: OnBootPhase_1000_com.android.server.appbinding.AppBindingService$Lifecycle took to complete: 0ms
04-01 08:46:47.013 663 688 D ActivityManagerTiming: OnBootPhase_1000_com.android.server.tracing.TracingServiceProxy
04-01 08:46:47.013 663 688 V ActivityManagerTiming: OnBootPhase_1000_com.android.server.tracing.TracingServiceProxy took to complete: 0ms
04-01 08:46:47.013 663 688 D ActivityManagerTiming: OnBootPhase_1000_com.android.server.policy.PermissionPolicyService
04-01 08:46:47.013 663 688 V ActivityManagerTiming: OnBootPhase_1000_com.android.server.policy.PermissionPolicyService took to complete: 0ms
04-01 08:46:47.013 663 688 D ActivityManagerTiming: OnBootPhase_1000_com.android.server.pm.StagingManager$Lifecycle
04-01 08:46:47.017 663 808 D ConnectivityService: Got NetworkProvider Messenger for MultiInternetWifiNetworkFactory
04-01 08:46:47.017 880 880 I Choreographer: Skipped 54 frames! The application may be doing too much work on its main thread.
04-01 08:46:47.021 446 446 I apexd : markBootCompleted() received by ApexService
04-01 08:46:47.021 880 880 I WallpaperController: Won't set zoom. Window not attached com.android.systemui.shade.NotificationShadeWindowView{d8e282f I.E...... ......I. 0,0-0,0 #7f0a041e app:id/legacy_window_root}
04-01 08:46:47.023 663 688 V ActivityManagerTiming: OnBootPhase_1000_com.android.server.pm.StagingManager$Lifecycle took to complete: 9ms
04-01 08:46:47.023 663 688 D ActivityManagerTiming: OnBootPhase_1000_com.android.server.app.GameManagerService$Lifecycle
04-01 08:46:47.023 663 688 D GameManagerService: onBootCompleted
04-01 08:46:47.026 663 688 V GameManagerService: Game loading power mode OFF (game manager service start/restart)
04-01 08:46:47.027 534 534 I android.hardware.power-service.example: Power isModeSupported: 16
04-01 08:46:47.031 663 663 W PermissionService: getPermissionFlags: Unknown user -1
04-01 08:46:47.034 663 688 V GameManagerService: Game power mode OFF (game manager service start/restart)
04-01 08:46:47.035 534 534 I android.hardware.power-service.example: Power isModeSupported: 15
04-01 08:46:47.036 663 688 V GameManagerService: Game Default Frame Rate : 60.0
04-01 08:46:47.045 663 688 V ActivityManagerTiming: OnBootPhase_1000_com.android.server.app.GameManagerService$Lifecycle took to complete: 22ms
04-01 08:46:47.046 663 688 D ActivityManagerTiming: OnBootPhase_1000_com.android.safetycenter.SafetyCenterService
04-01 08:46:47.049 663 794 I SsidTranslator: Locale language changed to en, alternate charset is now null
04-01 08:46:47.065 663 794 D WifiNative: mIsLocationModeEnabled true mLastLocationModeEnabledTimeMs 42701
04-01 08:46:47.069 663 688 I SafetyCenterService: Safety Center is enabled
04-01 08:46:47.070 663 688 V ActivityManagerTiming: OnBootPhase_1000_com.android.safetycenter.SafetyCenterService took to complete: 24ms
04-01 08:46:47.076 663 688 D ActivityManagerTiming: OnBootPhase_1000_com.android.server.appsearch.AppSearchModule$Lifecycle
04-01 08:46:47.082 663 808 D ConnectivityService: register offer from providerId 4 : NetworkOffer [ Provider Id (4) Score(Policies : EVER_EVALUATED&IS_UNMETERED&EVER_VALIDATED&IS_VALIDATED ; KeepConnected : 0) Caps [ Transports: WIFI Capabilities: NOT_METERED&INTERNET&NOT_RESTRICTED&TRUSTED&NOT_VPN&NOT_ROAMING&NOT_CONGESTED&NOT_SUSPENDED&NOT_VCN_MANAGED&NOT_BANDWIDTH_CONSTRAINED LinkUpBandwidth>=1048576Kbps LinkDnBandwidth>=1048576Kbps Specifier: UnderlyingNetworks: Null] Needed by []]
04-01 08:46:47.083 663 808 D ConnectivityService: register offer from providerId 5 : NetworkOffer [ Provider Id (5) Score(Policies : EVER_EVALUATED&IS_INVINCIBLE&IS_UNMETERED&EVER_VALIDATED&IS_VALIDATED ; KeepConnected : 0) Caps [ Transports: WIFI Capabilities: NOT_METERED&INTERNET&NOT_RESTRICTED&TRUSTED&NOT_VPN&NOT_ROAMING&NOT_CONGESTED&NOT_SUSPENDED&NOT_VCN_MANAGED&NOT_BANDWIDTH_CONSTRAINED LinkUpBandwidth>=1048576Kbps LinkDnBandwidth>=1048576Kbps Specifier: UnderlyingNetworks: Null] Needed by []]
04-01 08:46:47.084 663 688 V ActivityManagerTiming: OnBootPhase_1000_com.android.server.appsearch.AppSearchModule$Lifecycle took to complete: 8ms
04-01 08:46:47.084 663 688 D ActivityManagerTiming: OnBootPhase_1000_com.android.server.compos.IsolatedCompilationService
04-01 08:46:47.085 663 688 I com.android.server.compos.IsolatedCompilationService: Isolated compilation not supported, not scheduling job
04-01 08:46:47.085 663 688 V ActivityManagerTiming: OnBootPhase_1000_com.android.server.compos.IsolatedCompilationService took to complete: 1ms
04-01 08:46:47.085 663 688 D ActivityManagerTiming: OnBootPhase_1000_com.android.server.media.MediaCommunicationService
04-01 08:46:47.085 663 688 V ActivityManagerTiming: OnBootPhase_1000_com.android.server.media.MediaCommunicationService took to complete: 0ms
04-01 08:46:47.085 663 688 D ActivityManagerTiming: OnBootPhase_1000_com.android.server.compat.overrides.AppCompatOverridesService$Lifecycle
04-01 08:46:47.085 663 688 V ActivityManagerTiming: OnBootPhase_1000_com.android.server.compat.overrides.AppCompatOverridesService$Lifecycle took to complete: 0ms
04-01 08:46:47.085 663 688 D ActivityManagerTiming: OnBootPhase_1000_com.android.server.healthconnect.HealthConnectManagerService
04-01 08:46:47.085 663 688 V ActivityManagerTiming: OnBootPhase_1000_com.android.server.healthconnect.HealthConnectManagerService took to complete: 0ms
04-01 08:46:47.085 663 688 D ActivityManagerTiming: OnBootPhase_1000_com.android.server.devicelock.DeviceLockService
04-01 08:46:47.085 663 688 D DeviceLockService: onBootPhase: 1000
04-01 08:46:47.085 663 688 V ActivityManagerTiming: OnBootPhase_1000_com.android.server.devicelock.DeviceLockService took to complete: 0ms
04-01 08:46:47.085 663 688 D ActivityManagerTiming: OnBootPhase_1000_com.android.server.SensitiveContentProtectionManagerService
04-01 08:46:47.088 663 808 D ConnectivityService: register offer from providerId 6 : NetworkOffer [ Provider Id (6) Score(Policies : EVER_EVALUATED&IS_INVINCIBLE&IS_UNMETERED&EVER_VALIDATED&IS_VALIDATED ; KeepConnected : 0) Caps [ Transports: WIFI Capabilities: NOT_METERED&INTERNET&TRUSTED&NOT_VPN&NOT_ROAMING&NOT_CONGESTED&NOT_SUSPENDED&NOT_VCN_MANAGED&NOT_BANDWIDTH_CONSTRAINED LinkUpBandwidth>=1048576Kbps LinkDnBandwidth>=1048576Kbps Specifier: UnderlyingNetworks: Null] Needed by []]
04-01 08:46:47.099 663 688 V ActivityManagerTiming: OnBootPhase_1000_com.android.server.SensitiveContentProtectionManagerService took to complete: 13ms
04-01 08:46:47.099 663 688 D ActivityManagerTiming: OnBootPhase_1000_com.android.system.virtualmachine.VirtualizationSystemService
04-01 08:46:47.104 663 794 D WifiNetworkFactory: got request NetworkRequest [ REQUEST id=14, [ Capabilities: INTERNET&NOT_RESTRICTED&TRUSTED&NOT_VCN_MANAGED&NOT_BANDWIDTH_CONSTRAINED Uid: 10084 RequestorUid: 1000 RequestorPkg: android UnderlyingNetworks: Null] ]
04-01 08:46:47.110 663 688 I com.android.system.virtualmachine.SecretkeeperJobService: Scheduled job
04-01 08:46:47.111 663 688 V ActivityManagerTiming: OnBootPhase_1000_com.android.system.virtualmachine.VirtualizationSystemService took to complete: 12ms
04-01 08:46:47.111 663 688 V ActivityManagerTiming: OnBootPhase_1000 took to complete: 459ms
04-01 08:46:47.111 663 688 V ActivityManagerTiming: TotalBootTime took to complete: 15263ms
04-01 08:46:47.111 663 688 D SystemServerInitThreadPool: Shutdown requested
04-01 08:46:47.111 663 688 D SystemServerTiming: WaitInitThreadPoolShutdown
04-01 08:46:47.113 663 794 D WifiNetworkFactory: got request NetworkRequest [ REQUEST id=18, [ Capabilities: INTERNET&NOT_RESTRICTED&TRUSTED&NOT_VCN_MANAGED&NOT_BANDWIDTH_CONSTRAINED Uid: 1073 RequestorUid: 1073 RequestorPkg: com.android.networkstack UnderlyingNetworks: Null] ]
04-01 08:46:47.114 663 794 D WifiNetworkFactory: got request NetworkRequest [ REQUEST id=1, [ Capabilities: INTERNET&NOT_RESTRICTED&TRUSTED&NOT_VPN&NOT_VCN_MANAGED&NOT_BANDWIDTH_CONSTRAINED RequestorUid: 1000 RequestorPkg: android UnderlyingNetworks: Null] ]
04-01 08:46:47.114 663 794 D WifiNetworkFactory: got request NetworkRequest [ REQUEST id=16, [ Capabilities: INTERNET&NOT_RESTRICTED&TRUSTED&NOT_VCN_MANAGED&NOT_BANDWIDTH_CONSTRAINED Uid: 1000 RequestorUid: 1000 RequestorPkg: android UnderlyingNetworks: Null] ]
04-01 08:46:47.115 663 794 D WifiNetworkFactory: got request NetworkRequest [ REQUEST id=31, [ Capabilities: INTERNET&NOT_RESTRICTED&TRUSTED&NOT_VCN_MANAGED&NOT_BANDWIDTH_CONSTRAINED Uid: 10070 RequestorUid: 10070 RequestorPkg: com.android.systemui UnderlyingNetworks: Null] ]
04-01 08:46:47.115 663 688 D SystemServerInitThreadPool: Shutdown successful
04-01 08:46:47.115 663 688 V SystemServerTiming: WaitInitThreadPoolShutdown took to complete: 4ms
04-01 08:46:47.115 663 794 D WifiNetworkFactory: got request NetworkRequest [ REQUEST id=25, [ Capabilities: INTERNET&NOT_RESTRICTED&TRUSTED&NOT_VCN_MANAGED&NOT_BANDWIDTH_CONSTRAINED Uid: 10070 RequestorUid: 10070 RequestorPkg: com.android.systemui UnderlyingNetworks: Null] ]
04-01 08:46:47.115 663 794 D WifiNetworkFactory: got request NetworkRequest [ REQUEST id=29, [ Capabilities: INTERNET&NOT_RESTRICTED&TRUSTED&NOT_VCN_MANAGED&NOT_BANDWIDTH_CONSTRAINED Uid: 10070 RequestorUid: 10070 RequestorPkg: com.android.systemui UnderlyingNetworks: Null] ]
04-01 08:46:47.115 663 794 D WifiNetworkFactory: got request NetworkRequest [ REQUEST id=7, [ Capabilities: INTERNET&NOT_RESTRICTED&TRUSTED&NOT_VCN_MANAGED&NOT_BANDWIDTH_CONSTRAINED Uid: 1000 RequestorUid: 1000 RequestorPkg: android UnderlyingNetworks: Null] ]
04-01 08:46:47.117 663 808 D ConnectivityService: register offer from providerId 7 : NetworkOffer [ Provider Id (7) Score(Policies : EVER_EVALUATED&IS_INVINCIBLE&IS_UNMETERED&EVER_VALIDATED&IS_VALIDATED ; KeepConnected : 0) Caps [ Transports: WIFI Capabilities: NOT_METERED&INTERNET&NOT_RESTRICTED&TRUSTED&NOT_VPN&NOT_ROAMING&NOT_CONGESTED&NOT_SUSPENDED&OEM_PAID&OEM_PRIVATE&NOT_VCN_MANAGED&NOT_BANDWIDTH_CONSTRAINED LinkUpBandwidth>=1048576Kbps LinkDnBandwidth>=1048576Kbps Specifier: UnderlyingNetworks: Null] Needed by []]
04-01 08:46:47.121 663 808 D ConnectivityService: register offer from providerId 8 : NetworkOffer [ Provider Id (8) Score(Policies : EVER_EVALUATED&IS_INVINCIBLE&IS_UNMETERED&EVER_VALIDATED&IS_VALIDATED ; KeepConnected : 0) Caps [ Transports: WIFI Capabilities: NOT_METERED&INTERNET&NOT_RESTRICTED&TRUSTED&NOT_VPN&NOT_ROAMING&NOT_CONGESTED&NOT_SUSPENDED&NOT_VCN_MANAGED&NOT_BANDWIDTH_CONSTRAINED LinkUpBandwidth>=1048576Kbps LinkDnBandwidth>=1048576Kbps Specifier: UnderlyingNetworks: Null] Needed by []]
04-01 08:46:47.128 663 794 D WifiNetworkFactory: got request NetworkRequest [ REQUEST id=21, [ Capabilities: INTERNET&NOT_RESTRICTED&TRUSTED&NOT_VCN_MANAGED&NOT_BANDWIDTH_CONSTRAINED Uid: 10070 RequestorUid: 10070 RequestorPkg: com.android.systemui UnderlyingNetworks: Null] ]
04-01 08:46:47.133 663 794 D UntrustedWifiNetworkFactory: got request NetworkRequest [ REQUEST id=14, [ Capabilities: INTERNET&NOT_RESTRICTED&TRUSTED&NOT_VCN_MANAGED&NOT_BANDWIDTH_CONSTRAINED Uid: 10084 RequestorUid: 1000 RequestorPkg: android UnderlyingNetworks: Null] ]
04-01 08:46:47.134 663 794 D UntrustedWifiNetworkFactory: got request NetworkRequest [ REQUEST id=18, [ Capabilities: INTERNET&NOT_RESTRICTED&TRUSTED&NOT_VCN_MANAGED&NOT_BANDWIDTH_CONSTRAINED Uid: 1073 RequestorUid: 1073 RequestorPkg: com.android.networkstack UnderlyingNetworks: Null] ]
04-01 08:46:47.134 1 1 I init : processing action (sys.boot_completed=1) from (/system/etc/init/hw/init.rc:1267)
04-01 08:46:47.136 1 1 I init : starting service 'exec 20 (/bin/rm -rf /data/per_boot)'...
04-01 08:46:47.138 663 794 D UntrustedWifiNetworkFactory: got request NetworkRequest [ REQUEST id=1, [ Capabilities: INTERNET&NOT_RESTRICTED&TRUSTED&NOT_VPN&NOT_VCN_MANAGED&NOT_BANDWIDTH_CONSTRAINED RequestorUid: 1000 RequestorPkg: android UnderlyingNetworks: Null] ]
04-01 08:46:47.138 663 794 D UntrustedWifiNetworkFactory: got request NetworkRequest [ REQUEST id=16, [ Capabilities: INTERNET&NOT_RESTRICTED&TRUSTED&NOT_VCN_MANAGED&NOT_BANDWIDTH_CONSTRAINED Uid: 1000 RequestorUid: 1000 RequestorPkg: android UnderlyingNetworks: Null] ]
04-01 08:46:47.139 663 794 D UntrustedWifiNetworkFactory: got request NetworkRequest [ REQUEST id=31, [ Capabilities: INTERNET&NOT_RESTRICTED&TRUSTED&NOT_VCN_MANAGED&NOT_BANDWIDTH_CONSTRAINED Uid: 10070 RequestorUid: 10070 RequestorPkg: com.android.systemui UnderlyingNetworks: Null] ]
04-01 08:46:47.145 663 1108 I SELinux : SELinux: Loaded file context from:
04-01 08:46:47.145 663 1108 I SELinux : /system/etc/selinux/plat_file_contexts
04-01 08:46:47.145 663 1108 I SELinux : /system_ext/etc/selinux/system_ext_file_contexts
04-01 08:46:47.145 663 1108 I SELinux : /product/etc/selinux/product_file_contexts
04-01 08:46:47.145 663 1108 I SELinux : /vendor/etc/selinux/vendor_file_contexts
04-01 08:46:47.148 663 794 D UntrustedWifiNetworkFactory: got request NetworkRequest [ REQUEST id=25, [ Capabilities: INTERNET&NOT_RESTRICTED&TRUSTED&NOT_VCN_MANAGED&NOT_BANDWIDTH_CONSTRAINED Uid: 10070 RequestorUid: 10070 RequestorPkg: com.android.systemui UnderlyingNetworks: Null] ]
04-01 08:46:47.149 663 794 D UntrustedWifiNetworkFactory: got request NetworkRequest [ REQUEST id=29, [ Capabilities: INTERNET&NOT_RESTRICTED&TRUSTED&NOT_VCN_MANAGED&NOT_BANDWIDTH_CONSTRAINED Uid: 10070 RequestorUid: 10070 RequestorPkg: com.android.systemui UnderlyingNetworks: Null] ]
04-01 08:46:47.149 663 794 D UntrustedWifiNetworkFactory: got request NetworkRequest [ REQUEST id=7, [ Capabilities: INTERNET&NOT_RESTRICTED&TRUSTED&NOT_VCN_MANAGED&NOT_BANDWIDTH_CONSTRAINED Uid: 1000 RequestorUid: 1000 RequestorPkg: android UnderlyingNetworks: Null] ]
04-01 08:46:47.150 663 794 D UntrustedWifiNetworkFactory: got request NetworkRequest [ REQUEST id=21, [ Capabilities: INTERNET&NOT_RESTRICTED&TRUSTED&NOT_VCN_MANAGED&NOT_BANDWIDTH_CONSTRAINED Uid: 10070 RequestorUid: 10070 RequestorPkg: com.android.systemui UnderlyingNetworks: Null] ]
04-01 08:46:47.150 663 794 D OemPaidWifiNetworkFactory: got request NetworkRequest [ REQUEST id=14, [ Capabilities: INTERNET&NOT_RESTRICTED&TRUSTED&NOT_VCN_MANAGED&NOT_BANDWIDTH_CONSTRAINED Uid: 10084 RequestorUid: 1000 RequestorPkg: android UnderlyingNetworks: Null] ]
04-01 08:46:47.151 663 688 I ActivityManager: User 0 state changed from BOOTING to RUNNING_LOCKED
04-01 08:46:47.154 663 794 D OemPaidWifiNetworkFactory: got request NetworkRequest [ REQUEST id=18, [ Capabilities: INTERNET&NOT_RESTRICTED&TRUSTED&NOT_VCN_MANAGED&NOT_BANDWIDTH_CONSTRAINED Uid: 1073 RequestorUid: 1073 RequestorPkg: com.android.networkstack UnderlyingNetworks: Null] ]
04-01 08:46:47.162 663 794 D OemPaidWifiNetworkFactory: got request NetworkRequest [ REQUEST id=1, [ Capabilities: INTERNET&NOT_RESTRICTED&TRUSTED&NOT_VPN&NOT_VCN_MANAGED&NOT_BANDWIDTH_CONSTRAINED RequestorUid: 1000 RequestorPkg: android UnderlyingNetworks: Null] ]
04-01 08:46:47.162 500 500 D Zygote : Forked child process 1188
04-01 08:46:47.165 663 794 D OemPaidWifiNetworkFactory: got request NetworkRequest [ REQUEST id=16, [ Capabilities: INTERNET&NOT_RESTRICTED&TRUSTED&NOT_VCN_MANAGED&NOT_BANDWIDTH_CONSTRAINED Uid: 1000 RequestorUid: 1000 RequestorPkg: android UnderlyingNetworks: Null] ]
04-01 08:46:47.167 1168 1168 D nativeloader: InitLlndkLibrariesProduct: libEGL.so:libGLESv1_CM.so:libGLESv2.so:libGLESv3.so:libRS.so:libandroid_net.so:libapexsupport.so:libbinder_ndk.so:libc.so:libcgrouprc.so:libclang_rt.asan-aarch64-android.so:libclang_rt.hwasan-aarch64-android.so:libcom.android.tethering.connectivity_native.so:libdl.so:libft2.so:liblog.so:libm.so:libmediandk.so:libnativewindow.so:libneuralnetworks.so:libselinux.so:libsync.so:libvendorsupport.so:libvndksupport.so:libvulkan.so
04-01 08:46:47.171 663 794 D OemPaidWifiNetworkFactory: got request NetworkRequest [ REQUEST id=31, [ Capabilities: INTERNET&NOT_RESTRICTED&TRUSTED&NOT_VCN_MANAGED&NOT_BANDWIDTH_CONSTRAINED Uid: 10070 RequestorUid: 10070 RequestorPkg: com.android.systemui UnderlyingNetworks: Null] ]
04-01 08:46:47.172 663 688 D SystemServerTiming: broadcastIntent-0-android.intent.action.LOCKED_BOOT_COMPLETED
04-01 08:46:47.167 1168 1168 D nativeloader: Configuring product-clns-7 for unbundled product apk /system/product/app/LatinIME/LatinIME.apk. target_sdk_version=30, uses_libraries=, library_path=/system/product/app/LatinIME/lib/arm64:/system/product/app/LatinIME/LatinIME.apk!/lib/arm64-v8a:/product/lib64:/system/product/lib64, permitted_path=/data:/mnt/expand:/data/user_de/0/com.android.inputmethod.latin:/product/lib64:/system/product/lib64
04-01 08:46:47.180 1 1 I init : ... started service 'exec 20 (/bin/rm -rf /data/per_boot)' has pid 1187
04-01 08:46:47.180 1 1 I init : SVC_EXEC service 'exec 20 (/bin/rm -rf /data/per_boot)' pid 1187 (uid 1000 gid 1000+0 context default) started; waiting...
04-01 08:46:47.181 1168 1168 D nativeloader: InitVndkspLibrariesProduct: VNDK is deprecated with product
