04-01 08:46:42.102 663 663 V StorageManagerService: Package com.android.permissioncontroller does not have legacy storage
04-01 08:46:42.102 663 663 V StorageManagerService: Package com.android.traceur does not have legacy storage
04-01 08:46:42.102 663 663 V StorageManagerService: Package com.android.ondevicepersonalization.services does not have legacy storage
04-01 08:46:42.102 663 663 V StorageManagerService: Package com.android.bluetooth does not have legacy storage
04-01 08:46:42.102 663 663 V StorageManagerService: Package com.android.providers.contacts does not have legacy storage
04-01 08:46:42.103 663 663 V StorageManagerService: Package com.android.captiveportallogin does not have legacy storage
04-01 08:46:42.103 663 663 V StorageManagerService: Package com.android.devicelockcontroller does not have legacy storage
04-01 08:46:42.103 663 663 V SystemServerTimingAsync: ssm.onStartUser-0_com.android.server.StorageManagerService$Lifecycle took to complete: 23ms
04-01 08:46:42.103 663 663 D SystemServerTimingAsync: ssm.onStartUser-0_com.android.server.usage.StorageStatsService$Lifecycle
04-01 08:46:42.103 663 663 V SystemServerTimingAsync: ssm.onStartUser-0_com.android.server.usage.StorageStatsService$Lifecycle took to complete: 0ms
04-01 08:46:42.103 663 663 D SystemServerTimingAsync: ssm.onStartUser-0_com.android.server.UiModeManagerService
04-01 08:46:42.104 663 663 V SystemServerTimingAsync: ssm.onStartUser-0_com.android.server.UiModeManagerService took to complete: 0ms
04-01 08:46:42.104 663 663 D SystemServerTimingAsync: ssm.onStartUser-0_com.android.server.locales.LocaleManagerService
04-01 08:46:42.107 663 663 V SystemServerTimingAsync: ssm.onStartUser-0_com.android.server.locales.LocaleManagerService took to complete: 0ms
04-01 08:46:42.107 663 663 D SystemServerTimingAsync: ssm.onStartUser-0_com.android.server.grammaticalinflection.GrammaticalInflectionService
04-01 08:46:42.107 663 663 V SystemServerTimingAsync: ssm.onStartUser-0_com.android.server.grammaticalinflection.GrammaticalInflectionService took to complete: 0ms
04-01 08:46:42.107 663 663 D SystemServerTimingAsync: ssm.onStartUser-0_com.android.server.apphibernation.AppHibernationService
04-01 08:46:42.107 663 663 V SystemServerTimingAsync: ssm.onStartUser-0_com.android.server.apphibernation.AppHibernationService took to complete: 0ms
04-01 08:46:42.107 663 663 D SystemServerTimingAsync: ssm.onStartUser-0_com.android.server.locksettings.LockSettingsService$Lifecycle
04-01 08:46:42.107 663 663 V SystemServerTimingAsync: ssm.onStartUser-0_com.android.server.locksettings.LockSettingsService$Lifecycle took to complete: 0ms
04-01 08:46:42.107 663 663 D SystemServerTimingAsync: ssm.onStartUser-0_com.android.server.pdb.PersistentDataBlockService
04-01 08:46:42.107 663 663 V SystemServerTimingAsync: ssm.onStartUser-0_com.android.server.pdb.PersistentDataBlockService took to complete: 0ms
04-01 08:46:42.107 663 663 D SystemServerTimingAsync: ssm.onStartUser-0_com.android.server.testharness.TestHarnessModeService
04-01 08:46:42.107 663 663 V SystemServerTimingAsync: ssm.onStartUser-0_com.android.server.testharness.TestHarnessModeService took to complete: 0ms
04-01 08:46:42.107 663 663 D SystemServerTimingAsync: ssm.onStartUser-0_com.android.server.oemlock.OemLockService
04-01 08:46:42.108 663 663 V SystemServerTimingAsync: ssm.onStartUser-0_com.android.server.oemlock.OemLockService took to complete: 1ms
04-01 08:46:42.108 663 663 D SystemServerTimingAsync: ssm.onStartUser-0_com.android.server.DeviceIdleController
04-01 08:46:42.108 663 663 V SystemServerTimingAsync: ssm.onStartUser-0_com.android.server.DeviceIdleController took to complete: 0ms
04-01 08:46:42.108 663 663 D SystemServerTimingAsync: ssm.onStartUser-0_com.android.server.devicepolicy.DevicePolicyManagerService$Lifecycle
04-01 08:46:42.109 880 913 D ShellSplitScreen: UNKNOWN MESSAGE (1564738155237815538)
04-01 08:46:42.110 255 881 E IMGAidlAllocator: isSupported:328 Invalid BufferDescriptorInfo
04-01 08:46:42.110 255 881 E IMGAidlAllocator: isSupported:329 width -> 320
04-01 08:46:42.110 255 881 E IMGAidlAllocator: isSupported:330 height -> 240
04-01 08:46:42.110 255 881 E IMGAidlAllocator: isSupported:331 format -> 54
04-01 08:46:42.110 255 881 E IMGAidlAllocator: isSupported:332 usage -> 0x0962
04-01 08:46:42.111 663 663 V SystemServerTimingAsync: ssm.onStartUser-0_com.android.server.devicepolicy.DevicePolicyManagerService$Lifecycle took to complete: 3ms
04-01 08:46:42.111 663 663 D SystemServerTimingAsync: ssm.onStartUser-0_com.android.server.texttospeech.TextToSpeechManagerService
04-01 08:46:42.111 663 663 V SystemServerTimingAsync: ssm.onStartUser-0_com.android.server.texttospeech.TextToSpeechManagerService took to complete: 0ms
04-01 08:46:42.111 663 663 D SystemServerTimingAsync: ssm.onStartUser-0_com.android.server.wearable.WearableSensingManagerService
04-01 08:46:42.111 663 663 V SystemServerTimingAsync: ssm.onStartUser-0_com.android.server.wearable.WearableSensingManagerService took to complete: 0ms
04-01 08:46:42.111 663 663 D SystemServerTimingAsync: ssm.onStartUser-0_com.android.server.ondeviceintelligence.OnDeviceIntelligenceManagerService
04-01 08:46:42.111 663 663 V SystemServerTimingAsync: ssm.onStartUser-0_com.android.server.ondeviceintelligence.OnDeviceIntelligenceManagerService took to complete: 0ms
04-01 08:46:42.111 663 663 D SystemServerTimingAsync: ssm.onStartUser-0_com.android.server.speech.SpeechRecognitionManagerService
04-01 08:46:42.111 663 663 V SystemServerTimingAsync: ssm.onStartUser-0_com.android.server.speech.SpeechRecognitionManagerService took to complete: 0ms
04-01 08:46:42.111 663 663 D SystemServerTimingAsync: ssm.onStartUser-0_com.android.server.graphics.fonts.FontManagerService$Lifecycle
04-01 08:46:42.112 663 663 V SystemServerTimingAsync: ssm.onStartUser-0_com.android.server.graphics.fonts.FontManagerService$Lifecycle took to complete: 0ms
04-01 08:46:42.112 663 663 D SystemServerTimingAsync: ssm.onStartUser-0_com.android.server.textservices.TextServicesManagerService$Lifecycle
04-01 08:46:42.112 663 663 V SystemServerTimingAsync: ssm.onStartUser-0_com.android.server.textservices.TextServicesManagerService$Lifecycle took to complete: 0ms
04-01 08:46:42.112 663 663 D SystemServerTimingAsync: ssm.onStartUser-0_com.android.server.textclassifier.TextClassificationManagerService$Lifecycle
04-01 08:46:42.112 577 627 I Codec2InfoBuilder: adding type 'video/av01'
04-01 08:46:42.114 663 663 V SystemServerTimingAsync: ssm.onStartUser-0_com.android.server.textclassifier.TextClassificationManagerService$Lifecycle took to complete: 2ms
04-01 08:46:42.115 663 663 D SystemServerTimingAsync: ssm.onStartUser-0_com.android.server.NetworkScoreService$Lifecycle
04-01 08:46:42.115 663 663 V SystemServerTimingAsync: ssm.onStartUser-0_com.android.server.NetworkScoreService$Lifecycle took to complete: 0ms
04-01 08:46:42.115 663 663 D SystemServerTimingAsync: ssm.onStartUser-0_com.android.server.NetworkStatsServiceInitializer
04-01 08:46:42.115 663 663 V SystemServerTimingAsync: ssm.onStartUser-0_com.android.server.NetworkStatsServiceInitializer took to complete: 0ms
04-01 08:46:42.115 663 663 D SystemServerTimingAsync: ssm.onStartUser-0_com.android.server.wifi.WifiService
04-01 08:46:42.115 663 663 V SystemServerTimingAsync: ssm.onStartUser-0_com.android.server.wifi.WifiService took to complete: 0ms
04-01 08:46:42.115 663 663 D SystemServerTimingAsync: ssm.onStartUser-0_com.android.server.wifi.scanner.WifiScanningService
04-01 08:46:42.115 663 663 V SystemServerTimingAsync: ssm.onStartUser-0_com.android.server.wifi.scanner.WifiScanningService took to complete: 0ms
04-01 08:46:42.115 663 663 D SystemServerTimingAsync: ssm.onStartUser-0_com.android.server.wifi.p2p.WifiP2pService
04-01 08:46:42.115 663 663 V SystemServerTimingAsync: ssm.onStartUser-0_com.android.server.wifi.p2p.WifiP2pService took to complete: 0ms
04-01 08:46:42.115 663 663 D SystemServerTimingAsync: ssm.onStartUser-0_com.android.server.ConnectivityServiceInitializer
04-01 08:46:42.115 663 663 V SystemServerTimingAsync: ssm.onStartUser-0_com.android.server.ConnectivityServiceInitializer took to complete: 0ms
04-01 08:46:42.115 663 663 D SystemServerTimingAsync: ssm.onStartUser-0_com.android.server.notification.NotificationManagerService
04-01 08:46:42.115 663 663 V SystemServerTimingAsync: ssm.onStartUser-0_com.android.server.notification.NotificationManagerService took to complete: 0ms
04-01 08:46:42.115 663 663 D SystemServerTimingAsync: ssm.onStartUser-0_com.android.server.storage.DeviceStorageMonitorService
04-01 08:46:42.115 663 663 V SystemServerTimingAsync: ssm.onStartUser-0_com.android.server.storage.DeviceStorageMonitorService took to complete: 0ms
04-01 08:46:42.115 663 663 D SystemServerTimingAsync: ssm.onStartUser-0_com.android.server.timedetector.TimeDetectorService$Lifecycle
04-01 08:46:42.115 663 663 V SystemServerTimingAsync: ssm.onStartUser-0_com.android.server.timedetector.TimeDetectorService$Lifecycle took to complete: 0ms
04-01 08:46:42.115 663 663 D SystemServerTimingAsync: ssm.onStartUser-0_com.android.server.location.LocationManagerService$Lifecycle
04-01 08:46:42.117 663 663 V SystemServerTimingAsync: ssm.onStartUser-0_com.android.server.location.LocationManagerService$Lifecycle took to complete: 2ms
04-01 08:46:42.117 663 663 D SystemServerTimingAsync: ssm.onStartUser-0_com.android.server.timezonedetector.TimeZoneDetectorService$Lifecycle
04-01 08:46:42.117 663 663 V SystemServerTimingAsync: ssm.onStartUser-0_com.android.server.timezonedetector.TimeZoneDetectorService$Lifecycle took to complete: 0ms
04-01 08:46:42.117 663 663 D SystemServerTimingAsync: ssm.onStartUser-0_com.android.server.location.altitude.AltitudeService$Lifecycle
04-01 08:46:42.117 663 663 V SystemServerTimingAsync: ssm.onStartUser-0_com.android.server.location.altitude.AltitudeService$Lifecycle took to complete: 0ms
04-01 08:46:42.117 663 663 D SystemServerTimingAsync: ssm.onStartUser-0_com.android.server.timezonedetector.location.LocationTimeZoneManagerService$Lifecycle
04-01 08:46:42.117 663 663 V SystemServerTimingAsync: ssm.onStartUser-0_com.android.server.timezonedetector.location.LocationTimeZoneManagerService$Lifecycle took to complete: 0ms
04-01 08:46:42.117 663 663 D SystemServerTimingAsync: ssm.onStartUser-0_com.android.server.search.SearchManagerService$Lifecycle
04-01 08:46:42.117 663 663 V SystemServerTimingAsync: ssm.onStartUser-0_com.android.server.search.SearchManagerService$Lifecycle took to complete: 0ms
04-01 08:46:42.117 663 663 D SystemServerTimingAsync: ssm.onStartUser-0_com.android.server.wallpaper.WallpaperManagerService$Lifecycle
04-01 08:46:42.117 663 663 V SystemServerTimingAsync: ssm.onStartUser-0_com.android.server.wallpaper.WallpaperManagerService$Lifecycle took to complete: 0ms
04-01 08:46:42.117 663 663 D SystemServerTimingAsync: ssm.onStartUser-0_com.android.server.audio.AudioService$Lifecycle
04-01 08:46:42.117 663 663 V SystemServerTimingAsync: ssm.onStartUser-0_com.android.server.audio.AudioService$Lifecycle took to complete: 0ms
04-01 08:46:42.117 663 663 D SystemServerTimingAsync: ssm.onStartUser-0_com.android.server.soundtrigger_middleware.SoundTriggerMiddlewareService$Lifecycle
04-01 08:46:42.117 663 663 V SystemServerTimingAsync: ssm.onStartUser-0_com.android.server.soundtrigger_middleware.SoundTriggerMiddlewareService$Lifecycle took to complete: 0ms
04-01 08:46:42.117 663 663 D SystemServerTimingAsync: ssm.onStartUser-0_com.android.server.DockObserver
04-01 08:46:42.117 663 663 V SystemServerTimingAsync: ssm.onStartUser-0_com.android.server.DockObserver took to complete: 0ms
04-01 08:46:42.117 663 663 D SystemServerTimingAsync: ssm.onStartUser-0_com.android.server.adb.AdbService$Lifecycle
04-01 08:46:42.117 663 663 V SystemServerTimingAsync: ssm.onStartUser-0_com.android.server.adb.AdbService$Lifecycle took to complete: 0ms
04-01 08:46:42.117 663 663 D SystemServerTimingAsync: ssm.onStartUser-0_com.android.server.usb.UsbService$Lifecycle
04-01 08:46:42.117 663 663 V SystemServerTimingAsync: ssm.onStartUser-0_com.android.server.usb.UsbService$Lifecycle took to complete: 0ms
04-01 08:46:42.117 663 663 D SystemServerTimingAsync: ssm.onStartUser-0_com.android.server.SerialService$Lifecycle
04-01 08:46:42.117 663 663 V SystemServerTimingAsync: ssm.onStartUser-0_com.android.server.SerialService$Lifecycle took to complete: 0ms
04-01 08:46:42.117 663 663 D SystemServerTimingAsync: ssm.onStartUser-0_com.android.server.twilight.TwilightService
04-01 08:46:42.117 663 663 V SystemServerTimingAsync: ssm.onStartUser-0_com.android.server.twilight.TwilightService took to complete: 0ms
04-01 08:46:42.117 663 663 D SystemServerTimingAsync: ssm.onStartUser-0_com.android.server.display.color.ColorDisplayService
04-01 08:46:42.117 663 663 V SystemServerTimingAsync: ssm.onStartUser-0_com.android.server.display.color.ColorDisplayService took to complete: 0ms
04-01 08:46:42.117 663 663 D SystemServerTimingAsync: ssm.onStartUser-0_com.android.server.job.JobSchedulerService
04-01 08:46:42.118 663 663 V SystemServerTimingAsync: ssm.onStartUser-0_com.android.server.job.JobSchedulerService took to complete: 0ms
04-01 08:46:42.119 663 663 D SystemServerTimingAsync: ssm.onStartUser-0_com.android.server.soundtrigger.SoundTriggerService
04-01 08:46:42.119 663 663 V SystemServerTimingAsync: ssm.onStartUser-0_com.android.server.soundtrigger.SoundTriggerService took to complete: 0ms
04-01 08:46:42.119 663 663 D SystemServerTimingAsync: ssm.onStartUser-0_com.android.server.trust.TrustManagerService
04-01 08:46:42.119 663 663 V SystemServerTimingAsync: ssm.onStartUser-0_com.android.server.trust.TrustManagerService took to complete: 0ms
04-01 08:46:42.120 513 541 I ComponentStore: createInterface(): Invalid component name: c2.android.av1.encoder
04-01 08:46:42.120 663 663 D SystemServerTimingAsync: ssm.onStartUser-0_com.android.server.backup.BackupManagerService$Lifecycle
04-01 08:46:42.120 663 663 V SystemServerTimingAsync: ssm.onStartUser-0_com.android.server.backup.BackupManagerService$Lifecycle took to complete: 0ms
04-01 08:46:42.120 663 663 D SystemServerTimingAsync: ssm.onStartUser-0_com.android.server.appwidget.AppWidgetService
04-01 08:46:42.120 663 663 V SystemServerTimingAsync: ssm.onStartUser-0_com.android.server.appwidget.AppWidgetService took to complete: 0ms
04-01 08:46:42.120 663 663 D SystemServerTimingAsync: ssm.onStartUser-0_com.android.server.voiceinteraction.VoiceInteractionManagerService
04-01 08:46:42.121 663 663 W VoiceInteractionManager: no available voice recognition services found for user 0
04-01 08:46:42.121 663 663 V SystemServerTimingAsync: ssm.onStartUser-0_com.android.server.voiceinteraction.VoiceInteractionManagerService took to complete: 1ms
04-01 08:46:42.121 663 663 D SystemServerTimingAsync: ssm.onStartUser-0_com.android.server.GestureLauncherService
04-01 08:46:42.121 663 663 V SystemServerTimingAsync: ssm.onStartUser-0_com.android.server.GestureLauncherService took to complete: 0ms
04-01 08:46:42.121 663 663 D SystemServerTimingAsync: ssm.onStartUser-0_com.android.server.SensorNotificationService
04-01 08:46:42.121 663 663 V SystemServerTimingAsync: ssm.onStartUser-0_com.android.server.SensorNotificationService took to complete: 0ms
04-01 08:46:42.121 663 663 D SystemServerTimingAsync: ssm.onStartUser-0_com.android.server.emergency.EmergencyAffordanceService
04-01 08:46:42.121 663 663 V SystemServerTimingAsync: ssm.onStartUser-0_com.android.server.emergency.EmergencyAffordanceService took to complete: 0ms
04-01 08:46:42.121 663 663 D SystemServerTimingAsync: ssm.onStartUser-0_com.android.server.blob.BlobStoreManagerService
04-01 08:46:42.121 663 663 V SystemServerTimingAsync: ssm.onStartUser-0_com.android.server.blob.BlobStoreManagerService took to complete: 0ms
04-01 08:46:42.122 663 663 D SystemServerTimingAsync: ssm.onStartUser-0_com.android.server.dreams.DreamManagerService
04-01 08:46:42.122 663 663 V SystemServerTimingAsync: ssm.onStartUser-0_com.android.server.dreams.DreamManagerService took to complete: 0ms
04-01 08:46:42.122 663 663 D SystemServerTimingAsync: ssm.onStartUser-0_com.android.server.print.PrintManagerService
04-01 08:46:42.122 663 663 V SystemServerTimingAsync: ssm.onStartUser-0_com.android.server.print.PrintManagerService took to complete: 0ms
04-01 08:46:42.122 663 663 D SystemServerTimingAsync: ssm.onStartUser-0_com.android.server.security.AttestationVerificationManagerService
04-01 08:46:42.122 663 663 V SystemServerTimingAsync: ssm.onStartUser-0_com.android.server.security.AttestationVerificationManagerService took to complete: 0ms
04-01 08:46:42.122 663 663 D SystemServerTimingAsync: ssm.onStartUser-0_com.android.server.companion.CompanionDeviceManagerService
04-01 08:46:42.122 663 663 V SystemServerTimingAsync: ssm.onStartUser-0_com.android.server.companion.CompanionDeviceManagerService took to complete: 0ms
04-01 08:46:42.122 663 663 D SystemServerTimingAsync: ssm.onStartUser-0_com.android.server.companion.virtual.VirtualDeviceManagerService
04-01 08:46:42.122 663 663 V SystemServerTimingAsync: ssm.onStartUser-0_com.android.server.companion.virtual.VirtualDeviceManagerService took to complete: 0ms
04-01 08:46:42.122 663 663 D SystemServerTimingAsync: ssm.onStartUser-0_com.android.server.restrictions.RestrictionsManagerService
04-01 08:46:42.122 663 663 V SystemServerTimingAsync: ssm.onStartUser-0_com.android.server.restrictions.RestrictionsManagerService took to complete: 0ms
04-01 08:46:42.122 663 663 D SystemServerTimingAsync: ssm.onStartUser-0_com.android.server.media.MediaSessionService
04-01 08:46:42.122 663 663 V SystemServerTimingAsync: ssm.onStartUser-0_com.android.server.media.MediaSessionService took to complete: 0ms
04-01 08:46:42.122 663 663 D SystemServerTimingAsync: ssm.onStartUser-0_com.android.server.biometrics.BiometricService
04-01 08:46:42.122 663 663 V SystemServerTimingAsync: ssm.onStartUser-0_com.android.server.biometrics.BiometricService took to complete: 0ms
04-01 08:46:42.122 663 663 D SystemServerTimingAsync: ssm.onStartUser-0_com.android.server.biometrics.AuthService
04-01 08:46:42.122 663 663 V SystemServerTimingAsync: ssm.onStartUser-0_com.android.server.biometrics.AuthService took to complete: 0ms
04-01 08:46:42.122 663 663 D SystemServerTimingAsync: ssm.onStartUser-0_com.android.server.adaptiveauth.AdaptiveAuthService
04-01 08:46:42.122 663 663 V SystemServerTimingAsync: ssm.onStartUser-0_com.android.server.adaptiveauth.AdaptiveAuthService took to complete: 0ms
04-01 08:46:42.122 663 663 D SystemServerTimingAsync: ssm.onStartUser-0_com.android.server.pm.ShortcutService$Lifecycle
04-01 08:46:42.122 663 663 V SystemServerTimingAsync: ssm.onStartUser-0_com.android.server.pm.ShortcutService$Lifecycle took to complete: 0ms
04-01 08:46:42.122 663 663 D SystemServerTimingAsync: ssm.onStartUser-0_com.android.server.pm.LauncherAppsService
04-01 08:46:42.122 663 663 V SystemServerTimingAsync: ssm.onStartUser-0_com.android.server.pm.LauncherAppsService took to complete: 0ms
04-01 08:46:42.122 663 663 D SystemServerTimingAsync: ssm.onStartUser-0_com.android.server.pm.CrossProfileAppsService
04-01 08:46:42.122 663 663 V SystemServerTimingAsync: ssm.onStartUser-0_com.android.server.pm.CrossProfileAppsService took to complete: 0ms
04-01 08:46:42.122 663 663 D SystemServerTimingAsync: ssm.onStartUser-0_com.android.server.people.PeopleService
04-01 08:46:42.123 663 663 V SystemServerTimingAsync: ssm.onStartUser-0_com.android.server.people.PeopleService took to complete: 0ms
04-01 08:46:42.123 663 663 D SystemServerTimingAsync: ssm.onStartUser-0_com.android.server.media.metrics.MediaMetricsManagerService
04-01 08:46:42.123 663 663 V SystemServerTimingAsync: ssm.onStartUser-0_com.android.server.media.metrics.MediaMetricsManagerService took to complete: 0ms
04-01 08:46:42.123 663 663 D SystemServerTimingAsync: ssm.onStartUser-0_com.android.server.pm.BackgroundInstallControlService
04-01 08:46:42.123 663 663 V SystemServerTimingAsync: ssm.onStartUser-0_com.android.server.pm.BackgroundInstallControlService took to complete: 0ms
04-01 08:46:42.123 663 663 D SystemServerTimingAsync: ssm.onStartUser-0_com.android.server.media.projection.MediaProjectionManagerService
04-01 08:46:42.123 663 663 V SystemServerTimingAsync: ssm.onStartUser-0_com.android.server.media.projection.MediaProjectionManagerService took to complete: 0ms
04-01 08:46:42.123 255 881 E IMGAidlAllocator: isSupported:328 Invalid BufferDescriptorInfo
04-01 08:46:42.123 663 663 D SystemServerTimingAsync: ssm.onStartUser-0_com.android.server.slice.SliceManagerService$Lifecycle
04-01 08:46:42.123 255 881 E IMGAidlAllocator: isSupported:329 width -> 320
04-01 08:46:42.123 663 663 V SystemServerTimingAsync: ssm.onStartUser-0_com.android.server.slice.SliceManagerService$Lifecycle took to complete: 0ms
04-01 08:46:42.123 255 881 E IMGAidlAllocator: isSupported:330 height -> 240
04-01 08:46:42.123 255 881 E IMGAidlAllocator: isSupported:331 format -> 54
04-01 08:46:42.123 663 663 D SystemServerTimingAsync: ssm.onStartUser-0_com.android.server.stats.StatsCompanion$Lifecycle
04-01 08:46:42.123 255 881 E IMGAidlAllocator: isSupported:332 usage -> 0x0962
04-01 08:46:42.123 663 663 V SystemServerTimingAsync: ssm.onStartUser-0_com.android.server.stats.StatsCompanion$Lifecycle took to complete: 0ms
04-01 08:46:42.123 663 663 D SystemServerTimingAsync: ssm.onStartUser-0_com.android.server.scheduling.RebootReadinessManagerService$Lifecycle
04-01 08:46:42.123 663 663 V SystemServerTimingAsync: ssm.onStartUser-0_com.android.server.scheduling.RebootReadinessManagerService$Lifecycle took to complete: 0ms
04-01 08:46:42.123 663 663 D SystemServerTimingAsync: ssm.onStartUser-0_com.android.server.stats.pull.StatsPullAtomService
04-01 08:46:42.123 663 663 V SystemServerTimingAsync: ssm.onStartUser-0_com.android.server.stats.pull.StatsPullAtomService took to complete: 0ms
04-01 08:46:42.123 663 663 D SystemServerTimingAsync: ssm.onStartUser-0_com.android.server.stats.bootstrap.StatsBootstrapAtomService$Lifecycle
04-01 08:46:42.123 663 663 V SystemServerTimingAsync: ssm.onStartUser-0_com.android.server.stats.bootstrap.StatsBootstrapAtomService$Lifecycle took to complete: 0ms
04-01 08:46:42.123 663 663 D SystemServerTimingAsync: ssm.onStartUser-0_com.android.server.incident.IncidentCompanionService
04-01 08:46:42.123 663 663 V SystemServerTimingAsync: ssm.onStartUser-0_com.android.server.incident.IncidentCompanionService took to complete: 0ms
04-01 08:46:42.123 663 663 D SystemServerTimingAsync: ssm.onStartUser-0_com.android.server.sdksandbox.SdkSandboxManagerService$Lifecycle
04-01 08:46:42.123 663 663 V SystemServerTimingAsync: ssm.onStartUser-0_com.android.server.sdksandbox.SdkSandboxManagerService$Lifecycle took to complete: 0ms
04-01 08:46:42.123 663 663 D SystemServerTimingAsync: ssm.onStartUser-0_com.android.server.adservices.AdServicesManagerService$Lifecycle
04-01 08:46:42.123 663 663 V SystemServerTimingAsync: ssm.onStartUser-0_com.android.server.adservices.AdServicesManagerService$Lifecycle took to complete: 0ms
04-01 08:46:42.123 663 663 D SystemServerTimingAsync: ssm.onStartUser-0_com.android.server.ondevicepersonalization.OnDevicePersonalizationSystemService$Lifecycle
04-01 08:46:42.123 663 663 V SystemServerTimingAsync: ssm.onStartUser-0_com.android.server.ondevicepersonalization.OnDevicePersonalizationSystemService$Lifecycle took to complete: 0ms
04-01 08:46:42.123 663 663 D SystemServerTimingAsync: ssm.onStartUser-0_android.os.profiling.ProfilingService$Lifecycle
04-01 08:46:42.123 663 663 V SystemServerTimingAsync: ssm.onStartUser-0_android.os.profiling.ProfilingService$Lifecycle took to complete: 0ms
04-01 08:46:42.123 663 663 D SystemServerTimingAsync: ssm.onStartUser-0_com.android.server.autofill.AutofillManagerService
04-01 08:46:42.123 663 663 V SystemServerTimingAsync: ssm.onStartUser-0_com.android.server.autofill.AutofillManagerService took to complete: 0ms
04-01 08:46:42.123 663 663 D SystemServerTimingAsync: ssm.onStartUser-0_com.android.server.clipboard.ClipboardService
04-01 08:46:42.123 663 663 V SystemServerTimingAsync: ssm.onStartUser-0_com.android.server.clipboard.ClipboardService took to complete: 0ms
04-01 08:46:42.123 663 663 D SystemServerTimingAsync: ssm.onStartUser-0_com.android.server.appbinding.AppBindingService$Lifecycle
04-01 08:46:42.123 582 964 I mediaswcodec: missing struct descriptor #Param::CoreIndex(--1812) for field values of struct #Param::CoreIndex(F-11812)
04-01 08:46:42.124 663 663 W AppBindingService: [Default SMS app] u0 Target package not found
04-01 08:46:42.124 663 663 V SystemServerTimingAsync: ssm.onStartUser-0_com.android.server.appbinding.AppBindingService$Lifecycle took to complete: 1ms
04-01 08:46:42.124 663 663 D SystemServerTimingAsync: ssm.onStartUser-0_com.android.server.tracing.TracingServiceProxy
04-01 08:46:42.124 663 663 V SystemServerTimingAsync: ssm.onStartUser-0_com.android.server.tracing.TracingServiceProxy took to complete: 0ms
04-01 08:46:42.124 663 663 D SystemServerTimingAsync: ssm.onStartUser-0_com.android.server.policy.PermissionPolicyService
04-01 08:46:42.124 663 663 V SystemServerTimingAsync: ssm.onStartUser-0_com.android.server.policy.PermissionPolicyService took to complete: 0ms
04-01 08:46:42.124 663 663 D SystemServerTimingAsync: ssm.onStartUser-0_com.android.server.pm.StagingManager$Lifecycle
04-01 08:46:42.124 663 663 V SystemServerTimingAsync: ssm.onStartUser-0_com.android.server.pm.StagingManager$Lifecycle took to complete: 0ms
04-01 08:46:42.124 663 663 D SystemServerTimingAsync: ssm.onStartUser-0_com.android.server.app.GameManagerService$Lifecycle
04-01 08:46:42.124 663 663 D GameManagerService: Starting user 0
04-01 08:46:42.125 255 881 E IMGAidlAllocator: isSupported:328 Invalid BufferDescriptorInfo
04-01 08:46:42.126 255 881 E IMGAidlAllocator: isSupported:329 width -> 320
04-01 08:46:42.126 255 881 E IMGAidlAllocator: isSupported:330 height -> 240
04-01 08:46:42.126 255 881 E IMGAidlAllocator: isSupported:331 format -> 54
04-01 08:46:42.126 255 881 E IMGAidlAllocator: isSupported:332 usage -> 0x0962
04-01 08:46:42.126 582 964 I mediaswcodec: missing struct descriptor #Param::CoreIndex(--1812) for field values of struct #Param::CoreIndex(F-11812)
04-01 08:46:42.127 577 627 I Codec2InfoBuilder: adding type 'video/av01'
04-01 08:46:42.130 582 964 D C2SoftAomEnc: Given level 0 does not cover current configuration: adjusting to 9000
04-01 08:46:42.139 513 541 I ComponentStore: createInterface(): Invalid component name: c2.android.avc.decoder
04-01 08:46:42.141 880 913 D ShellSplitScreen: UNKNOWN MESSAGE (-665186314396288994) false
04-01 08:46:42.141 880 913 D ShellSplitScreen: UNKNOWN MESSAGE (4807260383806698559) 0
04-01 08:46:42.141 880 913 V WindowManagerShell: UNKNOWN MESSAGE (6809365603763764620) StageCoordinator
04-01 08:46:42.142 663 663 V GameManagerService_GameManagerSettings: Settings file doesn't exist, skip reading
04-01 08:46:42.142 663 663 V SystemServerTimingAsync: ssm.onStartUser-0_com.android.server.app.GameManagerService$Lifecycle took to complete: 18ms
04-01 08:46:42.142 663 663 D SystemServerTimingAsync: ssm.onStartUser-0_com.android.safetycenter.SafetyCenterService
04-01 08:46:42.142 663 663 V SystemServerTimingAsync: ssm.onStartUser-0_com.android.safetycenter.SafetyCenterService took to complete: 0ms
04-01 08:46:42.142 663 663 D SystemServerTimingAsync: ssm.onStartUser-0_com.android.server.appsearch.AppSearchModule$Lifecycle
04-01 08:46:42.142 663 663 V SystemServerTimingAsync: ssm.onStartUser-0_com.android.server.appsearch.AppSearchModule$Lifecycle took to complete: 0ms
04-01 08:46:42.142 663 663 D SystemServerTimingAsync: ssm.onStartUser-0_com.android.server.compos.IsolatedCompilationService
04-01 08:46:42.142 663 663 V SystemServerTimingAsync: ssm.onStartUser-0_com.android.server.compos.IsolatedCompilationService took to complete: 0ms
04-01 08:46:42.142 663 663 D SystemServerTimingAsync: ssm.onStartUser-0_com.android.server.media.MediaCommunicationService
04-01 08:46:42.142 663 663 V SystemServerTimingAsync: ssm.onStartUser-0_com.android.server.media.MediaCommunicationService took to complete: 0ms
04-01 08:46:42.142 663 663 D SystemServerTimingAsync: ssm.onStartUser-0_com.android.server.compat.overrides.AppCompatOverridesService$Lifecycle
04-01 08:46:42.142 663 663 V SystemServerTimingAsync: ssm.onStartUser-0_com.android.server.compat.overrides.AppCompatOverridesService$Lifecycle took to complete: 0ms
04-01 08:46:42.143 663 663 D SystemServerTimingAsync: ssm.onStartUser-0_com.android.server.healthconnect.HealthConnectManagerService
04-01 08:46:42.143 663 663 V SystemServerTimingAsync: ssm.onStartUser-0_com.android.server.healthconnect.HealthConnectManagerService took to complete: 0ms
04-01 08:46:42.143 663 663 D SystemServerTimingAsync: ssm.onStartUser-0_com.android.server.devicelock.DeviceLockService
04-01 08:46:42.143 663 663 V SystemServerTimingAsync: ssm.onStartUser-0_com.android.server.devicelock.DeviceLockService took to complete: 0ms
04-01 08:46:42.143 663 663 D SystemServerTimingAsync: ssm.onStartUser-0_com.android.server.SensitiveContentProtectionManagerService
04-01 08:46:42.143 663 663 V SystemServerTimingAsync: ssm.onStartUser-0_com.android.server.SensitiveContentProtectionManagerService took to complete: 0ms
04-01 08:46:42.143 663 663 V SystemServerTimingAsync: ssm.StartUser-0 took to complete: 146ms
04-01 08:46:42.144 663 663 D SystemServerTiming: startPersistentApps
04-01 08:46:42.144 926 926 D nativeloader: Configuring clns-shared-7 for other apk /system/priv-app/NetworkStack/NetworkStack.apk. target_sdk_version=35, uses_libraries=, library_path=/system/priv-app/NetworkStack/lib/arm64:/system/priv-app/NetworkStack/NetworkStack.apk!/lib/arm64-v8a:/system/lib64, permitted_path=/data:/mnt/expand:/data/user_de/0/com.android.networkstack:/system/priv-app/NetworkStack:/system/lib64
04-01 08:46:42.146 577 627 I Codec2InfoBuilder: adding type 'video/avc'
04-01 08:46:42.146 880 913 V WindowManagerShell: UNKNOWN MESSAGE (-8211191618626308882) SplitScreenController 46
04-01 08:46:42.147 880 913 V WindowManagerShell: UNKNOWN MESSAGE (-8211191618626308882) FullscreenTaskListener 1
04-01 08:46:42.147 880 913 V WindowManagerShell: UNKNOWN MESSAGE (-8211191618626308882) FreeformTaskTransitionHandler 0
04-01 08:46:42.147 880 913 V WindowManagerShell: UNKNOWN MESSAGE (6809365603763764620) RecentsTransitionHandler
04-01 08:46:42.147 880 913 V WindowManagerShell: UNKNOWN MESSAGE (-8211191618626308882) RecentsTransitionHandler 0
04-01 08:46:42.147 880 913 V WindowManagerShell: UNKNOWN MESSAGE (6809365603763764620) ActivityEmbeddingController
04-01 08:46:42.147 880 913 V WindowManagerShell: UNKNOWN MESSAGE (-8211191618626308882) ActivityEmbeddingController 0
04-01 08:46:42.147 880 913 V WindowManagerShell: UNKNOWN MESSAGE (6809365603763764620) PipTransition
04-01 08:46:42.147 880 913 V WindowManagerShell: UNKNOWN MESSAGE (-8211191618626308882) PipTransition 0
04-01 08:46:42.147 880 913 V WindowManagerShell: UNKNOWN MESSAGE (5564691995529851186) PerfHintController
04-01 08:46:42.149 663 663 V GrammaticalInflectionUtils: AttributionSource: AttributionSource { uid = 1068, packageName = null, attributionTag = null, token = android.os.Binder@9b3ff43, deviceId = 0, next = null } does not have READ_SYSTEM_GRAMMATICAL_GENDER permission.
04-01 08:46:42.150 663 663 D CompatChangeReporter: Compat change id reported: 151861875; UID 1068; state: ENABLED
04-01 08:46:42.154 926 926 D CompatChangeReporter: Compat change id reported: 202956589; UID 1073; state: ENABLED
04-01 08:46:42.155 513 541 I ComponentStore: createInterface(): Invalid component name: c2.android.avc.encoder
04-01 08:46:42.160 663 663 V SystemServerTiming: startPersistentApps took to complete: 16ms
04-01 08:46:42.160 663 663 D SystemServerTiming: startHomeOnAllDisplays
04-01 08:46:42.163 880 913 V WindowManagerShell: UNKNOWN MESSAGE (-8211191618626308882) PerfHintController 16
04-01 08:46:42.164 880 913 V WindowManagerShell: UNKNOWN MESSAGE (-8211191618626308882) PipTransition 0
04-01 08:46:42.164 880 913 V WindowManagerShell: UNKNOWN MESSAGE (6809365603763764620) KeyguardTransitionHandler
04-01 08:46:42.164 880 913 V WindowManagerShell: UNKNOWN MESSAGE (-8211191618626308882) KeyguardTransitionHandler 0
04-01 08:46:42.164 880 913 V WindowManagerShell: UNKNOWN MESSAGE (6809365603763764620) DefaultMixedHandler
04-01 08:46:42.164 880 913 V WindowManagerShell: UNKNOWN MESSAGE (-8211191618626308882) DefaultMixedHandler 0
04-01 08:46:42.164 880 913 V WindowManagerShell: UNKNOWN MESSAGE (1169202424525373405) StartingWindowController extra_shell_starting_window
04-01 08:46:42.164 880 913 V WindowManagerShell: UNKNOWN MESSAGE (-8211191618626308882) StartingWindowController 0
04-01 08:46:42.165 880 913 V WindowManagerShell: UNKNOWN MESSAGE (-7021501875761171703) protolog ProtoLogController
04-01 08:46:42.165 880 913 V WindowManagerShell: UNKNOWN MESSAGE (-8211191618626308882) ProtoLogController 0
04-01 08:46:42.166 663 663 W ActivityTaskManager: callingPackage for (uid=-1, pid=0) has no WPC
04-01 08:46:42.171 582 965 I mediaswcodec: missing struct descriptor #Param::CoreIndex(--004) for field values of struct #Param::CoreIndex(F-12004)
04-01 08:46:42.172 500 500 I Zygote : Entering forkRepeatedly native zygote loop
04-01 08:46:42.181 663 663 D CompatChangeReporter: Compat change id reported: 151861875; UID 1000; state: ENABLED
04-01 08:46:42.188 926 926 V GraphicsEnvironment: Currently set values for:
04-01 08:46:42.188 926 926 V GraphicsEnvironment: angle_gl_driver_selection_pkgs=[]
04-01 08:46:42.188 926 926 V GraphicsEnvironment: angle_gl_driver_selection_values=[]
04-01 08:46:42.188 926 926 V GraphicsEnvironment: Global.Settings values are invalid: number of packages: 0, number of values: 0
04-01 08:46:42.188 926 926 V GraphicsEnvironment: Neither updatable production driver nor prerelease driver is supported.
04-01 08:46:42.193 582 965 I mediaswcodec: missing struct descriptor #Param::CoreIndex(--1812) for field values of struct #Param::CoreIndex(F-11812)
04-01 08:46:42.195 582 965 I mediaswcodec: missing struct descriptor #Param::CoreIndex(--004) for field values of struct #Param::CoreIndex(F-12004)
04-01 08:46:42.195 582 965 I mediaswcodec: missing struct descriptor #Param::CoreIndex(--1812) for field values of struct #Param::CoreIndex(F-11812)
04-01 08:46:42.196 663 663 W OptProp : Cannot read opt property android.window.PROPERTY_COMPAT_ALLOW_MIN_ASPECT_RATIO_OVERRIDE
04-01 08:46:42.197 577 627 I Codec2InfoBuilder: adding type 'video/avc'
04-01 08:46:42.199 582 643 D C2SoftAvcEnc: Given level 0 does not cover current configuration: adjusting to 5000
04-01 08:46:42.199 663 663 D CompatChangeReporter: Compat change id reported: 306666082; UID 1000; state: ENABLED
04-01 08:46:42.201 500 500 D Zygote : Forked child process 974
04-01 08:46:42.203 513 541 I ComponentStore: createInterface(): Invalid component name: c2.android.flac.decoder
04-01 08:46:42.206 663 696 W ActivityManager: Slow operation: 51ms so far, now at startProcess: returned from zygote!
04-01 08:46:42.208 663 663 E CellBroadcastUtils: getDefaultCellBroadcastReceiverPackageName: no package found
04-01 08:46:42.210 577 627 I Codec2InfoBuilder: adding type 'audio/flac'
04-01 08:46:42.212 513 541 I ComponentStore: createInterface(): Invalid component name: c2.android.flac.encoder
04-01 08:46:42.223 577 627 I Codec2InfoBuilder: adding type 'audio/flac'
04-01 08:46:42.225 663 663 W OptProp : Cannot read opt property android.window.PROPERTY_COMPAT_ALLOW_ORIENTATION_OVERRIDE
04-01 08:46:42.225 513 541 I ComponentStore: createInterface(): Invalid component name: c2.android.g711.alaw.decoder
04-01 08:46:42.230 577 627 I Codec2InfoBuilder: adding type 'audio/g711-alaw'
04-01 08:46:42.232 513 541 I ComponentStore: createInterface(): Invalid component name: c2.android.g711.mlaw.decoder
04-01 08:46:42.236 534 534 I android.hardware.power-service.example: Power isModeSupported: 5
04-01 08:46:42.244 577 627 I Codec2InfoBuilder: adding type 'audio/g711-mlaw'
04-01 08:46:42.246 513 541 I ComponentStore: createInterface(): Invalid component name: c2.android.gsm.decoder
04-01 08:46:42.247 663 663 I ActivityTaskManager: START u0 {act=android.intent.action.MAIN cat=[android.intent.category.HOME] flg=0x10000100 cmp=com.android.settings/.FallbackHome (has extras)} with LAUNCH_MULTIPLE from uid 0 (BAL_ALLOW_ALLOWLISTED_UID) result code=0
04-01 08:46:42.248 663 663 V SystemServerTiming: startHomeOnAllDisplays took to complete: 88ms
04-01 08:46:42.249 663 663 D SystemServerTiming: sendUserStartBroadcast
04-01 08:46:42.250 663 663 D SystemServerTiming: broadcastIntent-0-android.intent.action.USER_STARTED
04-01 08:46:42.251 663 663 V SystemServerTiming: broadcastIntent-0-android.intent.action.USER_STARTED took to complete: 1ms
04-01 08:46:42.252 663 663 D SystemServerTiming: broadcastIntent--1-android.intent.action.USER_STARTING
04-01 08:46:42.253 880 975 D allDisplayEvents: newValue: Changed(displayId=0)
04-01 08:46:42.254 663 663 V SystemServerTiming: broadcastIntent--1-android.intent.action.USER_STARTING took to complete: 2ms
04-01 08:46:42.254 663 663 V SystemServerTiming: sendUserStartBroadcast took to complete: 4ms
04-01 08:46:42.254 663 663 D SystemServerTiming: resumeTopActivities
04-01 08:46:42.254 577 627 D Codec2InfoBuilder: codec entry for 'c2.android.gsm.decoder' is disabled
04-01 08:46:42.255 513 541 I ComponentStore: createInterface(): Invalid component name: c2.android.h263.decoder
04-01 08:46:42.257 663 663 V SystemServerTiming: resumeTopActivities took to complete: 3ms
04-01 08:46:42.257 663 663 D SystemServerTiming: sendUserSwitchBroadcasts
04-01 08:46:42.258 663 663 D SystemServerTiming: broadcastIntent-0-android.intent.action.USER_FOREGROUND
04-01 08:46:42.258 940 940 I WebViewZygoteInit: Application preload done
04-01 08:46:42.259 663 663 V SystemServerTiming: broadcastIntent-0-android.intent.action.USER_FOREGROUND took to complete: 1ms
04-01 08:46:42.258 974 974 I com.android.se: Using CollectorTypeCMC GC.
04-01 08:46:42.259 663 663 D SystemServerTiming: broadcastIntent--1-android.intent.action.USER_SWITCHED
04-01 08:46:42.261 663 663 V SystemServerTiming: broadcastIntent--1-android.intent.action.USER_SWITCHED took to complete: 2ms
04-01 08:46:42.261 663 663 V SystemServerTiming: sendUserSwitchBroadcasts took to complete: 4ms
04-01 08:46:42.261 663 663 D SystemServerTiming: setBinderProxies
04-01 08:46:42.262 663 663 V SystemServerTiming: setBinderProxies took to complete: 1ms
04-01 08:46:42.262 663 663 V SystemServerTiming: ActivityManagerStartApps took to complete: 285ms
04-01 08:46:42.262 663 663 D SystemServerTiming: componentAlias
04-01 08:46:42.263 663 663 D ComponentAliasResolver: Compat listener set.
04-01 08:46:42.264 663 663 V SystemServerTiming: componentAlias took to complete: 1ms
04-01 08:46:42.264 663 663 V SystemServerTiming: PhaseActivityManagerReady took to complete: 1518ms
04-01 08:46:42.264 663 663 D SystemServerTiming: LockSettingsThirdPartyAppsStarted
04-01 08:46:42.264 663 663 V SystemServerTiming: LockSettingsThirdPartyAppsStarted took to complete: 0ms
04-01 08:46:42.264 663 663 D SystemServerTiming: StartSystemUI
04-01 08:46:42.267 577 627 I Codec2InfoBuilder: adding type 'video/3gpp'
04-01 08:46:42.271 663 663 V SystemServerTiming: StartSystemUI took to complete: 7ms
04-01 08:46:42.271 663 663 V SystemServerTiming: startOtherServices took to complete: 4660ms
04-01 08:46:42.272 663 663 D SystemServerTiming: startApexServices
04-01 08:46:42.272 663 663 D SystemServerTiming: starting com.android.server.scheduling.RebootReadinessManagerService$Lifecycle
04-01 08:46:42.272 513 541 I ComponentStore: createInterface(): Invalid component name: c2.android.h263.encoder
04-01 08:46:42.272 663 696 W ActivityManager: Slow operation: 117ms so far, now at startProcess: done updating battery stats
04-01 08:46:42.273 663 663 I SystemServiceManager: Starting com.android.server.scheduling.RebootReadinessManagerService$Lifecycle
04-01 08:46:42.273 974 974 E com.android.se: Not starting debugger since process cannot load the jdwp agent.
04-01 08:46:42.273 663 696 W ActivityManager: Slow operation: 118ms so far, now at startProcess: building log message
04-01 08:46:42.273 663 696 I ActivityManager: Start proc 974:com.android.se/1068 for added application com.android.se
04-01 08:46:42.273 663 696 W ActivityManager: Slow operation: 118ms so far, now at startProcess: starting to update pids map
04-01 08:46:42.273 663 696 W ActivityManager: Slow operation: 118ms so far, now at startProcess: done updating pids map
04-01 08:46:42.274 663 696 W ActivityManager: Slow operation: 116ms so far, now at startProcess: asking zygote to start proc
04-01 08:46:42.276 663 663 I SystemServiceManager: Not starting an already started service com.android.server.scheduling.RebootReadinessManagerService$Lifecycle
04-01 08:46:42.276 663 663 V SystemServerTiming: starting com.android.server.scheduling.RebootReadinessManagerService$Lifecycle took to complete: 4ms
04-01 08:46:42.276 663 663 D SystemServerTiming: starting com.android.system.virtualmachine.VirtualizationSystemService
04-01 08:46:42.277 663 663 I SystemServiceManager: Starting com.android.system.virtualmachine.VirtualizationSystemService
04-01 08:46:42.279 663 695 I system_server: getFrameworkHalManifest: Reading VINTF information.
04-01 08:46:42.282 582 965 D C2SoftH263Enc: Given level 3004 does not cover current configuration: adjusting to 3003
04-01 08:46:42.282 663 663 V SystemServerTiming: starting com.android.system.virtualmachine.VirtualizationSystemService took to complete: 6ms
04-01 08:46:42.283 663 663 V SystemServerTiming: startApexServices took to complete: 11ms
04-01 08:46:42.283 663 663 D SystemServerTiming: UpdateWatchdogTimeout
04-01 08:46:42.283 663 663 I Watchdog: Watchdog timeout updated to 60000 millis
04-01 08:46:42.284 663 663 V SystemServerTiming: UpdateWatchdogTimeout took to complete: 1ms
04-01 08:46:42.285 663 663 V SystemServerTiming: StartServices took to complete: 9929ms
04-01 08:46:42.285 458 458 I BpBinder: onLastStrongRef automatically unlinking death recipients:
04-01 08:46:42.286 880 913 D CompatChangeReporter: Compat change id reported: 279646685; UID 10070; state: ENABLED
04-01 08:46:42.287 582 965 D C2SoftH263Enc: Given level 3004 does not cover current configuration: adjusting to 3003
04-01 08:46:42.289 577 627 I Codec2InfoBuilder: adding type 'video/3gpp'
04-01 08:46:42.289 663 681 W ActivityManager: Slow operation: 89ms so far, now at finishAttachApplicationInner: after mServices.attachApplicationLocked
04-01 08:46:42.291 582 643 D C2SoftH263Enc: Given level 0 does not cover current configuration: adjusting to 3003
04-01 08:46:42.294 513 541 I ComponentStore: createInterface(): Invalid component name: c2.android.hevc.decoder
04-01 08:46:42.298 500 500 D Zygote : Forked child process 981
04-01 08:46:42.299 663 681 W ActivityManager: Slow operation: 99ms so far, now at finishAttachApplicationInner: after dispatching broadcasts
04-01 08:46:42.303 663 663 W Looper : Slow delivery took 4861ms main h=android.app.ActivityThread$H c=null m=156
04-01 08:46:42.305 663 696 W ActivityManager: Slow operation: 142ms so far, now at startProcess: returned from zygote!
04-01 08:46:42.306 663 696 W ActivityManager: Slow operation: 148ms so far, now at startProcess: done updating battery stats
04-01 08:46:42.306 663 663 W WindowTokenClientController: Can't find attached WindowTokenClient for android.window.WindowTokenClient@e8e5572
04-01 08:46:42.309 663 688 I DisplayDeviceRepository: Display device changed: DisplayDeviceInfo{"Built-in Screen": uniqueId="local:4621271769366227712", 1920 x 1080, modeId 1, renderFrameRate 60.0, defaultModeId 1, userPreferredModeId -1, supportedModes [{id=1, width=1920, height=1080, fps=60.0, vsync=60.0, synthetic=false, alternativeRefreshRates=[], supportedHdrTypes=[]}, {id=2, width=1920, height=1080, fps=59.940205, vsync=59.940205, synthetic=false, alternativeRefreshRates=[], supportedHdrTypes=[]}, {id=3, width=1920, height=1080, fps=50.0, vsync=50.0, synthetic=false, alternativeRefreshRates=[], supportedHdrTypes=[]}, {id=4, width=1680, height=1050, fps=59.883255, vsync=59.883255, synthetic=false, alternativeRefreshRates=[], supportedHdrTypes=[]}, {id=5, width=1600, height=900, fps=60.0, vsync=60.0, synthetic=false, alternativeRefreshRates=[], supportedHdrTypes=[]}, {id=6, width=1280, height=1024, fps=60.01974, vsync=60.01974, synthetic=false, alternativeRefreshRates=[], supportedHdrTypes=[]}, {id=7, width=1440, height=900, fps=59.901463, vsync=59.901463, synthetic=false, alternativeRefreshRates=[], supportedHdrTypes=[]}, {id=8, width=1280, height=800, fps=59.90955, vsync=59.90955, synthetic=false, alternativeRefreshRates=[], supportedHdrTypes=[]}, {id=9, width=1280, height=720, fps=60.0, vsync=60.0, synthetic=false, alternativeRefreshRates=[], supportedHdrTypes=[]}, {id=10, width=1280, height=720, fps=59.940205, vsync=59.940205, synthetic=false, alternativeRefreshRates=[], supportedHdrTypes=[]}, {id=11, width=1280, height=720, fps=50.0, vsync=50.0, synthetic=false, alternativeRefreshRates=[], supportedHdrTypes=[]}, {id=12, width=1024, height=768, fps=60.00384, vsync=60.00384, synthetic=false, alternativeRefreshRates=[], supportedHdrTypes=[]}, {id=13, width=800, height=600, fps=60.316544, vsync=60.316544, synthetic=false, alternativeRefreshRates=[], supportedHdrTypes=[]}, {id=14, width=720, height=576, fps=50.0, vsync=50.0, synthetic=false, alternativeRefreshRates=[], supportedHdrTypes=[]}, {id=15, width=720, height=480, fps=60.0, vsync=60.0, synthetic=false, alternativeRefreshRates=[], supportedHdrTypes=[]}, {id=16, width=720, height=480, fps=59.940063, vsync=59.940063, synthetic=false, alternativeRefreshRates=[], supportedHdrTypes=[]}, {id=17, width=640, height=480, fps=60.0, vsync=60.0, synthetic=false, alternativeRefreshRates=[], supportedHdrTypes=[]}, {id=18, width=640, height=480, fps=59.94048, vsync=59.94048, synthetic=false, alternativeRefreshRates=[], supportedHdrTypes=[]}, {id=19, width=720, height=400, fps=70.08167, vsync=70.08167, synthetic=false, alternativeRefreshRates=[], supportedHdrTypes=[]}], colorMode 0, supportedColorModes [0], hdrCapabilities HdrCapabilities{mSupportedHdrTypes=[], mMaxLuminance=500.0, mMaxAverageLuminance=500.0, mMinLuminance=0.0}, isForceSdr false, allmSupported false, gameContentTypeSupported false, density 240, 92.5389 x 92.675674 dpi, appVsyncOff 1000000, presDeadline 16666667, touch INTERNAL, rotation 0, type INTERNAL, address {port=0, model=0x40220e308f9d6b}, deviceProductInfo DeviceProductInfo{name=HP P24 G4, manufacturerPnpId=HPN, productId=14068, modelYear=null, manufactureDate=ManufactureDate{week=12, year=2022}, connectionToSinkType=2}, state ON, committedState ON, frameRateOverride , brightnessMinimum 0.0, brightnessMaximum 1.0, brightnessDefault 0.39763778, hdrSdrRatio NaN, FLAG_ALLOWED_TO_BE_DEFAULT_DISPLAY, FLAG_ROTATES_WITH_CONTENT, FLAG_SECURE, FLAG_SUPPORTS_PROTECTED_BUFFERS, FLAG_TRUSTED, installOrientation 0, displayShape DisplayShape{ spec=729782573 displayWidth=1920 displayHeight=1080 physicalPixelDisplaySizeRatio=1.0 rotation=0 offsetX=0 offsetY=0 scale=1.0}}
04-01 08:46:42.313 577 627 I Codec2InfoBuilder: adding type 'video/hevc'
04-01 08:46:42.313 663 696 I Watchdog: Interesting Java process com.android.phone started. Pid 981
04-01 08:46:42.314 663 696 W ActivityManager: Slow operation: 156ms so far, now at startProcess: building log message
04-01 08:46:42.314 663 696 I ActivityManager: Start proc 981:com.android.phone/1001 for added application com.android.phone
04-01 08:46:42.314 663 696 W ActivityManager: Slow operation: 156ms so far, now at startProcess: starting to update pids map
04-01 08:46:42.314 663 696 W ActivityManager: Slow operation: 156ms so far, now at startProcess: done updating pids map
04-01 08:46:42.318 663 663 D ConditionProviders.SCP: onConnected
04-01 08:46:42.319 663 663 D ConditionProviders.SCP: onSubscribe condition://android/schedule?days=1.2.3.4.5.6.7&start=22.0&end=7.0&exitAtAlarm=true
04-01 08:46:42.320 663 663 D ConditionProviders.SCP: setRegistered true
04-01 08:46:42.322 663 695 I system_server: Loaded APEX Infos from /apex/apex-info-list.xml
04-01 08:46:42.323 663 695 I system_server: getDeviceHalManifest: Reading VINTF information.
04-01 08:46:42.328 880 913 V WindowManagerShell: UNKNOWN MESSAGE (-8211191618626308882) PipTouchHandler 161
04-01 08:46:42.328 880 913 V WindowManagerShell: UNKNOWN MESSAGE (-8211191618626308882) DevicePostureController 0
04-01 08:46:42.328 880 913 V WindowManagerShell: UNKNOWN MESSAGE (-8211191618626308882) TabletopModeController 0
04-01 08:46:42.333 663 695 I system_server: Loaded APEX Infos from /apex/apex-info-list.xml
04-01 08:46:42.334 513 541 I ComponentStore: createInterface(): Invalid component name: c2.android.hevc.encoder
04-01 08:46:42.337 880 913 V WindowManagerShell: UNKNOWN MESSAGE (-8211191618626308882) RootDisplayAreaOrganizer 8
04-01 08:46:42.337 880 913 D ShellBackPreview: UNKNOWN MESSAGE (4969580294387085727)
04-01 08:46:42.338 880 913 D ShellBackPreview: UNKNOWN MESSAGE (-1794321026059586220) true
04-01 08:46:42.338 880 913 V WindowManagerShell: UNKNOWN MESSAGE (1169202424525373405) BackAnimationController extra_shell_back_animation
04-01 08:46:42.338 880 913 V WindowManagerShell: UNKNOWN MESSAGE (5564691995529851186) BackAnimationController
04-01 08:46:42.338 880 913 V WindowManagerShell: UNKNOWN MESSAGE (-8211191618626308882) BackAnimationController 1
04-01 08:46:42.338 880 913 W Looper : Drained
04-01 08:46:42.338 880 913 W Looper : Slow dispatch took 500ms wmshell.main h=android.os.Handler c=com.android.wm.shell.sysui.ShellController$$ExternalSyntheticLambda2@c6fe9d8 m=0
04-01 08:46:42.338 880 913 V ShellDragAndDrop: UNKNOWN MESSAGE (2150044987932031977) 0
04-01 08:46:42.339 500 500 D Zygote : Forked child process 986
