04-01 08:46:42.917 663 832 D CompatChangeReporter: Compat change id reported: 324203798; UID 1000; state: ENABLED
04-01 08:46:42.918 981 981 D CarrierProvider: onCreate
04-01 08:46:42.921 582 1024 D SimpleC2Component: Using output block pool with poolID 20 => got 20 - 0
04-01 08:46:42.928 981 981 D DeferredSmsMmsRestoreService: startIfFilesExist: no files to restore
04-01 08:46:42.928 981 981 D DeferredSmsMmsRestoreService: addAllSharedPrefToLocalLog
04-01 08:46:42.929 663 832 W OptProp : Cannot read opt property android.window.PROPERTY_COMPAT_ALLOW_RESIZEABLE_ACTIVITY_OVERRIDES
04-01 08:46:42.936 663 832 W ActivityManager: Slow operation: 51ms so far, now at finishAttachApplicationInner: after mServices.attachApplicationLocked
04-01 08:46:42.936 663 832 W ActivityManager: Slow operation: 51ms so far, now at finishAttachApplicationInner: after dispatching broadcasts
04-01 08:46:42.941 1037 1037 I ssioncontroller: Using CollectorTypeCMC GC.
04-01 08:46:42.943 663 696 W ActivityManager: Slow operation: 80ms so far, now at startProcess: done updating battery stats
04-01 08:46:42.943 663 696 W ActivityManager: Slow operation: 80ms so far, now at startProcess: building log message
04-01 08:46:42.943 663 696 I ActivityManager: Start proc 1037:com.android.permissioncontroller/u0a74 for broadcast {com.android.permissioncontroller/com.android.permissioncontroller.privacysources.SafetyCenterReceiver}
04-01 08:46:42.943 663 696 W ActivityManager: Slow operation: 80ms so far, now at startProcess: starting to update pids map
04-01 08:46:42.944 663 696 W ActivityManager: Slow operation: 80ms so far, now at startProcess: done updating pids map
04-01 08:46:42.947 880 913 W Looper : Drained
04-01 08:46:42.949 663 685 W PermissionService: getPermissionFlags: Unknown user -1
04-01 08:46:42.949 663 685 W PermissionService: getPermissionFlags: Unknown user -1
04-01 08:46:42.951 663 685 D UsbDeviceManager: push notification:Charging this device via USB
04-01 08:46:42.956 663 694 D AccessibilityManagerService: Ignoring non-encryption-aware service ComponentInfo{com.android.systemui.accessibility.accessibilitymenu/com.android.systemui.accessibility.accessibilitymenu.AccessibilityMenuService}
04-01 08:46:42.957 1037 1037 E ssioncontroller: Not starting debugger since process cannot load the jdwp agent.
04-01 08:46:42.960 663 688 D OomAdjuster: Not killing cached processes
04-01 08:46:42.966 981 981 D CarrierIdProvider: onCreate
04-01 08:46:42.966 981 981 D CarrierIdProvider$CarrierIdDatabaseHelper: CarrierIdDatabaseHelper: 5
04-01 08:46:42.974 880 1032 V MediaRouter: Selecting route: RouteInfo{ name=Tablet, description=null, status=null, category=RouteCategory{ name=System types=ROUTE_TYPE_LIVE_AUDIO ROUTE_TYPE_LIVE_VIDEO groupable=false }, supportedTypes=ROUTE_TYPE_LIVE_AUDIO ROUTE_TYPE_LIVE_VIDEO , presentationDisplay=null }
04-01 08:46:42.976 663 919 D ConnectivityService: requestNetwork for uid/pid:10070/880 activeRequest: null callbackRequest: 20 [NetworkRequest [ REQUEST id=21, [ Capabilities: INTERNET&NOT_RESTRICTED&TRUSTED&NOT_VCN_MANAGED&NOT_BANDWIDTH_CONSTRAINED Uid: 10070 RequestorUid: 10070 RequestorPkg: com.android.systemui UnderlyingNetworks: Null] ]] callback flags: 1 order: 2147483647 isUidTracked: false declaredMethods: ALL
04-01 08:46:42.977 572 572 D incidentd: WorkDirectory::getReports
04-01 08:46:42.979 663 694 W MagnificationConnectionManager: requestConnection duplicated request: connect=false, mConnectionState=DISCONNECTED
04-01 08:46:42.985 880 1032 I MediaRouter: Skip setBluetoothA2dpOn(): types=8388615, isPlaybackActive()=false, BT route=null
04-01 08:46:42.987 582 1024 I DMABUFHEAPS: Using DMA-BUF heap named: system
04-01 08:46:42.992 663 813 E SystemServiceRegistry: Manager wrapper not available: carrier_config
04-01 08:46:42.997 663 808 D ConnectivityService: NetReassign [no changes] [c 0] [a 0] [i 0]
04-01 08:46:43.002 663 733 D SafetySourceDataValidat: No cert check requested for package com.android.settings
04-01 08:46:43.005 663 733 V SafetyCenterRefreshTrac: Refresh with id: 80cdb80e-1920-44f2-afae-cbe5f010fcc2_0 completed for source id: AndroidLockScreen, user id: 0, duration: PT0.159S, successful: true, data changed: true, tracking: true, now 5 tracked sources in flight
04-01 08:46:43.009 981 981 D CarrierIdProvider: update database from pb file
04-01 08:46:43.025 663 680 D SafetySourceDataValidat: No cert check requested for package com.android.settings
04-01 08:46:43.026 663 680 V SafetyCenterRefreshTrac: Refresh with id: 80cdb80e-1920-44f2-afae-cbe5f010fcc2_0 completed for source id: AndroidBiometrics, user id: 0, duration: PT0.179S, successful: true, data changed: false, tracking: true, now 4 tracked sources in flight
04-01 08:46:43.038 663 808 D ConnectivityService: Got NetworkProvider Messenger for VpnNetworkProvider:0
04-01 08:46:43.041 986 986 I PrivateSpaceSafetySrc: Private Space not allowed for user UserHandle{0}
04-01 08:46:43.054 1037 1037 D nativeloader: Load libframework-connectivity-tiramisu-jni.so using APEX ns com_android_tethering for caller /apex/com.android.tethering/javalib/framework-connectivity-t.jar: ok
04-01 08:46:43.057 547 1057 W gpuservice: AIBinder_linkToDeath is being called with a non-null cookie and no onUnlink callback set. This might not be intended. AIBinder_DeathRecipient_setOnUnlinked should be called first.
04-01 08:46:43.061 880 880 V WifiManager: registerScanResultsCallback: callback=com.android.systemui.statusbar.pipeline.wifi.data.repository.prod.WifiRepositoryImpl$wifiScanResults$1$callback$1@6eb6dc2, executor=java.util.concurrent.ScheduledThreadPoolExecutor@3bb07d3[Running, pool size = 4, active threads = 0, queued tasks = 0, completed tasks = 48]
04-01 08:46:43.084 986 1055 D vulkan : searching for layers in '/system/system_ext/priv-app/Settings/Settings.apk!/lib/arm64-v8a'
04-01 08:46:43.086 986 1055 D vulkan : searching for layers in '/system/lib64'
04-01 08:46:43.097 926 926 D CompatChangeReporter: Compat change id reported: 330583731; UID 1073; state: ENABLED
04-01 08:46:43.100 981 981 E CarrierIdProvider: read carrier list from ota pb failure: java.io.FileNotFoundException: /data/misc/carrierid/carrier_list.pb: open failed: ENOENT (No such file or directory)
04-01 08:46:43.101 981 981 D CarrierIdProvider: latest version: 134217768 need update: false
04-01 08:46:43.112 544 559 I APM::AudioPolicyEngine: getDevicesForStrategyInt no device found for strategy 7
04-01 08:46:43.114 544 559 I APM::AudioPolicyEngine: getDevicesForStrategyInt no device found for strategy 7
04-01 08:46:43.117 663 663 W Looper : Slow dispatch took 240ms main h=android.app.ActivityThread$H c=android.app.LoadedApk$ReceiverDispatcher$Args$$ExternalSyntheticLambda0@3c2f73f m=0
04-01 08:46:43.117 663 663 W Looper : Slow delivery took 247ms main h=com.android.server.TelephonyRegistry$1 c=null m=1
04-01 08:46:43.122 986 986 D CompatChangeReporter: Compat change id reported: 279646685; UID 1000; state: ENABLED
04-01 08:46:43.126 880 880 D CompatChangeReporter: Compat change id reported: 330583731; UID 10070; state: ENABLED
04-01 08:46:43.130 986 986 D CompatChangeReporter: Compat change id reported: 309578419; UID 1000; state: ENABLED
04-01 08:46:43.136 986 986 D DesktopModeFlagsUtil: Toggle override initialized to: OVERRIDE_UNSET
04-01 08:46:43.132 986 986 W RenderThread: type=1400 audit(0.0:15): avc: denied { read } for name="uevent" dev="sysfs" ino=5852 scontext=u:r:system_app:s0 tcontext=u:object_r:sysfs:s0 tclass=file permissive=0
04-01 08:46:43.147 243 243 I hwservicemanager: getTransport: Cannot find entry android.hardware.configstore@1.0::ISurfaceFlingerConfigs/default in either framework or device VINTF manifest.
04-01 08:46:43.149 663 663 W NotificationHistory: Attempted to add notif for locked/gone/disabled user 0
04-01 08:46:43.154 986 986 D FallbackHome: User not yet unlocked
04-01 08:46:43.157 981 981 D SatelliteProvider: onCreate
04-01 08:46:43.160 663 663 W Looper : Drained
04-01 08:46:43.191 663 896 D CCodecBufferChannel: [c2.android.vorbis.decoder#222] MediaCodec discarded an unknown buffer
04-01 08:46:43.191 663 896 D CCodecBufferChannel: [c2.android.vorbis.decoder#222] MediaCodec discarded an unknown buffer
04-01 08:46:43.192 663 896 D CCodecBufferChannel: [c2.android.vorbis.decoder#222] MediaCodec discarded an unknown buffer
04-01 08:46:43.198 986 986 E ViewRootImpl: SensitiveContentProtectionService shouldn't be null
04-01 08:46:43.200 986 986 D CompatChangeReporter: Compat change id reported: 349153669; UID 1000; state: ENABLED
04-01 08:46:43.201 986 986 W HWUI : Unknown dataspace 0
04-01 08:46:43.212 663 919 W com.android.internal.protolog.LogcatOnlyProtoLogImpl: ProtoLog message not processed. Failed to log it to proto. Logging it below to logcat instead.
04-01 08:46:43.212 663 919 V WindowManager: Binding proc com.android.permissioncontroller with config {0.0 ?mcc0mnc ?localeList ?layoutDir ?swdp ?wdp ?hdp ?density ?lsize ?long ?ldr ?wideColorGamut ?orien ?uimode ?night ?touch ?keyb/?/? ?nav/? winConfig={ mBounds=Rect(0, 0 - 0, 0) mAppBounds=null mMaxBounds=Rect(0, 0 - 0, 0) mDisplayRotation=undefined mWindowingMode=undefined mActivityType=undefined mAlwaysOnTop=undefined mRotation=undefined} ?fontWeightAdjustment}
04-01 08:46:43.213 663 919 D CompatChangeReporter: Compat change id reported: 151861875; UID 10074; state: ENABLED
04-01 08:46:43.213 663 896 I hw-BpHwBinder: onLastStrongRef automatically unlinking death recipients
04-01 08:46:43.216 986 1055 E ion : open /dev/ion failed: No such file or directory
04-01 08:46:43.216 582 1028 I hw-BpHwBinder: onLastStrongRef automatically unlinking death recipients
04-01 08:46:43.217 582 1028 D BufferPoolAccessor2.0: Destruction - bufferpool2 0xb40000762c90a348 cached: 0/0M, 0/0% in use; allocs: 0, 0% recycled; transfers: 0, 0% unfetched
04-01 08:46:43.237 663 897 D CCodecBufferChannel: [c2.android.vorbis.decoder#784] MediaCodec discarded an unknown buffer
04-01 08:46:43.237 663 897 D CCodecBufferChannel: [c2.android.vorbis.decoder#784] MediaCodec discarded an unknown buffer
04-01 08:46:43.241 663 897 I hw-BpHwBinder: onLastStrongRef automatically unlinking death recipients
04-01 08:46:43.243 582 1028 I hw-BpHwBinder: onLastStrongRef automatically unlinking death recipients
04-01 08:46:43.244 582 1028 I hw-BpHwBinder: onLastStrongRef automatically unlinking death recipients
04-01 08:46:43.245 582 1028 D BufferPoolAccessor2.0: Destruction - bufferpool2 0xb40000762c90d188 cached: 0/0M, 0/0% in use; allocs: 0, 0% recycled; transfers: 0, 0% unfetched
04-01 08:46:43.250 981 981 D SmsProvider: RunningTelephonyProviderProcesses:{ProcessName=com.android.phone;PID=981;UID=1001;pkgList=com.android.providers.telephony;com.android.phone;}
04-01 08:46:43.269 981 981 D DeferredSmsMmsRestoreService: startIfFilesExist: no files to restore
04-01 08:46:43.269 981 981 D DeferredSmsMmsRestoreService: addAllSharedPrefToLocalLog
04-01 08:46:43.275 497 531 I netd : tetherGetStats() -> {[]} <2.61ms>
04-01 08:46:43.268 926 926 W rkstack.process: type=1400 audit(0.0:16): avc: granted { read } for name="psched" dev="proc" ino=4026531994 scontext=u:r:network_stack:s0 tcontext=u:object_r:proc_net:s0 tclass=file
04-01 08:46:43.272 926 926 W rkstack.process: type=1400 audit(0.0:17): avc: granted { read open } for path="/proc/926/net/psched" dev="proc" ino=4026531994 scontext=u:r:network_stack:s0 tcontext=u:object_r:proc_net:s0 tclass=file
04-01 08:46:43.272 926 926 W rkstack.process: type=1400 audit(0.0:18): avc: granted { getattr } for path="/proc/926/net/psched" dev="proc" ino=4026531994 scontext=u:r:network_stack:s0 tcontext=u:object_r:proc_net:s0 tclass=file
04-01 08:46:43.277 926 926 D nativeloader: Load /apex/com.android.tethering/priv-app/TetheringNext@AP4A.250105.002.A1/TetheringNext.apk!/lib/arm64-v8a/libcom_android_networkstack_tethering_util_jni.so using ns clns-shared-8 from class loader (caller=/apex/com.android.tethering/priv-app/TetheringNext@AP4A.250105.002.A1/TetheringNext.apk): ok
04-01 08:46:43.280 663 919 D NetworkStats: registerNetworkStatsProvider from BpfCoordinator uid/pid=1073/926
04-01 08:46:43.287 981 981 D DeferredSmsMmsRestoreService: startIfFilesExist: no files to restore
04-01 08:46:43.288 981 981 D DeferredSmsMmsRestoreService: addAllSharedPrefToLocalLog
04-01 08:46:43.292 880 880 D BiometricsRepositoryImpl: Registering StrongAuthTracker
04-01 08:46:43.294 497 531 I netd : registerUnsolicitedEventListener(interface:0xb40000787c547720) <0.05ms>
04-01 08:46:43.298 1037 1037 D ApplicationLoaders: Returning zygote-cached class loader: /system_ext/framework/androidx.window.extensions.jar
04-01 08:46:43.299 1037 1037 D ApplicationLoaders: Returning zygote-cached class loader: /system_ext/framework/androidx.window.sidecar.jar
04-01 08:46:43.299 1037 1037 D ApplicationLoaders: Returning zygote-cached class loader: /system/framework/org.apache.http.legacy.jar
04-01 08:46:43.300 981 981 V PhoneGlobals: onCreate()... but not defined FEATURE_TELEPHONY
04-01 08:46:43.300 981 981 D Telephony: Not initializing TelecomAccountRegistry: missing telephony/calling feature(s)
04-01 08:46:43.306 663 890 D MediaCodecList: codecHandlesFormat: no format, so no extra checks
04-01 08:46:43.309 663 1072 D CCodec : allocate(c2.android.vorbis.decoder)
04-01 08:46:43.314 663 888 D MediaCodecList: codecHandlesFormat: no format, so no extra checks
04-01 08:46:43.316 663 1072 I CCodec : setting up 'default' as default (vendor) store
04-01 08:46:43.317 663 1073 D CCodec : allocate(c2.android.vorbis.decoder)
04-01 08:46:43.326 663 1073 I CCodec : setting up 'default' as default (vendor) store
04-01 08:46:43.327 663 1072 I CCodec : Created component [c2.android.vorbis.decoder]
04-01 08:46:43.330 663 1072 D CCodecConfig: read media type: audio/vorbis
04-01 08:46:43.336 1037 1037 D nativeloader: Configuring clns-shared-7 for other apk /apex/com.android.permission/priv-app/PermissionController@AP4A.250105.002.A1/PermissionController.apk. target_sdk_version=35, uses_libraries=, library_path=/apex/com.android.permission/priv-app/PermissionController@AP4A.250105.002.A1/lib/arm64:/system/lib64, permitted_path=/data:/mnt/expand:/data/user_de/0/com.android.permissioncontroller:/apex/com.android.permission/priv-app/PermissionController@AP4A.250105.002.A1:/system/lib64
04-01 08:46:43.341 1037 1037 D nativeloader: InitApexLibraries:
04-01 08:46:43.341 1037 1037 D nativeloader: com_android_adservices: libhpke_jni.so:libtflite_support_classifiers_native.so
04-01 08:46:43.341 1037 1037 D nativeloader: com_android_appsearch: libicing.so
04-01 08:46:43.341 1037 1037 D nativeloader: com_android_art: libartservice.so
04-01 08:46:43.341 1037 1037 D nativeloader: com_android_btservices: libbluetooth_jni.so
04-01 08:46:43.341 1037 1037 D nativeloader: com_android_conscrypt: libjavacrypto.so
04-01 08:46:43.341 1037 1037 D nativeloader: com_android_extservices: libtflite_support_classifiers_native.so
04-01 08:46:43.341 1037 1037 D nativeloader: com_android_mediaprovider: libpdfclient.so
04-01 08:46:43.341 1037 1037 D nativeloader: com_android_nfcservices: libnfc_nci_jni.so
04-01 08:46:43.341 1037 1037 D nativeloader: com_android_ondevicepersonalization: libfcp_cpp_dep_jni.so:libfcp_hpke_jni.so
04-01 08:46:43.341 1037 1037 D nativeloader: com_android_os_statsd: libstats_jni.so
04-01 08:46:43.341 1037 1037 D nativeloader: com_android_tethering: libandroid_net_connectivity_com_android_net_module_util_jni.so:libcrypto.so:libframework-connectivity-jni.so:libframework-connectivity-tiramisu-jni.so:libmainlinecronet.126.0.6423.0.so:libservice-connectivity.so:libservice-thread-jni.so:libssl.so
04-01 08:46:43.341 1037 1037 D nativeloader: com_android_uwb: libuwb_uci_jni_rust.so
04-01 08:46:43.341 1037 1037 D nativeloader: com_android_virt: libvirtualizationservice_jni.so:libvirtualmachine_jni.so
04-01 08:46:43.345 663 1073 I CCodec : Created component [c2.android.vorbis.decoder]
04-01 08:46:43.346 663 1073 D CCodecConfig: read media type: audio/vorbis
04-01 08:46:43.349 663 1072 D ReflectedParamUpdater: extent() != 1 for single value type: algo.buffers.max-count.values
04-01 08:46:43.350 663 1072 D ReflectedParamUpdater: extent() != 1 for single value type: output.subscribed-indices.values
04-01 08:46:43.352 663 1072 D ReflectedParamUpdater: extent() != 1 for single value type: input.buffers.allocator-ids.values
04-01 08:46:43.353 663 1072 D ReflectedParamUpdater: extent() != 1 for single value type: output.buffers.allocator-ids.values
04-01 08:46:43.354 663 1072 D ReflectedParamUpdater: extent() != 1 for single value type: algo.buffers.allocator-ids.values
04-01 08:46:43.355 663 1072 D ReflectedParamUpdater: extent() != 1 for single value type: output.buffers.pool-ids.values
04-01 08:46:43.356 663 1072 D ReflectedParamUpdater: extent() != 1 for single value type: algo.buffers.pool-ids.values
04-01 08:46:43.358 663 1073 D ReflectedParamUpdater: extent() != 1 for single value type: algo.buffers.max-count.values
04-01 08:46:43.361 663 1073 D ReflectedParamUpdater: extent() != 1 for single value type: output.subscribed-indices.values
04-01 08:46:43.363 663 1073 D ReflectedParamUpdater: extent() != 1 for single value type: input.buffers.allocator-ids.values
04-01 08:46:43.365 663 1072 I CCodecConfig: query failed after returning 8 values (BAD_INDEX)
04-01 08:46:43.365 663 1072 D CCodecConfig: c2 config diff is Dict {
04-01 08:46:43.365 663 1072 D CCodecConfig: c2::u32 coded.bitrate.value = 64000
04-01 08:46:43.365 663 1072 D CCodecConfig: c2::u32 input.buffers.max-size.value = 32768
04-01 08:46:43.365 663 1072 D CCodecConfig: c2::u32 input.delay.value = 0
04-01 08:46:43.365 663 1072 D CCodecConfig: string input.media-type.value = "audio/vorbis"
04-01 08:46:43.365 663 1072 D CCodecConfig: c2::u32 output.large-frame.max-size = 0
04-01 08:46:43.365 663 1072 D CCodecConfig: c2::u32 output.large-frame.threshold-size = 0
04-01 08:46:43.365 663 1072 D CCodecConfig: string output.media-type.value = "audio/raw"
04-01 08:46:43.365 663 1072 D CCodecConfig: c2::u32 raw.channel-count.value = 1
04-01 08:46:43.365 663 1072 D CCodecConfig: c2::u32 raw.sample-rate.value = 48000
04-01 08:46:43.365 663 1072 D CCodecConfig: }
04-01 08:46:43.370 663 1073 D ReflectedParamUpdater: extent() != 1 for single value type: output.buffers.allocator-ids.values
04-01 08:46:43.370 1037 1037 D CompatChangeReporter: Compat change id reported: 202956589; UID 10074; state: ENABLED
04-01 08:46:43.371 663 1073 D ReflectedParamUpdater: extent() != 1 for single value type: algo.buffers.allocator-ids.values
04-01 08:46:43.372 663 1073 D ReflectedParamUpdater: extent() != 1 for single value type: output.buffers.pool-ids.values
04-01 08:46:43.373 663 1073 D ReflectedParamUpdater: extent() != 1 for single value type: algo.buffers.pool-ids.values
04-01 08:46:43.373 880 880 D BiometricsRepositoryImpl: currentUser authFlags changed, new value: AuthenticationFlags(userId=0, flag=1)
04-01 08:46:43.376 663 681 D CoreBackPreview: Window{15fb427 u0 com.android.settings/com.android.settings.FallbackHome}: Setting back callback OnBackInvokedCallbackInfo{mCallback=android.window.IOnBackInvokedCallback$Stub$Proxy@5757570, mPriority=-1, mIsAnimationCallback=false}
04-01 08:46:43.377 880 880 D BiometricsRepositoryImpl: isNonStrongBiometricAllowed changed for current user: true
04-01 08:46:43.378 880 880 D BiometricsRepositoryImpl: currentUser authFlags changed, new value: AuthenticationFlags(userId=0, flag=1)
04-01 08:46:43.389 663 1073 I CCodecConfig: query failed after returning 8 values (BAD_INDEX)
04-01 08:46:43.390 663 1073 D CCodecConfig: c2 config diff is Dict {
04-01 08:46:43.390 663 1073 D CCodecConfig: c2::u32 coded.bitrate.value = 64000
04-01 08:46:43.390 663 1073 D CCodecConfig: c2::u32 input.buffers.max-size.value = 32768
04-01 08:46:43.390 663 1073 D CCodecConfig: c2::u32 input.delay.value = 0
04-01 08:46:43.390 663 1073 D CCodecConfig: string input.media-type.value = "audio/vorbis"
04-01 08:46:43.390 663 1073 D CCodecConfig: c2::u32 output.large-frame.max-size = 0
04-01 08:46:43.390 663 1073 D CCodecConfig: c2::u32 output.large-frame.threshold-size = 0
04-01 08:46:43.390 663 1073 D CCodecConfig: string output.media-type.value = "audio/raw"
04-01 08:46:43.390 663 1073 D CCodecConfig: c2::u32 raw.channel-count.value = 1
04-01 08:46:43.390 663 1073 D CCodecConfig: c2::u32 raw.sample-rate.value = 48000
04-01 08:46:43.390 663 1073 D CCodecConfig: }
04-01 08:46:43.405 242 242 I servicemanager: Caller(pid=986,uid=1000,sid=u:r:system_app:s0) Found android.hardware.graphics.allocator.IAllocator/default in device VINTF manifest.
04-01 08:46:43.406 1037 1037 V GraphicsEnvironment: Currently set values for:
04-01 08:46:43.411 663 1072 D CCodec : [c2.android.vorbis.decoder] buffers are bound to CCodec for this session
04-01 08:46:43.413 663 1072 D CCodecConfig: no c2 equivalents for durationUs
04-01 08:46:43.414 663 1072 D CCodecConfig: no c2 equivalents for track-id
04-01 08:46:43.410 242 242 I servicemanager: Caller(pid=986,uid=1000,sid=u:r:system_app:s0) Found android.hardware.graphics.allocator.IAllocator/default in device VINTF manifest.
04-01 08:46:43.412 242 242 I servicemanager: Caller(pid=986,uid=1000,sid=u:r:system_app:s0) Found mapper/powervr in device VINTF manifest.
04-01 08:46:43.414 663 1072 D CCodecConfig: no c2 equivalents for csd-1
04-01 08:46:43.414 663 1072 D CCodecConfig: no c2 equivalents for flags
04-01 08:46:43.421 663 1072 D CCodecConfig: c2 config diff is c2::u32 coded.bitrate.value = 140000
04-01 08:46:43.424 663 1072 W Codec2Client: query -- param skipped: index = 1107298332.
04-01 08:46:43.425 663 1072 D CCodec : encoding statistics level = 0
04-01 08:46:43.425 663 1072 D CCodec : setup formats input: AMessage(what = 0x00000000) = {
04-01 08:46:43.425 663 1072 D CCodec : int32_t bitrate = 140000
04-01 08:46:43.425 663 1072 D CCodec : int32_t channel-count = 1
04-01 08:46:43.425 663 1072 D CCodec : int32_t max-input-size = 32768
04-01 08:46:43.425 663 1072 D CCodec : string mime = "audio/vorbis"
04-01 08:46:43.425 663 1072 D CCodec : int32_t sample-rate = 48000
04-01 08:46:43.425 663 1072 D CCodec : }
04-01 08:46:43.426 663 1072 D CCodec : setup formats output: AMessage(what = 0x00000000) = {
04-01 08:46:43.426 663 1072 D CCodec : int32_t buffer-batch-max-output-size = 0
04-01 08:46:43.426 663 1072 D CCodec : int32_t buffer-batch-threshold-output-size = 0
04-01 08:46:43.426 663 1072 D CCodec : int32_t channel-count = 1
04-01 08:46:43.426 663 1072 D CCodec : string mime = "audio/raw"
04-01 08:46:43.426 663 1072 D CCodec : int32_t sample-rate = 48000
04-01 08:46:43.426 663 1072 D CCodec : int32_t channel-mask = 1
04-01 08:46:43.426 663 1072 D CCodec : int32_t android._config-pcm-encoding = 2
04-01 08:46:43.426 663 1072 D CCodec : }
04-01 08:46:43.426 1037 1037 V GraphicsEnvironment: angle_gl_driver_selection_pkgs=[]
04-01 08:46:43.427 880 880 E UdfpsOverlayInteractor: invalid pixelPitch: -1.0. Pixel pitch must be updated per device.
04-01 08:46:43.428 663 1072 I CCodecConfig: query failed after returning 8 values (BAD_INDEX)
04-01 08:46:43.429 663 1073 D CCodec : [c2.android.vorbis.decoder] buffers are bound to CCodec for this session
04-01 08:46:43.429 663 1073 D CCodecConfig: no c2 equivalents for durationUs
04-01 08:46:43.430 663 1073 D CCodecConfig: no c2 equivalents for track-id
04-01 08:46:43.430 663 1073 D CCodecConfig: no c2 equivalents for csd-1
04-01 08:46:43.430 663 1073 D CCodecConfig: no c2 equivalents for flags
04-01 08:46:43.432 663 1073 D CCodecConfig: c2 config diff is c2::u32 coded.bitrate.value = 140000
04-01 08:46:43.435 663 1073 W Codec2Client: query -- param skipped: index = 1107298332.
04-01 08:46:43.435 1037 1037 V GraphicsEnvironment: angle_gl_driver_selection_values=[]
04-01 08:46:43.435 1037 1037 V GraphicsEnvironment: Global.Settings values are invalid: number of packages: 0, number of values: 0
04-01 08:46:43.436 1037 1037 V GraphicsEnvironment: Neither updatable production driver nor prerelease driver is supported.
04-01 08:46:43.437 663 1073 D CCodec : encoding statistics level = 0
04-01 08:46:43.437 663 1073 D CCodec : setup formats input: AMessage(what = 0x00000000) = {
04-01 08:46:43.437 663 1073 D CCodec : int32_t bitrate = 140000
04-01 08:46:43.437 663 1073 D CCodec : int32_t channel-count = 1
04-01 08:46:43.437 663 1073 D CCodec : int32_t max-input-size = 32768
04-01 08:46:43.437 663 1073 D CCodec : string mime = "audio/vorbis"
04-01 08:46:43.437 663 1073 D CCodec : int32_t sample-rate = 48000
04-01 08:46:43.437 663 1073 D CCodec : }
04-01 08:46:43.437 663 1073 D CCodec : setup formats output: AMessage(what = 0x00000000) = {
04-01 08:46:43.437 663 1073 D CCodec : int32_t buffer-batch-max-output-size = 0
04-01 08:46:43.437 663 1073 D CCodec : int32_t buffer-batch-threshold-output-size = 0
04-01 08:46:43.437 663 1073 D CCodec : int32_t channel-count = 1
04-01 08:46:43.437 663 1073 D CCodec : string mime = "audio/raw"
04-01 08:46:43.437 663 1073 D CCodec : int32_t sample-rate = 48000
04-01 08:46:43.437 663 1073 D CCodec : int32_t channel-mask = 1
04-01 08:46:43.437 663 1073 D CCodec : int32_t android._config-pcm-encoding = 2
04-01 08:46:43.437 663 1073 D CCodec : }
04-01 08:46:43.438 663 1073 I CCodecConfig: query failed after returning 8 values (BAD_INDEX)
04-01 08:46:43.441 663 1072 W Codec2Client: query -- param skipped: index = 1342179345.
04-01 08:46:43.441 663 1072 W Codec2Client: query -- param skipped: index = 2415921170.
04-01 08:46:43.445 663 1072 D CCodecBufferChannel: [c2.android.vorbis.decoder#388] Created input block pool with allocatorID 16 => poolID 19 - OK (0)
04-01 08:46:43.452 663 733 I AppWidgetServiceImpl: getInstalledProvidersForProfiles() 0
04-01 08:46:43.455 880 880 E BluetoothAdapter: Bluetooth service is null
04-01 08:46:43.456 663 1072 I CCodecBufferChannel: [c2.android.vorbis.decoder#388] Created output block pool with allocatorID 16 => poolID 23 - OK
04-01 08:46:43.456 663 1073 W Codec2Client: query -- param skipped: index = 1342179345.
04-01 08:46:43.456 663 1073 W Codec2Client: query -- param skipped: index = 2415921170.
04-01 08:46:43.458 663 1073 D CCodecBufferChannel: [c2.android.vorbis.decoder#643] Created input block pool with allocatorID 16 => poolID 20 - OK (0)
04-01 08:46:43.459 663 1072 D CCodecBufferChannel: [c2.android.vorbis.decoder#388] Configured output block pool ids 23 => OK
04-01 08:46:43.460 582 962 E Codec2-ComponentInterface: We have a failed config
04-01 08:46:43.472 663 1073 I CCodecBufferChannel: [c2.android.vorbis.decoder#643] Created output block pool with allocatorID 16 => poolID 24 - OK
04-01 08:46:43.473 663 1073 D CCodecBufferChannel: [c2.android.vorbis.decoder#643] Configured output block pool ids 24 => OK
04-01 08:46:43.473 582 965 E Codec2-ComponentInterface: We have a failed config
04-01 08:46:43.477 582 1074 D SimpleC2Component: Using output block pool with poolID 23 => got 23 - 0
04-01 08:46:43.492 926 926 V WifiManager: registerSoftApCallback: callback=com.android.networkstack.tethering.Tethering$TetheringSoftApCallback@a980194, executor=com.android.networkstack.tethering.Tethering$TetheringThreadExecutor@fabf43d
04-01 08:46:43.501 926 926 V WifiManager: registerLocalOnlyHotspotSoftApCallback: callback=com.android.networkstack.tethering.Tethering$LocalOnlyHotspotCallback@4cfc432, executor=com.android.networkstack.tethering.Tethering$TetheringThreadExecutor@fabf43d
04-01 08:46:43.507 663 794 D ApConfigUtil: Update Softap capability, add client control feature support
04-01 08:46:43.508 663 794 D ApConfigUtil: Update Softap capability, add MAC customization support
04-01 08:46:43.512 880 951 E AppWidgetManager: Notify service of inheritance info
04-01 08:46:43.512 880 951 E AppWidgetManager: java.lang.IllegalStateException: User 0 must be unlocked for widgets to be available
04-01 08:46:43.512 880 951 E AppWidgetManager: at android.os.Parcel.createExceptionOrNull(Parcel.java:3239)
04-01 08:46:43.512 880 951 E AppWidgetManager: at android.os.Parcel.createException(Parcel.java:3215)
04-01 08:46:43.512 880 951 E AppWidgetManager: at android.os.Parcel.readException(Parcel.java:3198)
04-01 08:46:43.512 880 951 E AppWidgetManager: at android.os.Parcel.readException(Parcel.java:3140)
04-01 08:46:43.512 880 951 E AppWidgetManager: at com.android.internal.appwidget.IAppWidgetService$Stub$Proxy.getInstalledProvidersForProfile(IAppWidgetService.java:1067)
04-01 08:46:43.512 880 951 E AppWidgetManager: at android.appwidget.AppWidgetManager.getInstalledProvidersForProfile(AppWidgetManager.java:1029)
04-01 08:46:43.512 880 951 E AppWidgetManager: at android.appwidget.AppWidgetManager.getInstalledProvidersForPackage(AppWidgetManager.java:963)
04-01 08:46:43.512 880 951 E AppWidgetManager: at android.appwidget.AppWidgetManager.lambda$new$3(AppWidgetManager.java:561)
04-01 08:46:43.512 880 951 E AppWidgetManager: at android.appwidget.AppWidgetManager.$r8$lambda$WKLPyaeqLNLNb3560d7QJuq2DwQ(Unknown Source:0)
04-01 08:46:43.512 880 951 E AppWidgetManager: at android.appwidget.AppWidgetManager$$ExternalSyntheticLambda7.run(D8$$SyntheticClass:0)
04-01 08:46:43.512 880 951 E AppWidgetManager: at android.os.Handler.handleCallback(Handler.java:991)
04-01 08:46:43.512 880 951 E AppWidgetManager: at android.os.Handler.dispatchMessage(Handler.java:102)
04-01 08:46:43.512 880 951 E AppWidgetManager: at android.os.Looper.loopOnce(Looper.java:232)
04-01 08:46:43.512 880 951 E AppWidgetManager: at android.os.Looper.loop(Looper.java:317)
04-01 08:46:43.512 880 951 E AppWidgetManager: at android.os.HandlerThread.run(HandlerThread.java:85)
04-01 08:46:43.512 880 951 E AppWidgetManager: Caused by: android.os.RemoteException: Remote stack trace:
04-01 08:46:43.512 880 951 E AppWidgetManager: at com.android.server.appwidget.AppWidgetServiceImpl.ensureGroupStateLoadedLocked(AppWidgetServiceImpl.java:974)
04-01 08:46:43.512 880 951 E AppWidgetManager: at com.android.server.appwidget.AppWidgetServiceImpl.ensureGroupStateLoadedLocked(AppWidgetServiceImpl.java:959)
04-01 08:46:43.512 880 951 E AppWidgetManager: at com.android.server.appwidget.AppWidgetServiceImpl.getInstalledProvidersForProfile(AppWidgetServiceImpl.java:2205)
04-01 08:46:43.512 880 951 E AppWidgetManager: at com.android.internal.appwidget.IAppWidgetService$Stub.onTransact(IAppWidgetService.java:539)
04-01 08:46:43.512 880 951 E AppWidgetManager: at android.os.Binder.execTransactInternal(Binder.java:1396)
04-01 08:46:43.512 880 951 E AppWidgetManager:
04-01 08:46:43.515 926 982 V WifiManager: SoftApCallbackProxy on mode 1, send InfoChanged, newInfo: SoftApInfo{bandwidth= 0, frequency= 0, wifiStandard= 0, mApInstanceIdentifier= null, mIdleShutdownTimeoutMillis= 0, mVendorData= []}
04-01 08:46:43.515 926 982 V WifiManager: SoftApCallbackProxy on mode 1, send InfoChanged, changedInfoList: []
04-01 08:46:43.516 663 794 D ApConfigUtil: Update Softap capability, add 2.4G support
04-01 08:46:43.517 926 982 V WifiManager: SoftApCallbackProxy on mode 1, send onConnectedClientsChanged(clients): []
04-01 08:46:43.519 582 1075 D SimpleC2Component: Using output block pool with poolID 24 => got 24 - 0
04-01 08:46:43.522 663 732 D ConnectivityService: requestNetwork for uid/pid:1073/926 activeRequest: null callbackRequest: 22 [NetworkRequest [ TRACK_SYSTEM_DEFAULT id=22, [ Capabilities: INTERNET&NOT_RESTRICTED&TRUSTED&NOT_VPN&NOT_VCN_MANAGED&NOT_BANDWIDTH_CONSTRAINED RequestorUid: 1073 RequestorPkg: com.android.networkstack.tethering UnderlyingNetworks: Null] ]] callback flags: 0 order: 2147483647 isUidTracked: false declaredMethods: ALL
04-01 08:46:43.524 663 808 D ConnectivityService: NetReassign [no changes] [c 0] [a 0] [i 0]
04-01 08:46:43.528 663 794 D ApConfigUtil: Update Softap capability, max client = 16
04-01 08:46:43.529 663 794 D WifiCountryCode: Reading country code from telephony
04-01 08:46:43.532 663 663 I ConnectivityModuleConnector: Networking module service connected
04-01 08:46:43.534 663 794 D WifiCountryCode: Set telephony country code to:
04-01 08:46:43.537 663 794 D ApConfigUtil: Update Softap capability, add client control feature support
04-01 08:46:43.537 663 794 D ApConfigUtil: Update Softap capability, add MAC customization support
04-01 08:46:43.537 663 794 D ApConfigUtil: Update Softap capability, add 2.4G support
04-01 08:46:43.537 663 794 D ApConfigUtil: Update Softap capability, max client = 16
04-01 08:46:43.538 663 794 D WifiCountryCode: Reading country code from telephony
04-01 08:46:43.539 926 957 V WifiManager: SoftApCallbackProxy on mode 2, send InfoChanged, newInfo: SoftApInfo{bandwidth= 0, frequency= 0, wifiStandard= 0, mApInstanceIdentifier= null, mIdleShutdownTimeoutMillis= 0, mVendorData= []}
04-01 08:46:43.541 926 957 V WifiManager: SoftApCallbackProxy on mode 2, send InfoChanged, changedInfoList: []
04-01 08:46:43.541 926 957 V WifiManager: SoftApCallbackProxy on mode 2, send onConnectedClientsChanged(clients): []
04-01 08:46:43.542 663 794 D WifiCountryCode: Set telephony country code to:
04-01 08:46:43.586 663 788 W BestClock: java.time.DateTimeException: Missing network time fix
04-01 08:46:43.616 497 531 I netd : tetherGetStats() -> {[]} <3.88ms>
04-01 08:46:43.618 663 788 W BestClock: java.time.DateTimeException: Missing network time fix
04-01 08:46:43.644 663 688 E TransitionChain: Can't collect into a chain with no transition
04-01 08:46:43.644 663 688 E TransitionChain: Can't collect into a chain with no transition
04-01 08:46:43.657 880 913 D ShellSplitScreen: UNKNOWN MESSAGE (4796484936032465800) 3 null
04-01 08:46:43.659 663 688 D ActivityManagerTiming: FinishBooting
04-01 08:46:43.663 880 913 D ShellSplitScreen: UNKNOWN MESSAGE (4796484936032465800) 4 null
04-01 08:46:43.664 663 688 W KeyguardServiceDelegate: onScreenTurningOn(): no keyguard service!
04-01 08:46:43.677 880 895 V WindowManagerShell: UNKNOWN MESSAGE (-2814372736326485080) 1
04-01 08:46:43.688 663 685 I ActivityTaskManager: Displayed com.android.settings/.FallbackHome for user 0: +1s398ms
04-01 08:46:43.690 663 685 V WindowManager: Finish Transition (#0): created at
04-01 08:46:42.202 collect-started=0.745ms request-sent=41.263ms started=77.45ms ready=727.549ms sent=1405.202ms finished=1434.521ms
04-01 08:46:43.694 880 913 V WindowManagerShell: UNKNOWN MESSAGE (-1043029834526673881) 1
04-01 08:46:43.705 880 895 V WindowManagerShell: UNKNOWN MESSAGE (-2814372736326485080) 2
04-01 08:46:43.706 880 913 V WindowManagerShell: UNKNOWN MESSAGE (-1043029834526673881) 2
04-01 08:46:43.713 1037 1037 W Role : Cannot get ApplicationInfo for default holder: com.android.messaging
04-01 08:46:43.723 663 1072 D CCodecBufferChannel: [c2.android.vorbis.decoder#388] MediaCodec discarded an unknown buffer
04-01 08:46:43.724 663 1072 D CCodecBufferChannel: [c2.android.vorbis.decoder#388] MediaCodec discarded an unknown buffer
04-01 08:46:43.725 663 1072 D CCodecBufferChannel: [c2.android.vorbis.decoder#388] MediaCodec discarded an unknown buffer
04-01 08:46:43.726 880 880 W AlarmManager: Unrecognized alarm listener com.android.systemui.keyguard.KeyguardSliceProvider$$ExternalSyntheticLambda2@7522271
04-01 08:46:43.726 880 880 D ZenModeController: Added callback class com.android.systemui.keyguard.KeyguardSliceProvider
04-01 08:46:43.734 663 1087 I hw-BpHwBinder: onLastStrongRef automatically unlinking death recipients
04-01 08:46:43.736 582 962 I hw-BpHwBinder: onLastStrongRef automatically unlinking death recipients
04-01 08:46:43.740 663 1073 D CCodecBufferChannel: [c2.android.vorbis.decoder#643] MediaCodec discarded an unknown buffer
04-01 08:46:43.740 663 1073 D CCodecBufferChannel: [c2.android.vorbis.decoder#643] MediaCodec discarded an unknown buffer
04-01 08:46:43.743 582 962 D BufferPoolAccessor2.0: Destruction - bufferpool2 0xb40000762c90d188 cached: 0/0M, 0/0% in use; allocs: 0, 0% recycled; transfers: 0, 0% unfetched
04-01 08:46:43.749 663 1073 I hw-BpHwBinder: onLastStrongRef automatically unlinking death recipients
04-01 08:46:43.749 582 962 I hw-BpHwBinder: onLastStrongRef automatically unlinking death recipients
04-01 08:46:43.749 582 962 I hw-BpHwBinder: onLastStrongRef automatically unlinking death recipients
04-01 08:46:43.753 582 962 D BufferPoolAccessor2.0: Destruction - bufferpool2 0xb40000762c913058 cached: 0/0M, 0/0% in use; allocs: 0, 0% recycled; transfers: 0, 0% unfetched
04-01 08:46:43.763 880 880 V SystemUIBootTiming: DependencyInjection took to complete: 0ms
04-01 08:46:43.765 880 880 I SystemUIService: Found SurfaceFlinger's GPU Priority: 13143
04-01 08:46:43.765 880 880 I SystemUIService: Setting SysUI's GPU Context priority to: 12545
04-01 08:46:43.777 663 890 D MediaCodecList: codecHandlesFormat: no format, so no extra checks
04-01 08:46:43.779 663 888 D MediaCodecList: codecHandlesFormat: no format, so no extra checks
04-01 08:46:43.781 880 880 D Tonal : Tonal Palette - index: 5. Main color: ff394875
04-01 08:46:43.781 880 880 D Tonal : Colors: ff05070b, ff0e111c, ff161d2d, ff202a42, ff2d3d5b, ff394875, ff45588f, ff747fa0, ff7c88bf, ff919ac9, ffa9aed5, ffcbcde6, ffe3e5f1
04-01 08:46:43.781 880 880 D Tonal : Gradients:
04-01 08:46:43.781 880 880 D Tonal : Normal GradientColors(ff394875, ff394875)
04-01 08:46:43.781 880 880 D Tonal : Dark GradientColors(ff202a42, ff202a42)
04-01 08:46:43.781 880 880 D Tonal : Extra dark: GradientColors(ff161d2d, ff161d2d)
04-01 08:46:43.781 880 880 D Tonal : Tonal Palette - index: 5. Main color: ff394875
04-01 08:46:43.781 880 880 D Tonal : Colors: ff05070b, ff0e111c, ff161d2d, ff202a42, ff2d3d5b, ff394875, ff45588f, ff747fa0, ff7c88bf, ff919ac9, ffa9aed5, ffcbcde6, ffe3e5f1
04-01 08:46:43.781 880 880 D Tonal : Gradients:
04-01 08:46:43.781 880 880 D Tonal : Normal GradientColors(ff394875, ff394875)
04-01 08:46:43.781 880 880 D Tonal : Dark GradientColors(ff202a42, ff202a42)
04-01 08:46:43.781 880 880 D Tonal : Extra dark: GradientColors(ff161d2d, ff161d2d)
04-01 08:46:43.782 663 1091 D CCodec : allocate(c2.android.vorbis.decoder)
04-01 08:46:43.784 663 1092 D CCodec : allocate(c2.android.vorbis.decoder)
04-01 08:46:43.786 663 1091 I CCodec : setting up 'default' as default (vendor) store
04-01 08:46:43.789 663 1092 I CCodec : setting up 'default' as default (vendor) store
04-01 08:46:43.799 1037 1095 D AccessibilitySourceService: enabled a11y services count 0
04-01 08:46:43.800 1037 1095 D AccessibilitySourceService: a11y source sending 0 issue to sc
04-01 08:46:43.801 663 1092 I CCodec : Created component [c2.android.vorbis.decoder]
04-01 08:46:43.802 663 1092 D CCodecConfig: read media type: audio/vorbis
04-01 08:46:43.805 663 1091 I CCodec : Created component [c2.android.vorbis.decoder]
04-01 08:46:43.805 663 680 D SafetySourceDataValidat: No cert check requested for package com.android.permissioncontroller
04-01 08:46:43.807 663 680 V SafetyCenterRefreshTrac: Refresh with id: 80cdb80e-1920-44f2-afae-cbe5f010fcc2_0 completed for source id: AndroidAccessibility, user id: 0, duration: null, successful: true, data changed: true, tracking: false, now 4 tracked sources in flight
04-01 08:46:43.807 663 1091 D CCodecConfig: read media type: audio/vorbis
04-01 08:46:43.811 663 919 D SafetySourceDataValidat: No cert check requested for package com.android.permissioncontroller
04-01 08:46:43.813 663 1092 D ReflectedParamUpdater: extent() != 1 for single value type: algo.buffers.max-count.values
04-01 08:46:43.813 663 1091 D ReflectedParamUpdater: extent() != 1 for single value type: algo.buffers.max-count.values
04-01 08:46:43.814 663 919 V SafetyCenterRefreshTrac: Refresh with id: 80cdb80e-1920-44f2-afae-cbe5f010fcc2_0 completed for source id: AndroidPrivacyAppDataSharingUpdates, user id: 0, duration: PT0.957S, successful: true, data changed: true, tracking: true, now 3 tracked sources in flight
04-01 08:46:43.819 663 1091 D ReflectedParamUpdater: extent() != 1 for single value type: output.subscribed-indices.values
04-01 08:46:43.819 663 1092 D ReflectedParamUpdater: extent() != 1 for single value type: output.subscribed-indices.values
04-01 08:46:43.821 663 1092 D ReflectedParamUpdater: extent() != 1 for single value type: input.buffers.allocator-ids.values
04-01 08:46:43.822 663 1092 D ReflectedParamUpdater: extent() != 1 for single value type: output.buffers.allocator-ids.values
04-01 08:46:43.822 663 1092 D ReflectedParamUpdater: extent() != 1 for single value type: algo.buffers.allocator-ids.values
04-01 08:46:43.823 663 1092 D ReflectedParamUpdater: extent() != 1 for single value type: output.buffers.pool-ids.values
04-01 08:46:43.825 663 681 D CompatChangeReporter: Compat change id reported: 319212206; UID 10070; state: ENABLED
04-01 08:46:43.826 663 1091 D ReflectedParamUpdater: extent() != 1 for single value type: input.buffers.allocator-ids.values
04-01 08:46:43.826 663 1092 D ReflectedParamUpdater: extent() != 1 for single value type: algo.buffers.pool-ids.values
04-01 08:46:43.827 663 1091 D ReflectedParamUpdater: extent() != 1 for single value type: output.buffers.allocator-ids.values
04-01 08:46:43.828 663 1091 D ReflectedParamUpdater: extent() != 1 for single value type: algo.buffers.allocator-ids.values
04-01 08:46:43.828 663 1091 D ReflectedParamUpdater: extent() != 1 for single value type: output.buffers.pool-ids.values
04-01 08:46:43.829 663 1091 D ReflectedParamUpdater: extent() != 1 for single value type: algo.buffers.pool-ids.values
04-01 08:46:43.829 663 1092 I CCodecConfig: query failed after returning 8 values (BAD_INDEX)
04-01 08:46:43.829 663 663 D WallpaperManagerService: WPMS.onServiceConnected-ComponentInfo{com.android.systemui/com.android.systemui.wallpapers.ImageWallpaper}
04-01 08:46:43.830 663 1092 D CCodecConfig: c2 config diff is Dict {
04-01 08:46:43.830 663 1092 D CCodecConfig: c2::u32 coded.bitrate.value = 64000
04-01 08:46:43.830 663 1092 D CCodecConfig: c2::u32 input.buffers.max-size.value = 32768
04-01 08:46:43.830 663 1092 D CCodecConfig: c2::u32 input.delay.value = 0
04-01 08:46:43.830 663 1092 D CCodecConfig: string input.media-type.value = "audio/vorbis"
04-01 08:46:43.830 663 1092 D CCodecConfig: c2::u32 output.large-frame.max-size = 0
04-01 08:46:43.830 663 1092 D CCodecConfig: c2::u32 output.large-frame.threshold-size = 0
04-01 08:46:43.830 663 1092 D CCodecConfig: string output.media-type.value = "audio/raw"
04-01 08:46:43.830 663 1092 D CCodecConfig: c2::u32 raw.channel-count.value = 1
04-01 08:46:43.830 663 1092 D CCodecConfig: c2::u32 raw.sample-rate.value = 48000
04-01 08:46:43.830 663 1092 D CCodecConfig: }
04-01 08:46:43.830 663 663 D WallpaperManagerService: WPMS.attachServiceLocked
04-01 08:46:43.830 663 663 V WallpaperManagerService: WPMS.attachServiceLocked took to complete: 0ms
04-01 08:46:43.830 663 663 V WallpaperManagerService: WPMS.onServiceConnected-ComponentInfo{com.android.systemui/com.android.systemui.wallpapers.ImageWallpaper} took to complete: 1ms
04-01 08:46:43.831 663 663 D WallpaperManagerService: WPMS.onServiceConnected-ComponentInfo{com.android.systemui/com.android.systemui.wallpapers.ImageWallpaper}
04-01 08:46:43.831 663 663 D WallpaperManagerService: WPMS.attachServiceLocked
04-01 08:46:43.831 663 663 D WallpaperManagerService: WPMS.connectLocked-ComponentInfo{com.android.systemui/com.android.systemui.wallpapers.ImageWallpaper}
04-01 08:46:43.831 663 1048 D SystemServerTiming: getUserSwitchability-0
04-01 08:46:43.831 663 1048 D SystemServerTiming: TM.isInCall
04-01 08:46:43.831 663 1048 V SystemServerTiming: TM.isInCall took to complete: 0ms
04-01 08:46:43.831 663 1048 D SystemServerTiming: hasUserRestriction-DISALLOW_USER_SWITCH
04-01 08:46:43.832 663 1048 V SystemServerTiming: hasUserRestriction-DISALLOW_USER_SWITCH took to complete: 1ms
04-01 08:46:43.833 663 1048 D SystemServerTiming: getInt-ALLOW_USER_SWITCHING_WHEN_SYSTEM_USER_LOCKED
04-01 08:46:43.833 663 1048 V SystemServerTiming: getInt-ALLOW_USER_SWITCHING_WHEN_SYSTEM_USER_LOCKED took to complete: 0ms
04-01 08:46:43.833 663 1048 D SystemServerTiming: isUserUnlocked-USER_SYSTEM
04-01 08:46:43.833 663 1048 V SystemServerTiming: isUserUnlocked-USER_SYSTEM took to complete: 0ms
04-01 08:46:43.833 663 1048 V SystemServerTiming: getUserSwitchability-0 took to complete: 2ms
04-01 08:46:43.838 663 1091 I CCodecConfig: query failed after returning 8 values (BAD_INDEX)
04-01 08:46:43.839 663 1091 D CCodecConfig: c2 config diff is Dict {
04-01 08:46:43.839 663 1091 D CCodecConfig: c2::u32 coded.bitrate.value = 64000
04-01 08:46:43.839 663 1091 D CCodecConfig: c2::u32 input.buffers.max-size.value = 32768
04-01 08:46:43.839 663 1091 D CCodecConfig: c2::u32 input.delay.value = 0
04-01 08:46:43.839 663 1091 D CCodecConfig: string input.media-type.value = "audio/vorbis"
04-01 08:46:43.839 663 1091 D CCodecConfig: c2::u32 output.large-frame.max-size = 0
04-01 08:46:43.839 663 1091 D CCodecConfig: c2::u32 output.large-frame.threshold-size = 0
04-01 08:46:43.839 663 1091 D CCodecConfig: string output.media-type.value = "audio/raw"
04-01 08:46:43.839 663 1091 D CCodecConfig: c2::u32 raw.channel-count.value = 1
04-01 08:46:43.839 663 1091 D CCodecConfig: c2::u32 raw.sample-rate.value = 48000
04-01 08:46:43.839 663 1091 D CCodecConfig: }
04-01 08:46:43.840 663 1092 D CCodec : [c2.android.vorbis.decoder] buffers are bound to CCodec for this session
04-01 08:46:43.840 663 1092 D CCodecConfig: no c2 equivalents for durationUs
04-01 08:46:43.840 663 1092 D CCodecConfig: no c2 equivalents for track-id
04-01 08:46:43.840 663 1092 D CCodecConfig: no c2 equivalents for csd-1
04-01 08:46:43.840 663 1092 D CCodecConfig: no c2 equivalents for flags
04-01 08:46:43.843 663 680 D SafetySourceDataValidat: No cert check requested for package com.android.permissioncontroller
04-01 08:46:43.844 880 880 V SystemUIBootTiming: StartServices com.android.keyguard.KeyguardBiometricLockoutLogger took to complete: 5ms
04-01 08:46:43.844 663 681 D ConnectivityService: requestNetwork for uid/pid:10070/880 activeRequest: null callbackRequest: 24 [NetworkRequest [ REQUEST id=25, [ Capabilities: INTERNET&NOT_RESTRICTED&TRUSTED&NOT_VCN_MANAGED&NOT_BANDWIDTH_CONSTRAINED Uid: 10070 RequestorUid: 10070 RequestorPkg: com.android.systemui UnderlyingNetworks: Null] ]] callback flags: 1 order: 2147483647 isUidTracked: false declaredMethods: ALL
04-01 08:46:43.844 663 1092 D CCodecConfig: c2 config diff is c2::u32 coded.bitrate.value = 239920
04-01 08:46:43.844 663 1092 D CCodecConfig: c2::u32 raw.sample-rate.value = 44100
04-01 08:46:43.845 663 680 V SafetyCenterRefreshTrac: Refresh with id: 80cdb80e-1920-44f2-afae-cbe5f010fcc2_0 completed for source id: AndroidBackgroundLocation, user id: 0, duration: null, successful: true, data changed: true, tracking: false, now 3 tracked sources in flight
04-01 08:46:43.846 663 808 D ConnectivityService: NetReassign [no changes] [c 0] [a 0] [i 0]
04-01 08:46:43.847 663 1091 D CCodec : [c2.android.vorbis.decoder] buffers are bound to CCodec for this session
04-01 08:46:43.847 663 1091 D CCodecConfig: no c2 equivalents for durationUs
04-01 08:46:43.847 663 1091 D CCodecConfig: no c2 equivalents for track-id
04-01 08:46:43.847 663 1091 D CCodecConfig: no c2 equivalents for csd-1
04-01 08:46:43.848 663 1091 D CCodecConfig: no c2 equivalents for flags
04-01 08:46:43.849 663 808 D ConnectivityService: NetReassign [no changes] [c 0] [a 0] [i 1]
04-01 08:46:43.849 663 1091 D CCodecConfig: c2 config diff is c2::u32 coded.bitrate.value = 140000
04-01 08:46:43.856 663 663 V WallpaperManagerService: WPMS.connectLocked-ComponentInfo{com.android.systemui/com.android.systemui.wallpapers.ImageWallpaper} took to complete: 25ms
04-01 08:46:43.856 663 1091 W Codec2Client: query -- param skipped: index = 1107298332.
04-01 08:46:43.856 663 1091 D CCodec : encoding statistics level = 0
04-01 08:46:43.856 663 1091 D CCodec : setup formats input: AMessage(what = 0x00000000) = {
04-01 08:46:43.856 663 1091 D CCodec : int32_t bitrate = 140000
04-01 08:46:43.856 663 1091 D CCodec : int32_t channel-count = 1
04-01 08:46:43.856 663 1091 D CCodec : int32_t max-input-size = 32768
04-01 08:46:43.856 663 1091 D CCodec : string mime = "audio/vorbis"
04-01 08:46:43.856 663 1091 D CCodec : int32_t sample-rate = 48000
04-01 08:46:43.856 663 1091 D CCodec : }
04-01 08:46:43.856 663 1091 D CCodec : setup formats output: AMessage(what = 0x00000000) = {
04-01 08:46:43.856 663 1091 D CCodec : int32_t buffer-batch-max-output-size = 0
04-01 08:46:43.856 663 1091 D CCodec : int32_t buffer-batch-threshold-output-size = 0
04-01 08:46:43.856 663 1091 D CCodec : int32_t channel-count = 1
04-01 08:46:43.856 663 1091 D CCodec : string mime = "audio/raw"
04-01 08:46:43.856 663 1091 D CCodec : int32_t sample-rate = 48000
04-01 08:46:43.856 663 1091 D CCodec : int32_t channel-mask = 1
04-01 08:46:43.856 663 1091 D CCodec : int32_t android._config-pcm-encoding = 2
04-01 08:46:43.856 663 1091 D CCodec : }
04-01 08:46:43.857 663 1091 I CCodecConfig: query failed after returning 8 values (BAD_INDEX)
04-01 08:46:43.857 663 663 V WallpaperManagerService: WPMS.attachServiceLocked took to complete: 25ms
04-01 08:46:43.857 663 663 D WallpaperManagerService: WPMS.saveSettingsLocked-0
04-01 08:46:43.860 663 1092 W Codec2Client: query -- param skipped: index = 1107298332.
04-01 08:46:43.860 663 1092 D CCodec : encoding statistics level = 0
04-01 08:46:43.860 663 1092 D CCodec : setup formats input: AMessage(what = 0x00000000) = {
04-01 08:46:43.860 663 1092 D CCodec : int32_t bitrate = 239920
04-01 08:46:43.860 663 1092 D CCodec : int32_t channel-count = 1
04-01 08:46:43.860 663 1092 D CCodec : int32_t max-input-size = 32768
04-01 08:46:43.860 663 1092 D CCodec : string mime = "audio/vorbis"
04-01 08:46:43.860 663 1092 D CCodec : int32_t sample-rate = 44100
04-01 08:46:43.860 663 1092 D CCodec : }
04-01 08:46:43.860 663 1092 D CCodec : setup formats output: AMessage(what = 0x00000000) = {
04-01 08:46:43.860 663 1092 D CCodec : int32_t buffer-batch-max-output-size = 0
04-01 08:46:43.860 663 1092 D CCodec : int32_t buffer-batch-threshold-output-size = 0
