04-01 08:46:49.846 663 695 D SystemServerTimingAsync: ssm.onUnlockedUser-0_com.android.server.security.AttestationVerificationManagerService
04-01 08:46:49.846 663 695 V SystemServerTimingAsync: ssm.onUnlockedUser-0_com.android.server.security.AttestationVerificationManagerService took to complete: 0ms
04-01 08:46:49.846 663 695 D SystemServerTimingAsync: ssm.onUnlockedUser-0_com.android.server.companion.CompanionDeviceManagerService
04-01 08:46:49.846 663 695 I CDM_CompanionDeviceManagerService: onUserUnlocked() user=0
04-01 08:46:49.848 663 663 I NotificationHistory: Attempted to unlock gone/disabled user 0
04-01 08:46:49.850 663 1244 W system_server: Core platform API violation: Llibcore/io/Memory;->pokeByte(JB)V from Lcom/android/server/appsearch/protobuf/UnsafeUtil; using reflection
04-01 08:46:49.850 663 1244 W system_server: Core platform API violation: Llibcore/io/Memory;->peekByte(J)B from Lcom/android/server/appsearch/protobuf/UnsafeUtil; using reflection
04-01 08:46:49.854 663 695 V SystemServerTimingAsync: ssm.onUnlockedUser-0_com.android.server.companion.CompanionDeviceManagerService took to complete: 8ms
04-01 08:46:49.857 663 695 D SystemServerTimingAsync: ssm.onUnlockedUser-0_com.android.server.companion.virtual.VirtualDeviceManagerService
04-01 08:46:49.857 663 695 V SystemServerTimingAsync: ssm.onUnlockedUser-0_com.android.server.companion.virtual.VirtualDeviceManagerService took to complete: 0ms
04-01 08:46:49.857 663 695 D SystemServerTimingAsync: ssm.onUnlockedUser-0_com.android.server.restrictions.RestrictionsManagerService
04-01 08:46:49.857 663 695 V SystemServerTimingAsync: ssm.onUnlockedUser-0_com.android.server.restrictions.RestrictionsManagerService took to complete: 0ms
04-01 08:46:49.857 663 695 D SystemServerTimingAsync: ssm.onUnlockedUser-0_com.android.server.media.MediaSessionService
04-01 08:46:49.857 663 695 V SystemServerTimingAsync: ssm.onUnlockedUser-0_com.android.server.media.MediaSessionService took to complete: 0ms
04-01 08:46:49.857 663 695 D SystemServerTimingAsync: ssm.onUnlockedUser-0_com.android.server.biometrics.BiometricService
04-01 08:46:49.857 663 695 V SystemServerTimingAsync: ssm.onUnlockedUser-0_com.android.server.biometrics.BiometricService took to complete: 0ms
04-01 08:46:49.857 663 695 D SystemServerTimingAsync: ssm.onUnlockedUser-0_com.android.server.biometrics.AuthService
04-01 08:46:49.857 663 695 V SystemServerTimingAsync: ssm.onUnlockedUser-0_com.android.server.biometrics.AuthService took to complete: 0ms
04-01 08:46:49.858 663 695 D SystemServerTimingAsync: ssm.onUnlockedUser-0_com.android.server.adaptiveauth.AdaptiveAuthService
04-01 08:46:49.858 663 695 V SystemServerTimingAsync: ssm.onUnlockedUser-0_com.android.server.adaptiveauth.AdaptiveAuthService took to complete: 0ms
04-01 08:46:49.858 663 695 D SystemServerTimingAsync: ssm.onUnlockedUser-0_com.android.server.pm.ShortcutService$Lifecycle
04-01 08:46:49.858 663 695 V SystemServerTimingAsync: ssm.onUnlockedUser-0_com.android.server.pm.ShortcutService$Lifecycle took to complete: 0ms
04-01 08:46:49.858 663 695 D SystemServerTimingAsync: ssm.onUnlockedUser-0_com.android.server.pm.LauncherAppsService
04-01 08:46:49.858 663 695 V SystemServerTimingAsync: ssm.onUnlockedUser-0_com.android.server.pm.LauncherAppsService took to complete: 0ms
04-01 08:46:49.858 663 695 D SystemServerTimingAsync: ssm.onUnlockedUser-0_com.android.server.pm.CrossProfileAppsService
04-01 08:46:49.858 663 695 V SystemServerTimingAsync: ssm.onUnlockedUser-0_com.android.server.pm.CrossProfileAppsService took to complete: 0ms
04-01 08:46:49.858 663 695 D SystemServerTimingAsync: ssm.onUnlockedUser-0_com.android.server.people.PeopleService
04-01 08:46:49.861 663 832 V WindowManager: Binding proc com.android.providers.media.module with config {1.0 ?mcc0mnc [en_US] ldltr sw720dp w1280dp h720dp 240dpi xlrg long land -touch qwerty/v/v -nav/h winConfig={ mBounds=Rect(0, 0 - 1920, 1080) mAppBounds=Rect(0, 0 - 1920, 1080) mMaxBounds=Rect(0, 0 - 1920, 1080) mDisplayRotation=ROTATION_0 mWindowingMode=fullscreen mActivityType=undefined mAlwaysOnTop=undefined mRotation=ROTATION_0} s.6 fontWeightAdjustment=0}
04-01 08:46:49.863 663 835 V BackupManagerService: [UserID:0] No ancestral data
04-01 08:46:49.865 1252 1252 E id.printspooler: Not starting debugger since process cannot load the jdwp agent.
04-01 08:46:49.875 663 687 D GrammaticalInflection: User 0 doesn't have the grammatical gender file.
04-01 08:46:49.878 521 622 D AHAL_StreamPrimary: transfer: skipping transfer (4096 frames)
04-01 08:46:49.889 880 913 V WindowManagerShell: UNKNOWN MESSAGE (319134872409225255) 3 android.os.BinderProxy@1b6eeee TransitionRequestInfo { type = CLOSE, triggerTask = TaskInfo{userId=0 taskId=5 effectiveUid=1000 displayId=0 isRunning=false baseIntent=Intent { act=android.intent.action.MAIN cat=[android.intent.category.HOME] flg=0x10800100 cmp=com.android.settings/.FallbackHome } baseActivity=null topActivity=null origActivity=null realActivity=ComponentInfo{com.android.settings/com.android.settings.FallbackHome} numActivities=0 lastActiveTime=38559 supportsMultiWindow=true resizeMode=0 isResizeable=false minWidth=-1 minHeight=-1 defaultMinSize=220 token=WCT{android.window.IWindowContainerToken$Stub$Proxy@1c46f8f} topActivityType=2 pictureInPictureParams=null shouldDockBigOverlays=false launchIntoPipHostTaskId=-1 lastParentTaskIdBeforePip=-1 displayCutoutSafeInsets=Rect(0, 0 - 0, 0) topActivityInfo=null launchCookies=[] positionInParent=Point(0, 0) parentTaskId=-1 isFocused=true isVisible=true isVisibleRequested=true isSleeping=false locusId=null displayAreaFeatureId=1 isTopActivityTransparent=false isTopActivityStyleFloating=false lastNonFullscreenBounds=Rect(680, 41 - 1240, 1039) capturedLink=null capturedLinkTimestamp=0 appCompatTaskInfo=AppCompatTaskInfo { topActivityInSizeCompat=false eligibleForLetterboxEducation= false isLetterboxEducationEnabled= false isLetterboxDoubleTapEnabled= false eligibleForUserAspectRatioButton= false topActivityBoundsLetterboxed= false isFromLetterboxDoubleTap= false topActivityLetterboxVerticalPosition= -1 topActivityLetterboxHorizontalPosition= -1 topActivityLetterboxWidth=-1 topActivityLetterboxHeight=-1 topActivityLetterboxAppWidth=-1 topActivityLetterboxAppHeight=-1 isUserFullscreenOverrideEnabled=false isSystemFullscreenOverrideEnabled=false hasMinAspectRatioOverride=false cameraCompatTaskInfo=CameraCompatTaskInfo { freeformCameraCompatMode=inactive}}}, pipTask = null, remoteTransition = null, displayChange = null, flags = 0, debugId = 3 }
04-01 08:46:49.897 663 1108 W ActivityTaskManager: callingPackage for (uid=-1, pid=0) has no WPC
04-01 08:46:49.898 1252 1252 D nativeloader: Load libframework-connectivity-tiramisu-jni.so using APEX ns com_android_tethering for caller /apex/com.android.tethering/javalib/framework-connectivity-t.jar: ok
04-01 08:46:49.903 663 685 D AppWidgetServiceImpl: Unable to load widget provider info from xml for ComponentInfo{com.android.gallery3d/com.android.gallery3d.gadget.PhotoAppWidgetProvider}
04-01 08:46:49.912 663 1108 W OptProp : Cannot read opt property android.window.PROPERTY_COMPAT_ALLOW_RESIZEABLE_ACTIVITY_OVERRIDES
04-01 08:46:49.914 663 1108 W OptProp : Cannot read opt property android.window.PROPERTY_COMPAT_ALLOW_MIN_ASPECT_RATIO_OVERRIDE
04-01 08:46:49.915 663 1108 V GrammaticalInflectionUtils: AttributionSource: AttributionSource { uid = 10066, packageName = null, attributionTag = null, token = android.os.Binder@9b3ff43, deviceId = 0, next = null } does not have READ_SYSTEM_GRAMMATICAL_GENDER permission.
04-01 08:46:49.917 663 1108 D CompatChangeReporter: Compat change id reported: 306666082; UID 10066; state: ENABLED
04-01 08:46:49.920 663 1108 E CellBroadcastUtils: getDefaultCellBroadcastReceiverPackageName: no package found
04-01 08:46:49.929 663 1242 D ShortcutService: checkPackageChanges() ownerUserId=0
04-01 08:46:49.932 663 685 I AppWidgetServiceImpl: addWidgetLocked() AppWidgetId{2:Host{HostId{user:0, app:10066, hostId:1026, pkg:com.android.launcher3}}:Provider{ProviderId{user:0, app:10056, cmp:ComponentInfo{com.android.quicksearchbox/com.android.quicksearchbox.SearchWidgetProvider}}}}
04-01 08:46:49.934 663 685 I AppWidgetServiceImpl: Widget update scheduled on unlock AppWidgetId{2:Host{HostId{user:0, app:10066, hostId:1026, pkg:com.android.launcher3}}:Provider{ProviderId{user:0, app:10056, cmp:ComponentInfo{com.android.quicksearchbox/com.android.quicksearchbox.SearchWidgetProvider}}}}
04-01 08:46:49.935 663 1242 D ShortcutService: rescan updated package userId=0 last scanned=1743497209430
04-01 08:46:49.935 663 1242 D ShortcutService: forUpdatedPackages for userId=0, lastScanTime=1743497209430 afterOta=false
04-01 08:46:49.937 663 1108 W OptProp : Cannot read opt property android.window.PROPERTY_COMPAT_ALLOW_ORIENTATION_OVERRIDE
04-01 08:46:49.940 663 1242 D ShortcutService: Scheduling to save for userId=0
04-01 08:46:49.944 663 1245 V BackupManagerConstants: getKeyValueBackupIntervalMilliseconds(...) returns 14400000
04-01 08:46:49.944 663 1245 V BackupManagerConstants: getKeyValueBackupFuzzMilliseconds(...) returns 600000
04-01 08:46:49.944 663 1245 V BackupManagerConstants: getKeyValueBackupRequiredNetworkType(...) returns 1
04-01 08:46:49.944 663 1245 V BackupManagerConstants: getKeyValueBackupRequireCharging(...) returns true
04-01 08:46:49.944 663 1245 V KeyValueBackupJob: Scheduling k/v pass in 249 minutes
04-01 08:46:49.949 663 1108 I ActivityTaskManager: START u0 {act=android.intent.action.MAIN cat=[android.intent.category.HOME] flg=0x10000100 cmp=com.android.launcher3/.uioverrides.QuickstepLauncher (has extras)} with LAUNCH_SINGLE_TASK from uid 0 (BAL_ALLOW_ALLOWLISTED_UID) result code=0
04-01 08:46:49.963 663 1108 D CompatChangeReporter: Compat change id reported: 324203798; UID 10066; state: ENABLED
04-01 08:46:49.965 577 1224 D CCodecBufferChannel: [c2.android.vorbis.decoder#1] buffers after EOS ignored (0 us)
04-01 08:46:49.966 577 1224 D CCodecBufferChannel: [c2.android.vorbis.decoder#1] buffers after EOS ignored (0 us)
04-01 08:46:49.967 577 1222 D AudioTrack: stop(8): called with 84672 frames delivered
04-01 08:46:49.994 1107 1268 D vulkan : searching for layers in '/system/lib64'
04-01 08:46:49.994 880 913 W Looper : Slow dispatch took 106ms wmshell.main h=android.os.Handler c=com.android.wm.shell.transition.Transitions$TransitionPlayerImpl$$ExternalSyntheticLambda1@6adef23 m=0
04-01 08:46:49.995 880 913 W Looper : Slow delivery took 66ms wmshell.main h=android.os.Handler c=null m=10
04-01 08:46:49.995 880 913 W Looper : Drained
04-01 08:46:49.995 663 832 W ActivityManager: Slow operation: 153ms so far, now at attachApplicationLocked: immediately after bindApplication
04-01 08:46:49.999 663 832 W ActivityManager: Slow operation: 157ms so far, now at attachApplicationLocked: after updateLruProcessLocked
04-01 08:46:50.018 458 458 I BpBinder: onLastStrongRef automatically unlinking death recipients:
04-01 08:46:50.020 663 832 W ActivityManager: Slow operation: 178ms so far, now at attachApplicationLocked: after updateOomAdjLocked
04-01 08:46:50.049 663 1108 W com.android.internal.protolog.LogcatOnlyProtoLogImpl: ProtoLog message not processed. Failed to log it to proto. Logging it below to logcat instead.
04-01 08:46:50.049 663 1108 V WindowManager: Binding proc com.android.printspooler with config {1.0 ?mcc0mnc [en_US] ldltr sw720dp w1280dp h720dp 240dpi xlrg long land -touch qwerty/v/v -nav/h winConfig={ mBounds=Rect(0, 0 - 1920, 1080) mAppBounds=Rect(0, 0 - 1920, 1080) mMaxBounds=Rect(0, 0 - 1920, 1080) mDisplayRotation=ROTATION_0 mWindowingMode=fullscreen mActivityType=undefined mAlwaysOnTop=undefined mRotation=ROTATION_0} s.6 fontWeightAdjustment=0}
04-01 08:46:50.064 663 685 I AppWidgetServiceImpl: Processing of handleUserUnlocked u0 took 218 ms
04-01 08:46:50.065 663 685 W Looper : Slow dispatch took 235ms android.fg h=android.os.Handler c=com.android.server.am.UserController$Injector$$ExternalSyntheticLambda1@208ef65 m=0
04-01 08:46:50.066 243 243 I hwservicemanager: getTransport: Cannot find entry android.hardware.configstore@1.0::ISurfaceFlingerConfigs/default in either framework or device VINTF manifest.
04-01 08:46:50.069 521 622 D AHAL_StreamPrimary: transfer: skipping transfer (4096 frames)
04-01 08:46:50.073 663 1245 D ConnectivityService: requestNetwork for uid/pid:1000/663 activeRequest: null callbackRequest: 33 [NetworkRequest [ REQUEST id=34, [ Capabilities: INTERNET&NOT_RESTRICTED&TRUSTED&NOT_VCN_MANAGED&NOT_BANDWIDTH_CONSTRAINED Uid: 1000 RequestorUid: 1000 RequestorPkg: android UnderlyingNetworks: Null] ]] callback flags: 0 order: 2147483647 isUidTracked: false declaredMethods: ALL
04-01 08:46:50.081 663 808 D ConnectivityService: NetReassign [no changes] [c 1] [a 0] [i 1]
04-01 08:46:50.093 663 794 D WifiNetworkFactory: got request NetworkRequest [ REQUEST id=34, [ Capabilities: INTERNET&NOT_RESTRICTED&TRUSTED&NOT_VCN_MANAGED&NOT_BANDWIDTH_CONSTRAINED Uid: 1000 RequestorUid: 1000 RequestorPkg: android UnderlyingNetworks: Null] ]
04-01 08:46:50.094 663 794 D UntrustedWifiNetworkFactory: got request NetworkRequest [ REQUEST id=34, [ Capabilities: INTERNET&NOT_RESTRICTED&TRUSTED&NOT_VCN_MANAGED&NOT_BANDWIDTH_CONSTRAINED Uid: 1000 RequestorUid: 1000 RequestorPkg: android UnderlyingNetworks: Null] ]
04-01 08:46:50.095 663 794 D OemPaidWifiNetworkFactory: got request NetworkRequest [ REQUEST id=34, [ Capabilities: INTERNET&NOT_RESTRICTED&TRUSTED&NOT_VCN_MANAGED&NOT_BANDWIDTH_CONSTRAINED Uid: 1000 RequestorUid: 1000 RequestorPkg: android UnderlyingNetworks: Null] ]
04-01 08:46:50.095 663 794 D MultiInternetWifiNetworkFactory: got request NetworkRequest [ REQUEST id=34, [ Capabilities: INTERNET&NOT_RESTRICTED&TRUSTED&NOT_VCN_MANAGED&NOT_BANDWIDTH_CONSTRAINED Uid: 1000 RequestorUid: 1000 RequestorPkg: android UnderlyingNetworks: Null] ]
04-01 08:46:50.112 663 685 D SystemServerTiming: broadcastIntent-0-android.intent.action.BOOT_COMPLETED
04-01 08:46:50.113 663 695 W SystemServiceManager: Service com.android.server.people.PeopleService took 255 ms in onUnlockedUser-0
04-01 08:46:50.114 663 695 V SystemServerTimingAsync: ssm.onUnlockedUser-0_com.android.server.people.PeopleService took to complete: 256ms
04-01 08:46:50.114 663 695 D SystemServerTimingAsync: ssm.onUnlockedUser-0_com.android.server.media.metrics.MediaMetricsManagerService
04-01 08:46:50.114 663 695 V SystemServerTimingAsync: ssm.onUnlockedUser-0_com.android.server.media.metrics.MediaMetricsManagerService took to complete: 0ms
04-01 08:46:50.114 663 695 D SystemServerTimingAsync: ssm.onUnlockedUser-0_com.android.server.pm.BackgroundInstallControlService
04-01 08:46:50.114 663 695 V SystemServerTimingAsync: ssm.onUnlockedUser-0_com.android.server.pm.BackgroundInstallControlService took to complete: 0ms
04-01 08:46:50.114 663 695 D SystemServerTimingAsync: ssm.onUnlockedUser-0_com.android.server.media.projection.MediaProjectionManagerService
04-01 08:46:50.114 663 695 V SystemServerTimingAsync: ssm.onUnlockedUser-0_com.android.server.media.projection.MediaProjectionManagerService took to complete: 0ms
04-01 08:46:50.114 663 695 D SystemServerTimingAsync: ssm.onUnlockedUser-0_com.android.server.slice.SliceManagerService$Lifecycle
04-01 08:46:50.114 663 695 V SystemServerTimingAsync: ssm.onUnlockedUser-0_com.android.server.slice.SliceManagerService$Lifecycle took to complete: 0ms
04-01 08:46:50.114 663 695 D SystemServerTimingAsync: ssm.onUnlockedUser-0_com.android.server.stats.StatsCompanion$Lifecycle
04-01 08:46:50.114 663 695 V SystemServerTimingAsync: ssm.onUnlockedUser-0_com.android.server.stats.StatsCompanion$Lifecycle took to complete: 0ms
04-01 08:46:50.114 663 695 D SystemServerTimingAsync: ssm.onUnlockedUser-0_com.android.server.scheduling.RebootReadinessManagerService$Lifecycle
04-01 08:46:50.114 663 695 V SystemServerTimingAsync: ssm.onUnlockedUser-0_com.android.server.scheduling.RebootReadinessManagerService$Lifecycle took to complete: 0ms
04-01 08:46:50.142 663 695 D SystemServerTimingAsync: ssm.onUnlockedUser-0_com.android.server.stats.pull.StatsPullAtomService
04-01 08:46:50.142 663 695 V SystemServerTimingAsync: ssm.onUnlockedUser-0_com.android.server.stats.pull.StatsPullAtomService took to complete: 0ms
04-01 08:46:50.142 663 695 D SystemServerTimingAsync: ssm.onUnlockedUser-0_com.android.server.stats.bootstrap.StatsBootstrapAtomService$Lifecycle
04-01 08:46:50.142 663 695 V SystemServerTimingAsync: ssm.onUnlockedUser-0_com.android.server.stats.bootstrap.StatsBootstrapAtomService$Lifecycle took to complete: 0ms
04-01 08:46:50.142 663 695 D SystemServerTimingAsync: ssm.onUnlockedUser-0_com.android.server.incident.IncidentCompanionService
04-01 08:46:50.142 663 695 V SystemServerTimingAsync: ssm.onUnlockedUser-0_com.android.server.incident.IncidentCompanionService took to complete: 0ms
04-01 08:46:50.142 663 695 D SystemServerTimingAsync: ssm.onUnlockedUser-0_com.android.server.sdksandbox.SdkSandboxManagerService$Lifecycle
04-01 08:46:50.142 663 695 V SystemServerTimingAsync: ssm.onUnlockedUser-0_com.android.server.sdksandbox.SdkSandboxManagerService$Lifecycle took to complete: 0ms
04-01 08:46:50.143 663 695 D SystemServerTimingAsync: ssm.onUnlockedUser-0_com.android.server.adservices.AdServicesManagerService$Lifecycle
04-01 08:46:50.143 663 695 V SystemServerTimingAsync: ssm.onUnlockedUser-0_com.android.server.adservices.AdServicesManagerService$Lifecycle took to complete: 0ms
04-01 08:46:50.143 663 695 D SystemServerTimingAsync: ssm.onUnlockedUser-0_com.android.server.ondevicepersonalization.OnDevicePersonalizationSystemService$Lifecycle
04-01 08:46:50.143 663 695 V SystemServerTimingAsync: ssm.onUnlockedUser-0_com.android.server.ondevicepersonalization.OnDevicePersonalizationSystemService$Lifecycle took to complete: 0ms
04-01 08:46:50.143 663 695 D SystemServerTimingAsync: ssm.onUnlockedUser-0_android.os.profiling.ProfilingService$Lifecycle
04-01 08:46:50.143 663 695 V SystemServerTimingAsync: ssm.onUnlockedUser-0_android.os.profiling.ProfilingService$Lifecycle took to complete: 0ms
04-01 08:46:50.143 663 695 D SystemServerTimingAsync: ssm.onUnlockedUser-0_com.android.server.autofill.AutofillManagerService
04-01 08:46:50.143 663 695 V SystemServerTimingAsync: ssm.onUnlockedUser-0_com.android.server.autofill.AutofillManagerService took to complete: 0ms
04-01 08:46:50.143 663 695 D SystemServerTimingAsync: ssm.onUnlockedUser-0_com.android.server.clipboard.ClipboardService
04-01 08:46:50.143 663 695 V SystemServerTimingAsync: ssm.onUnlockedUser-0_com.android.server.clipboard.ClipboardService took to complete: 0ms
04-01 08:46:50.143 663 695 D SystemServerTimingAsync: ssm.onUnlockedUser-0_com.android.server.appbinding.AppBindingService$Lifecycle
04-01 08:46:50.143 663 695 V SystemServerTimingAsync: ssm.onUnlockedUser-0_com.android.server.appbinding.AppBindingService$Lifecycle took to complete: 0ms
04-01 08:46:50.143 663 695 D SystemServerTimingAsync: ssm.onUnlockedUser-0_com.android.server.tracing.TracingServiceProxy
04-01 08:46:50.143 663 695 V SystemServerTimingAsync: ssm.onUnlockedUser-0_com.android.server.tracing.TracingServiceProxy took to complete: 0ms
04-01 08:46:50.143 663 695 D SystemServerTimingAsync: ssm.onUnlockedUser-0_com.android.server.policy.PermissionPolicyService
04-01 08:46:50.143 663 695 V SystemServerTimingAsync: ssm.onUnlockedUser-0_com.android.server.policy.PermissionPolicyService took to complete: 0ms
04-01 08:46:50.143 663 695 D SystemServerTimingAsync: ssm.onUnlockedUser-0_com.android.server.pm.StagingManager$Lifecycle
04-01 08:46:50.143 663 695 V SystemServerTimingAsync: ssm.onUnlockedUser-0_com.android.server.pm.StagingManager$Lifecycle took to complete: 0ms
04-01 08:46:50.143 663 695 D SystemServerTimingAsync: ssm.onUnlockedUser-0_com.android.server.app.GameManagerService$Lifecycle
04-01 08:46:50.143 663 695 V SystemServerTimingAsync: ssm.onUnlockedUser-0_com.android.server.app.GameManagerService$Lifecycle took to complete: 0ms
04-01 08:46:50.143 663 695 D SystemServerTimingAsync: ssm.onUnlockedUser-0_com.android.safetycenter.SafetyCenterService
04-01 08:46:50.143 663 695 V SystemServerTimingAsync: ssm.onUnlockedUser-0_com.android.safetycenter.SafetyCenterService took to complete: 0ms
04-01 08:46:50.143 663 695 D SystemServerTimingAsync: ssm.onUnlockedUser-0_com.android.server.appsearch.AppSearchModule$Lifecycle
04-01 08:46:50.143 663 695 V SystemServerTimingAsync: ssm.onUnlockedUser-0_com.android.server.appsearch.AppSearchModule$Lifecycle took to complete: 0ms
04-01 08:46:50.143 663 695 D SystemServerTimingAsync: ssm.onUnlockedUser-0_com.android.server.compos.IsolatedCompilationService
04-01 08:46:50.143 663 695 V SystemServerTimingAsync: ssm.onUnlockedUser-0_com.android.server.compos.IsolatedCompilationService took to complete: 0ms
04-01 08:46:50.143 663 695 D SystemServerTimingAsync: ssm.onUnlockedUser-0_com.android.server.media.MediaCommunicationService
04-01 08:46:50.143 663 695 V SystemServerTimingAsync: ssm.onUnlockedUser-0_com.android.server.media.MediaCommunicationService took to complete: 0ms
04-01 08:46:50.143 663 695 D SystemServerTimingAsync: ssm.onUnlockedUser-0_com.android.server.compat.overrides.AppCompatOverridesService$Lifecycle
04-01 08:46:50.143 663 695 V SystemServerTimingAsync: ssm.onUnlockedUser-0_com.android.server.compat.overrides.AppCompatOverridesService$Lifecycle took to complete: 0ms
04-01 08:46:50.146 1243 1243 D ApplicationLoaders: Returning zygote-cached class loader: /system_ext/framework/androidx.window.extensions.jar
04-01 08:46:50.146 1243 1243 D ApplicationLoaders: Returning zygote-cached class loader: /system_ext/framework/androidx.window.sidecar.jar
04-01 08:46:50.149 663 695 D SystemServerTimingAsync: ssm.onUnlockedUser-0_com.android.server.healthconnect.HealthConnectManagerService
04-01 08:46:50.149 663 685 V SystemServerTiming: broadcastIntent-0-android.intent.action.BOOT_COMPLETED took to complete: 37ms
04-01 08:46:50.149 663 695 D HealthConnectManagerService: switchToSetupForUser: UserHandle{0}
04-01 08:46:50.149 663 695 D HealthConnectBackupRestore: Performing user switch operations.
04-01 08:46:50.149 663 685 W Looper : Slow delivery took 270ms android.fg h=android.os.Handler c=com.android.server.am.UserController$$ExternalSyntheticLambda18@a35e660 m=0
04-01 08:46:50.151 663 685 W Looper : Drained
04-01 08:46:50.161 663 685 I ServiceWatcher: [TrustManagerService] chose new implementation null
04-01 08:46:50.162 663 695 V SystemServerTimingAsync: ssm.onUnlockedUser-0_com.android.server.healthconnect.HealthConnectManagerService took to complete: 13ms
04-01 08:46:50.162 663 695 D SystemServerTimingAsync: ssm.onUnlockedUser-0_com.android.server.devicelock.DeviceLockService
04-01 08:46:50.162 663 695 D DeviceLockService: onUserUnlocked: 0
04-01 08:46:50.163 663 695 V SystemServerTimingAsync: ssm.onUnlockedUser-0_com.android.server.devicelock.DeviceLockService took to complete: 1ms
04-01 08:46:50.163 663 695 D SystemServerTimingAsync: ssm.onUnlockedUser-0_com.android.server.SensitiveContentProtectionManagerService
04-01 08:46:50.173 663 695 V SystemServerTimingAsync: ssm.onUnlockedUser-0_com.android.server.SensitiveContentProtectionManagerService took to complete: 0ms
04-01 08:46:50.173 663 695 D SystemServerTimingAsync: ssm.onUnlockedUser-0_com.android.system.virtualmachine.VirtualizationSystemService
04-01 08:46:50.173 663 695 V SystemServerTimingAsync: ssm.onUnlockedUser-0_com.android.system.virtualmachine.VirtualizationSystemService took to complete: 0ms
04-01 08:46:50.173 663 695 V SystemServerTimingAsync: ssm.UnlockedUser-0 took to complete: 358ms
04-01 08:46:50.180 663 663 V NotificationManagerService.NotificationAssistants: disabling notification assistant for user 0: ComponentInfo{android.ext.services/android.ext.services.notification.Assistant}
04-01 08:46:50.181 663 663 D NotificationManagerService.NotificationListeners: Removing active service ComponentInfo{android.ext.services/android.ext.services.notification.Assistant}
04-01 08:46:50.209 663 663 V NotificationManagerService.NotificationAssistants: enabling notification assistant for 0: ComponentInfo{android.ext.services/android.ext.services.notification.Assistant}
04-01 08:46:50.210 663 663 V NotificationManagerService.NotificationAssistants: binding: Intent { act=android.service.notification.NotificationAssistantService cmp=android.ext.services/.notification.Assistant (has extras) }
04-01 08:46:50.214 663 695 V GrammaticalInflectionUtils: AttributionSource: AttributionSource { uid = 10056, packageName = null, attributionTag = null, token = android.os.Binder@9b3ff43, deviceId = 0, next = null } does not have READ_SYSTEM_GRAMMATICAL_GENDER permission.
04-01 08:46:50.220 663 687 I DropBoxManagerService: add tag=system_server_strictmode isTagEnabled=true flags=0x2
04-01 08:46:50.228 1107 1107 D CompatChangeReporter: Compat change id reported: 279646685; UID 10066; state: ENABLED
04-01 08:46:50.240 880 913 E SingleInstanceRemoteListener: Failed remote call on null listener
04-01 08:46:50.241 663 695 D CompatChangeReporter: Compat change id reported: 135754954; UID 10056; state: ENABLED
04-01 08:46:50.247 1107 1268 E ion : open /dev/ion failed: No such file or directory
04-01 08:46:50.249 521 622 D AHAL_StreamPrimary: transfer: skipping transfer (4096 frames)
04-01 08:46:50.250 663 696 D CompatChangeReporter: Compat change id reported: 143937733; UID 10056; state: ENABLED
04-01 08:46:50.258 1 1 I init : Service 'dmesgd' (pid 1229) exited with status 0 oneshot service took 1.923000 seconds in background
04-01 08:46:50.258 1 1 I init : Sending signal 9 to service 'dmesgd' (pid 1229) process group...
04-01 08:46:50.261 1 1 I libprocessgroup: Removed cgroup /sys/fs/cgroup/uid_1086/pid_1229
04-01 08:46:50.268 663 1278 V GrammaticalInflectionUtils: AttributionSource: AttributionSource { uid = 10085, packageName = null, attributionTag = null, token = android.os.Binder@9b3ff43, deviceId = 0, next = null } does not have READ_SYSTEM_GRAMMATICAL_GENDER permission.
04-01 08:46:50.269 663 1278 D CompatChangeReporter: Compat change id reported: 151861875; UID 10085; state: ENABLED
04-01 08:46:50.269 663 1244 D nativeloader: Load libicing.so using ns clns-shared-7 from class loader (caller=/apex/com.android.appsearch/javalib/service-appsearch.jar): ok
04-01 08:46:50.279 663 1274 I HealthConnectBackupRestore: Attempt to schedule download timeout job with state: 0
04-01 08:46:50.279 663 1274 I HealthConnectBackupRestore: Attempt to schedule staging timeout job with state: 0
04-01 08:46:50.282 663 1274 I HealthConnectBackupRestore: Attempt to schedule merging timeout job with state: 0
04-01 08:46:50.284 663 1278 I DeviceLockControllerConnectorImpl: Binding com.android.devicelockcontroller/.DeviceLockControllerService
04-01 08:46:50.289 1243 1243 W rs.media.module: Suspending all threads took: 9.656ms
04-01 08:46:50.299 500 500 D Zygote : Forked child process 1280
04-01 08:46:50.300 663 696 W ActivityManager: Slow operation: 85ms so far, now at startProcess: returned from zygote!
04-01 08:46:50.301 1243 1243 D nativeloader: Configuring clns-shared-7 for other apk /apex/com.android.mediaprovider/priv-app/MediaProvider@AP4A.250105.002.A1/MediaProvider.apk. target_sdk_version=35, uses_libraries=, library_path=/apex/com.android.mediaprovider/priv-app/MediaProvider@AP4A.250105.002.A1/lib/arm64:/apex/com.android.mediaprovider/priv-app/MediaProvider@AP4A.250105.002.A1/MediaProvider.apk!/lib/arm64-v8a:/system/lib64, permitted_path=/data:/mnt/expand:/data/user/0/com.android.providers.media.module:/apex/com.android.mediaprovider/priv-app/MediaProvider@AP4A.250105.002.A1:/system/lib64
04-01 08:46:50.302 663 696 W ActivityManager: Slow operation: 87ms so far, now at startProcess: done updating battery stats
04-01 08:46:50.302 663 696 W ActivityManager: Slow operation: 87ms so far, now at startProcess: building log message
04-01 08:46:50.302 663 696 I ActivityManager: Start proc 1280:com.android.quicksearchbox/u0a56 for broadcast {com.android.quicksearchbox/com.android.quicksearchbox.SearchWidgetProvider}
04-01 08:46:50.302 663 696 W ActivityManager: Slow operation: 87ms so far, now at startProcess: starting to update pids map
04-01 08:46:50.303 663 696 W ActivityManager: Slow operation: 88ms so far, now at startProcess: done updating pids map
04-01 08:46:50.320 1252 1252 D nativeloader: Configuring clns-shared-7 for other apk /system/app/PrintSpooler/PrintSpooler.apk. target_sdk_version=35, uses_libraries=, library_path=/system/app/PrintSpooler/lib/arm64:/system/app/PrintSpooler/PrintSpooler.apk!/lib/arm64-v8a:/system/lib64, permitted_path=/data:/mnt/expand:/data/user/0/com.android.printspooler:/system/app/PrintSpooler:/system/lib64
04-01 08:46:50.321 663 663 W Looper : Slow dispatch took 156ms main h=android.app.ActivityThread$H c=android.app.LoadedApk$ReceiverDispatcher$Args$$ExternalSyntheticLambda0@ae38d7f m=0
04-01 08:46:50.320 1243 1243 D nativeloader: InitApexLibraries:
04-01 08:46:50.320 1243 1243 D nativeloader: com_android_adservices: libhpke_jni.so:libtflite_support_classifiers_native.so
04-01 08:46:50.320 1243 1243 D nativeloader: com_android_appsearch: libicing.so
04-01 08:46:50.320 1243 1243 D nativeloader: com_android_art: libartservice.so
04-01 08:46:50.320 1243 1243 D nativeloader: com_android_btservices: libbluetooth_jni.so
04-01 08:46:50.320 1243 1243 D nativeloader: com_android_conscrypt: libjavacrypto.so
04-01 08:46:50.320 1243 1243 D nativeloader: com_android_extservices: libtflite_support_classifiers_native.so
04-01 08:46:50.320 1243 1243 D nativeloader: com_android_mediaprovider: libpdfclient.so
04-01 08:46:50.320 1243 1243 D nativeloader: com_android_nfcservices: libnfc_nci_jni.so
04-01 08:46:50.320 1243 1243 D nativeloader: com_android_ondevicepersonalization: libfcp_cpp_dep_jni.so:libfcp_hpke_jni.so
04-01 08:46:50.320 1243 1243 D nativeloader: com_android_os_statsd: libstats_jni.so
04-01 08:46:50.320 1243 1243 D nativeloader: com_android_tethering: libandroid_net_connectivity_com_android_net_module_util_jni.so:libcrypto.so:libframework-connectivity-jni.so:libframework-connectivity-tiramisu-jni.so:libmainlinecronet.126.0.6423.0.so:libservice-connectivity.so:libservice-thread-jni.so:libssl.so
04-01 08:46:50.320 1243 1243 D nativeloader: com_android_uwb: libuwb_uci_jni_rust.so
04-01 08:46:50.320 1243 1243 D nativeloader: com_android_virt: libvirtualizationservice_jni.so:libvirtualmachine_jni.so
04-01 08:46:50.332 1252 1252 D CompatChangeReporter: Compat change id reported: 202956589; UID 10039; state: ENABLED
04-01 08:46:50.335 663 835 I BackupManagerService: isBackupEnabled() => false due to absent settings file
04-01 08:46:50.340 663 835 D BackupManagerService: user:0 readBackupEnableState enabled:false
04-01 08:46:50.341 663 835 I BackupManagerService: [UserID:0] Backup enabled => false
04-01 08:46:50.352 500 500 D Zygote : Forked child process 1282
04-01 08:46:50.353 663 696 W ActivityManager: Slow operation: 84ms so far, now at startProcess: returned from zygote!
04-01 08:46:50.365 1280 1280 I .quicksearchbox: Using CollectorTypeCMC GC.
04-01 08:46:50.372 663 696 W ActivityManager: Slow operation: 103ms so far, now at startProcess: done updating battery stats
04-01 08:46:50.372 663 696 W ActivityManager: Slow operation: 103ms so far, now at startProcess: building log message
04-01 08:46:50.372 663 696 I ActivityManager: Start proc 1282:com.android.devicelockcontroller/u0a85 for service {com.android.devicelockcontroller/com.android.devicelockcontroller.DeviceLockControllerService}
04-01 08:46:50.372 663 696 W ActivityManager: Slow operation: 103ms so far, now at startProcess: starting to update pids map
04-01 08:46:50.374 663 696 W ActivityManager: Slow operation: 105ms so far, now at startProcess: done updating pids map
04-01 08:46:50.389 1280 1280 E .quicksearchbox: Not starting debugger since process cannot load the jdwp agent.
04-01 08:46:50.410 242 242 I servicemanager: Caller(pid=1107,uid=10066,sid=u:r:priv_app:s0:c512,c768) Found android.hardware.graphics.allocator.IAllocator/default in device VINTF manifest.
04-01 08:46:50.391 1282 1282 I elockcontroller: Using CollectorTypeCMC GC.
04-01 08:46:50.403 880 913 E SingleInstanceRemoteListener: Failed remote call on null listener
04-01 08:46:50.415 1282 1282 E elockcontroller: Not starting debugger since process cannot load the jdwp agent.
04-01 08:46:50.418 1280 1280 D nativeloader: Load libframework-connectivity-tiramisu-jni.so using APEX ns com_android_tethering for caller /apex/com.android.tethering/javalib/framework-connectivity-t.jar: ok
04-01 08:46:50.422 242 242 I servicemanager: Caller(pid=1107,uid=10066,sid=u:r:priv_app:s0:c512,c768) Found android.hardware.graphics.allocator.IAllocator/default in device VINTF manifest.
04-01 08:46:50.427 663 1245 W system_server: Long monitor contention with owner backup (835) at void com.android.server.backup.UserBackupManagerService.initPackageTracking()(UserBackupManagerService.java:970) waiters=0 in void com.android.server.backup.UserBackupManagerService.dataChangedImpl(java.lang.String, java.util.HashSet) for 218ms
04-01 08:46:50.430 1282 1282 D nativeloader: Load libframework-connectivity-tiramisu-jni.so using APEX ns com_android_tethering for caller /apex/com.android.tethering/javalib/framework-connectivity-t.jar: ok
04-01 08:46:50.431 1252 1252 V GraphicsEnvironment: Currently set values for:
04-01 08:46:50.431 1252 1252 V GraphicsEnvironment: angle_gl_driver_selection_pkgs=[]
04-01 08:46:50.431 1252 1252 V GraphicsEnvironment: angle_gl_driver_selection_values=[]
04-01 08:46:50.431 1252 1252 V GraphicsEnvironment: Global.Settings values are invalid: number of packages: 0, number of values: 0
04-01 08:46:50.432 1252 1252 V GraphicsEnvironment: Neither updatable production driver nor prerelease driver is supported.
04-01 08:46:50.435 521 622 D AHAL_StreamPrimary: transfer: skipping transfer (4096 frames)
04-01 08:46:50.439 880 880 W DepthController: Invalid qs expansion
04-01 08:46:50.433 242 242 I servicemanager: Caller(pid=1107,uid=10066,sid=u:r:priv_app:s0:c512,c768) Found mapper/powervr in device VINTF manifest.
04-01 08:46:50.465 663 663 I AccountManagerService: User 0 is unlocked - opening CE database
04-01 08:46:50.480 1243 1243 D CompatChangeReporter: Compat change id reported: 202956589; UID 10094; state: ENABLED
04-01 08:46:50.510 880 1183 D RingtonePlayer: onCompletion() abandoning AudioFocus
04-01 08:46:50.514 663 680 I MediaFocusControl: abandonAudioFocus() from uid/pid 10070/880 clientId=android.media.AudioManager@4e7e778 callingPack=com.android.systemui
04-01 08:46:50.515 880 1183 D RingtonePlayer: onCompletion queue size=0
04-01 08:46:50.516 880 1183 D RingtonePlayer: in onCompletion quitting looper Looper (Thread-7, tid 78) {f08f912}
04-01 08:46:50.516 880 1183 I NotificationPlayer: About to release MediaPlayer piid:175 due to onCompletion
04-01 08:46:50.516 880 1183 V MediaPlayer: resetDrmState: mDrmInfo=null mDrmProvisioningThread=null mPrepareDrmInProgress=false mActiveDrmScheme=false
04-01 08:46:50.516 880 1183 V MediaPlayer: cleanDrmObj: mDrmObj=null mDrmSessionId=null
04-01 08:46:50.517 577 960 D NuPlayerDriver: reset(0xb4000078be5e6390) at state 6
04-01 08:46:50.529 663 1245 V BackupManagerConstants: getKeyValueBackupIntervalMilliseconds(...) returns 14400000
04-01 08:46:50.530 663 1245 V BackupManagerConstants: getKeyValueBackupFuzzMilliseconds(...) returns 600000
04-01 08:46:50.530 663 1245 V BackupManagerConstants: getKeyValueBackupRequiredNetworkType(...) returns 1
04-01 08:46:50.530 663 1245 V BackupManagerConstants: getKeyValueBackupRequireCharging(...) returns true
04-01 08:46:50.530 663 1245 V KeyValueBackupJob: Scheduling k/v pass in 244 minutes
04-01 08:46:50.533 663 832 W com.android.internal.protolog.LogcatOnlyProtoLogImpl: ProtoLog message not processed. Failed to log it to proto. Logging it below to logcat instead.
04-01 08:46:50.533 663 832 V WindowManager: Binding proc com.android.devicelockcontroller with config {1.0 ?mcc0mnc [en_US] ldltr sw720dp w1280dp h720dp 240dpi xlrg long land -touch qwerty/v/v -nav/h winConfig={ mBounds=Rect(0, 0 - 1920, 1080) mAppBounds=Rect(0, 0 - 1920, 1080) mMaxBounds=Rect(0, 0 - 1920, 1080) mDisplayRotation=ROTATION_0 mWindowingMode=fullscreen mActivityType=undefined mAlwaysOnTop=undefined mRotation=ROTATION_0} s.6 fontWeightAdjustment=0}
04-01 08:46:50.558 880 880 D ThemeOverlayController: Boot colors: [WallpaperColors: ff394875 ff3b3a48 ff243f59 ff574b3a ff3e342e ff262124 ffcccccd ffbab6b2 ffc5c4c3 h: 6]
04-01 08:46:50.565 582 967 I hw-BpHwBinder: onLastStrongRef automatically unlinking death recipients
04-01 08:46:50.565 577 1224 I hw-BpHwBinder: onLastStrongRef automatically unlinking death recipients
04-01 08:46:50.571 1243 1243 V GraphicsEnvironment: Currently set values for:
04-01 08:46:50.572 1243 1243 V GraphicsEnvironment: angle_gl_driver_selection_pkgs=[]
04-01 08:46:50.572 1243 1243 V GraphicsEnvironment: angle_gl_driver_selection_values=[]
04-01 08:46:50.572 1243 1243 V GraphicsEnvironment: Global.Settings values are invalid: number of packages: 0, number of values: 0
04-01 08:46:50.572 1243 1243 V GraphicsEnvironment: Neither updatable production driver nor prerelease driver is supported.
04-01 08:46:50.578 582 967 I hw-BpHwBinder: onLastStrongRef automatically unlinking death recipients
04-01 08:46:50.582 577 1202 D NuPlayerDriver: notifyResetComplete(0xb4000078be5e6390)
04-01 08:46:50.588 582 967 D BufferPoolAccessor2.0: Destruction - bufferpool2 0xb40000762c914e68 cached: 0/0M, 0/0% in use; allocs: 0, 0% recycled; transfers: 0, 0% unfetched
04-01 08:46:50.591 663 832 W ActivityManager: Slow operation: 59ms so far, now at attachApplicationLocked: immediately after bindApplication
04-01 08:46:50.592 663 832 W ActivityManager: Slow operation: 60ms so far, now at attachApplicationLocked: after updateLruProcessLocked
04-01 08:46:50.597 577 960 W AMessage: failed to post message as target looper for handler 0 is gone.
04-01 08:46:50.617 663 832 W ActivityManager: Slow operation: 85ms so far, now at attachApplicationLocked: after updateOomAdjLocked
04-01 08:46:50.622 663 732 W com.android.internal.protolog.LogcatOnlyProtoLogImpl: ProtoLog message not processed. Failed to log it to proto. Logging it below to logcat instead.
04-01 08:46:50.622 663 732 V WindowManager: Binding proc com.android.quicksearchbox with config {1.0 ?mcc0mnc [en_US] ldltr sw720dp w1280dp h720dp 240dpi xlrg long land -touch qwerty/v/v -nav/h winConfig={ mBounds=Rect(0, 0 - 1920, 1080) mAppBounds=Rect(0, 0 - 1920, 1080) mMaxBounds=Rect(0, 0 - 1920, 1080) mDisplayRotation=ROTATION_0 mWindowingMode=fullscreen mActivityType=undefined mAlwaysOnTop=undefined mRotation=ROTATION_0} s.6 fontWeightAdjustment=0}
04-01 08:46:50.646 544 626 D audioserver: logFgsApiEnd: FGS Logger Transaction failed, -129
04-01 08:46:50.647 521 521 D AHAL_Stream: updateMetadataCommon
04-01 08:46:50.654 544 607 I APM::AudioPolicyEngine: getDevicesForStrategyInt no device found for strategy 7
04-01 08:46:50.672 544 607 W APM::AudioPolicyEngine: getDevicesForStrategyInt unknown strategy: 10
04-01 08:46:50.672 544 607 I APM::AudioPolicyEngine: getDevicesForStrategyInt no device found for strategy 10
04-01 08:46:50.697 544 626 D audioserver: logFgsApiEnd: FGS Logger Transaction failed, -129
04-01 08:46:50.699 521 622 D AHAL_StreamPrimary: transfer: skipping transfer (4096 frames)
04-01 08:46:50.704 880 1147 D BufferPoolAccessor2.0: bufferpool2 0xb400007413ac6028 : 0(0 size) total buffers - 0(0 size) used buffers - 1/7 (recycle/alloc) - 5/38 (fetch/transfer)
04-01 08:46:50.704 880 1147 D BufferPoolAccessor2.0: evictor expired: 1, evicted: 1
04-01 08:46:50.707 1282 1282 D ApplicationLoaders: Returning zygote-cached class loader: /system/framework/org.apache.http.legacy.jar
04-01 08:46:50.712 1282 1282 D ApplicationLoaders: Returning zygote-cached class loader: /system_ext/framework/androidx.window.extensions.jar
04-01 08:46:50.712 1282 1282 D ApplicationLoaders: Returning zygote-cached class loader: /system_ext/framework/androidx.window.sidecar.jar
04-01 08:46:50.714 497 531 I netd : tetherGetStats() -> {[]} <17.89ms>
04-01 08:46:50.746 521 622 D AHAL_StreamPrimary: transfer: skipping transfer (4096 frames)
04-01 08:46:50.756 582 877 D BufferPoolAccessor2.0: bufferpool2 0xb40000762c9132a8 : 0(0 size) total buffers - 0(0 size) used buffers - 12/16 (recycle/alloc) - 4/15 (fetch/transfer)
04-01 08:46:50.756 582 877 D BufferPoolAccessor2.0: bufferpool2 0xb40000762c910908 : 0(0 size) total buffers - 0(0 size) used buffers - 13/17 (recycle/alloc) - 4/16 (fetch/transfer)
04-01 08:46:50.756 582 877 D BufferPoolAccessor2.0: evictor expired: 4, evicted: 2
04-01 08:46:50.758 663 663 W Looper : Slow dispatch took 433ms main h=android.app.ActivityThread$H c=android.app.LoadedApk$ReceiverDispatcher$Args$$ExternalSyntheticLambda0@7c3adf3 m=0
04-01 08:46:50.758 663 663 W Looper : Slow delivery took 595ms main h=android.service.notification.NotificationListenerService$MyHandler c=null m=3
04-01 08:46:50.803 1282 1282 D nativeloader: Configuring clns-shared-7 for other apk /apex/com.android.devicelock/priv-app/DeviceLockController@AP4A.250105.002.A1/DeviceLockController.apk. target_sdk_version=35, uses_libraries=, library_path=/apex/com.android.devicelock/priv-app/DeviceLockController@AP4A.250105.002.A1/lib/arm64:/system/lib64, permitted_path=/data:/mnt/expand:/data/user/0/com.android.devicelockcontroller:/apex/com.android.devicelock/priv-app/DeviceLockController@AP4A.250105.002.A1:/system/lib64
04-01 08:46:50.810 1282 1282 D nativeloader: InitApexLibraries:
04-01 08:46:50.810 1282 1282 D nativeloader: com_android_adservices: libhpke_jni.so:libtflite_support_classifiers_native.so
04-01 08:46:50.810 1282 1282 D nativeloader: com_android_appsearch: libicing.so
04-01 08:46:50.810 1282 1282 D nativeloader: com_android_art: libartservice.so
04-01 08:46:50.810 1282 1282 D nativeloader: com_android_btservices: libbluetooth_jni.so
04-01 08:46:50.810 1282 1282 D nativeloader: com_android_conscrypt: libjavacrypto.so
04-01 08:46:50.810 1282 1282 D nativeloader: com_android_extservices: libtflite_support_classifiers_native.so
04-01 08:46:50.810 1282 1282 D nativeloader: com_android_mediaprovider: libpdfclient.so
04-01 08:46:50.810 1282 1282 D nativeloader: com_android_nfcservices: libnfc_nci_jni.so
04-01 08:46:50.810 1282 1282 D nativeloader: com_android_ondevicepersonalization: libfcp_cpp_dep_jni.so:libfcp_hpke_jni.so
04-01 08:46:50.810 1282 1282 D nativeloader: com_android_os_statsd: libstats_jni.so
04-01 08:46:50.810 1282 1282 D nativeloader: com_android_tethering: libandroid_net_connectivity_com_android_net_module_util_jni.so:libcrypto.so:libframework-connectivity-jni.so:libframework-connectivity-tiramisu-jni.so:libmainlinecronet.126.0.6423.0.so:libservice-connectivity.so:libservice-thread-jni.so:libssl.so
04-01 08:46:50.810 1282 1282 D nativeloader: com_android_uwb: libuwb_uci_jni_rust.so
04-01 08:46:50.810 1282 1282 D nativeloader: com_android_virt: libvirtualizationservice_jni.so:libvirtualmachine_jni.so
04-01 08:46:50.815 1107 1107 V Launcher: LauncherAppState initiated
04-01 08:46:50.773 663 872 I SyncManager: Loaded persisted syncs: 0 periodic syncs, 0 oneshot syncs, 0 total system server jobs, JobStats: FirstLoad: 7/3/0 LastSave: -1/-1/-1
04-01 08:46:50.820 663 663 V NotificationManagerService.NotificationAssistants: 0 notification assistant service connected: ComponentInfo{android.ext.services/android.ext.services.notification.Assistant}
04-01 08:46:50.852 663 663 W Looper : Drained
04-01 08:46:50.863 1280 1280 D nativeloader: InitLlndkLibrariesProduct: libEGL.so:libGLESv1_CM.so:libGLESv2.so:libGLESv3.so:libRS.so:libandroid_net.so:libapexsupport.so:libbinder_ndk.so:libc.so:libcgrouprc.so:libclang_rt.asan-aarch64-android.so:libclang_rt.hwasan-aarch64-android.so:libcom.android.tethering.connectivity_native.so:libdl.so:libft2.so:liblog.so:libm.so:libmediandk.so:libnativewindow.so:libneuralnetworks.so:libselinux.so:libsync.so:libvendorsupport.so:libvndksupport.so:libvulkan.so
04-01 08:46:50.863 1280 1280 D nativeloader: Configuring product-clns-7 for unbundled product apk /system/product/app/QuickSearchBox/QuickSearchBox.apk. target_sdk_version=30, uses_libraries=, library_path=/system/product/app/QuickSearchBox/lib/arm64:/product/lib64:/system/product/lib64, permitted_path=/data:/mnt/expand:/data/user/0/com.android.quicksearchbox:/product/lib64:/system/product/lib64
04-01 08:46:50.865 1282 1282 D CompatChangeReporter: Compat change id reported: 202956589; UID 10085; state: ENABLED
04-01 08:46:50.868 663 694 W MagnificationConnectionManager: requestConnection duplicated request: connect=false, mConnectionState=DISCONNECTED
04-01 08:46:50.883 1280 1280 D nativeloader: InitVndkspLibrariesProduct: VNDK is deprecated with product
04-01 08:46:50.899 880 880 D ThemeOverlayController: fetched overlays. accent: android.content.om.FabricatedOverlay@6a6cd47 neutral: android.content.om.FabricatedOverlay@37b3974 dynamic: android.content.om.FabricatedOverlay@ab0fe9d
04-01 08:46:50.899 880 880 D ThemeOverlayController: updateThemeOverlays. Setting: null
04-01 08:46:50.905 1282 1282 V GraphicsEnvironment: Currently set values for:
04-01 08:46:50.905 1282 1282 V GraphicsEnvironment: angle_gl_driver_selection_pkgs=[]
04-01 08:46:50.905 1282 1282 V GraphicsEnvironment: angle_gl_driver_selection_values=[]
04-01 08:46:50.905 1282 1282 V GraphicsEnvironment: Global.Settings values are invalid: number of packages: 0, number of values: 0
04-01 08:46:50.905 1282 1282 V GraphicsEnvironment: Neither updatable production driver nor prerelease driver is supported.
04-01 08:46:50.931 500 500 D Zygote : Forked child process 1316
04-01 08:46:50.934 880 880 D ThemeOverlayController: Skipping overlay creation. Theme was already: ColorScheme {
04-01 08:46:50.934 880 880 D ThemeOverlayController: seed color: H 271C 36T 38 = #45588C
04-01 08:46:50.934 880 880 D ThemeOverlayController: style: TONAL_SPOT
04-01 08:46:50.934 880 880 D ThemeOverlayController: palettes:
04-01 08:46:50.934 880 880 D ThemeOverlayController: PRIMARY
04-01 08:46:50.934 880 880 D ThemeOverlayController: H 209C 3T 100 = #FFFFFF
04-01 08:46:50.934 880 880 D ThemeOverlayController: H 275C 4T 99 = #FEFBFF
04-01 08:46:50.934 880 880 D ThemeOverlayController: H 270C 11T 95 = #EEF0FF
04-01 08:46:50.934 880 880 D ThemeOverlayController: H 269C 19T 90 = #DAE2FF
04-01 08:46:50.934 880 880 D ThemeOverlayController: H 271C 35T 80 = #B2C5FF
04-01 08:46:50.934 880 880 D ThemeOverlayController: H 270C 36T 70 = #96AAE4
04-01 08:46:50.934 880 880 D ThemeOverlayController: H 271C 36T 60 = #7C8FC8
04-01 08:46:50.934 880 880 D ThemeOverlayController: H 271C 36T 50 = #6275AC
04-01 08:46:50.934 880 880 D ThemeOverlayController: H 270C 36T 40 = #495D92
04-01 08:46:50.934 880 880 D ThemeOverlayController: H 271C 36T 30 = #314578
04-01 08:46:50.934 880 880 D ThemeOverlayController: H 270C 36T 20 = #182E60
04-01 08:46:50.934 880 880 D ThemeOverlayController: H 271C 35T 10 = #1849
04-01 08:46:50.934 880 880 D ThemeOverlayController: H 0C 0T 0 = #0
04-01 08:46:50.934 880 880 D ThemeOverlayController: SECONDARY
04-01 08:46:50.934 880 880 D ThemeOverlayController: H 209C 3T 100 = #FFFFFF
04-01 08:46:50.934 880 880 D ThemeOverlayController: H 275C 4T 99 = #FEFBFF
04-01 08:46:50.934 880 880 D ThemeOverlayController: H 270C 11T 95 = #EEF0FF
04-01 08:46:50.934 880 880 D ThemeOverlayController: H 271C 16T 90 = #DDE2F9
04-01 08:46:50.934 880 880 D ThemeOverlayController: H 269C 16T 80 = #C0C6DD
04-01 08:46:50.934 880 880 D ThemeOverlayController: H 272C 16T 70 = #A5AAC1
04-01 08:46:50.934 880 880 D ThemeOverlayController: H 272C 16T 60 = #8B90A5
04-01 08:46:50.934 880 880 D ThemeOverlayController: H 272C 16T 50 = #71768B
04-01 08:46:50.934 880 880 D ThemeOverlayController: H 270C 16T 40 = #585E71
04-01 08:46:50.934 880 880 D ThemeOverlayController: H 271C 16T 30 = #404659
04-01 08:46:50.934 880 880 D ThemeOverlayController: H 271C 16T 20 = #2A3042
04-01 08:46:50.934 880 880 D ThemeOverlayController: H 271C 16T 10 = #151B2C
04-01 08:46:50.934 880 880 D ThemeOverlayController: H 0C 0T 0 = #0
04-01 08:46:50.934 880 880 D ThemeOverlayController: TERTIARY
04-01 08:46:50.934 880 880 D ThemeOverlayController: H 209C 3T 100 = #FFFFFF
04-01 08:46:50.934 880 880 D ThemeOverlayController: H 285C 3T 99 = #FFFBFF
04-01 08:46:50.934 880 880 D ThemeOverlayController: H 332C 11T 95 = #FFEBF9
04-01 08:46:50.934 880 880 D ThemeOverlayController: H 330C 24T 90 = #FED6F9
04-01 08:46:50.934 880 880 D ThemeOverlayController: H 331C 24T 80 = #E1BBDC
04-01 08:46:50.934 880 880 D ThemeOverlayController: H 331C 24T 70 = #C4A0C0
04-01 08:46:50.934 880 880 D ThemeOverlayController: H 331C 24T 60 = #A986A5
04-01 08:46:50.934 880 880 D ThemeOverlayController: H 330C 24T 50 = #8D6D8B
04-01 08:46:50.934 880 880 D ThemeOverlayController: H 331C 24T 40 = #735471
04-01 08:46:50.934 880 880 D ThemeOverlayController: H 331C 24T 30 = #5A3D59
04-01 08:46:50.934 880 880 D ThemeOverlayController: H 331C 24T 20 = #422741
04-01 08:46:50.934 880 880 D ThemeOverlayController: H 332C 24T 10 = #2B122B
04-01 08:46:50.934 880 880 D ThemeOverlayController: H 0C 0T 0 = #0
04-01 08:46:50.934 880 880 D ThemeOverlayController: NEUTRAL
04-01 08:46:50.934 880 880 D ThemeOverlayController: H 209C 3T 100 = #FFFFFF
04-01 08:46:50.934 880 880 D ThemeOverlayController: H 275C 4T 99 = #FEFBFF
04-01 08:46:50.934 880 880 D ThemeOverlayController: H 269C 6T 95 = #F1F0F7
04-01 08:46:50.934 880 880 D ThemeOverlayController: H 270C 6T 90 = #E3E2E9
04-01 08:46:50.934 880 880 D ThemeOverlayController: H 267C 6T 80 = #C6C6CD
04-01 08:46:50.934 880 880 D ThemeOverlayController: H 275C 6T 70 = #ABAAB1
04-01 08:46:50.934 880 880 D ThemeOverlayController: H 272C 6T 60 = #909097
04-01 08:46:50.934 880 880 D ThemeOverlayController: H 265C 6T 50 = #76777D
04-01 08:46:50.934 880 880 D ThemeOverlayController: H 268C 6T 40 = #5D5E64
