04-01 08:46:39.561 663 663 I SystemServiceManager: Starting com.android.server.adb.AdbService$Lifecycle
04-01 08:46:39.564 663 748 D SystemServerInitThreadPool: Finished executing FontManagerService_create
04-01 08:46:39.565 663 748 V SystemServerTimingAsync: InitThreadPoolExec:FontManagerService_create took to complete: 861ms
04-01 08:46:39.567 663 663 V SystemServerTiming: StartAdbService took to complete: 6ms
04-01 08:46:39.567 663 663 D SystemServerTiming: StartUsbService
04-01 08:46:39.568 663 663 I SystemServiceManager: Starting com.android.server.usb.UsbService$Lifecycle
04-01 08:46:39.568 663 663 V SystemServerTiming: StartUsbService took to complete: 1ms
04-01 08:46:39.568 663 737 D SystemServerTimingAsync: InitThreadPoolExec:UsbService$Lifecycle#onStart
04-01 08:46:39.568 663 663 D SystemServerTiming: StartSerialService
04-01 08:46:39.568 663 737 D SystemServerInitThreadPool: Started executing UsbService$Lifecycle#onStart
04-01 08:46:39.569 663 663 I SystemServiceManager: Starting com.android.server.SerialService$Lifecycle
04-01 08:46:39.572 663 663 V SystemServerTiming: StartSerialService took to complete: 3ms
04-01 08:46:39.572 663 663 D SystemServerTiming: StartHardwarePropertiesManagerService
04-01 08:46:39.573 663 737 I UsbDeviceManager: failed to write to /sys/class/android_usb/android0/f_rndis/ethaddr
04-01 08:46:39.574 663 737 D UsbPortManager: Querying USB Gadget HAL version
04-01 08:46:39.575 242 242 I servicemanager: Caller(pid=663,uid=1000,sid=u:r:system_server:s0) Found android.hardware.thermal.IThermal/default in device VINTF manifest.
04-01 08:46:39.577 663 737 I UsbPortManager: USB Gadget HAL AIDL present
04-01 08:46:39.577 663 663 V SystemServerTiming: StartHardwarePropertiesManagerService took to complete: 5ms
04-01 08:46:39.578 663 663 D SystemServerTiming: StartTwilightService
04-01 08:46:39.578 663 663 I SystemServiceManager: Starting com.android.server.twilight.TwilightService
04-01 08:46:39.579 663 663 V SystemServerTiming: StartTwilightService took to complete: 1ms
04-01 08:46:39.579 663 737 D UsbDeviceManager: getInstance done
04-01 08:46:39.579 663 663 D SystemServerTiming: StartColorDisplay
04-01 08:46:39.578 242 242 I servicemanager: Caller(pid=663,uid=1000,sid=u:r:system_server:s0) Found android.hardware.usb.gadget.IUsbGadget/default in device VINTF manifest.
04-01 08:46:39.581 737 737 I : read descriptors
04-01 08:46:39.581 737 737 W : bcdVersion must be 0x0100, stored in Little Endian order. Userspace driver should be fixed, accepting 0x0001 for compatibility.
04-01 08:46:39.581 737 737 I : read strings
04-01 08:46:39.582 737 737 I : read descriptors
04-01 08:46:39.582 737 737 W : bcdVersion must be 0x0100, stored in Little Endian order. Userspace driver should be fixed, accepting 0x0001 for compatibility.
04-01 08:46:39.582 737 737 I : read strings
04-01 08:46:39.580 663 663 I SystemServiceManager: Starting com.android.server.display.color.ColorDisplayService
04-01 08:46:39.584 663 737 W StorageManagerService: No primary storage defined yet; hacking together a stub
04-01 08:46:39.585 663 685 I UsbGadgetAidl: USB Gadget HAL AIDL version: GADGET_HAL_V2_0
04-01 08:46:39.586 663 663 V SystemServerTiming: StartColorDisplay took to complete: 7ms
04-01 08:46:39.586 663 663 D SystemServerTiming: StartJobScheduler
04-01 08:46:39.587 663 663 I SystemServiceManager: Starting com.android.server.job.JobSchedulerService
04-01 08:46:39.589 663 733 E UsbDeviceManager: Usb getCurrentUsbFunctionsCb failed ,functions:1 ,status:2 ,transactionId:1
04-01 08:46:39.590 539 539 I android.hardware.usb.gadget-service.generic: current USB speed is high-speed
04-01 08:46:39.592 663 733 I UsbDeviceManager: getUsbSpeedCb speed:2 ,transactionId:4
04-01 08:46:39.593 663 685 I UsbDeviceManager: processing MSG_GET_CURRENT_USB_FUNCTIONS
04-01 08:46:39.595 663 685 I UsbDeviceManager: updating mCurrentFunctions
04-01 08:46:39.595 663 685 I UsbDeviceManager: mCurrentFunctions:0applied:1
04-01 08:46:39.600 663 737 D UsbPortManager: Querying USB HAL version
04-01 08:46:39.602 663 737 I UsbPortManager: USB HAL AIDL present
04-01 08:46:39.604 242 242 I servicemanager: Caller(pid=663,uid=1000,sid=u:r:system_server:s0) Found android.hardware.usb.IUsb/default in device VINTF manifest.
04-01 08:46:39.607 663 737 D UsbPortManager: getInstance done
04-01 08:46:39.608 539 539 I android.hardware.usb-service.generic: registering callback
04-01 08:46:39.609 539 539 I android.hardware.usb-service.generic: port0
04-01 08:46:39.610 539 539 I android.hardware.usb-service.generic: 0:port0 connected:1 canChangeMode:1 canChagedata:0 canChangePower:0 usbDataEnabled:0 plugOrientation:0
04-01 08:46:39.610 539 833 E android.hardware.usb-service.generic: creating thread
04-01 08:46:39.612 663 687 D JobStore: Start tag: job-info
04-01 08:46:39.613 663 732 I UsbPortManager: all: opID:1 successful
04-01 08:46:39.614 663 737 D SystemServerInitThreadPool: Finished executing UsbService$Lifecycle#onStart
04-01 08:46:39.615 663 737 V SystemServerTimingAsync: InitThreadPoolExec:UsbService$Lifecycle#onStart took to complete: 47ms
04-01 08:46:39.618 663 687 W JobInfo : Job 'android/com.android.server.usage.UsageStatsIdleService#0' has a deadline with no functional constraints. The deadline won't improve job execution latency. Consider removing the deadline.
04-01 08:46:39.621 663 687 W JobStore: Periodic job for uid='1000' persisted run-time is too big [24:00:46, 48:00:46]. Clamping to [24:00:35,48:00:35]
04-01 08:46:39.622 663 663 D CompatChangeReporter: Compat change id reported: 319212206; UID 1000; state: ENABLED
04-01 08:46:39.625 663 687 D JobStore: Start tag: job-info
04-01 08:46:39.629 663 808 D ConnectivityService: NetReassign [no changes] [c 0] [a 1] [i 0]
04-01 08:46:39.630 663 687 D JobStore: Start tag: job-info
04-01 08:46:39.631 663 687 W JobStore: Periodic job for uid='10074' persisted run-time is too big [360:01:07, 720:01:07]. Clamping to [360:00:35,720:00:35]
04-01 08:46:39.632 663 687 W JobStore: Periodic job for uid='10074' persisted run-time is too big [24:01:07, 48:01:07]. Clamping to [24:00:35,48:00:35]
04-01 08:46:39.633 663 687 I JobStore: Read 7 jobs
04-01 08:46:39.639 663 663 W JobScheduler: !!! RTC not yet good; tracking time updates for job scheduling
04-01 08:46:39.641 663 663 V SystemServerTiming: StartJobScheduler took to complete: 55ms
04-01 08:46:39.641 663 663 D SystemServerTiming: StartSoundTrigger
04-01 08:46:39.642 663 663 I SystemServiceManager: Starting com.android.server.soundtrigger.SoundTriggerService
04-01 08:46:39.645 663 663 V SystemServerTiming: StartSoundTrigger took to complete: 4ms
04-01 08:46:39.645 663 663 D SystemServerTiming: StartTrustManager
04-01 08:46:39.646 663 663 I SystemServiceManager: Starting com.android.server.trust.TrustManagerService
04-01 08:46:39.649 663 663 V SystemServerTiming: StartTrustManager took to complete: 4ms
04-01 08:46:39.649 663 663 D SystemServerTiming: StartBackupManager
04-01 08:46:39.650 663 663 I SystemServiceManager: Starting com.android.server.backup.BackupManagerService$Lifecycle
04-01 08:46:39.653 663 663 D BackupManagerService: Default backup user id = 0
04-01 08:46:39.654 663 663 V SystemServerTiming: StartBackupManager took to complete: 5ms
04-01 08:46:39.654 663 663 D SystemServerTiming: StartAppWidgetService
04-01 08:46:39.655 663 663 I SystemServiceManager: Starting com.android.server.appwidget.AppWidgetService
04-01 08:46:39.665 663 663 V SystemServerTiming: StartAppWidgetService took to complete: 11ms
04-01 08:46:39.665 663 663 D SystemServerTiming: StartVoiceRecognitionManager
04-01 08:46:39.666 663 663 I SystemServiceManager: Starting com.android.server.voiceinteraction.VoiceInteractionManagerService
04-01 08:46:39.680 663 663 V SystemServerTiming: StartVoiceRecognitionManager took to complete: 15ms
04-01 08:46:39.681 663 663 D SystemServerTiming: StartGestureLauncher
04-01 08:46:39.681 663 663 I SystemServiceManager: Starting com.android.server.GestureLauncherService
04-01 08:46:39.682 663 663 V SystemServerTiming: StartGestureLauncher took to complete: 1ms
04-01 08:46:39.682 663 663 D SystemServerTiming: StartSensorNotification
04-01 08:46:39.683 663 663 I SystemServiceManager: Starting com.android.server.SensorNotificationService
04-01 08:46:39.683 663 663 V SystemServerTiming: StartSensorNotification took to complete: 1ms
04-01 08:46:39.683 663 663 D SystemServerTiming: StartDiskStatsService
04-01 08:46:39.689 663 663 D CompatChangeReporter: Compat change id reported: 311402873; UID 1000; state: ENABLED
04-01 08:46:39.690 663 663 D CompatChangeReporter: Compat change id reported: 323349338; UID 1000; state: ENABLED
04-01 08:46:39.692 663 663 V SystemServerTiming: StartDiskStatsService took to complete: 9ms
04-01 08:46:39.693 663 663 D SystemServerTiming: RuntimeService
04-01 08:46:39.694 663 663 V SystemServerTiming: RuntimeService took to complete: 1ms
04-01 08:46:39.694 663 663 D SystemServerTiming: StartNetworkTimeUpdateService
04-01 08:46:39.697 663 663 V SystemServerTiming: StartNetworkTimeUpdateService took to complete: 3ms
04-01 08:46:39.698 663 663 D SystemServerTiming: CertBlocklister
04-01 08:46:39.699 663 663 V SystemServerTiming: CertBlocklister took to complete: 1ms
04-01 08:46:39.699 663 663 D SystemServerTiming: StartEmergencyAffordanceService
04-01 08:46:39.699 663 663 I SystemServiceManager: Starting com.android.server.emergency.EmergencyAffordanceService
04-01 08:46:39.701 663 663 V SystemServerTiming: StartEmergencyAffordanceService took to complete: 2ms
04-01 08:46:39.701 663 663 D SystemServerTiming: startBlobStoreManagerService
04-01 08:46:39.702 663 663 I SystemServiceManager: Starting com.android.server.blob.BlobStoreManagerService
04-01 08:46:39.702 544 559 W APM::AudioPolicyEngine: getDevicesForStrategyInt unknown strategy: 10
04-01 08:46:39.702 544 559 I APM::AudioPolicyEngine: getDevicesForStrategyInt no device found for strategy 10
04-01 08:46:39.708 663 663 V SystemServerTiming: startBlobStoreManagerService took to complete: 7ms
04-01 08:46:39.708 663 663 D SystemServerTiming: StartDreamManager
04-01 08:46:39.709 663 663 I SystemServiceManager: Starting com.android.server.dreams.DreamManagerService
04-01 08:46:39.715 663 663 V SystemServerTiming: StartDreamManager took to complete: 7ms
04-01 08:46:39.715 663 663 D SystemServerTiming: AddGraphicsStatsService
04-01 08:46:39.721 663 663 V SystemServerTiming: AddGraphicsStatsService took to complete: 6ms
04-01 08:46:39.722 663 663 D SystemServerTiming: StartPrintManager
04-01 08:46:39.722 663 663 I SystemServiceManager: Starting com.android.server.print.PrintManagerService
04-01 08:46:39.726 663 663 V SystemServerTiming: StartPrintManager took to complete: 4ms
04-01 08:46:39.726 663 663 D SystemServerTiming: StartAttestationVerificationService
04-01 08:46:39.727 663 663 I SystemServiceManager: Starting com.android.server.security.AttestationVerificationManagerService
04-01 08:46:39.728 663 663 D AVF : Started
04-01 08:46:39.729 544 544 I APM::AudioPolicyEngine: getDevicesForStrategyInt no device found for strategy 7
04-01 08:46:39.730 663 663 V SystemServerTiming: StartAttestationVerificationService took to complete: 3ms
04-01 08:46:39.730 663 663 D SystemServerTiming: StartCompanionDeviceManager
04-01 08:46:39.730 663 663 I SystemServiceManager: Starting com.android.server.companion.CompanionDeviceManagerService
04-01 08:46:39.738 663 663 I CDM_CompanionTransportManager: Registering OnTransportsChangedListener
04-01 08:46:39.742 544 559 I AudioPolicyInterfaceImpl: setDeviceAbsoluteVolumeEnabled: deviceAidl AudioDevice{type: AudioDeviceDescription{type: OUT_HEADSET, connection: bt-le}, address: AudioDeviceAddress{id: }}, enabled 1, streamToDriveAbsAidl 3
04-01 08:46:39.742 544 559 I APM_AudioPolicyManager: setDeviceAbsoluteVolumeEnabled: deviceType 0x20000000, enabled 1, streamToDriveAbs 3
04-01 08:46:39.743 544 559 I AudioPolicyInterfaceImpl: setDeviceAbsoluteVolumeEnabled: deviceAidl AudioDevice{type: AudioDeviceDescription{type: OUT_HEARING_AID, connection: wireless}, address: AudioDeviceAddress{id: }}, enabled 1, streamToDriveAbsAidl 3
04-01 08:46:39.743 544 559 I APM_AudioPolicyManager: setDeviceAbsoluteVolumeEnabled: deviceType 0x8000000, enabled 1, streamToDriveAbs 3
04-01 08:46:39.743 544 559 I AudioPolicyInterfaceImpl: setDeviceAbsoluteVolumeEnabled: deviceAidl AudioDevice{type: AudioDeviceDescription{type: OUT_SPEAKER, connection: bt-le}, address: AudioDeviceAddress{id: }}, enabled 1, streamToDriveAbsAidl 3
04-01 08:46:39.744 544 559 I APM_AudioPolicyManager: setDeviceAbsoluteVolumeEnabled: deviceType 0x20000001, enabled 1, streamToDriveAbs 3
04-01 08:46:39.744 544 544 I AudioPolicyInterfaceImpl: setDeviceAbsoluteVolumeEnabled: deviceAidl AudioDevice{type: AudioDeviceDescription{type: OUT_BROADCAST, connection: bt-le}, address: AudioDeviceAddress{id: }}, enabled 1, streamToDriveAbsAidl 3
04-01 08:46:39.744 544 544 I APM_AudioPolicyManager: setDeviceAbsoluteVolumeEnabled: deviceType 0x20000002, enabled 1, streamToDriveAbs 3
04-01 08:46:39.752 663 823 I AS.AudioDeviceBroker: reading AdiDeviceState from legacy keyspatial_audio_enabled
04-01 08:46:39.753 663 823 I AS.AudioDeviceBroker: no AdiDeviceState stored with legacy key
04-01 08:46:39.753 663 823 I AS.SpatializerHelper: init effectExpected=false
04-01 08:46:39.753 663 823 I AS.SpatializerHelper: init(): setting state to STATE_NOT_SUPPORTED due to effect not expected
04-01 08:46:39.753 663 823 I AS.SpatializerHelper: setFeatureEnabled(false) was featureEnabled:false
04-01 08:46:39.754 663 663 I CDM_AssociationDiskStore: Reading associations for user 0 from disk.
04-01 08:46:39.757 663 842 I CDM_ObservableUuidStore: Reading ObservableUuid for user 0 from file=/data/system_de/0/observing_uuids_presence.xml
04-01 08:46:39.758 663 842 D CDM_ObservableUuidStore: File does not exist -> Abort
04-01 08:46:39.760 663 663 V SystemServerTiming: StartCompanionDeviceManager took to complete: 30ms
04-01 08:46:39.761 663 663 D SystemServerTiming: StartVirtualDeviceManager
04-01 08:46:39.761 663 663 I SystemServiceManager: Starting com.android.server.companion.virtual.VirtualDeviceManagerService
04-01 08:46:39.769 663 663 V SystemServerTiming: StartVirtualDeviceManager took to complete: 8ms
04-01 08:46:39.769 663 663 D SystemServerTiming: StartRestrictionManager
04-01 08:46:39.769 663 663 I SystemServiceManager: Starting com.android.server.restrictions.RestrictionsManagerService
04-01 08:46:39.772 663 663 V SystemServerTiming: StartRestrictionManager took to complete: 3ms
04-01 08:46:39.772 663 663 D SystemServerTiming: StartMediaSessionService
04-01 08:46:39.773 663 663 I SystemServiceManager: Starting com.android.server.media.MediaSessionService
04-01 08:46:39.782 663 663 V SystemServerTiming: StartMediaSessionService took to complete: 9ms
04-01 08:46:39.782 663 663 D SystemServerTiming: StartMediaRouterService
04-01 08:46:39.792 663 663 V SystemServerTiming: StartMediaRouterService took to complete: 9ms
04-01 08:46:39.792 663 663 D SystemServerTiming: StartBiometricService
04-01 08:46:39.793 663 663 I SystemServiceManager: Starting com.android.server.biometrics.BiometricService
04-01 08:46:39.797 663 663 E SystemServiceRegistry: No service published for: fingerprint
04-01 08:46:39.797 663 663 E SystemServiceRegistry: android.os.ServiceManager$ServiceNotFoundException: No service published for: fingerprint
04-01 08:46:39.797 663 663 E SystemServiceRegistry: at android.os.ServiceManager.getServiceOrThrow(ServiceManager.java:203)
04-01 08:46:39.797 663 663 E SystemServiceRegistry: at android.app.SystemServiceRegistry$72.createService(SystemServiceRegistry.java:997)
04-01 08:46:39.797 663 663 E SystemServiceRegistry: at android.app.SystemServiceRegistry$72.createService(SystemServiceRegistry.java:992)
04-01 08:46:39.797 663 663 E SystemServiceRegistry: at android.app.SystemServiceRegistry$CachedServiceFetcher.getService(SystemServiceRegistry.java:2300)
04-01 08:46:39.797 663 663 E SystemServiceRegistry: at android.app.SystemServiceRegistry.getSystemService(SystemServiceRegistry.java:1875)
04-01 08:46:39.797 663 663 E SystemServiceRegistry: at android.app.ContextImpl.getSystemService(ContextImpl.java:2293)
04-01 08:46:39.797 663 663 E SystemServiceRegistry: at android.content.Context.getSystemService(Context.java:4554)
04-01 08:46:39.797 663 663 E SystemServiceRegistry: at com.android.server.biometrics.BiometricService$SettingObserver.addBiometricListenersForMandatoryBiometrics(BiometricService.java:486)
04-01 08:46:39.797 663 663 E SystemServiceRegistry: at com.android.server.biometrics.BiometricService$SettingObserver.(BiometricService.java:307)
04-01 08:46:39.797 663 663 E SystemServiceRegistry: at com.android.server.biometrics.BiometricService$Injector.getSettingObserver(BiometricService.java:1172)
04-01 08:46:39.797 663 663 E SystemServiceRegistry: at com.android.server.biometrics.BiometricService.(BiometricService.java:1267)
04-01 08:46:39.797 663 663 E SystemServiceRegistry: at com.android.server.biometrics.BiometricService.(BiometricService.java:1254)
04-01 08:46:39.797 663 663 E SystemServiceRegistry: at java.lang.reflect.Constructor.newInstance0(Native Method)
04-01 08:46:39.797 663 663 E SystemServiceRegistry: at java.lang.reflect.Constructor.newInstance(Constructor.java:343)
04-01 08:46:39.797 663 663 E SystemServiceRegistry: at com.android.server.SystemServiceManager.startService(SystemServiceManager.java:242)
04-01 08:46:39.797 663 663 E SystemServiceRegistry: at com.android.server.SystemServer.startOtherServices(SystemServer.java:2627)
04-01 08:46:39.797 663 663 E SystemServiceRegistry: at com.android.server.SystemServer.run(SystemServer.java:948)
04-01 08:46:39.797 663 663 E SystemServiceRegistry: at com.android.server.SystemServer.main(SystemServer.java:669)
04-01 08:46:39.797 663 663 E SystemServiceRegistry: at java.lang.reflect.Method.invoke(Native Method)
04-01 08:46:39.797 663 663 E SystemServiceRegistry: at com.android.internal.os.RuntimeInit$MethodAndArgsCaller.run(RuntimeInit.java:591)
04-01 08:46:39.797 663 663 E SystemServiceRegistry: at com.android.internal.os.ZygoteInit.main(ZygoteInit.java:849)
04-01 08:46:39.798 663 663 E SystemServiceRegistry: Manager wrapper not available: fingerprint
04-01 08:46:39.805 663 663 E SystemServiceRegistry: No service published for: face
04-01 08:46:39.805 663 663 E SystemServiceRegistry: android.os.ServiceManager$ServiceNotFoundException: No service published for: face
04-01 08:46:39.805 663 663 E SystemServiceRegistry: at android.os.ServiceManager.getServiceOrThrow(ServiceManager.java:203)
04-01 08:46:39.805 663 663 E SystemServiceRegistry: at android.app.SystemServiceRegistry$73.createService(SystemServiceRegistry.java:1012)
04-01 08:46:39.805 663 663 E SystemServiceRegistry: at android.app.SystemServiceRegistry$73.createService(SystemServiceRegistry.java:1006)
04-01 08:46:39.805 663 663 E SystemServiceRegistry: at android.app.SystemServiceRegistry$CachedServiceFetcher.getService(SystemServiceRegistry.java:2300)
04-01 08:46:39.805 663 663 E SystemServiceRegistry: at android.app.SystemServiceRegistry.getSystemService(SystemServiceRegistry.java:1875)
04-01 08:46:39.805 663 663 E SystemServiceRegistry: at android.app.ContextImpl.getSystemService(ContextImpl.java:2293)
04-01 08:46:39.805 663 663 E SystemServiceRegistry: at android.content.Context.getSystemService(Context.java:4554)
04-01 08:46:39.805 663 663 E SystemServiceRegistry: at com.android.server.biometrics.BiometricService$SettingObserver.addBiometricListenersForMandatoryBiometrics(BiometricService.java:488)
04-01 08:46:39.805 663 663 E SystemServiceRegistry: at com.android.server.biometrics.BiometricService$SettingObserver.(BiometricService.java:307)
04-01 08:46:39.805 663 663 E SystemServiceRegistry: at com.android.server.biometrics.BiometricService$Injector.getSettingObserver(BiometricService.java:1172)
04-01 08:46:39.805 663 663 E SystemServiceRegistry: at com.android.server.biometrics.BiometricService.(BiometricService.java:1267)
04-01 08:46:39.805 663 663 E SystemServiceRegistry: at com.android.server.biometrics.BiometricService.(BiometricService.java:1254)
04-01 08:46:39.805 663 663 E SystemServiceRegistry: at java.lang.reflect.Constructor.newInstance0(Native Method)
04-01 08:46:39.805 663 663 E SystemServiceRegistry: at java.lang.reflect.Constructor.newInstance(Constructor.java:343)
04-01 08:46:39.805 663 663 E SystemServiceRegistry: at com.android.server.SystemServiceManager.startService(SystemServiceManager.java:242)
04-01 08:46:39.805 663 663 E SystemServiceRegistry: at com.android.server.SystemServer.startOtherServices(SystemServer.java:2627)
04-01 08:46:39.805 663 663 E SystemServiceRegistry: at com.android.server.SystemServer.run(SystemServer.java:948)
04-01 08:46:39.805 663 663 E SystemServiceRegistry: at com.android.server.SystemServer.main(SystemServer.java:669)
04-01 08:46:39.805 663 663 E SystemServiceRegistry: at java.lang.reflect.Method.invoke(Native Method)
04-01 08:46:39.805 663 663 E SystemServiceRegistry: at com.android.internal.os.RuntimeInit$MethodAndArgsCaller.run(RuntimeInit.java:591)
04-01 08:46:39.805 663 663 E SystemServiceRegistry: at com.android.internal.os.ZygoteInit.main(ZygoteInit.java:849)
04-01 08:46:39.806 663 663 E SystemServiceRegistry: Manager wrapper not available: face
04-01 08:46:39.813 663 663 I CameraManagerGlobal: Connecting to camera service
04-01 08:46:39.829 663 663 V SystemServerTiming: StartBiometricService took to complete: 37ms
04-01 08:46:39.829 663 663 D SystemServerTiming: StartAuthService
04-01 08:46:39.830 663 663 I SystemServiceManager: Starting com.android.server.biometrics.AuthService
04-01 08:46:39.834 663 663 I FingerprintService: Before:getDeclaredInstances: IFingerprint instance found, a.length=0
04-01 08:46:39.834 663 663 I FingerprintService: After:getDeclaredInstances: a.length=1
04-01 08:46:39.844 663 846 E AuthService: Fingerprint configuration exists, but FingerprintService is null.
04-01 08:46:39.862 663 663 I FaceService: Before:getDeclaredInstances: IFace instance found, a.length=0
04-01 08:46:39.862 663 663 I FaceService: After:getDeclaredInstances: a.length=1
04-01 08:46:39.867 663 847 E AuthService: Face configuration exists, but FaceService is null.
04-01 08:46:39.869 663 663 V SystemServerTiming: StartAuthService took to complete: 40ms
04-01 08:46:39.869 663 663 D SystemServerTiming: StartAdaptiveAuthService
04-01 08:46:39.869 663 663 I SystemServiceManager: Starting com.android.server.adaptiveauth.AdaptiveAuthService
04-01 08:46:39.872 663 663 V SystemServerTiming: StartAdaptiveAuthService took to complete: 3ms
04-01 08:46:39.872 663 663 D SystemServerTiming: StartDynamicCodeLoggingService
04-01 08:46:39.877 663 663 V SystemServerTiming: StartDynamicCodeLoggingService took to complete: 5ms
04-01 08:46:39.877 663 663 D SystemServerTiming: StartPruneInstantAppsJobService
04-01 08:46:39.880 663 663 V SystemServerTiming: StartPruneInstantAppsJobService took to complete: 3ms
04-01 08:46:39.880 663 663 D SystemServerTiming: StartSelinuxAuditLogsService
04-01 08:46:39.955 663 663 D SelinuxAuditLogs: SelinuxAuditLogsService scheduled successfully.
04-01 08:46:39.960 663 663 V SystemServerTiming: StartSelinuxAuditLogsService took to complete: 80ms
04-01 08:46:39.960 663 663 D SystemServerTiming: StartShortcutServiceLifecycle
04-01 08:46:39.962 663 663 I SystemServiceManager: Starting com.android.server.pm.ShortcutService$Lifecycle
04-01 08:46:39.984 663 663 V SystemServerTiming: StartShortcutServiceLifecycle took to complete: 24ms
04-01 08:46:39.985 663 663 D SystemServerTiming: StartLauncherAppsService
04-01 08:46:39.986 663 663 I SystemServiceManager: Starting com.android.server.pm.LauncherAppsService
04-01 08:46:40.001 663 663 V SystemServerTiming: StartLauncherAppsService took to complete: 16ms
04-01 08:46:40.001 663 663 D SystemServerTiming: StartCrossProfileAppsService
04-01 08:46:40.002 663 663 I SystemServiceManager: Starting com.android.server.pm.CrossProfileAppsService
04-01 08:46:40.004 663 663 V SystemServerTiming: StartCrossProfileAppsService took to complete: 3ms
04-01 08:46:40.005 663 663 D SystemServerTiming: StartPeopleService
04-01 08:46:40.006 663 663 I SystemServiceManager: Starting com.android.server.people.PeopleService
04-01 08:46:40.009 663 663 V SystemServerTiming: StartPeopleService took to complete: 4ms
04-01 08:46:40.009 663 663 D SystemServerTiming: StartMediaMetricsManager
04-01 08:46:40.009 663 663 I SystemServiceManager: Starting com.android.server.media.metrics.MediaMetricsManagerService
04-01 08:46:40.014 663 663 V SystemServerTiming: StartMediaMetricsManager took to complete: 5ms
04-01 08:46:40.016 663 663 D SystemServerTiming: StartBackgroundInstallControlService
04-01 08:46:40.016 663 663 I SystemServiceManager: Starting com.android.server.pm.BackgroundInstallControlService
04-01 08:46:40.026 663 663 V SystemServerTiming: StartBackgroundInstallControlService took to complete: 10ms
04-01 08:46:40.027 663 663 D SystemServerTiming: StartMediaProjectionManager
04-01 08:46:40.028 663 663 I SystemServiceManager: Starting com.android.server.media.projection.MediaProjectionManagerService
04-01 08:46:40.030 663 676 I system_server: Background concurrent mark compact GC freed 7861KB AllocSpace bytes, 15(476KB) LOS objects, 49% free, 11MB/23MB, paused 4.011ms,3.657ms total 293.541ms
04-01 08:46:40.038 663 663 V MediaRouter: Selecting route: RouteInfo{ name=Tablet, description=null, status=null, category=RouteCategory{ name=System types=ROUTE_TYPE_LIVE_AUDIO ROUTE_TYPE_LIVE_VIDEO groupable=false }, supportedTypes=ROUTE_TYPE_LIVE_AUDIO ROUTE_TYPE_LIVE_VIDEO , presentationDisplay=null }
04-01 08:46:40.039 663 663 I MediaRouter: Skip setBluetoothA2dpOn(): types=8388615, isPlaybackActive()=false, BT route=null
04-01 08:46:40.047 663 663 V SystemServerTiming: StartMediaProjectionManager took to complete: 20ms
04-01 08:46:40.047 663 663 D SystemServerTiming: StartSliceManagerService
04-01 08:46:40.048 663 663 I SystemServiceManager: Starting com.android.server.slice.SliceManagerService$Lifecycle
04-01 08:46:40.051 663 678 W system_server: ApkAssets: Deleting an ApkAssets object ' and /system/product/app/LatinIME/LatinIME.apk' with 1 weak references
04-01 08:46:40.052 663 678 W system_server: ApkAssets: Deleting an ApkAssets object ' and /system/framework/framework-res.apk' with 1 weak references
04-01 08:46:40.055 663 663 V SystemServerTiming: StartSliceManagerService took to complete: 8ms
04-01 08:46:40.055 663 663 D SystemServerTiming: StartStatsCompanion
04-01 08:46:40.057 663 663 I SystemServiceManager: Starting com.android.server.stats.StatsCompanion$Lifecycle
04-01 08:46:40.063 663 663 V SystemServerTiming: StartStatsCompanion took to complete: 8ms
04-01 08:46:40.063 663 663 D SystemServerTiming: StartRebootReadinessManagerService
04-01 08:46:40.065 663 663 I SystemServiceManager: Starting com.android.server.scheduling.RebootReadinessManagerService$Lifecycle
04-01 08:46:40.074 663 663 I TetheringManager: registerTetheringEventCallback:android
04-01 08:46:40.075 663 663 I TetheringManager: registerTetheringEventCallback caller:android
04-01 08:46:40.077 663 663 V SystemServerTiming: StartRebootReadinessManagerService took to complete: 13ms
04-01 08:46:40.077 663 663 D SystemServerTiming: StartStatsPullAtomService
04-01 08:46:40.077 663 663 I SystemServiceManager: Starting com.android.server.stats.pull.StatsPullAtomService
04-01 08:46:40.078 663 663 V SystemServerTiming: StartStatsPullAtomService took to complete: 1ms
04-01 08:46:40.079 663 663 D SystemServerTiming: StatsBootstrapAtomService
04-01 08:46:40.079 663 663 I SystemServiceManager: Starting com.android.server.stats.bootstrap.StatsBootstrapAtomService$Lifecycle
04-01 08:46:40.081 663 663 V SystemServerTiming: StatsBootstrapAtomService took to complete: 2ms
04-01 08:46:40.082 663 663 D SystemServerTiming: StartIncidentCompanionService
04-01 08:46:40.082 499 506 I ServiceManagerCppClient: Waiting for service 'statscompanion' on '/dev/binder' successful after waiting 2021ms
04-01 08:46:40.082 663 663 I SystemServiceManager: Starting com.android.server.incident.IncidentCompanionService
04-01 08:46:40.084 663 663 V SystemServerTiming: StartIncidentCompanionService took to complete: 2ms
04-01 08:46:40.085 663 663 D SystemServerTiming: StarSdkSandboxManagerService
04-01 08:46:40.085 663 663 I SystemServiceManager: Starting com.android.server.sdksandbox.SdkSandboxManagerService$Lifecycle
04-01 08:46:40.100 663 663 D SdkSandboxManager: Property services_allowlist_per_targetSdkVersion is empty.
04-01 08:46:40.102 663 663 D SdkSandboxManager: Property sdksandbox_next_service_allowlist is empty.
04-01 08:46:40.103 663 663 D SdkSandboxManager: Property contentprovider_allowlist_per_targetSdkVersion is empty.
04-01 08:46:40.104 663 663 D SdkSandboxManager: Property sdksandbox_next_contentprovider_allowlist is empty.
04-01 08:46:40.105 663 663 D SdkSandboxManager: Property sdksandbox_broadcastreceiver_allowlist_per_targetSdkVersion is empty.
04-01 08:46:40.106 663 663 D SdkSandboxManager: Property sdksandbox_next_broadcastreceiver_allowlist is empty.
04-01 08:46:40.107 663 663 D SdkSandboxManager: Property sdksandbox_activity_allowlist_per_targetSdkVersion is empty.
04-01 08:46:40.108 663 663 D SdkSandboxManager: Property sdksandbox_next_activity_allowlist is empty.
04-01 08:46:40.108 663 663 D SdkSandboxManager: Registering callback with StatsManager
04-01 08:46:40.114 663 663 V SystemServerTiming: StarSdkSandboxManagerService took to complete: 29ms
04-01 08:46:40.114 663 663 D SystemServerTiming: StartAdServicesManagerService
04-01 08:46:40.115 663 663 I SystemServiceManager: Starting com.android.server.adservices.AdServicesManagerService$Lifecycle
04-01 08:46:40.116 663 663 I SystemCtxSingleton: Set singleton context as android.app.ContextImpl@6f40739
04-01 08:46:40.123 663 663 D SdkSandboxManager: registerAdServicesManagerService(): published=true
04-01 08:46:40.123 663 663 V SystemServerTiming: StartAdServicesManagerService took to complete: 9ms
04-01 08:46:40.123 663 663 D SystemServerTiming: StartOnDevicePersonalizationSystemService
04-01 08:46:40.124 663 663 I SystemServiceManager: Starting com.android.server.ondevicepersonalization.OnDevicePersonalizationSystemService$Lifecycle
04-01 08:46:40.129 663 663 I ondevicepersonalization: OnDevicePersonalizationSystemService started!
04-01 08:46:40.130 663 663 V SystemServerTiming: StartOnDevicePersonalizationSystemService took to complete: 6ms
04-01 08:46:40.130 663 663 D SystemServerTiming: StartProfilingCompanion
04-01 08:46:40.131 663 663 I SystemServiceManager: Starting android.os.profiling.ProfilingService$Lifecycle
04-01 08:46:40.139 663 663 V SystemServerTiming: StartProfilingCompanion took to complete: 9ms
04-01 08:46:40.140 663 663 D SystemServerTiming: StartAutoFillService
04-01 08:46:40.141 663 663 I SystemServiceManager: Starting com.android.server.autofill.AutofillManagerService
04-01 08:46:40.146 663 663 D AutofillManagerService: setLogLevelFromSettings(): level=2, debug=true, verbose=false
04-01 08:46:40.147 663 663 D AutofillManagerService: setMaxPartitionsFromSettings(): 10
04-01 08:46:40.148 663 663 D AutofillManagerService: setMaxVisibleDatasetsFromSettings(): 0
04-01 08:46:40.152 663 663 D AutofillManagerServiceImpl: Reset component for user 0:null
04-01 08:46:40.152 663 686 D AutofillUI: destroySaveUiUiThread(): already destroyed
04-01 08:46:40.156 663 663 V SystemServerTiming: StartAutoFillService took to complete: 16ms
04-01 08:46:40.157 663 663 D SystemServer: TranslationService not defined by OEM
04-01 08:46:40.157 663 663 D SystemServerTiming: StartClipboardService
04-01 08:46:40.157 663 663 I SystemServiceManager: Starting com.android.server.clipboard.ClipboardService
04-01 08:46:40.165 663 663 V SystemServerTiming: StartClipboardService took to complete: 8ms
04-01 08:46:40.165 663 663 D SystemServerTiming: AppServiceManager
04-01 08:46:40.165 663 663 I SystemServiceManager: Starting com.android.server.appbinding.AppBindingService$Lifecycle
04-01 08:46:40.168 663 663 V SystemServerTiming: AppServiceManager took to complete: 3ms
04-01 08:46:40.168 663 663 D SystemServerTiming: startTracingServiceProxy
04-01 08:46:40.168 663 663 I SystemServiceManager: Starting com.android.server.tracing.TracingServiceProxy
04-01 08:46:40.170 663 663 V SystemServerTiming: startTracingServiceProxy took to complete: 2ms
04-01 08:46:40.171 663 663 D SystemServerTiming: MakeLockSettingsServiceReady
04-01 08:46:40.181 242 242 I servicemanager: Caller(pid=663,uid=1000,sid=u:r:system_server:s0) Could not find android.hardware.authsecret.IAuthSecret/default in the VINTF manifest. No alternative instances declared in VINTF.
04-01 08:46:40.181 243 243 I hwservicemanager: getTransport: Cannot find entry android.hardware.authsecret@1.0::IAuthSecret/default in either framework or device VINTF manifest.
04-01 08:46:40.181 663 663 I LockSettingsService: Device doesn't implement AuthSecret HAL
04-01 08:46:40.184 663 663 V SystemServerTiming: MakeLockSettingsServiceReady took to complete: 13ms
04-01 08:46:40.184 663 663 D SystemServerTiming: StartBootPhaseLockSettingsReady
04-01 08:46:40.185 663 663 I SystemServiceManager: Starting phase 480
04-01 08:46:40.185 663 663 D SystemServerTiming: OnBootPhase_480
04-01 08:46:40.185 663 663 D SystemServerTiming: OnBootPhase_480_com.android.server.security.FileIntegrityService
04-01 08:46:40.185 663 663 V SystemServerTiming: OnBootPhase_480_com.android.server.security.FileIntegrityService took to complete: 0ms
04-01 08:46:40.185 663 663 D SystemServerTiming: OnBootPhase_480_com.android.server.pm.Installer
04-01 08:46:40.185 663 663 V SystemServerTiming: OnBootPhase_480_com.android.server.pm.Installer took to complete: 0ms
04-01 08:46:40.186 663 663 D SystemServerTiming: OnBootPhase_480_com.android.server.os.DeviceIdentifiersPolicyService
04-01 08:46:40.186 663 663 V SystemServerTiming: OnBootPhase_480_com.android.server.os.DeviceIdentifiersPolicyService took to complete: 0ms
04-01 08:46:40.186 663 663 D SystemServerTiming: OnBootPhase_480_com.android.server.flags.FeatureFlagsService
04-01 08:46:40.186 663 663 V SystemServerTiming: OnBootPhase_480_com.android.server.flags.FeatureFlagsService took to complete: 0ms
04-01 08:46:40.186 663 663 D SystemServerTiming: OnBootPhase_480_com.android.server.uri.UriGrantsManagerService$Lifecycle
04-01 08:46:40.186 663 663 V SystemServerTiming: OnBootPhase_480_com.android.server.uri.UriGrantsManagerService$Lifecycle took to complete: 0ms
04-01 08:46:40.186 663 663 D SystemServerTiming: OnBootPhase_480_com.android.server.powerstats.PowerStatsService
04-01 08:46:40.187 663 663 V SystemServerTiming: OnBootPhase_480_com.android.server.powerstats.PowerStatsService took to complete: 0ms
04-01 08:46:40.187 663 663 D SystemServerTiming: OnBootPhase_480_com.android.server.permission.access.AccessCheckingService
04-01 08:46:40.187 663 663 V SystemServerTiming: OnBootPhase_480_com.android.server.permission.access.AccessCheckingService took to complete: 0ms
04-01 08:46:40.187 663 663 D SystemServerTiming: OnBootPhase_480_com.android.server.wm.ActivityTaskManagerService$Lifecycle
04-01 08:46:40.187 663 663 V SystemServerTiming: OnBootPhase_480_com.android.server.wm.ActivityTaskManagerService$Lifecycle took to complete: 0ms
04-01 08:46:40.187 663 663 D SystemServerTiming: OnBootPhase_480_com.android.server.am.ActivityManagerService$Lifecycle
04-01 08:46:40.188 663 663 V SystemServerTiming: OnBootPhase_480_com.android.server.am.ActivityManagerService$Lifecycle took to complete: 1ms
04-01 08:46:40.188 663 663 D SystemServerTiming: OnBootPhase_480_com.android.server.pm.DataLoaderManagerService
04-01 08:46:40.188 663 663 V SystemServerTiming: OnBootPhase_480_com.android.server.pm.DataLoaderManagerService took to complete: 0ms
04-01 08:46:40.188 663 663 D SystemServerTiming: OnBootPhase_480_com.android.server.power.PowerManagerService
04-01 08:46:40.188 663 663 V SystemServerTiming: OnBootPhase_480_com.android.server.power.PowerManagerService took to complete: 0ms
04-01 08:46:40.189 663 663 D SystemServerTiming: OnBootPhase_480_com.android.server.power.ThermalManagerService
04-01 08:46:40.189 663 663 V SystemServerTiming: OnBootPhase_480_com.android.server.power.ThermalManagerService took to complete: 0ms
04-01 08:46:40.189 663 663 D SystemServerTiming: OnBootPhase_480_com.android.server.recoverysystem.RecoverySystemService$Lifecycle
04-01 08:46:40.189 663 663 V SystemServerTiming: OnBootPhase_480_com.android.server.recoverysystem.RecoverySystemService$Lifecycle took to complete: 0ms
04-01 08:46:40.189 663 663 D SystemServerTiming: OnBootPhase_480_com.android.server.lights.LightsService
04-01 08:46:40.189 663 663 V SystemServerTiming: OnBootPhase_480_com.android.server.lights.LightsService took to complete: 0ms
04-01 08:46:40.189 663 663 D SystemServerTiming: OnBootPhase_480_com.android.server.display.DisplayManagerService
04-01 08:46:40.189 663 663 V SystemServerTiming: OnBootPhase_480_com.android.server.display.DisplayManagerService took to complete: 0ms
04-01 08:46:40.189 663 663 D SystemServerTiming: OnBootPhase_480_com.android.server.pm.verify.domain.DomainVerificationService
04-01 08:46:40.189 663 663 V SystemServerTiming: OnBootPhase_480_com.android.server.pm.verify.domain.DomainVerificationService took to complete: 0ms
04-01 08:46:40.189 663 663 D SystemServerTiming: OnBootPhase_480_com.android.server.pm.PackageInstallerService$Lifecycle
04-01 08:46:40.189 663 663 V SystemServerTiming: OnBootPhase_480_com.android.server.pm.PackageInstallerService$Lifecycle took to complete: 0ms
04-01 08:46:40.189 663 663 D SystemServerTiming: OnBootPhase_480_com.android.server.pm.UserManagerService$LifeCycle
04-01 08:46:40.189 663 663 V SystemServerTiming: OnBootPhase_480_com.android.server.pm.UserManagerService$LifeCycle took to complete: 0ms
04-01 08:46:40.189 663 663 D SystemServerTiming: OnBootPhase_480_com.android.server.om.OverlayManagerService
04-01 08:46:40.189 663 663 V SystemServerTiming: OnBootPhase_480_com.android.server.om.OverlayManagerService took to complete: 0ms
04-01 08:46:40.189 663 663 D SystemServerTiming: OnBootPhase_480_com.android.server.resources.ResourcesManagerService
04-01 08:46:40.189 663 663 V SystemServerTiming: OnBootPhase_480_com.android.server.resources.ResourcesManagerService took to complete: 0ms
04-01 08:46:40.189 663 663 D SystemServerTiming: OnBootPhase_480_com.android.server.sensorprivacy.SensorPrivacyService
04-01 08:46:40.189 663 663 V SystemServerTiming: OnBootPhase_480_com.android.server.sensorprivacy.SensorPrivacyService took to complete: 0ms
04-01 08:46:40.189 663 663 D SystemServerTiming: OnBootPhase_480_com.android.server.sensors.SensorService
04-01 08:46:40.189 663 663 V SystemServerTiming: OnBootPhase_480_com.android.server.sensors.SensorService took to complete: 0ms
04-01 08:46:40.189 663 663 D SystemServerTiming: OnBootPhase_480_com.android.server.SystemConfigService
04-01 08:46:40.189 663 663 V SystemServerTiming: OnBootPhase_480_com.android.server.SystemConfigService took to complete: 0ms
04-01 08:46:40.189 663 663 D SystemServerTiming: OnBootPhase_480_com.android.server.BatteryService
04-01 08:46:40.189 663 663 V SystemServerTiming: OnBootPhase_480_com.android.server.BatteryService took to complete: 0ms
04-01 08:46:40.189 663 663 D SystemServerTiming: OnBootPhase_480_com.android.server.usage.UsageStatsService
04-01 08:46:40.190 663 663 V SystemServerTiming: OnBootPhase_480_com.android.server.usage.UsageStatsService took to complete: 1ms
04-01 08:46:40.190 663 663 D SystemServerTiming: OnBootPhase_480_com.android.server.webkit.WebViewUpdateService
04-01 08:46:40.190 663 663 V SystemServerTiming: OnBootPhase_480_com.android.server.webkit.WebViewUpdateService took to complete: 0ms
04-01 08:46:40.190 663 663 D SystemServerTiming: OnBootPhase_480_com.android.server.CachedDeviceStateService
04-01 08:46:40.191 663 663 V SystemServerTiming: OnBootPhase_480_com.android.server.CachedDeviceStateService took to complete: 0ms
04-01 08:46:40.191 663 663 D SystemServerTiming: OnBootPhase_480_com.android.server.BinderCallsStatsService$LifeCycle
04-01 08:46:40.191 663 663 V SystemServerTiming: OnBootPhase_480_com.android.server.BinderCallsStatsService$LifeCycle took to complete: 0ms
04-01 08:46:40.191 663 663 D SystemServerTiming: OnBootPhase_480_com.android.server.LooperStatsService$Lifecycle
04-01 08:46:40.191 663 663 V SystemServerTiming: OnBootPhase_480_com.android.server.LooperStatsService$Lifecycle took to complete: 0ms
04-01 08:46:40.191 663 663 D SystemServerTiming: OnBootPhase_480_com.android.server.rollback.RollbackManagerService
04-01 08:46:40.191 663 663 V SystemServerTiming: OnBootPhase_480_com.android.server.rollback.RollbackManagerService took to complete: 0ms
04-01 08:46:40.191 663 663 D SystemServerTiming: OnBootPhase_480_com.android.server.os.NativeTombstoneManagerService
04-01 08:46:40.191 663 663 V SystemServerTiming: OnBootPhase_480_com.android.server.os.NativeTombstoneManagerService took to complete: 0ms
04-01 08:46:40.191 663 663 D SystemServerTiming: OnBootPhase_480_com.android.server.os.BugreportManagerService
04-01 08:46:40.191 663 663 V SystemServerTiming: OnBootPhase_480_com.android.server.os.BugreportManagerService took to complete: 0ms
04-01 08:46:40.191 663 663 D SystemServerTiming: OnBootPhase_480_com.android.server.gpu.GpuService
04-01 08:46:40.191 663 663 V SystemServerTiming: OnBootPhase_480_com.android.server.gpu.GpuService took to complete: 0ms
04-01 08:46:40.191 663 663 D SystemServerTiming: OnBootPhase_480_com.android.server.security.rkp.RemoteProvisioningService
04-01 08:46:40.191 663 663 V SystemServerTiming: OnBootPhase_480_com.android.server.security.rkp.RemoteProvisioningService took to complete: 0ms
04-01 08:46:40.191 663 663 D SystemServerTiming: OnBootPhase_480_com.android.server.cpu.CpuMonitorService
04-01 08:46:40.191 663 663 V SystemServerTiming: OnBootPhase_480_com.android.server.cpu.CpuMonitorService took to complete: 0ms
04-01 08:46:40.191 663 663 D SystemServerTiming: OnBootPhase_480_com.android.server.security.KeyChainSystemService
04-01 08:46:40.191 663 663 V SystemServerTiming: OnBootPhase_480_com.android.server.security.KeyChainSystemService took to complete: 0ms
04-01 08:46:40.191 663 663 D SystemServerTiming: OnBootPhase_480_com.android.server.BinaryTransparencyService
04-01 08:46:40.191 663 663 V SystemServerTiming: OnBootPhase_480_com.android.server.BinaryTransparencyService took to complete: 0ms
04-01 08:46:40.191 663 663 D SystemServerTiming: OnBootPhase_480_com.android.server.accounts.AccountManagerService$Lifecycle
04-01 08:46:40.191 663 663 V SystemServerTiming: OnBootPhase_480_com.android.server.accounts.AccountManagerService$Lifecycle took to complete: 0ms
04-01 08:46:40.191 663 663 D SystemServerTiming: OnBootPhase_480_com.android.server.content.ContentService$Lifecycle
04-01 08:46:40.191 663 663 V SystemServerTiming: OnBootPhase_480_com.android.server.content.ContentService$Lifecycle took to complete: 0ms
04-01 08:46:40.191 663 663 D SystemServerTiming: OnBootPhase_480_com.android.server.deviceconfig.DeviceConfigInit$Lifecycle
04-01 08:46:40.191 663 663 V SystemServerTiming: OnBootPhase_480_com.android.server.deviceconfig.DeviceConfigInit$Lifecycle took to complete: 0ms
04-01 08:46:40.191 663 663 D SystemServerTiming: OnBootPhase_480_com.android.server.DropBoxManagerService
04-01 08:46:40.191 663 663 V SystemServerTiming: OnBootPhase_480_com.android.server.DropBoxManagerService took to complete: 0ms
04-01 08:46:40.191 663 663 D SystemServerTiming: OnBootPhase_480_com.android.ecm.EnhancedConfirmationService
04-01 08:46:40.191 663 663 V SystemServerTiming: OnBootPhase_480_com.android.ecm.EnhancedConfirmationService took to complete: 0ms
04-01 08:46:40.191 663 663 D SystemServerTiming: OnBootPhase_480_com.android.server.power.hint.HintManagerService
04-01 08:46:40.191 663 663 V SystemServerTiming: OnBootPhase_480_com.android.server.power.hint.HintManagerService took to complete: 0ms
04-01 08:46:40.191 663 663 D SystemServerTiming: OnBootPhase_480_com.android.role.RoleService
04-01 08:46:40.191 663 663 V SystemServerTiming: OnBootPhase_480_com.android.role.RoleService took to complete: 0ms
04-01 08:46:40.192 663 663 D SystemServerTiming: OnBootPhase_480_com.android.server.vibrator.VibratorManagerService$Lifecycle
04-01 08:46:40.192 663 663 V SystemServerTiming: OnBootPhase_480_com.android.server.vibrator.VibratorManagerService$Lifecycle took to complete: 0ms
04-01 08:46:40.192 663 663 D SystemServerTiming: OnBootPhase_480_com.android.server.alarm.AlarmManagerService
04-01 08:46:40.192 663 663 V SystemServerTiming: OnBootPhase_480_com.android.server.alarm.AlarmManagerService took to complete: 0ms
04-01 08:46:40.192 663 663 D SystemServerTiming: OnBootPhase_480_com.android.server.devicestate.DeviceStateManagerService
04-01 08:46:40.192 663 663 V SystemServerTiming: OnBootPhase_480_com.android.server.devicestate.DeviceStateManagerService took to complete: 0ms
04-01 08:46:40.192 663 663 D SystemServerTiming: OnBootPhase_480_com.android.server.camera.CameraServiceProxy
04-01 08:46:40.192 663 663 V SystemServerTiming: OnBootPhase_480_com.android.server.camera.CameraServiceProxy took to complete: 0ms
04-01 08:46:40.192 663 663 D SystemServerTiming: OnBootPhase_480_com.android.server.connectivity.IpConnectivityMetrics
04-01 08:46:40.192 663 663 V SystemServerTiming: OnBootPhase_480_com.android.server.connectivity.IpConnectivityMetrics took to complete: 0ms
04-01 08:46:40.192 663 663 D SystemServerTiming: OnBootPhase_480_com.android.server.net.watchlist.NetworkWatchlistService$Lifecycle
04-01 08:46:40.192 663 663 V SystemServerTiming: OnBootPhase_480_com.android.server.net.watchlist.NetworkWatchlistService$Lifecycle took to complete: 0ms
04-01 08:46:40.192 663 663 D SystemServerTiming: OnBootPhase_480_com.android.server.PinnerService
04-01 08:46:40.192 663 663 V SystemServerTiming: OnBootPhase_480_com.android.server.PinnerService took to complete: 0ms
04-01 08:46:40.192 663 663 D SystemServerTiming: OnBootPhase_480_com.android.server.integrity.AppIntegrityManagerService
04-01 08:46:40.192 663 663 V SystemServerTiming: OnBootPhase_480_com.android.server.integrity.AppIntegrityManagerService took to complete: 0ms
04-01 08:46:40.192 663 663 D SystemServerTiming: OnBootPhase_480_com.android.server.logcat.LogcatManagerService
04-01 08:46:40.192 663 663 V SystemServerTiming: OnBootPhase_480_com.android.server.logcat.LogcatManagerService took to complete: 0ms
04-01 08:46:40.192 663 663 D SystemServerTiming: OnBootPhase_480_com.android.server.inputmethod.InputMethodManagerService$Lifecycle
04-01 08:46:40.192 663 663 V SystemServerTiming: OnBootPhase_480_com.android.server.inputmethod.InputMethodManagerService$Lifecycle took to complete: 0ms
04-01 08:46:40.192 663 663 D SystemServerTiming: OnBootPhase_480_com.android.server.accessibility.AccessibilityManagerService$Lifecycle
04-01 08:46:40.192 663 663 V SystemServerTiming: OnBootPhase_480_com.android.server.accessibility.AccessibilityManagerService$Lifecycle took to complete: 1ms
04-01 08:46:40.193 663 663 D SystemServerTiming: OnBootPhase_480_com.android.server.StorageManagerService$Lifecycle
04-01 08:46:40.193 663 663 V SystemServerTiming: OnBootPhase_480_com.android.server.StorageManagerService$Lifecycle took to complete: 0ms
04-01 08:46:40.193 663 663 D SystemServerTiming: OnBootPhase_480_com.android.server.usage.StorageStatsService$Lifecycle
04-01 08:46:40.193 663 663 V SystemServerTiming: OnBootPhase_480_com.android.server.usage.StorageStatsService$Lifecycle took to complete: 0ms
04-01 08:46:40.193 663 663 D SystemServerTiming: OnBootPhase_480_com.android.server.UiModeManagerService
04-01 08:46:40.193 663 663 V SystemServerTiming: OnBootPhase_480_com.android.server.UiModeManagerService took to complete: 0ms
04-01 08:46:40.193 663 663 D SystemServerTiming: OnBootPhase_480_com.android.server.locales.LocaleManagerService
04-01 08:46:40.193 663 663 V SystemServerTiming: OnBootPhase_480_com.android.server.locales.LocaleManagerService took to complete: 0ms
04-01 08:46:40.193 663 663 D SystemServerTiming: OnBootPhase_480_com.android.server.grammaticalinflection.GrammaticalInflectionService
04-01 08:46:40.193 663 663 V SystemServerTiming: OnBootPhase_480_com.android.server.grammaticalinflection.GrammaticalInflectionService took to complete: 0ms
04-01 08:46:40.193 663 663 D SystemServerTiming: OnBootPhase_480_com.android.server.apphibernation.AppHibernationService
04-01 08:46:40.193 663 663 V SystemServerTiming: OnBootPhase_480_com.android.server.apphibernation.AppHibernationService took to complete: 0ms
04-01 08:46:40.193 663 663 D SystemServerTiming: OnBootPhase_480_com.android.server.locksettings.LockSettingsService$Lifecycle
04-01 08:46:40.193 663 663 V SystemServerTiming: OnBootPhase_480_com.android.server.locksettings.LockSettingsService$Lifecycle took to complete: 0ms
04-01 08:46:40.193 663 663 D SystemServerTiming: OnBootPhase_480_com.android.server.pdb.PersistentDataBlockService
04-01 08:46:40.193 663 663 V SystemServerTiming: OnBootPhase_480_com.android.server.pdb.PersistentDataBlockService took to complete: 0ms
04-01 08:46:40.193 663 663 D SystemServerTiming: OnBootPhase_480_com.android.server.testharness.TestHarnessModeService
04-01 08:46:40.193 663 663 V SystemServerTiming: OnBootPhase_480_com.android.server.testharness.TestHarnessModeService took to complete: 0ms
04-01 08:46:40.193 663 663 D SystemServerTiming: OnBootPhase_480_com.android.server.oemlock.OemLockService
04-01 08:46:40.193 663 663 V SystemServerTiming: OnBootPhase_480_com.android.server.oemlock.OemLockService took to complete: 0ms
04-01 08:46:40.193 663 663 D SystemServerTiming: OnBootPhase_480_com.android.server.DeviceIdleController
04-01 08:46:40.193 663 663 V SystemServerTiming: OnBootPhase_480_com.android.server.DeviceIdleController took to complete: 0ms
