04-01 08:46:54.736 663 680 D SafetySourceDataValidat: No cert check requested for package com.android.permissioncontroller
04-01 08:46:54.740 1107 1130 D LoaderTask: sendFirstScreenBroadcast
04-01 08:46:54.744 663 681 D SafetySourceDataValidat: No cert check requested for package com.android.permissioncontroller
04-01 08:46:54.751 663 733 D SafetySourceDataValidat: No cert check requested for package com.android.permissioncontroller
04-01 08:46:54.776 663 680 D SafetySourceDataValidat: No cert check requested for package com.android.permissioncontroller
04-01 08:46:54.787 663 733 D SafetySourceDataValidat: No cert check requested for package com.android.permissioncontroller
04-01 08:46:54.825 1107 1107 D Launcher.Workspace: addInScreenFromBind: hotseat inflation with x = 1 and y = 0
04-01 08:46:54.826 1243 1393 I FuseDaemon: Leveldb connection established for :ownership
04-01 08:46:54.827 1243 1393 I MediaProvider: Backup and recovery setup time taken in milliseconds:837
04-01 08:46:54.827 1243 1393 I MediaProvider: Successfully set up backup and recovery for volume: external_primary
04-01 08:46:54.828 1107 1107 D CellLayout: Adding view to ShortcutsAndWidgetsContainer: com.android.launcher3.views.DoubleShadowBubbleTextView{51eea92 VFED..C.. ......ID 0,0-0,0 #1}
04-01 08:46:54.829 1107 1107 D Launcher.Workspace: addInScreenFromBind: hotseat inflation with x = 2 and y = 0
04-01 08:46:54.829 1107 1107 D CellLayout: Adding view to ShortcutsAndWidgetsContainer: com.android.launcher3.views.DoubleShadowBubbleTextView{88e8c63 VFED..C.. ......ID 0,0-0,0 #2}
04-01 08:46:54.829 1037 1037 D SafetyLabelChangesJobService: Received broadcast with intent action 'android.intent.action.BOOT_COMPLETED'
04-01 08:46:54.829 1107 1107 D Launcher.Workspace: addInScreenFromBind: hotseat inflation with x = 4 and y = 0
04-01 08:46:54.829 1107 1107 D CellLayout: Adding view to ShortcutsAndWidgetsContainer: com.android.launcher3.views.DoubleShadowBubbleTextView{b0a2060 VFED..C.. ......ID 0,0-0,0 #3}
04-01 08:46:54.830 1107 1107 D Launcher.Workspace: addInScreenFromBind: hotseat inflation with x = 5 and y = 0
04-01 08:46:54.830 1107 1107 E Launcher.Workspace: Failed to add to item at (5,0) to CellLayout
04-01 08:46:54.831 663 681 W JobInfo : Job 'com.android.providers.media.module/com.android.providers.media.MediaService#-300' has a deadline with no functional constraints. The deadline won't improve job execution latency. Consider removing the deadline.
04-01 08:46:54.856 663 688 W BLASTSyncEngine: Sync group 3 timeout
04-01 08:46:54.856 663 688 I BLASTSyncEngine: Unfinished container: ActivityRecord{ab66800 u0 com.android.launcher3/.uioverrides.QuickstepLauncher t19}
04-01 08:46:54.858 663 688 I BLASTSyncEngine: Window{6f3ccd7 u0 InputMethod} NO_SURFACE
04-01 08:46:54.858 663 688 I BLASTSyncEngine: Window{ffc6b45 u0 com.android.launcher3/com.android.launcher3.uioverrides.QuickstepLauncher} DRAW_PENDING
04-01 08:46:54.859 663 688 I BLASTSyncEngine: Unfinished container: Task{a1a042c #19 type=home I=com.android.launcher3/.uioverrides.QuickstepLauncher isResizeable=true minWidth=-1 minHeight=-1}
04-01 08:46:54.859 663 688 I BLASTSyncEngine: Window{6f3ccd7 u0 InputMethod} NO_SURFACE
04-01 08:46:54.860 663 688 I BLASTSyncEngine: Window{ffc6b45 u0 com.android.launcher3/com.android.launcher3.uioverrides.QuickstepLauncher} DRAW_PENDING
04-01 08:46:54.872 1282 1475 D WM-PackageManagerHelper: Skipping component enablement for androidx.work.impl.background.systemalarm.RescheduleReceiver
04-01 08:46:54.874 1037 1037 I SafetyLabelChangesJobService: Detect updates job scheduled successfully.
04-01 08:46:54.879 663 685 V WindowManager: Sent Transition (#3) createdAt=04-01 08:46:49.855 via request=TransitionRequestInfo { type = CLOSE, triggerTask = TaskInfo{userId=0 taskId=5 effectiveUid=1000 displayId=0 isRunning=false baseIntent=Intent { act=android.intent.action.MAIN cat=[android.intent.category.HOME] flg=0x10800100 cmp=com.android.settings/.FallbackHome } baseActivity=null topActivity=null origActivity=null realActivity=ComponentInfo{com.android.settings/com.android.settings.FallbackHome} numActivities=0 lastActiveTime=38559 supportsMultiWindow=true resizeMode=0 isResizeable=false minWidth=-1 minHeight=-1 defaultMinSize=220 token=WCT{RemoteToken{93dec21 Task{1780a9a #5 type=home A=1000:com.android.settings.FallbackHome isResizeable=false minWidth=-1 minHeight=-1}}} topActivityType=2 pictureInPictureParams=null shouldDockBigOverlays=false launchIntoPipHostTaskId=-1 lastParentTaskIdBeforePip=-1 displayCutoutSafeInsets=Rect(0, 0 - 0, 0) topActivityInfo=null launchCookies=[] positionInParent=Point(0, 0) parentTaskId=-1 isFocused=true isVisible=true isVisibleRequested=true isSleeping=false locusId=null displayAreaFeatureId=1 isTopActivityTransparent=false isTopActivityStyleFloating=false lastNonFullscreenBounds=Rect(680, 41 - 1240, 1039) capturedLink=null capturedLinkTimestamp=0 appCompatTaskInfo=AppCompatTaskInfo { topActivityInSizeCompat=false eligibleForLetterboxEducation= false isLetterboxEducationEnabled= false isLetterboxDoubleTapEnabled= false eligibleForUserAspectRatioButton= false topActivityBoundsLetterboxed= false isFromLetterboxDoubleTap= false topActivityLetterboxVerticalPosition= -1 topActivityLetterboxHorizontalPosition= -1 topActivityLetterboxWidth=-1 topActivityLetterboxHeight=-1 topActivityLetterboxAppWidth=-1 topActivityLetterboxAppHeight=-1 isUserFullscreenOverrideEnabled=false isSystemFullscreenOverrideEnabled=false hasMinAspectRatioOverride=false cameraCompatTaskInfo=CameraCompatTaskInfo { freeformCameraCompatMode=inactive}}}, pipTask = null, remoteTransition = null, displayChange = null, flags = 0, debugId = 3 }
04-01 08:46:54.879 663 685 V WindowManager: startWCT=WindowContainerTransaction { changes = {} hops = [] errorCallbackToken=null taskFragmentOrganizer=null }
04-01 08:46:54.880 1037 1037 I SafetyLabelChangesJobService: Not scheduling notification job: already scheduled.
04-01 08:46:54.889 1243 1393 V MediaStore: Examining volume emulated;0 with name external_primary and state mounted
04-01 08:46:54.908 1458 1458 D nativeloader: Configuring clns-shared-8 for other apk /system/priv-app/UserDictionaryProvider/UserDictionaryProvider.apk. target_sdk_version=35, uses_libraries=, library_path=/system/priv-app/UserDictionaryProvider/lib/arm64:/system/lib64, permitted_path=/data:/mnt/expand:/data/user/0/com.android.providers.userdictionary:/system/priv-app/UserDictionaryProvider:/system/lib64
04-01 08:46:54.923 1439 1439 D nativeloader: Configuring clns-shared-9 for other apk /system/priv-app/MediaProviderLegacy/MediaProviderLegacy.apk. target_sdk_version=35, uses_libraries=, library_path=/system/priv-app/MediaProviderLegacy/lib/arm64:/system/lib64, permitted_path=/data:/mnt/expand:/data/user/0/com.android.providers.media:/system/priv-app/MediaProviderLegacy:/system/lib64
04-01 08:46:54.931 1107 1107 D BaseDepthController: setSurface:
04-01 08:46:54.931 1107 1107 D BaseDepthController: mWaitingOnSurfaceValidity: false
04-01 08:46:54.931 1107 1107 D BaseDepthController: mSurface: Surface(name=com.android.launcher3/com.android.launcher3.uioverrides.QuickstepLauncher)/@0x499c85a
04-01 08:46:54.931 880 894 V WindowManagerShell: UNKNOWN MESSAGE (6541979577719206723) 2847563317551
04-01 08:46:54.934 663 685 V WindowManager: info={id=3 t=CLOSE f=0x0 trk=0 r=[0@Point(0, 0)] c=[
04-01 08:46:54.934 663 685 V WindowManager: {WCT{RemoteToken{fd5c846 Task{a1a042c #19 type=home I=com.android.launcher3/.uioverrides.QuickstepLauncher isResizeable=true minWidth=-1 minHeight=-1}}} m=OPEN f=SHOW_WALLPAPER|MOVE_TO_TOP leash=Surface(name=Task=19)/@0x609f62b sb=Rect(0, 0 - 1920, 1080) eb=Rect(0, 0 - 1920, 1080) epz=Point(1920, 1080) d=0 taskParent=-1},
04-01 08:46:54.934 663 685 V WindowManager: {WCT{RemoteToken{93dec21 Task{1780a9a #5 type=home A=1000:com.android.settings.FallbackHome isResizeable=false minWidth=-1 minHeight=-1}}} m=CLOSE f=SHOW_WALLPAPER leash=Surface(name=Task=5)/@0x2723e7a sb=Rect(0, 0 - 1920, 1080) eb=Rect(0, 0 - 1920, 1080) epz=Point(1920, 1080) d=0 taskParent=-1}
04-01 08:46:54.934 663 685 V WindowManager: ]}
04-01 08:46:54.934 880 913 V WindowManagerShell: UNKNOWN MESSAGE (1354476626241269833) 3 android.os.BinderProxy@1b6eeee {id=3 t=CLOSE f=0x0 trk=0 r=[0@Point(0, 0)] c=[{WCT{android.window.IWindowContainerToken$Stub$Proxy@d2b8670} m=OPEN f=SHOW_WALLPAPER|MOVE_TO_TOP leash=Surface(name=Task=19)/@0x3218e04 sb=Rect(0, 0 - 1920, 1080) eb=Rect(0, 0 - 1920, 1080) epz=Point(1920, 1080) d=0 taskParent=-1},{WCT{android.window.IWindowContainerToken$Stub$Proxy@91e8de9} m=CLOSE f=SHOW_WALLPAPER leash=Surface(name=Task=5)/@0x9a6dfed sb=Rect(0, 0 - 1920, 1080) eb=Rect(0, 0 - 1920, 1080) epz=Point(1920, 1080) d=0 taskParent=-1}]}
04-01 08:46:54.941 663 770 W BroadcastLoopers: Found previously unknown looper Thread[StorageManagerService,5,main]
04-01 08:46:54.944 880 913 V WindowManagerShell: UNKNOWN MESSAGE (7933815964243868580) (#3) android.os.BinderProxy@1b6eeee@0
04-01 08:46:54.945 880 913 V WindowManagerShell: UNKNOWN MESSAGE (2316055606185049262) com.android.wm.shell.transition.DefaultMixedHandler@49a999c
04-01 08:46:54.948 880 913 V WindowManagerShell: UNKNOWN MESSAGE (2316055606185049262) com.android.wm.shell.keyguard.KeyguardTransitionHandler@b491fa5
04-01 08:46:54.948 880 913 V WindowManagerShell: UNKNOWN MESSAGE (2316055606185049262) com.android.wm.shell.pip.PipTransition@464ef7a
04-01 08:46:54.948 880 913 V WindowManagerShell: UNKNOWN MESSAGE (2316055606185049262) com.android.wm.shell.activityembedding.ActivityEmbeddingController@24d532b
04-01 08:46:54.949 880 913 V WindowManagerShell: UNKNOWN MESSAGE (2316055606185049262) com.android.wm.shell.recents.RecentsTransitionHandler@885b388
04-01 08:46:54.949 880 913 V ShellRecents: UNKNOWN MESSAGE (9121280089055901232)
04-01 08:46:54.949 880 913 V WindowManagerShell: UNKNOWN MESSAGE (2316055606185049262) com.android.wm.shell.splitscreen.StageCoordinator@d11121
04-01 08:46:54.949 880 913 V WindowManagerShell: UNKNOWN MESSAGE (2316055606185049262) com.android.wm.shell.back.BackAnimationController$BackTransitionHandler@cc28946
04-01 08:46:54.949 880 913 V WindowManagerShell: UNKNOWN MESSAGE (2316055606185049262) com.android.wm.shell.transition.RemoteTransitionHandler@6cbf707
04-01 08:46:54.950 880 913 V WindowManagerShell: UNKNOWN MESSAGE (-9146248499991136778) {id=3 t=CLOSE f=0x0 trk=0 r=[0@Point(0, 0)] c=[{WCT{android.window.IWindowContainerToken$Stub$Proxy@d2b8670} m=OPEN f=SHOW_WALLPAPER|MOVE_TO_TOP leash=Surface(name=Task=19)/@0x3218e04 sb=Rect(0, 0 - 1920, 1080) eb=Rect(0, 0 - 1920, 1080) epz=Point(1920, 1080) d=0 taskParent=-1},{WCT{android.window.IWindowContainerToken$Stub$Proxy@91e8de9} m=CLOSE f=SHOW_WALLPAPER leash=Surface(name=Task=5)/@0x9a6dfed sb=Rect(0, 0 - 1920, 1080) eb=Rect(0, 0 - 1920, 1080) epz=Point(1920, 1080) d=0 taskParent=-1}]}
04-01 08:46:54.951 880 913 V WindowManagerShell: UNKNOWN MESSAGE (7551344402092077994) Pair{{types=[] flags=0x0] notFlags=0x100 checks=[{atype=home independent=true modes=[OPEN,TO_FRONT] flags=NONE mustBeTask=false order=TOP topActivity=ComponentInfo{com.android.launcher3/com.android.launcher3.uioverrides.QuickstepLauncher} launchCookie=null},{atype=standard independent=true modes=[CLOSE,TO_BACK] flags=NONE mustBeTask=false order=ANY topActivity=null launchCookie=null},{NOT atype=undefined independent=true modes=[] flags=NONE mustBeTask=true order=ANY topActivity=null launchCookie=null customAnim=true}]} RemoteTransition { remoteTransition = android.window.IRemoteTransition$Stub$Proxy@868034, appThread = android.app.IApplicationThread$Stub$Proxy@8c9e5d, debugName = QuickstepLaunchHome }}
04-01 08:46:54.951 880 913 V WindowManagerShell: UNKNOWN MESSAGE (-957464960872531856) 3 null
04-01 08:46:54.951 880 913 V WindowManagerShell: UNKNOWN MESSAGE (2316055606185049262) com.android.wm.shell.transition.DefaultTransitionHandler@d0df3d2
04-01 08:46:54.955 573 584 D installd: Found quota mount /dev/block/dm-49 at /data
04-01 08:46:54.956 663 770 D StorageManagerService: Volume emulated;0 broadcasting mounted to UserHandle{0}
04-01 08:46:54.956 880 913 V WindowManagerShell: UNKNOWN MESSAGE (-1860574116773740964) {id=3 t=CLOSE f=0x0 trk=0 r=[0@Point(0, 0)] c=[{WCT{android.window.IWindowContainerToken$Stub$Proxy@d2b8670} m=OPEN f=SHOW_WALLPAPER|MOVE_TO_TOP leash=Surface(name=Task=19)/@0x3218e04 sb=Rect(0, 0 - 1920, 1080) eb=Rect(0, 0 - 1920, 1080) epz=Point(1920, 1080) d=0 taskParent=-1},{WCT{android.window.IWindowContainerToken$Stub$Proxy@91e8de9} m=CLOSE f=SHOW_WALLPAPER leash=Surface(name=Task=5)/@0x9a6dfed sb=Rect(0, 0 - 1920, 1080) eb=Rect(0, 0 - 1920, 1080) epz=Point(1920, 1080) d=0 taskParent=-1}]}
04-01 08:46:54.957 1243 1243 V MediaStore: Examining volume emulated;0 with name external_primary and state mounted
04-01 08:46:54.966 880 913 V WindowManagerShell: UNKNOWN MESSAGE (-5172949229302105239) android.view.animation.AnimationSet@3a2bfff 23 CLOSE false
04-01 08:46:54.969 663 770 D StorageManagerService: Volume emulated;0 broadcasting mounted to UserHandle{0}
04-01 08:46:54.971 1414 1414 D PhotopickerDeviceConfigReceiver: onReceive: will evaluate Photopicker components with new DeviceConfig.
04-01 08:46:54.980 880 913 V WindowManagerShell: UNKNOWN MESSAGE (-5172949229302105239) android.view.animation.AnimationSet@5d10eb8 22 CLOSE true
04-01 08:46:54.986 573 584 D installd: Found quota mount /dev/block/dm-49 at /data/user/0
04-01 08:46:54.987 573 584 D installd: Found quota mount /dev/block/dm-49 at /mnt/pass_through/0/emulated
04-01 08:46:54.990 880 913 V WindowManagerShell: UNKNOWN MESSAGE (5292399587644158186) com.android.wm.shell.transition.DefaultTransitionHandler@d0df3d2
04-01 08:46:54.994 1243 1243 V MediaStore: Examining volume emulated;0 with name external_primary and state mounted
04-01 08:46:55.000 1243 1403 I MediaProvider: Begin Intent { act=com.android.providers.media.action.SCAN_VOLUME (has extras) }
04-01 08:46:55.004 880 913 W Looper : Slow dispatch took 59ms wmshell.main h=android.os.Handler c=com.android.wm.shell.transition.Transitions$TransitionPlayerImpl$$ExternalSyntheticLambda0@a7aaff7 m=0
04-01 08:46:55.007 880 880 D ZenModeController: Removed callback class com.android.systemui.qs.tiles.DndTile$3
04-01 08:46:55.008 1107 1107 D TestEventsEmitterProduction: Event sent WORKSPACE_FINISH_LOADING
04-01 08:46:55.009 573 584 D installd: Found storage mount /dev/block/dm-49 at /mnt/pass_through/0/emulated
04-01 08:46:55.009 573 584 D installd: Found storage mount at /mnt/pass_through/0/emulated
04-01 08:46:55.012 1243 1403 V MediaProvider: attachVolume() called for internal with state:null
04-01 08:46:55.025 1107 1130 D LoaderTask: step 1 complete
04-01 08:46:55.035 880 918 W Looper : Slow dispatch took 47ms wmshell.anim h=android.os.Handler c=com.android.wm.shell.transition.DefaultTransitionHandler$$ExternalSyntheticLambda0@7a05493 m=0
04-01 08:46:55.094 663 685 I ActivityTaskManager: Displayed com.android.launcher3/.uioverrides.QuickstepLauncher for user 0: +5s102ms
04-01 08:46:55.097 1458 1458 D nativeloader: Configuring clns-shared-9 for other apk /system/priv-app/BlockedNumberProvider/BlockedNumberProvider.apk. target_sdk_version=35, uses_libraries=, library_path=/system/priv-app/BlockedNumberProvider/lib/arm64:/system/lib64, permitted_path=/data:/mnt/expand:/data/user_de/0/com.android.providers.blockednumber:/system/priv-app/BlockedNumberProvider:/system/lib64
04-01 08:46:55.117 1458 1458 I ContactsPerf: VoicemailContentProvider.onCreate start
04-01 08:46:55.124 663 766 I ImeTracker: com.android.launcher3:ec6cf2cd: onRequestHide at ORIGIN_SERVER reason HIDE_UNSPECIFIED_WINDOW fromUser false
04-01 08:46:55.125 663 766 I ImeTracker: com.android.launcher3:ec6cf2cd: onCancelled at PHASE_SERVER_SHOULD_HIDE
04-01 08:46:55.180 1414 1414 D PhotopickerDeviceConfigReceiver: Setting false state for com.android.photopicker.MainActivity
04-01 08:46:55.181 1414 1414 D PhotopickerDeviceConfigReceiver: Setting false state for com.android.photopicker.PhotopickerGetContentActivity
04-01 08:46:55.182 1414 1414 D PhotopickerDeviceConfigReceiver: Setting false state for com.android.photopicker.PhotopickerUserSelectActivity
04-01 08:46:55.184 663 695 I ActivityManager: reportOnUserCompletedEvent(0): stored=10, eligible=111
04-01 08:46:55.184 1439 1476 D CompatChangeReporter: Compat change id reported: 311402873; UID 10019; state: ENABLED
04-01 08:46:55.185 1439 1476 D CompatChangeReporter: Compat change id reported: 323349338; UID 10019; state: ENABLED
04-01 08:46:55.185 663 695 D SystemServerTimingAsync: ssm.CompletedEventUser-0
04-01 08:46:55.185 663 695 I SystemServiceManager: Calling onCompletedEventUser 0
04-01 08:46:55.189 663 680 D CompatChangeReporter: Compat change id reported: 311402873; UID 10019; state: ENABLED
04-01 08:46:55.190 663 680 D CompatChangeReporter: Compat change id reported: 323349338; UID 10019; state: ENABLED
04-01 08:46:55.211 663 1478 D SystemServerTimingAsync: ssm.onCompletedEventUser-0_{|Unlocked|}_com.android.server.security.FileIntegrityService
04-01 08:46:55.211 663 1478 V SystemServerTimingAsync: ssm.onCompletedEventUser-0_{|Unlocked|}_com.android.server.security.FileIntegrityService took to complete: 0ms
04-01 08:46:55.220 1243 1403 V MediaProvider: onConfigure() for internal.db
04-01 08:46:55.236 880 918 W Looper : Slow dispatch took 34ms wmshell.anim h=android.view.Choreographer$FrameHandler c=android.view.Choreographer$FrameDisplayEventReceiver@2c75ce2 m=0
04-01 08:46:55.238 663 1480 D SystemServerTimingAsync: ssm.onCompletedEventUser-0_{|Unlocked|}_com.android.server.pm.Installer
04-01 08:46:55.238 663 1480 V SystemServerTimingAsync: ssm.onCompletedEventUser-0_{|Unlocked|}_com.android.server.pm.Installer took to complete: 0ms
04-01 08:46:55.248 663 1481 D SystemServerTimingAsync: ssm.onCompletedEventUser-0_{|Unlocked|}_com.android.server.os.DeviceIdentifiersPolicyService
04-01 08:46:55.248 663 1481 V SystemServerTimingAsync: ssm.onCompletedEventUser-0_{|Unlocked|}_com.android.server.os.DeviceIdentifiersPolicyService took to complete: 0ms
04-01 08:46:55.249 663 1481 D SystemServerTimingAsync: ssm.onCompletedEventUser-0_{|Unlocked|}_com.android.server.flags.FeatureFlagsService
04-01 08:46:55.249 663 1481 V SystemServerTimingAsync: ssm.onCompletedEventUser-0_{|Unlocked|}_com.android.server.flags.FeatureFlagsService took to complete: 0ms
04-01 08:46:55.249 663 1481 D SystemServerTimingAsync: ssm.onCompletedEventUser-0_{|Unlocked|}_com.android.server.uri.UriGrantsManagerService$Lifecycle
04-01 08:46:55.249 663 1481 V SystemServerTimingAsync: ssm.onCompletedEventUser-0_{|Unlocked|}_com.android.server.uri.UriGrantsManagerService$Lifecycle took to complete: 0ms
04-01 08:46:55.249 663 1481 D SystemServerTimingAsync: ssm.onCompletedEventUser-0_{|Unlocked|}_com.android.server.powerstats.PowerStatsService
04-01 08:46:55.249 663 1481 V SystemServerTimingAsync: ssm.onCompletedEventUser-0_{|Unlocked|}_com.android.server.powerstats.PowerStatsService took to complete: 0ms
04-01 08:46:55.251 663 1481 D SystemServerTimingAsync: ssm.onCompletedEventUser-0_{|Unlocked|}_com.android.server.permission.access.AccessCheckingService
04-01 08:46:55.251 663 1481 V SystemServerTimingAsync: ssm.onCompletedEventUser-0_{|Unlocked|}_com.android.server.permission.access.AccessCheckingService took to complete: 0ms
04-01 08:46:55.251 663 1481 D SystemServerTimingAsync: ssm.onCompletedEventUser-0_{|Unlocked|}_com.android.server.wm.ActivityTaskManagerService$Lifecycle
04-01 08:46:55.251 663 1481 V SystemServerTimingAsync: ssm.onCompletedEventUser-0_{|Unlocked|}_com.android.server.wm.ActivityTaskManagerService$Lifecycle took to complete: 0ms
04-01 08:46:55.251 663 1481 D SystemServerTimingAsync: ssm.onCompletedEventUser-0_{|Unlocked|}_com.android.server.am.ActivityManagerService$Lifecycle
04-01 08:46:55.251 663 1481 V SystemServerTimingAsync: ssm.onCompletedEventUser-0_{|Unlocked|}_com.android.server.am.ActivityManagerService$Lifecycle took to complete: 0ms
04-01 08:46:55.251 1458 1458 I ContactsPerf: VoicemailContentProvider.onCreate finish
04-01 08:46:55.251 663 1481 D SystemServerTimingAsync: ssm.onCompletedEventUser-0_{|Unlocked|}_com.android.server.pm.DataLoaderManagerService
04-01 08:46:55.251 663 1481 V SystemServerTimingAsync: ssm.onCompletedEventUser-0_{|Unlocked|}_com.android.server.pm.DataLoaderManagerService took to complete: 0ms
04-01 08:46:55.251 663 1481 D SystemServerTimingAsync: ssm.onCompletedEventUser-0_{|Unlocked|}_com.android.server.power.PowerManagerService
04-01 08:46:55.251 663 1481 V SystemServerTimingAsync: ssm.onCompletedEventUser-0_{|Unlocked|}_com.android.server.power.PowerManagerService took to complete: 0ms
04-01 08:46:55.251 663 1481 D SystemServerTimingAsync: ssm.onCompletedEventUser-0_{|Unlocked|}_com.android.server.power.ThermalManagerService
04-01 08:46:55.251 663 1481 V SystemServerTimingAsync: ssm.onCompletedEventUser-0_{|Unlocked|}_com.android.server.power.ThermalManagerService took to complete: 0ms
04-01 08:46:55.251 663 1481 D SystemServerTimingAsync: ssm.onCompletedEventUser-0_{|Unlocked|}_com.android.server.recoverysystem.RecoverySystemService$Lifecycle
04-01 08:46:55.251 663 1481 V SystemServerTimingAsync: ssm.onCompletedEventUser-0_{|Unlocked|}_com.android.server.recoverysystem.RecoverySystemService$Lifecycle took to complete: 0ms
04-01 08:46:55.251 663 1481 D SystemServerTimingAsync: ssm.onCompletedEventUser-0_{|Unlocked|}_com.android.server.lights.LightsService
04-01 08:46:55.251 663 1481 V SystemServerTimingAsync: ssm.onCompletedEventUser-0_{|Unlocked|}_com.android.server.lights.LightsService took to complete: 0ms
04-01 08:46:55.251 663 1481 D SystemServerTimingAsync: ssm.onCompletedEventUser-0_{|Unlocked|}_com.android.server.display.DisplayManagerService
04-01 08:46:55.251 663 1481 V SystemServerTimingAsync: ssm.onCompletedEventUser-0_{|Unlocked|}_com.android.server.display.DisplayManagerService took to complete: 0ms
04-01 08:46:55.251 663 1481 D SystemServerTimingAsync: ssm.onCompletedEventUser-0_{|Unlocked|}_com.android.server.pm.verify.domain.DomainVerificationService
04-01 08:46:55.251 663 1481 V SystemServerTimingAsync: ssm.onCompletedEventUser-0_{|Unlocked|}_com.android.server.pm.verify.domain.DomainVerificationService took to complete: 0ms
04-01 08:46:55.255 663 1480 D SystemServerTimingAsync: ssm.onCompletedEventUser-0_{|Unlocked|}_com.android.server.om.OverlayManagerService
04-01 08:46:55.255 663 1480 V SystemServerTimingAsync: ssm.onCompletedEventUser-0_{|Unlocked|}_com.android.server.om.OverlayManagerService took to complete: 0ms
04-01 08:46:55.255 663 1480 D SystemServerTimingAsync: ssm.onCompletedEventUser-0_{|Unlocked|}_com.android.server.resources.ResourcesManagerService
04-01 08:46:55.255 663 1480 V SystemServerTimingAsync: ssm.onCompletedEventUser-0_{|Unlocked|}_com.android.server.resources.ResourcesManagerService took to complete: 0ms
04-01 08:46:55.255 663 1480 D SystemServerTimingAsync: ssm.onCompletedEventUser-0_{|Unlocked|}_com.android.server.sensorprivacy.SensorPrivacyService
04-01 08:46:55.255 663 1480 V SystemServerTimingAsync: ssm.onCompletedEventUser-0_{|Unlocked|}_com.android.server.sensorprivacy.SensorPrivacyService took to complete: 0ms
04-01 08:46:55.255 663 1480 D SystemServerTimingAsync: ssm.onCompletedEventUser-0_{|Unlocked|}_com.android.server.sensors.SensorService
04-01 08:46:55.255 663 1480 V SystemServerTimingAsync: ssm.onCompletedEventUser-0_{|Unlocked|}_com.android.server.sensors.SensorService took to complete: 0ms
04-01 08:46:55.255 663 1480 D SystemServerTimingAsync: ssm.onCompletedEventUser-0_{|Unlocked|}_com.android.server.SystemConfigService
04-01 08:46:55.255 663 1480 V SystemServerTimingAsync: ssm.onCompletedEventUser-0_{|Unlocked|}_com.android.server.SystemConfigService took to complete: 0ms
04-01 08:46:55.255 663 1480 D SystemServerTimingAsync: ssm.onCompletedEventUser-0_{|Unlocked|}_com.android.server.BatteryService
04-01 08:46:55.255 663 1480 V SystemServerTimingAsync: ssm.onCompletedEventUser-0_{|Unlocked|}_com.android.server.BatteryService took to complete: 0ms
04-01 08:46:55.255 663 1480 D SystemServerTimingAsync: ssm.onCompletedEventUser-0_{|Unlocked|}_com.android.server.usage.UsageStatsService
04-01 08:46:55.255 663 1480 V SystemServerTimingAsync: ssm.onCompletedEventUser-0_{|Unlocked|}_com.android.server.usage.UsageStatsService took to complete: 0ms
04-01 08:46:55.255 663 1480 D SystemServerTimingAsync: ssm.onCompletedEventUser-0_{|Unlocked|}_com.android.server.webkit.WebViewUpdateService
04-01 08:46:55.255 663 1480 V SystemServerTimingAsync: ssm.onCompletedEventUser-0_{|Unlocked|}_com.android.server.webkit.WebViewUpdateService took to complete: 0ms
04-01 08:46:55.256 663 1480 D SystemServerTimingAsync: ssm.onCompletedEventUser-0_{|Unlocked|}_com.android.server.CachedDeviceStateService
04-01 08:46:55.256 663 1480 V SystemServerTimingAsync: ssm.onCompletedEventUser-0_{|Unlocked|}_com.android.server.CachedDeviceStateService took to complete: 0ms
04-01 08:46:55.256 663 1480 D SystemServerTimingAsync: ssm.onCompletedEventUser-0_{|Unlocked|}_com.android.server.BinderCallsStatsService$LifeCycle
04-01 08:46:55.256 663 1480 V SystemServerTimingAsync: ssm.onCompletedEventUser-0_{|Unlocked|}_com.android.server.BinderCallsStatsService$LifeCycle took to complete: 0ms
04-01 08:46:55.256 663 1480 D SystemServerTimingAsync: ssm.onCompletedEventUser-0_{|Unlocked|}_com.android.server.LooperStatsService$Lifecycle
04-01 08:46:55.256 663 1480 V SystemServerTimingAsync: ssm.onCompletedEventUser-0_{|Unlocked|}_com.android.server.LooperStatsService$Lifecycle took to complete: 0ms
04-01 08:46:55.256 663 1480 D SystemServerTimingAsync: ssm.onCompletedEventUser-0_{|Unlocked|}_com.android.server.rollback.RollbackManagerService
04-01 08:46:55.256 663 1480 V SystemServerTimingAsync: ssm.onCompletedEventUser-0_{|Unlocked|}_com.android.server.rollback.RollbackManagerService took to complete: 0ms
04-01 08:46:55.256 663 1480 D SystemServerTimingAsync: ssm.onCompletedEventUser-0_{|Unlocked|}_com.android.server.os.NativeTombstoneManagerService
04-01 08:46:55.256 663 1480 V SystemServerTimingAsync: ssm.onCompletedEventUser-0_{|Unlocked|}_com.android.server.os.NativeTombstoneManagerService took to complete: 0ms
04-01 08:46:55.256 663 1480 D SystemServerTimingAsync: ssm.onCompletedEventUser-0_{|Unlocked|}_com.android.server.os.BugreportManagerService
04-01 08:46:55.256 663 1480 V SystemServerTimingAsync: ssm.onCompletedEventUser-0_{|Unlocked|}_com.android.server.os.BugreportManagerService took to complete: 0ms
04-01 08:46:55.256 663 1480 D SystemServerTimingAsync: ssm.onCompletedEventUser-0_{|Unlocked|}_com.android.server.gpu.GpuService
04-01 08:46:55.256 663 1480 V SystemServerTimingAsync: ssm.onCompletedEventUser-0_{|Unlocked|}_com.android.server.gpu.GpuService took to complete: 0ms
04-01 08:46:55.256 663 1480 D SystemServerTimingAsync: ssm.onCompletedEventUser-0_{|Unlocked|}_com.android.server.security.rkp.RemoteProvisioningService
04-01 08:46:55.256 663 1480 V SystemServerTimingAsync: ssm.onCompletedEventUser-0_{|Unlocked|}_com.android.server.security.rkp.RemoteProvisioningService took to complete: 0ms
04-01 08:46:55.256 663 1480 D SystemServerTimingAsync: ssm.onCompletedEventUser-0_{|Unlocked|}_com.android.server.cpu.CpuMonitorService
04-01 08:46:55.256 663 1480 V SystemServerTimingAsync: ssm.onCompletedEventUser-0_{|Unlocked|}_com.android.server.cpu.CpuMonitorService took to complete: 0ms
04-01 08:46:55.256 663 1480 D SystemServerTimingAsync: ssm.onCompletedEventUser-0_{|Unlocked|}_com.android.server.security.KeyChainSystemService
04-01 08:46:55.256 663 1480 V SystemServerTimingAsync: ssm.onCompletedEventUser-0_{|Unlocked|}_com.android.server.security.KeyChainSystemService took to complete: 0ms
04-01 08:46:55.256 663 1480 D SystemServerTimingAsync: ssm.onCompletedEventUser-0_{|Unlocked|}_com.android.server.BinaryTransparencyService
04-01 08:46:55.256 663 1480 V SystemServerTimingAsync: ssm.onCompletedEventUser-0_{|Unlocked|}_com.android.server.BinaryTransparencyService took to complete: 0ms
04-01 08:46:55.256 663 1480 D SystemServerTimingAsync: ssm.onCompletedEventUser-0_{|Unlocked|}_com.android.server.accounts.AccountManagerService$Lifecycle
04-01 08:46:55.256 663 1480 V SystemServerTimingAsync: ssm.onCompletedEventUser-0_{|Unlocked|}_com.android.server.accounts.AccountManagerService$Lifecycle took to complete: 0ms
04-01 08:46:55.256 663 1480 D SystemServerTimingAsync: ssm.onCompletedEventUser-0_{|Unlocked|}_com.android.server.content.ContentService$Lifecycle
04-01 08:46:55.256 663 1480 V SystemServerTimingAsync: ssm.onCompletedEventUser-0_{|Unlocked|}_com.android.server.content.ContentService$Lifecycle took to complete: 0ms
04-01 08:46:55.257 663 1480 D SystemServerTimingAsync: ssm.onCompletedEventUser-0_{|Unlocked|}_com.android.server.deviceconfig.DeviceConfigInit$Lifecycle
04-01 08:46:55.257 663 1480 V SystemServerTimingAsync: ssm.onCompletedEventUser-0_{|Unlocked|}_com.android.server.deviceconfig.DeviceConfigInit$Lifecycle took to complete: 0ms
04-01 08:46:55.257 663 1480 D SystemServerTimingAsync: ssm.onCompletedEventUser-0_{|Unlocked|}_com.android.server.DropBoxManagerService
04-01 08:46:55.257 663 1480 V SystemServerTimingAsync: ssm.onCompletedEventUser-0_{|Unlocked|}_com.android.server.DropBoxManagerService took to complete: 0ms
04-01 08:46:55.257 663 1480 D SystemServerTimingAsync: ssm.onCompletedEventUser-0_{|Unlocked|}_com.android.ecm.EnhancedConfirmationService
04-01 08:46:55.257 663 1480 V SystemServerTimingAsync: ssm.onCompletedEventUser-0_{|Unlocked|}_com.android.ecm.EnhancedConfirmationService took to complete: 0ms
04-01 08:46:55.257 663 1480 D SystemServerTimingAsync: ssm.onCompletedEventUser-0_{|Unlocked|}_com.android.server.power.hint.HintManagerService
04-01 08:46:55.257 663 1480 V SystemServerTimingAsync: ssm.onCompletedEventUser-0_{|Unlocked|}_com.android.server.power.hint.HintManagerService took to complete: 0ms
04-01 08:46:55.257 663 1480 D SystemServerTimingAsync: ssm.onCompletedEventUser-0_{|Unlocked|}_com.android.role.RoleService
04-01 08:46:55.257 663 1480 V SystemServerTimingAsync: ssm.onCompletedEventUser-0_{|Unlocked|}_com.android.role.RoleService took to complete: 0ms
04-01 08:46:55.257 663 1480 D SystemServerTimingAsync: ssm.onCompletedEventUser-0_{|Unlocked|}_com.android.server.vibrator.VibratorManagerService$Lifecycle
04-01 08:46:55.257 663 1480 V SystemServerTimingAsync: ssm.onCompletedEventUser-0_{|Unlocked|}_com.android.server.vibrator.VibratorManagerService$Lifecycle took to complete: 0ms
04-01 08:46:55.290 663 1481 D SystemServerTimingAsync: ssm.onCompletedEventUser-0_{|Unlocked|}_com.android.server.pm.PackageInstallerService$Lifecycle
04-01 08:46:55.290 663 1478 D SystemServerTimingAsync: ssm.onCompletedEventUser-0_{|Unlocked|}_com.android.server.pm.UserManagerService$LifeCycle
04-01 08:46:55.290 663 1480 D SystemServerTimingAsync: ssm.onCompletedEventUser-0_{|Unlocked|}_com.android.server.alarm.AlarmManagerService
04-01 08:46:55.290 663 1480 V SystemServerTimingAsync: ssm.onCompletedEventUser-0_{|Unlocked|}_com.android.server.alarm.AlarmManagerService took to complete: 0ms
04-01 08:46:55.290 663 1478 V SystemServerTimingAsync: ssm.onCompletedEventUser-0_{|Unlocked|}_com.android.server.pm.UserManagerService$LifeCycle took to complete: 0ms
04-01 08:46:55.290 663 1480 D SystemServerTimingAsync: ssm.onCompletedEventUser-0_{|Unlocked|}_com.android.server.devicestate.DeviceStateManagerService
04-01 08:46:55.290 663 1478 D SystemServerTimingAsync: ssm.onCompletedEventUser-0_{|Unlocked|}_com.android.server.camera.CameraServiceProxy
04-01 08:46:55.290 663 1480 V SystemServerTimingAsync: ssm.onCompletedEventUser-0_{|Unlocked|}_com.android.server.devicestate.DeviceStateManagerService took to complete: 0ms
04-01 08:46:55.290 663 1478 V SystemServerTimingAsync: ssm.onCompletedEventUser-0_{|Unlocked|}_com.android.server.camera.CameraServiceProxy took to complete: 0ms
04-01 08:46:55.290 663 1480 D SystemServerTimingAsync: ssm.onCompletedEventUser-0_{|Unlocked|}_com.android.server.connectivity.IpConnectivityMetrics
04-01 08:46:55.290 663 1478 D SystemServerTimingAsync: ssm.onCompletedEventUser-0_{|Unlocked|}_com.android.server.net.watchlist.NetworkWatchlistService$Lifecycle
04-01 08:46:55.291 663 1478 V SystemServerTimingAsync: ssm.onCompletedEventUser-0_{|Unlocked|}_com.android.server.net.watchlist.NetworkWatchlistService$Lifecycle took to complete: 0ms
04-01 08:46:55.291 663 1478 D SystemServerTimingAsync: ssm.onCompletedEventUser-0_{|Unlocked|}_com.android.server.PinnerService
04-01 08:46:55.291 663 1478 V SystemServerTimingAsync: ssm.onCompletedEventUser-0_{|Unlocked|}_com.android.server.PinnerService took to complete: 0ms
04-01 08:46:55.291 663 1478 D SystemServerTimingAsync: ssm.onCompletedEventUser-0_{|Unlocked|}_com.android.server.integrity.AppIntegrityManagerService
04-01 08:46:55.291 663 1478 V SystemServerTimingAsync: ssm.onCompletedEventUser-0_{|Unlocked|}_com.android.server.integrity.AppIntegrityManagerService took to complete: 0ms
04-01 08:46:55.291 663 1478 D SystemServerTimingAsync: ssm.onCompletedEventUser-0_{|Unlocked|}_com.android.server.logcat.LogcatManagerService
04-01 08:46:55.291 663 1478 V SystemServerTimingAsync: ssm.onCompletedEventUser-0_{|Unlocked|}_com.android.server.logcat.LogcatManagerService took to complete: 0ms
04-01 08:46:55.291 663 1478 D SystemServerTimingAsync: ssm.onCompletedEventUser-0_{|Unlocked|}_com.android.server.inputmethod.InputMethodManagerService$Lifecycle
04-01 08:46:55.298 663 1478 V SystemServerTimingAsync: ssm.onCompletedEventUser-0_{|Unlocked|}_com.android.server.inputmethod.InputMethodManagerService$Lifecycle took to complete: 0ms
04-01 08:46:55.298 663 1478 D SystemServerTimingAsync: ssm.onCompletedEventUser-0_{|Unlocked|}_com.android.server.accessibility.AccessibilityManagerService$Lifecycle
04-01 08:46:55.299 663 1478 V SystemServerTimingAsync: ssm.onCompletedEventUser-0_{|Unlocked|}_com.android.server.accessibility.AccessibilityManagerService$Lifecycle took to complete: 0ms
04-01 08:46:55.299 663 1478 D SystemServerTimingAsync: ssm.onCompletedEventUser-0_{|Unlocked|}_com.android.server.StorageManagerService$Lifecycle
04-01 08:46:55.299 663 1478 V SystemServerTimingAsync: ssm.onCompletedEventUser-0_{|Unlocked|}_com.android.server.StorageManagerService$Lifecycle took to complete: 0ms
04-01 08:46:55.299 663 1478 D SystemServerTimingAsync: ssm.onCompletedEventUser-0_{|Unlocked|}_com.android.server.usage.StorageStatsService$Lifecycle
04-01 08:46:55.299 663 1478 V SystemServerTimingAsync: ssm.onCompletedEventUser-0_{|Unlocked|}_com.android.server.usage.StorageStatsService$Lifecycle took to complete: 0ms
04-01 08:46:55.299 663 1478 D SystemServerTimingAsync: ssm.onCompletedEventUser-0_{|Unlocked|}_com.android.server.UiModeManagerService
04-01 08:46:55.299 663 1478 V SystemServerTimingAsync: ssm.onCompletedEventUser-0_{|Unlocked|}_com.android.server.UiModeManagerService took to complete: 0ms
04-01 08:46:55.299 663 1480 V SystemServerTimingAsync: ssm.onCompletedEventUser-0_{|Unlocked|}_com.android.server.connectivity.IpConnectivityMetrics took to complete: 0ms
04-01 08:46:55.299 663 1480 D SystemServerTimingAsync: ssm.onCompletedEventUser-0_{|Unlocked|}_com.android.server.grammaticalinflection.GrammaticalInflectionService
04-01 08:46:55.299 663 1480 V SystemServerTimingAsync: ssm.onCompletedEventUser-0_{|Unlocked|}_com.android.server.grammaticalinflection.GrammaticalInflectionService took to complete: 0ms
04-01 08:46:55.299 663 1480 D SystemServerTimingAsync: ssm.onCompletedEventUser-0_{|Unlocked|}_com.android.server.apphibernation.AppHibernationService
04-01 08:46:55.300 663 1480 V SystemServerTimingAsync: ssm.onCompletedEventUser-0_{|Unlocked|}_com.android.server.apphibernation.AppHibernationService took to complete: 0ms
04-01 08:46:55.300 663 1480 D SystemServerTimingAsync: ssm.onCompletedEventUser-0_{|Unlocked|}_com.android.server.locksettings.LockSettingsService$Lifecycle
04-01 08:46:55.300 663 1480 V SystemServerTimingAsync: ssm.onCompletedEventUser-0_{|Unlocked|}_com.android.server.locksettings.LockSettingsService$Lifecycle took to complete: 0ms
04-01 08:46:55.300 663 1480 D SystemServerTimingAsync: ssm.onCompletedEventUser-0_{|Unlocked|}_com.android.server.pdb.PersistentDataBlockService
04-01 08:46:55.300 663 1480 V SystemServerTimingAsync: ssm.onCompletedEventUser-0_{|Unlocked|}_com.android.server.pdb.PersistentDataBlockService took to complete: 0ms
04-01 08:46:55.300 663 1480 D SystemServerTimingAsync: ssm.onCompletedEventUser-0_{|Unlocked|}_com.android.server.testharness.TestHarnessModeService
04-01 08:46:55.300 663 1480 V SystemServerTimingAsync: ssm.onCompletedEventUser-0_{|Unlocked|}_com.android.server.testharness.TestHarnessModeService took to complete: 0ms
04-01 08:46:55.300 663 1480 D SystemServerTimingAsync: ssm.onCompletedEventUser-0_{|Unlocked|}_com.android.server.oemlock.OemLockService
04-01 08:46:55.300 663 1480 V SystemServerTimingAsync: ssm.onCompletedEventUser-0_{|Unlocked|}_com.android.server.oemlock.OemLockService took to complete: 0ms
04-01 08:46:55.300 663 1480 D SystemServerTimingAsync: ssm.onCompletedEventUser-0_{|Unlocked|}_com.android.server.DeviceIdleController
04-01 08:46:55.300 663 1480 V SystemServerTimingAsync: ssm.onCompletedEventUser-0_{|Unlocked|}_com.android.server.DeviceIdleController took to complete: 0ms
04-01 08:46:55.300 663 1480 D SystemServerTimingAsync: ssm.onCompletedEventUser-0_{|Unlocked|}_com.android.server.devicepolicy.DevicePolicyManagerService$Lifecycle
04-01 08:46:55.300 663 1480 V SystemServerTimingAsync: ssm.onCompletedEventUser-0_{|Unlocked|}_com.android.server.devicepolicy.DevicePolicyManagerService$Lifecycle took to complete: 0ms
04-01 08:46:55.300 663 1480 D SystemServerTimingAsync: ssm.onCompletedEventUser-0_{|Unlocked|}_com.android.server.texttospeech.TextToSpeechManagerService
04-01 08:46:55.300 663 1480 V SystemServerTimingAsync: ssm.onCompletedEventUser-0_{|Unlocked|}_com.android.server.texttospeech.TextToSpeechManagerService took to complete: 0ms
04-01 08:46:55.301 663 1480 D SystemServerTimingAsync: ssm.onCompletedEventUser-0_{|Unlocked|}_com.android.server.wearable.WearableSensingManagerService
04-01 08:46:55.301 663 1480 V SystemServerTimingAsync: ssm.onCompletedEventUser-0_{|Unlocked|}_com.android.server.wearable.WearableSensingManagerService took to complete: 0ms
04-01 08:46:55.301 663 1480 D SystemServerTimingAsync: ssm.onCompletedEventUser-0_{|Unlocked|}_com.android.server.ondeviceintelligence.OnDeviceIntelligenceManagerService
04-01 08:46:55.301 663 1480 V SystemServerTimingAsync: ssm.onCompletedEventUser-0_{|Unlocked|}_com.android.server.ondeviceintelligence.OnDeviceIntelligenceManagerService took to complete: 0ms
04-01 08:46:55.301 663 1480 D SystemServerTimingAsync: ssm.onCompletedEventUser-0_{|Unlocked|}_com.android.server.speech.SpeechRecognitionManagerService
04-01 08:46:55.301 663 1480 V SystemServerTimingAsync: ssm.onCompletedEventUser-0_{|Unlocked|}_com.android.server.speech.SpeechRecognitionManagerService took to complete: 0ms
04-01 08:46:55.301 663 1480 D SystemServerTimingAsync: ssm.onCompletedEventUser-0_{|Unlocked|}_com.android.server.graphics.fonts.FontManagerService$Lifecycle
04-01 08:46:55.301 663 1480 V SystemServerTimingAsync: ssm.onCompletedEventUser-0_{|Unlocked|}_com.android.server.graphics.fonts.FontManagerService$Lifecycle took to complete: 0ms
04-01 08:46:55.301 663 1480 D SystemServerTimingAsync: ssm.onCompletedEventUser-0_{|Unlocked|}_com.android.server.textservices.TextServicesManagerService$Lifecycle
04-01 08:46:55.301 663 1480 V SystemServerTimingAsync: ssm.onCompletedEventUser-0_{|Unlocked|}_com.android.server.textservices.TextServicesManagerService$Lifecycle took to complete: 0ms
04-01 08:46:55.301 663 1480 D SystemServerTimingAsync: ssm.onCompletedEventUser-0_{|Unlocked|}_com.android.server.textclassifier.TextClassificationManagerService$Lifecycle
04-01 08:46:55.301 663 1480 V SystemServerTimingAsync: ssm.onCompletedEventUser-0_{|Unlocked|}_com.android.server.textclassifier.TextClassificationManagerService$Lifecycle took to complete: 0ms
04-01 08:46:55.301 663 1480 D SystemServerTimingAsync: ssm.onCompletedEventUser-0_{|Unlocked|}_com.android.server.NetworkScoreService$Lifecycle
04-01 08:46:55.301 663 1480 V SystemServerTimingAsync: ssm.onCompletedEventUser-0_{|Unlocked|}_com.android.server.NetworkScoreService$Lifecycle took to complete: 0ms
04-01 08:46:55.301 663 1480 D SystemServerTimingAsync: ssm.onCompletedEventUser-0_{|Unlocked|}_com.android.server.NetworkStatsServiceInitializer
04-01 08:46:55.301 663 1480 V SystemServerTimingAsync: ssm.onCompletedEventUser-0_{|Unlocked|}_com.android.server.NetworkStatsServiceInitializer took to complete: 0ms
04-01 08:46:55.301 663 1480 D SystemServerTimingAsync: ssm.onCompletedEventUser-0_{|Unlocked|}_com.android.server.wifi.WifiService
04-01 08:46:55.301 663 1480 V SystemServerTimingAsync: ssm.onCompletedEventUser-0_{|Unlocked|}_com.android.server.wifi.WifiService took to complete: 0ms
04-01 08:46:55.301 663 1480 D SystemServerTimingAsync: ssm.onCompletedEventUser-0_{|Unlocked|}_com.android.server.wifi.scanner.WifiScanningService
04-01 08:46:55.301 663 1480 V SystemServerTimingAsync: ssm.onCompletedEventUser-0_{|Unlocked|}_com.android.server.wifi.scanner.WifiScanningService took to complete: 0ms
04-01 08:46:55.301 663 1480 D SystemServerTimingAsync: ssm.onCompletedEventUser-0_{|Unlocked|}_com.android.server.wifi.p2p.WifiP2pService
04-01 08:46:55.301 663 1480 V SystemServerTimingAsync: ssm.onCompletedEventUser-0_{|Unlocked|}_com.android.server.wifi.p2p.WifiP2pService took to complete: 0ms
04-01 08:46:55.301 663 1480 D SystemServerTimingAsync: ssm.onCompletedEventUser-0_{|Unlocked|}_com.android.server.ConnectivityServiceInitializer
04-01 08:46:55.301 663 1480 V SystemServerTimingAsync: ssm.onCompletedEventUser-0_{|Unlocked|}_com.android.server.ConnectivityServiceInitializer took to complete: 0ms
04-01 08:46:55.301 663 1480 D SystemServerTimingAsync: ssm.onCompletedEventUser-0_{|Unlocked|}_com.android.server.notification.NotificationManagerService
04-01 08:46:55.301 663 1480 V SystemServerTimingAsync: ssm.onCompletedEventUser-0_{|Unlocked|}_com.android.server.notification.NotificationManagerService took to complete: 0ms
04-01 08:46:55.302 663 1480 D SystemServerTimingAsync: ssm.onCompletedEventUser-0_{|Unlocked|}_com.android.server.storage.DeviceStorageMonitorService
04-01 08:46:55.302 663 1480 V SystemServerTimingAsync: ssm.onCompletedEventUser-0_{|Unlocked|}_com.android.server.storage.DeviceStorageMonitorService took to complete: 0ms
04-01 08:46:55.302 663 1480 D SystemServerTimingAsync: ssm.onCompletedEventUser-0_{|Unlocked|}_com.android.server.timedetector.TimeDetectorService$Lifecycle
04-01 08:46:55.302 663 1480 V SystemServerTimingAsync: ssm.onCompletedEventUser-0_{|Unlocked|}_com.android.server.timedetector.TimeDetectorService$Lifecycle took to complete: 0ms
04-01 08:46:55.302 663 1480 D SystemServerTimingAsync: ssm.onCompletedEventUser-0_{|Unlocked|}_com.android.server.location.LocationManagerService$Lifecycle
04-01 08:46:55.302 663 1480 V SystemServerTimingAsync: ssm.onCompletedEventUser-0_{|Unlocked|}_com.android.server.location.LocationManagerService$Lifecycle took to complete: 0ms
04-01 08:46:55.302 663 1480 D SystemServerTimingAsync: ssm.onCompletedEventUser-0_{|Unlocked|}_com.android.server.timezonedetector.TimeZoneDetectorService$Lifecycle
04-01 08:46:55.302 663 1480 V SystemServerTimingAsync: ssm.onCompletedEventUser-0_{|Unlocked|}_com.android.server.timezonedetector.TimeZoneDetectorService$Lifecycle took to complete: 0ms
04-01 08:46:55.302 663 1480 D SystemServerTimingAsync: ssm.onCompletedEventUser-0_{|Unlocked|}_com.android.server.location.altitude.AltitudeService$Lifecycle
04-01 08:46:55.302 663 1480 V SystemServerTimingAsync: ssm.onCompletedEventUser-0_{|Unlocked|}_com.android.server.location.altitude.AltitudeService$Lifecycle took to complete: 0ms
04-01 08:46:55.302 663 1480 D SystemServerTimingAsync: ssm.onCompletedEventUser-0_{|Unlocked|}_com.android.server.timezonedetector.location.LocationTimeZoneManagerService$Lifecycle
04-01 08:46:55.302 663 1480 V SystemServerTimingAsync: ssm.onCompletedEventUser-0_{|Unlocked|}_com.android.server.timezonedetector.location.LocationTimeZoneManagerService$Lifecycle took to complete: 0ms
04-01 08:46:55.302 663 1480 D SystemServerTimingAsync: ssm.onCompletedEventUser-0_{|Unlocked|}_com.android.server.search.SearchManagerService$Lifecycle
04-01 08:46:55.302 663 1480 V SystemServerTimingAsync: ssm.onCompletedEventUser-0_{|Unlocked|}_com.android.server.search.SearchManagerService$Lifecycle took to complete: 0ms
04-01 08:46:55.302 663 1480 D SystemServerTimingAsync: ssm.onCompletedEventUser-0_{|Unlocked|}_com.android.server.wallpaper.WallpaperManagerService$Lifecycle
04-01 08:46:55.302 663 1480 V SystemServerTimingAsync: ssm.onCompletedEventUser-0_{|Unlocked|}_com.android.server.wallpaper.WallpaperManagerService$Lifecycle took to complete: 0ms
04-01 08:46:55.302 663 1480 D SystemServerTimingAsync: ssm.onCompletedEventUser-0_{|Unlocked|}_com.android.server.audio.AudioService$Lifecycle
04-01 08:46:55.302 663 1480 V SystemServerTimingAsync: ssm.onCompletedEventUser-0_{|Unlocked|}_com.android.server.audio.AudioService$Lifecycle took to complete: 0ms
04-01 08:46:55.302 663 1480 D SystemServerTimingAsync: ssm.onCompletedEventUser-0_{|Unlocked|}_com.android.server.soundtrigger_middleware.SoundTriggerMiddlewareService$Lifecycle
04-01 08:46:55.302 663 1480 V SystemServerTimingAsync: ssm.onCompletedEventUser-0_{|Unlocked|}_com.android.server.soundtrigger_middleware.SoundTriggerMiddlewareService$Lifecycle took to complete: 0ms
04-01 08:46:55.302 663 1480 D SystemServerTimingAsync: ssm.onCompletedEventUser-0_{|Unlocked|}_com.android.server.DockObserver
04-01 08:46:55.302 663 1480 V SystemServerTimingAsync: ssm.onCompletedEventUser-0_{|Unlocked|}_com.android.server.DockObserver took to complete: 0ms
04-01 08:46:55.302 663 1480 D SystemServerTimingAsync: ssm.onCompletedEventUser-0_{|Unlocked|}_com.android.server.adb.AdbService$Lifecycle
04-01 08:46:55.302 663 1480 V SystemServerTimingAsync: ssm.onCompletedEventUser-0_{|Unlocked|}_com.android.server.adb.AdbService$Lifecycle took to complete: 0ms
04-01 08:46:55.302 663 1480 D SystemServerTimingAsync: ssm.onCompletedEventUser-0_{|Unlocked|}_com.android.server.usb.UsbService$Lifecycle
04-01 08:46:55.302 663 1480 V SystemServerTimingAsync: ssm.onCompletedEventUser-0_{|Unlocked|}_com.android.server.usb.UsbService$Lifecycle took to complete: 0ms
04-01 08:46:55.302 1458 1458 D nativeloader: Configuring clns-shared-10 for other apk /system/priv-app/E2eeContactKeysProvider/E2eeContactKeysProvider.apk. target_sdk_version=35, uses_libraries=, library_path=/system/priv-app/E2eeContactKeysProvider/lib/arm64:/system/lib64, permitted_path=/data:/mnt/expand:/data/user/0/com.android.providers.contactkeys:/system/priv-app/E2eeContactKeysProvider:/system/lib64
04-01 08:46:55.302 663 1480 D SystemServerTimingAsync: ssm.onCompletedEventUser-0_{|Unlocked|}_com.android.server.SerialService$Lifecycle
04-01 08:46:55.302 663 1480 V SystemServerTimingAsync: ssm.onCompletedEventUser-0_{|Unlocked|}_com.android.server.SerialService$Lifecycle took to complete: 0ms
04-01 08:46:55.302 663 1480 D SystemServerTimingAsync: ssm.onCompletedEventUser-0_{|Unlocked|}_com.android.server.twilight.TwilightService
04-01 08:46:55.302 663 1480 V SystemServerTimingAsync: ssm.onCompletedEventUser-0_{|Unlocked|}_com.android.server.twilight.TwilightService took to complete: 0ms
04-01 08:46:55.302 663 1480 D SystemServerTimingAsync: ssm.onCompletedEventUser-0_{|Unlocked|}_com.android.server.display.color.ColorDisplayService
04-01 08:46:55.302 663 1480 V SystemServerTimingAsync: ssm.onCompletedEventUser-0_{|Unlocked|}_com.android.server.display.color.ColorDisplayService took to complete: 0ms
04-01 08:46:55.302 663 1480 D SystemServerTimingAsync: ssm.onCompletedEventUser-0_{|Unlocked|}_com.android.server.job.JobSchedulerService
04-01 08:46:55.303 663 1478 D SystemServerTimingAsync: ssm.onCompletedEventUser-0_{|Unlocked|}_com.android.server.locales.LocaleManagerService
04-01 08:46:55.303 663 1478 V SystemServerTimingAsync: ssm.onCompletedEventUser-0_{|Unlocked|}_com.android.server.locales.LocaleManagerService took to complete: 0ms
04-01 08:46:55.304 663 1478 D SystemServerTimingAsync: ssm.onCompletedEventUser-0_{|Unlocked|}_com.android.server.soundtrigger.SoundTriggerService
04-01 08:46:55.304 663 1478 V SystemServerTimingAsync: ssm.onCompletedEventUser-0_{|Unlocked|}_com.android.server.soundtrigger.SoundTriggerService took to complete: 0ms
04-01 08:46:55.304 663 1478 D SystemServerTimingAsync: ssm.onCompletedEventUser-0_{|Unlocked|}_com.android.server.trust.TrustManagerService
04-01 08:46:55.304 663 1478 V SystemServerTimingAsync: ssm.onCompletedEventUser-0_{|Unlocked|}_com.android.server.trust.TrustManagerService took to complete: 0ms
04-01 08:46:55.304 663 1478 D SystemServerTimingAsync: ssm.onCompletedEventUser-0_{|Unlocked|}_com.android.server.backup.BackupManagerService$Lifecycle
04-01 08:46:55.304 663 1478 V SystemServerTimingAsync: ssm.onCompletedEventUser-0_{|Unlocked|}_com.android.server.backup.BackupManagerService$Lifecycle took to complete: 0ms
04-01 08:46:55.304 663 1478 D SystemServerTimingAsync: ssm.onCompletedEventUser-0_{|Unlocked|}_com.android.server.appwidget.AppWidgetService
04-01 08:46:55.304 663 1478 V SystemServerTimingAsync: ssm.onCompletedEventUser-0_{|Unlocked|}_com.android.server.appwidget.AppWidgetService took to complete: 0ms
04-01 08:46:55.304 663 1478 D SystemServerTimingAsync: ssm.onCompletedEventUser-0_{|Unlocked|}_com.android.server.voiceinteraction.VoiceInteractionManagerService
04-01 08:46:55.304 663 1478 V SystemServerTimingAsync: ssm.onCompletedEventUser-0_{|Unlocked|}_com.android.server.voiceinteraction.VoiceInteractionManagerService took to complete: 0ms
