04-01 08:46:47.184 663 794 D OemPaidWifiNetworkFactory: got request NetworkRequest [ REQUEST id=25, [ Capabilities: INTERNET&NOT_RESTRICTED&TRUSTED&NOT_VCN_MANAGED&NOT_BANDWIDTH_CONSTRAINED Uid: 10070 RequestorUid: 10070 RequestorPkg: com.android.systemui UnderlyingNetworks: Null] ]
04-01 08:46:47.185 663 794 D OemPaidWifiNetworkFactory: got request NetworkRequest [ REQUEST id=29, [ Capabilities: INTERNET&NOT_RESTRICTED&TRUSTED&NOT_VCN_MANAGED&NOT_BANDWIDTH_CONSTRAINED Uid: 10070 RequestorUid: 10070 RequestorPkg: com.android.systemui UnderlyingNetworks: Null] ]
04-01 08:46:47.186 663 794 D OemPaidWifiNetworkFactory: got request NetworkRequest [ REQUEST id=7, [ Capabilities: INTERNET&NOT_RESTRICTED&TRUSTED&NOT_VCN_MANAGED&NOT_BANDWIDTH_CONSTRAINED Uid: 1000 RequestorUid: 1000 RequestorPkg: android UnderlyingNetworks: Null] ]
04-01 08:46:47.186 663 794 D OemPaidWifiNetworkFactory: got request NetworkRequest [ REQUEST id=21, [ Capabilities: INTERNET&NOT_RESTRICTED&TRUSTED&NOT_VCN_MANAGED&NOT_BANDWIDTH_CONSTRAINED Uid: 10070 RequestorUid: 10070 RequestorPkg: com.android.systemui UnderlyingNetworks: Null] ]
04-01 08:46:47.186 663 794 D MultiInternetWifiNetworkFactory: got request NetworkRequest [ REQUEST id=14, [ Capabilities: INTERNET&NOT_RESTRICTED&TRUSTED&NOT_VCN_MANAGED&NOT_BANDWIDTH_CONSTRAINED Uid: 10084 RequestorUid: 1000 RequestorPkg: android UnderlyingNetworks: Null] ]
04-01 08:46:47.186 663 794 D MultiInternetWifiNetworkFactory: got request NetworkRequest [ REQUEST id=18, [ Capabilities: INTERNET&NOT_RESTRICTED&TRUSTED&NOT_VCN_MANAGED&NOT_BANDWIDTH_CONSTRAINED Uid: 1073 RequestorUid: 1073 RequestorPkg: com.android.networkstack UnderlyingNetworks: Null] ]
04-01 08:46:47.186 663 794 D MultiInternetWifiNetworkFactory: got request NetworkRequest [ REQUEST id=1, [ Capabilities: INTERNET&NOT_RESTRICTED&TRUSTED&NOT_VPN&NOT_VCN_MANAGED&NOT_BANDWIDTH_CONSTRAINED RequestorUid: 1000 RequestorPkg: android UnderlyingNetworks: Null] ]
04-01 08:46:47.187 663 794 D MultiInternetWifiNetworkFactory: got request NetworkRequest [ REQUEST id=16, [ Capabilities: INTERNET&NOT_RESTRICTED&TRUSTED&NOT_VCN_MANAGED&NOT_BANDWIDTH_CONSTRAINED Uid: 1000 RequestorUid: 1000 RequestorPkg: android UnderlyingNetworks: Null] ]
04-01 08:46:47.187 663 794 D MultiInternetWifiNetworkFactory: got request NetworkRequest [ REQUEST id=31, [ Capabilities: INTERNET&NOT_RESTRICTED&TRUSTED&NOT_VCN_MANAGED&NOT_BANDWIDTH_CONSTRAINED Uid: 10070 RequestorUid: 10070 RequestorPkg: com.android.systemui UnderlyingNetworks: Null] ]
04-01 08:46:47.187 663 794 D MultiInternetWifiNetworkFactory: got request NetworkRequest [ REQUEST id=25, [ Capabilities: INTERNET&NOT_RESTRICTED&TRUSTED&NOT_VCN_MANAGED&NOT_BANDWIDTH_CONSTRAINED Uid: 10070 RequestorUid: 10070 RequestorPkg: com.android.systemui UnderlyingNetworks: Null] ]
04-01 08:46:47.187 663 794 D MultiInternetWifiNetworkFactory: got request NetworkRequest [ REQUEST id=29, [ Capabilities: INTERNET&NOT_RESTRICTED&TRUSTED&NOT_VCN_MANAGED&NOT_BANDWIDTH_CONSTRAINED Uid: 10070 RequestorUid: 10070 RequestorPkg: com.android.systemui UnderlyingNetworks: Null] ]
04-01 08:46:47.187 663 794 D MultiInternetWifiNetworkFactory: got request NetworkRequest [ REQUEST id=7, [ Capabilities: INTERNET&NOT_RESTRICTED&TRUSTED&NOT_VCN_MANAGED&NOT_BANDWIDTH_CONSTRAINED Uid: 1000 RequestorUid: 1000 RequestorPkg: android UnderlyingNetworks: Null] ]
04-01 08:46:47.190 663 794 D MultiInternetWifiNetworkFactory: got request NetworkRequest [ REQUEST id=21, [ Capabilities: INTERNET&NOT_RESTRICTED&TRUSTED&NOT_VCN_MANAGED&NOT_BANDWIDTH_CONSTRAINED Uid: 10070 RequestorUid: 10070 RequestorPkg: com.android.systemui UnderlyingNetworks: Null] ]
04-01 08:46:47.193 663 688 V SystemServerTiming: broadcastIntent-0-android.intent.action.LOCKED_BOOT_COMPLETED took to complete: 12ms
04-01 08:46:47.200 663 688 I LockSettingsService: Unwrapping synthetic password for unsecured user 0
04-01 08:46:47.217 880 885 I ndroid.systemui: JIT allocated 79KB for compiled code of java.lang.Object com.android.systemui.dagger.DaggerReferenceGlobalRootComponent$ReferenceSysUIComponentImpl$SwitchingProvider.get0()
04-01 08:46:47.218 880 885 I ndroid.systemui: Compiler allocated 11MB to compile java.lang.Object com.android.systemui.dagger.DaggerReferenceGlobalRootComponent$ReferenceSysUIComponentImpl$SwitchingProvider.get0()
04-01 08:46:47.229 1188 1188 I id.ext.services: Using CollectorTypeCMC GC.
04-01 08:46:47.245 1188 1188 E id.ext.services: Not starting debugger since process cannot load the jdwp agent.
04-01 08:46:47.264 1188 1188 D nativeloader: Load libframework-connectivity-tiramisu-jni.so using APEX ns com_android_tethering for caller /apex/com.android.tethering/javalib/framework-connectivity-t.jar: ok
04-01 08:46:47.280 1168 1168 V GraphicsEnvironment: Currently set values for:
04-01 08:46:47.280 1168 1168 V GraphicsEnvironment: angle_gl_driver_selection_pkgs=[]
04-01 08:46:47.280 1168 1168 V GraphicsEnvironment: angle_gl_driver_selection_values=[]
04-01 08:46:47.280 1168 1168 V GraphicsEnvironment: Global.Settings values are invalid: number of packages: 0, number of values: 0
04-01 08:46:47.280 1168 1168 V GraphicsEnvironment: Neither updatable production driver nor prerelease driver is supported.
04-01 08:46:47.303 1 1 I init : Service 'exec 20 (/bin/rm -rf /data/per_boot)' (pid 1187) exited with status 0 waiting took 0.154000 seconds
04-01 08:46:47.303 1 1 I init : Sending signal 9 to service 'exec 20 (/bin/rm -rf /data/per_boot)' (pid 1187) process group...
04-01 08:46:47.305 1 1 I libprocessgroup: Removed cgroup /sys/fs/cgroup/uid_1000/pid_1187
04-01 08:46:47.308 162 162 W init : type=1400 audit(0.0:20): avc: denied { write } for name="features" dev="debugfs" ino=908 scontext=u:r:vendor_init:s0 tcontext=u:object_r:debugfs:s0 tclass=file permissive=0
04-01 08:46:47.310 1 1 I init : Encryption policy of /data/per_boot set to 1f3694a0f822f2fb9233eceebfacd67b v2 modes 1/4 flags 0x2
04-01 08:46:47.310 1 1 I init : processing action (sys.boot_completed=1) from (/vendor/etc/init/hw/init.am62p.rc:101)
04-01 08:46:47.315 1 1 I init : Command 'write /sys/kernel/debug/sched/features ENERGY_AWARE' action=sys.boot_completed=1 (/vendor/etc/init/hw/init.am62p.rc:104) took 1ms and failed: Unable to write to file '/sys/kernel/debug/sched/features': open() failed: Permission denied
04-01 08:46:47.316 287 319 I keystore2: system/security/keystore2/src/authorization.rs:128 - on_device_unlocked(user_id=0, password.is_some()=true)
04-01 08:46:47.316 287 319 I keystore2: system/security/keystore2/src/super_key.rs:1149 - unlock_user(user=0)
04-01 08:46:47.323 1 1 I zram0 : detected capacity change from 0 to 614400
04-01 08:46:47.332 252 252 D vold : fscrypt_unlock_ce_storage 0
04-01 08:46:47.332 252 252 D vold : Trying user CE key /data/misc/vold/user_keys/ce/0/current
04-01 08:46:47.341 252 252 D vold : Successfully retrieved key
04-01 08:46:47.342 252 252 D vold : Installed fscrypt key with ref 7effac8dbe6b60bef93fc86b0a60754b to /data
04-01 08:46:47.342 252 252 D vold : Installed CE key for user 0
04-01 08:46:47.348 663 688 I LockSettingsService: Unlocked CE storage for unsecured user 0
04-01 08:46:47.349 663 688 D SystemServerTiming: finishUserUnlocking-0
04-01 08:46:47.350 663 688 D ActivityManager: Started unlocking user 0
04-01 08:46:47.351 663 688 D ActivityManager: Unlocking user 0 progress 0
04-01 08:46:47.352 663 688 D ActivityManager: Unlocking user 0 progress 5
04-01 08:46:47.353 663 688 V SystemServerTiming: finishUserUnlocking-0 took to complete: 4ms
04-01 08:46:47.353 663 685 D SystemServerTiming: UM.onBeforeUnlockUser-0
04-01 08:46:47.353 663 685 D SystemServerTiming: prepareUserData-0
04-01 08:46:47.354 663 696 W ActivityManager: Slow operation: 239ms so far, now at startProcess: done updating battery stats
04-01 08:46:47.356 663 696 W ActivityManager: Slow operation: 241ms so far, now at startProcess: building log message
04-01 08:46:47.357 663 696 I ActivityManager: Start proc 1188:android.ext.services/u0a84 for on-hold
04-01 08:46:47.357 663 696 W ActivityManager: Slow operation: 242ms so far, now at startProcess: starting to update pids map
04-01 08:46:47.358 663 696 W ActivityManager: Slow operation: 243ms so far, now at startProcess: done updating pids map
04-01 08:46:47.359 663 695 W system_server: Long monitor contention with owner android.display (688) at void com.android.server.am.ActivityManagerService.finishBooting()(ActivityManagerService.java:5197) waiters=1 in void com.android.server.am.BroadcastQueueModernImpl.updateRunningList() for 175ms
04-01 08:46:47.361 663 685 D UserDataPreparer: Preparing user data; volumeUuid=null, userId=0, flags=0x2, isNewUser=false
04-01 08:46:47.364 252 252 D vold : fscrypt_prepare_user_storage for volume null, user 0, flags 2
04-01 08:46:47.365 663 1108 W system_server: Long monitor contention with owner android.display (688) at void com.android.server.am.ActivityManagerService.finishBooting()(ActivityManagerService.java:5197) waiters=2 in android.app.ContentProviderHolder com.android.server.am.ContentProviderHelper.getContentProviderImpl(android.app.IApplicationThread, java.lang.String, android.os.IBinder, int, java.lang.String, java.lang.String, boolean, int) for 166ms
04-01 08:46:47.365 252 252 D vold : Preparing: /data/system_ce/0
04-01 08:46:47.370 663 681 W com.android.internal.protolog.LogcatOnlyProtoLogImpl: ProtoLog message not processed. Failed to log it to proto. Logging it below to logcat instead.
04-01 08:46:47.370 880 1183 W ActivityThread: Failed to find provider info for media (user not unlocked)
04-01 08:46:47.370 663 681 V WindowManager: Binding proc android.ext.services with config {1.0 ?mcc0mnc [en_US] ldltr sw720dp w1280dp h720dp 240dpi xlrg long land ?uimode ?night -touch qwerty/v/v -nav/h winConfig={ mBounds=Rect(0, 0 - 1920, 1080) mAppBounds=Rect(0, 0 - 1920, 1080) mMaxBounds=Rect(0, 0 - 1920, 1080) mDisplayRotation=ROTATION_0 mWindowingMode=fullscreen mActivityType=undefined mAlwaysOnTop=undefined mRotation=ROTATION_0} s.2 ?fontWeightAdjustment}
04-01 08:46:47.375 252 252 I vold : Verified that /data/system_ce/0 has the encryption policy 7effac8dbe6b60bef93fc86b0a60754b v2 modes 1/4 flags 0x2
04-01 08:46:47.380 252 252 D vold : Preparing: /data/vendor_ce/0
04-01 08:46:47.382 252 252 I vold : Verified that /data/vendor_ce/0 has the encryption policy 7effac8dbe6b60bef93fc86b0a60754b v2 modes 1/4 flags 0x2
04-01 08:46:47.391 252 252 D vold : Preparing: /data/media/0
04-01 08:46:47.394 252 252 I vold : Verified that /data/media/0 has the encryption policy 7effac8dbe6b60bef93fc86b0a60754b v2 modes 1/4 flags 0x2
04-01 08:46:47.396 252 252 D vold : Preparing: /data/misc_ce/0
04-01 08:46:47.398 252 252 I vold : Verified that /data/misc_ce/0 has the encryption policy 7effac8dbe6b60bef93fc86b0a60754b v2 modes 1/4 flags 0x2
04-01 08:46:47.399 252 252 D vold : Preparing: /data/user/0
04-01 08:46:47.402 252 252 I vold : Verified that /data/user/0 has the encryption policy 7effac8dbe6b60bef93fc86b0a60754b v2 modes 1/4 flags 0x2
04-01 08:46:47.402 252 252 D vold : Starting restorecon of /data/system_ce/0
04-01 08:46:47.409 577 1020 D NuPlayerDriver: NuPlayerDriver(0xb4000078be5e6390) created, clientPid(880)
04-01 08:46:47.413 663 688 W PermissionService: getPermissionFlags: Unknown user -1
04-01 08:46:47.414 663 688 W PermissionService: getPermissionFlags: Unknown user -1
04-01 08:46:47.415 252 252 D vold : Finished restorecon of /data/system_ce/0
04-01 08:46:47.415 252 252 D vold : Starting restorecon of /data/vendor_ce/0
04-01 08:46:47.416 1200 1200 I selinux : SELinux: Skipping restorecon on directory(/data/system_ce/0)
04-01 08:46:47.418 243 243 I hwservicemanager: getTransport: Cannot find entry android.hardware.media.omx@1.0::IOmx/default in either framework or device VINTF manifest.
04-01 08:46:47.419 663 688 V ActivityManagerTiming: FinishBooting took to complete: 780ms
04-01 08:46:47.420 577 1020 D MediaPlayerService: OMX service is not available
04-01 08:46:47.423 252 252 D vold : Finished restorecon of /data/vendor_ce/0
04-01 08:46:47.424 252 252 D vold : Starting restorecon of /data/misc_ce/0
04-01 08:46:47.423 1204 1204 I selinux : SELinux: Skipping restorecon on directory(/data/vendor_ce/0)
04-01 08:46:47.429 880 880 W ConstraintSet: Unknown attribute 0x39 0
04-01 08:46:47.429 663 688 E WindowManager: Display reconfigured outside of a transition: Display{#0 state=ON size=1920x1080 ROTATION_0}
04-01 08:46:47.430 880 880 W ConstraintSet: Unknown attribute 0x39 0
04-01 08:46:47.434 252 252 D vold : Finished restorecon of /data/misc_ce/0
04-01 08:46:47.434 252 252 D vold : /system/bin/vold_prepare_subdirs
04-01 08:46:47.434 252 252 D vold : prepare
04-01 08:46:47.434 252 252 D vold :
04-01 08:46:47.434 252 252 D vold : 0
04-01 08:46:47.434 252 252 D vold : 2
04-01 08:46:47.435 1205 1205 I selinux : SELinux: Skipping restorecon on directory(/data/misc_ce/0)
04-01 08:46:47.444 880 880 W ConstraintSet: Unknown attribute 0x39 0
04-01 08:46:47.448 1 1 I mkswap : Swapspace size: 307196k, UUID=d529f4f1-bbb9-4b4c-a03d-666a3d01fad7
04-01 08:46:47.450 1 1 I : Adding 307196k swap on /dev/block/zram0. Priority:-2 extents:1 across:307196k SS
04-01 08:46:47.451 1 1 I init : Command 'swapon_all' action=sys.boot_completed=1 (/vendor/etc/init/hw/init.am62p.rc:107) took 136ms and succeeded
04-01 08:46:47.460 663 687 I DropBoxManagerService: add tag=system_server_strictmode isTagEnabled=true flags=0x2
04-01 08:46:47.479 585 585 I update_engine: [INFO:cleanup_previous_update_action.cc(192)] Boot completed, waiting on markBootSuccessful()
04-01 08:46:47.481 663 687 I DropBoxManagerService: add tag=system_server_strictmode isTagEnabled=true flags=0x2
04-01 08:46:47.483 663 687 I DropBoxManagerService: add tag=system_server_strictmode isTagEnabled=true flags=0x2
04-01 08:46:47.484 585 585 I update_engine: [INFO:boot_config.cpp(46)] [libfstab] Using Android DT directory /proc/device-tree/firmware/android/
04-01 08:46:47.486 663 663 W NotificationHistory: Attempted to add notif for locked/gone/disabled user 0
04-01 08:46:47.488 663 688 D ColorDisplayService: setUp: currentUser=0
04-01 08:46:47.489 663 687 I DropBoxManagerService: add tag=system_server_strictmode isTagEnabled=true flags=0x2
04-01 08:46:47.500 585 585 I update_engine: [INFO:snapshot.cpp(4017)] EnsureMetadataMounted does nothing in Android mode.
04-01 08:46:47.500 663 687 I DropBoxManagerService: add tag=system_server_strictmode isTagEnabled=true flags=0x2
04-01 08:46:47.502 585 585 I update_engine: [INFO:snapshot_stats.cpp(37)] Read merge statistics file failed: No such file or directory
04-01 08:46:47.513 663 687 I DropBoxManagerService: add tag=system_server_strictmode isTagEnabled=true flags=0x2
04-01 08:46:47.515 1 1 I init : processing action (sys.boot_completed=1 && sys.bootstat.first_boot_completed=0) from (/system/etc/init/bootstat.rc:67)
04-01 08:46:47.516 1 1 I init : starting service 'exec 21 (/system/bin/bootstat --record_boot_complete --record_boot_reason --record_time_since_factory_reset -l)'...
04-01 08:46:47.517 663 687 I DropBoxManagerService: add tag=system_server_strictmode isTagEnabled=true flags=0x2
04-01 08:46:47.519 663 687 I DropBoxManagerService: add tag=system_server_strictmode isTagEnabled=true flags=0x2
04-01 08:46:47.521 663 687 I DropBoxManagerService: add tag=system_server_strictmode isTagEnabled=true flags=0x2
04-01 08:46:47.523 663 687 I DropBoxManagerService: add tag=system_server_strictmode isTagEnabled=true flags=0x2
04-01 08:46:47.530 585 585 I update_engine: [INFO:cleanup_previous_update_action.cc(291)] Waiting for any previous merge request to complete. This can take up to several minutes.
04-01 08:46:47.538 577 1209 D GenericSource: FileSource remote
04-01 08:46:47.542 585 585 E update_engine: [ERROR:snapshot.cpp(3096)] Read state file failed: No such file or directory
04-01 08:46:47.547 1188 1188 D ApplicationLoaders: Returning zygote-cached class loader: /system_ext/framework/androidx.window.extensions.jar
04-01 08:46:47.547 1188 1188 D ApplicationLoaders: Returning zygote-cached class loader: /system_ext/framework/androidx.window.sidecar.jar
04-01 08:46:47.556 1168 1168 D nativeloader: Load /system/product/app/LatinIME/lib/arm64/libjni_latinime.so using ns product-clns-7 from class loader (caller=/product/app/LatinIME/LatinIME.apk): ok
04-01 08:46:47.561 585 585 E update_engine: [ERROR:snapshot.cpp(3096)] Read state file failed: No such file or directory
04-01 08:46:47.582 497 531 I netd : tetherGetStats() -> {[]} <66.80ms>
04-01 08:46:47.587 1168 1168 I LatinIME: Hardware accelerated drawing: true
04-01 08:46:47.589 585 585 E update_engine: [ERROR:snapshot.cpp(3096)] Read state file failed: No such file or directory
04-01 08:46:47.594 585 585 I update_engine: [INFO:snapshot.cpp(1148)] CheckMergeState for snapshots returned: None
04-01 08:46:47.607 1168 1168 D WindowTokenClient: Only apply configuration update to Resources because shouldReportConfigChange is false. context=com.android.inputmethod.latin.LatinIME@3c30435, config={1.0 ?mcc0mnc [en_US] ldltr sw720dp w1280dp h720dp 240dpi xlrg long land -touch qwerty/v/v -nav/h winConfig={ mBounds=Rect(0, 0 - 1920, 1080) mAppBounds=Rect(0, 0 - 1920, 1080) mMaxBounds=Rect(0, 0 - 1920, 1080) mDisplayRotation=ROTATION_0 mWindowingMode=fullscreen mActivityType=undefined mAlwaysOnTop=undefined mRotation=ROTATION_0} s.6 fontWeightAdjustment=0}, display ID=0
04-01 08:46:47.607 1168 1168 D WindowTokenClient: android.window.WindowTokenClient.onConfigurationChanged:159 android.window.WindowTokenClientController.onWindowContextTokenAttached:197 android.window.WindowTokenClientController.attachToDisplayArea:116 android.window.WindowContextController.attachToDisplayArea:108 android.window.WindowProviderService.attachBaseContext:218
04-01 08:46:47.617 585 585 I update_engine: [INFO:snapshot.cpp(1113)] ProcessUpdateState handling state: None
04-01 08:46:47.631 585 585 I update_engine: [INFO:cleanup_previous_update_action.cc(328)] Can't find any snapshot to merge.
04-01 08:46:47.636 880 1183 D RingtonePlayer: requesting AudioFocus
04-01 08:46:47.636 585 585 E update_engine: [ERROR:snapshot.cpp(3096)] Read state file failed: No such file or directory
04-01 08:46:47.640 1206 1206 D vold_prepare_subdirs: Setting up mode 771 uid 1000 gid 1000 context u:object_r:system_data_file:s0:c512,c768 on path: /data/user/0
04-01 08:46:47.643 1206 1206 D vold_prepare_subdirs: Setting up mode 771 uid 1000 gid 1000 context u:object_r:sdk_sandbox_system_data_file:s0:c512,c768 on path: /data/misc_ce/0/sdksandbox
04-01 08:46:47.643 1 1 I init : ... started service 'exec 21 (/system/bin/bootstat --record_boot_complete --record_boot_reason --record_time_since_factory_reset -l)' has pid 1210
04-01 08:46:47.644 1 1 I init : Command 'exec_background - system log -- /system/bin/bootstat --record_boot_complete --record_boot_reason --record_time_since_factory_reset -l' action=sys.boot_completed=1 && sys.bootstat.first_boot_completed=0 (/system/etc/init/bootstat.rc:72) took 128ms and succeeded
04-01 08:46:47.647 585 585 I update_engine: [INFO:cleanup_previous_update_action.cc(133)] Stopping/suspending/completing CleanupPreviousUpdateAction
04-01 08:46:47.652 663 732 I MediaFocusControl: requestAudioFocus() from uid/pid 10070/880 AA=USAGE_NOTIFICATION/CONTENT_TYPE_SONIFICATION clientId=android.media.AudioManager@4e7e778 callingPack=com.android.systemui req=3 flags=0x0 sdk=35
04-01 08:46:47.653 585 585 I update_engine: [INFO:cleanup_previous_update_action.cc(513)] Not reporting merge stats because state is None
04-01 08:46:47.653 1 1 I init : processing action (sys.boot_completed=1) from (/system/etc/init/dmesgd.rc:4)
04-01 08:46:47.666 1 1 I init : processing action (sys.boot_completed=1) from (/system/etc/init/flags_health_check.rc:7)
04-01 08:46:47.662 663 732 I AS.FadeOutManager: unfadeOutUid() uid:10070
04-01 08:46:47.662 1206 1206 D vold_prepare_subdirs: Setting up mode 700 uid 0 gid 0 context u:object_r:vold_data_file:s0 on path: /data/misc_ce/0/vold
04-01 08:46:47.668 880 1183 D RingtonePlayer: notification will be delayed by 500ms
04-01 08:46:47.669 1206 1206 D vold_prepare_subdirs: Setting up mode 700 uid 0 gid 0 context u:object_r:storaged_data_file:s0 on path: /data/misc_ce/0/storaged
04-01 08:46:47.669 585 585 I update_engine: [INFO:cleanup_previous_update_action.cc(133)] Stopping/suspending/completing CleanupPreviousUpdateAction
04-01 08:46:47.674 585 585 I update_engine: [INFO:action_processor.cc(116)] ActionProcessor: finished last action CleanupPreviousUpdateAction with code ErrorCode::kSuccess
04-01 08:46:47.680 1206 1206 D vold_prepare_subdirs: Setting up mode 700 uid 0 gid 0 context u:object_r:rollback_data_file:s0 on path: /data/misc_ce/0/rollback
04-01 08:46:47.683 1188 1188 D nativeloader: Configuring clns-shared-7 for other apk /apex/com.android.extservices/priv-app/ExtServices-sminus@AP4A.250105.002.A1/ExtServices-sminus.apk. target_sdk_version=35, uses_libraries=, library_path=/apex/com.android.extservices/priv-app/ExtServices-sminus@AP4A.250105.002.A1/lib/arm64:/apex/com.android.extservices/priv-app/ExtServices-sminus@AP4A.250105.002.A1/ExtServices-sminus.apk!/lib/arm64-v8a:/system/lib64, permitted_path=/data:/mnt/expand:/data/user/0/android.ext.services:/apex/com.android.extservices/priv-app/ExtServices-sminus@AP4A.250105.002.A1:/system/lib64
04-01 08:46:47.688 1188 1188 D nativeloader: InitApexLibraries:
04-01 08:46:47.688 1188 1188 D nativeloader: com_android_adservices: libhpke_jni.so:libtflite_support_classifiers_native.so
04-01 08:46:47.688 1188 1188 D nativeloader: com_android_appsearch: libicing.so
04-01 08:46:47.688 1188 1188 D nativeloader: com_android_art: libartservice.so
04-01 08:46:47.688 1188 1188 D nativeloader: com_android_btservices: libbluetooth_jni.so
04-01 08:46:47.688 1188 1188 D nativeloader: com_android_conscrypt: libjavacrypto.so
04-01 08:46:47.688 1188 1188 D nativeloader: com_android_extservices: libtflite_support_classifiers_native.so
04-01 08:46:47.688 1188 1188 D nativeloader: com_android_mediaprovider: libpdfclient.so
04-01 08:46:47.688 1188 1188 D nativeloader: com_android_nfcservices: libnfc_nci_jni.so
04-01 08:46:47.688 1188 1188 D nativeloader: com_android_ondevicepersonalization: libfcp_cpp_dep_jni.so:libfcp_hpke_jni.so
04-01 08:46:47.688 1188 1188 D nativeloader: com_android_os_statsd: libstats_jni.so
04-01 08:46:47.688 1188 1188 D nativeloader: com_android_tethering: libandroid_net_connectivity_com_android_net_module_util_jni.so:libcrypto.so:libframework-connectivity-jni.so:libframework-connectivity-tiramisu-jni.so:libmainlinecronet.126.0.6423.0.so:libservice-connectivity.so:libservice-thread-jni.so:libssl.so
04-01 08:46:47.688 1188 1188 D nativeloader: com_android_uwb: libuwb_uci_jni_rust.so
04-01 08:46:47.688 1188 1188 D nativeloader: com_android_virt: libvirtualizationservice_jni.so:libvirtualmachine_jni.so
04-01 08:46:47.700 1206 1206 D vold_prepare_subdirs: Setting up mode 700 uid 0 gid 0 context u:object_r:apex_rollback_data_file:s0 on path: /data/misc_ce/0/apexrollback
04-01 08:46:47.709 582 877 D BufferPoolAccessor2.0: evictor expired: 2, evicted: 0
04-01 08:46:47.718 1206 1206 D vold_prepare_subdirs: Setting up mode 711 uid 0 gid 0 context u:object_r:apex_module_data_file:s0 on path: /data/misc_ce/0/apexdata
04-01 08:46:47.720 585 585 I update_engine: [INFO:update_attempter_android.cc(711)] Processing Done.
04-01 08:46:47.730 1206 1206 D vold_prepare_subdirs: Setting up mode 771 uid 0 gid 1000 context u:object_r:apex_module_data_file:s0 on path: /data/misc_ce/0/apexdata/com.android.adbd
04-01 08:46:47.735 1206 1206 D vold_prepare_subdirs: Setting up mode 771 uid 0 gid 1000 context u:object_r:apex_module_data_file:s0 on path: /data/misc_ce/0/apexdata/com.android.adservices
04-01 08:46:47.740 1188 1188 D CompatChangeReporter: Compat change id reported: 202956589; UID 10084; state: ENABLED
04-01 08:46:47.742 1206 1206 D vold_prepare_subdirs: Setting up mode 771 uid 0 gid 1000 context u:object_r:apex_module_data_file:s0 on path: /data/misc_ce/0/apexdata/com.android.apex.cts.shim
04-01 08:46:47.748 1206 1206 D vold_prepare_subdirs: Setting up mode 771 uid 0 gid 1000 context u:object_r:apex_system_server_data_file:s0 on path: /data/misc_ce/0/apexdata/com.android.appsearch
04-01 08:46:47.754 1206 1206 D vold_prepare_subdirs: Setting up mode 771 uid 0 gid 1000 context u:object_r:apex_module_data_file:s0 on path: /data/misc_ce/0/apexdata/com.android.art
04-01 08:46:47.761 1206 1206 D vold_prepare_subdirs: Setting up mode 771 uid 0 gid 1000 context u:object_r:apex_module_data_file:s0 on path: /data/misc_ce/0/apexdata/com.android.btservices
04-01 08:46:47.770 1206 1206 D vold_prepare_subdirs: Setting up mode 771 uid 0 gid 1000 context u:object_r:apex_module_data_file:s0 on path: /data/misc_ce/0/apexdata/com.android.compos
04-01 08:46:47.783 1206 1206 D vold_prepare_subdirs: Setting up mode 771 uid 0 gid 1000 context u:object_r:apex_module_data_file:s0 on path: /data/misc_ce/0/apexdata/com.android.configinfrastructure
04-01 08:46:47.787 1206 1206 D vold_prepare_subdirs: Setting up mode 771 uid 0 gid 1000 context u:object_r:apex_module_data_file:s0 on path: /data/misc_ce/0/apexdata/com.android.conscrypt
04-01 08:46:47.788 585 585 I update_engine: [INFO:update_attempter_android.cc(964)] Clearing update complete marker.
04-01 08:46:47.738 1 1 I init : Command 'setprop persist.device_config.attempted_boot_count 0' action=sys.boot_completed=1 (/system/etc/init/flags_health_check.rc:8) took 72ms and succeeded
04-01 08:46:47.794 1206 1206 D vold_prepare_subdirs: Setting up mode 771 uid 0 gid 1000 context u:object_r:apex_module_data_file:s0 on path: /data/misc_ce/0/apexdata/com.android.devicelock
04-01 08:46:47.739 1 1 I init : processing action (persist.dbg.keep_debugfs_mounted= && ro.product.debugfs_restrictions.enabled=true && sys.boot_completed=1) from (/system/etc/init/init-debug.rc:15)
04-01 08:46:47.752 1 1 I init : processing action (sys.boot_completed=1) from (/system/etc/init/lmkd.rc:13)
04-01 08:46:47.798 585 585 I update_engine: [INFO:update_attempter_android.cc(859)] Terminating cleanup previous update.
04-01 08:46:47.801 1206 1206 D vold_prepare_subdirs: Setting up mode 771 uid 0 gid 1000 context u:object_r:apex_module_data_file:s0 on path: /data/misc_ce/0/apexdata/com.android.extservices
04-01 08:46:47.804 1206 1206 D vold_prepare_subdirs: Setting up mode 771 uid 0 gid 1000 context u:object_r:apex_module_data_file:s0 on path: /data/misc_ce/0/apexdata/com.android.hardware.audio.ti
04-01 08:46:47.807 1 1 I init : starting service 'exec 22 (/system/bin/lmkd --boot_completed)'...
04-01 08:46:47.812 1168 1168 D DesktopModeFlagsUtil: Toggle override initialized to: OVERRIDE_UNSET
04-01 08:46:47.813 1206 1206 D vold_prepare_subdirs: Setting up mode 771 uid 0 gid 1000 context u:object_r:apex_module_data_file:s0 on path: /data/misc_ce/0/apexdata/com.android.hardware.boot
04-01 08:46:47.814 663 1023 D BufferPoolAccessor2.0: bufferpool2 0xb400007413af2618 : 0(0 size) total buffers - 0(0 size) used buffers - 2/7 (recycle/alloc) - 5/18 (fetch/transfer)
04-01 08:46:47.814 663 1023 D BufferPoolAccessor2.0: evictor expired: 1, evicted: 1
04-01 08:46:47.818 1188 1188 V GraphicsEnvironment: Currently set values for:
04-01 08:46:47.818 1188 1188 V GraphicsEnvironment: angle_gl_driver_selection_pkgs=[]
04-01 08:46:47.818 1188 1188 V GraphicsEnvironment: angle_gl_driver_selection_values=[]
04-01 08:46:47.818 1188 1188 V GraphicsEnvironment: Global.Settings values are invalid: number of packages: 0, number of values: 0
04-01 08:46:47.818 1188 1188 V GraphicsEnvironment: Neither updatable production driver nor prerelease driver is supported.
04-01 08:46:47.821 1206 1206 D vold_prepare_subdirs: Setting up mode 771 uid 0 gid 1000 context u:object_r:apex_module_data_file:s0 on path: /data/misc_ce/0/apexdata/com.android.hardware.camera.libcamera
04-01 08:46:47.832 1168 1168 W InputAttributes: No editor info for this field. Bug?
04-01 08:46:47.832 1206 1206 D vold_prepare_subdirs: Setting up mode 771 uid 0 gid 1000 context u:object_r:apex_module_data_file:s0 on path: /data/misc_ce/0/apexdata/com.android.hardware.cas
04-01 08:46:47.835 1206 1206 D vold_prepare_subdirs: Setting up mode 771 uid 0 gid 1000 context u:object_r:apex_module_data_file:s0 on path: /data/misc_ce/0/apexdata/com.android.hardware.drm.clearkey
04-01 08:46:47.838 1206 1206 D vold_prepare_subdirs: Setting up mode 771 uid 0 gid 1000 context u:object_r:apex_module_data_file:s0 on path: /data/misc_ce/0/apexdata/com.android.hardware.power
04-01 08:46:47.846 1206 1206 D vold_prepare_subdirs: Setting up mode 771 uid 0 gid 1000 context u:object_r:apex_module_data_file:s0 on path: /data/misc_ce/0/apexdata/com.android.hardware.thermal.ti
04-01 08:46:47.849 1206 1206 D vold_prepare_subdirs: Setting up mode 771 uid 0 gid 1000 context u:object_r:apex_module_data_file:s0 on path: /data/misc_ce/0/apexdata/com.android.hardware.usb.generic
04-01 08:46:47.853 1 1 I init : ... started service 'exec 22 (/system/bin/lmkd --boot_completed)' has pid 1215
04-01 08:46:47.853 1 1 I init : Command 'exec_background /system/bin/lmkd --boot_completed' action=sys.boot_completed=1 (/system/etc/init/lmkd.rc:14) took 101ms and succeeded
04-01 08:46:47.855 1206 1206 D vold_prepare_subdirs: Setting up mode 771 uid 0 gid 1000 context u:object_r:apex_module_data_file:s0 on path: /data/misc_ce/0/apexdata/com.android.healthfitness
04-01 08:46:47.854 1 1 I init : processing action (sys.boot_completed=1) from (/system/etc/init/logd.rc:34)
04-01 08:46:47.855 1 1 I init : starting service 'logd-auditctl'...
04-01 08:46:47.866 1206 1206 D vold_prepare_subdirs: Setting up mode 771 uid 0 gid 1000 context u:object_r:apex_module_data_file:s0 on path: /data/misc_ce/0/apexdata/com.android.i18n
04-01 08:46:47.888 1206 1206 D vold_prepare_subdirs: Setting up mode 771 uid 0 gid 1000 context u:object_r:apex_module_data_file:s0 on path: /data/misc_ce/0/apexdata/com.android.ipsec
04-01 08:46:47.897 1168 1218 I LatinIME:LogUtils: Dictionary info: dictionary = UserHistoryDictionary.en_US ; version = 1743497207 ; date = ?
04-01 08:46:47.899 1168 1218 I LatinIME:LogUtils: Dictionary info: dictionary = userunigram.en_US ; version = 1743497207 ; date = ?
04-01 08:46:47.913 1206 1206 D vold_prepare_subdirs: Setting up mode 771 uid 0 gid 1000 context u:object_r:apex_module_data_file:s0 on path: /data/misc_ce/0/apexdata/com.android.media
04-01 08:46:47.916 1168 1218 W ActivityThread: Failed to find provider info for user_dictionary (user not unlocked)
04-01 08:46:47.921 1 1 I init : ... started service 'logd-auditctl' has pid 1219
04-01 08:46:47.921 1 1 I init : Command 'start logd-auditctl' action=sys.boot_completed=1 (/system/etc/init/logd.rc:35) took 66ms and succeeded
04-01 08:46:47.921 1 1 I init : processing action (sys.boot_completed=1 && sys.wifitracing.started=0) from (/system/etc/init/wifi.rc:28)
04-01 08:46:47.916 1210 1210 I bootstat: Service started: /system/bin/bootstat --record_boot_complete --record_boot_reason --record_time_since_factory_reset -l
04-01 08:46:47.927 1206 1206 D vold_prepare_subdirs: Setting up mode 771 uid 0 gid 1000 context u:object_r:apex_module_data_file:s0 on path: /data/misc_ce/0/apexdata/com.android.media.swcodec
04-01 08:46:47.954 1210 1210 I bootstat: Unknown boot reason: shutdown,shell
04-01 08:46:47.928 1 1 E selinux : SELinux: Could not get canonical path for /sys/kernel/debug/tracing/instances/wifi restorecon: No such file or directory.
04-01 08:46:47.967 1210 1210 W bootstat: LogBootEvents, atomInfo not defined for events:last_boot_time_utc,build_date,ro.boottime.init.cold_boot_wait,boot_reason,system_boot_reason,time_since_last_boot
04-01 08:46:47.985 1206 1206 D vold_prepare_subdirs: Setting up mode 771 uid 0 gid 1000 context u:object_r:apex_module_data_file:s0 on path: /data/misc_ce/0/apexdata/com.android.mediaprovider
04-01 08:46:47.987 1168 1168 W HWUI : Unknown dataspace 0
04-01 08:46:47.994 1206 1206 D vold_prepare_subdirs: Setting up mode 771 uid 0 gid 1000 context u:object_r:apex_module_data_file:s0 on path: /data/misc_ce/0/apexdata/com.android.neuralnetworks
04-01 08:46:47.995 1 1 I init : Service 'exec 21 (/system/bin/bootstat --record_boot_complete --record_boot_reason --record_time_since_factory_reset -l)' (pid 1210) exited with status 0 oneshot service took 0.420000 seconds in background
04-01 08:46:47.995 1 1 I init : Sending signal 9 to service 'exec 21 (/system/bin/bootstat --record_boot_complete --record_boot_reason --record_time_since_factory_reset -l)' (pid 1210) process group...
04-01 08:46:47.997 1 1 I libprocessgroup: Removed cgroup /sys/fs/cgroup/uid_1000/pid_1210
04-01 08:46:48.011 1206 1206 D vold_prepare_subdirs: Setting up mode 771 uid 0 gid 1000 context u:object_r:apex_module_data_file:s0 on path: /data/misc_ce/0/apexdata/com.android.nfcservices
04-01 08:46:48.031 1168 1168 D WindowTokenClient: Configuration not dispatch to IME because configuration is up to date. Current config={1.0 ?mcc0mnc [en_US] ldltr sw720dp w1280dp h720dp 240dpi xlrg long land -touch qwerty/v/v -nav/h winConfig={ mBounds=Rect(0, 0 - 1920, 1080) mAppBounds=Rect(0, 0 - 1920, 1080) mMaxBounds=Rect(0, 0 - 1920, 1080) mDisplayRotation=ROTATION_0 mWindowingMode=fullscreen mActivityType=undefined mAlwaysOnTop=undefined mRotation=ROTATION_0} s.6 fontWeightAdjustment=0}, reported config={1.0 ?mcc0mnc [en_US] ldltr sw720dp w1280dp h720dp 240dpi xlrg long land -touch qwerty/v/v -nav/h winConfig={ mBounds=Rect(0, 0 - 1920, 1080) mAppBounds=Rect(0, 0 - 1920, 1080) mMaxBounds=Rect(0, 0 - 1920, 1080) mDisplayRotation=ROTATION_0 mWindowingMode=fullscreen mActivityType=undefined mAlwaysOnTop=undefined mRotation=ROTATION_0} s.6 fontWeightAdjustment=0}, updated config={1.0 ?mcc0mnc [en_US] ldltr sw720dp w1280dp h720dp 240dpi xlrg long land -touch qwerty/v/v -nav/h winConfig={ mBounds=Rect(0, 0 - 1920, 1080) mAppBounds=Rect(0, 0 - 1920, 1080) mMaxBounds=Rect(0, 0 - 1920, 1080) mDisplayRotation=ROTATION_0 mWindowingMode=fullscreen mActivityType=undefined mAlwaysOnTop=undefined mRotation=ROTATION_0} s.6 fontWeightAdjustment=0}, updated display ID=0
04-01 08:46:48.031 1168 1168 D WindowTokenClient: Configuration not dispatch to IME because configuration is up to date. Current config={1.0 ?mcc0mnc [en_US] ldltr sw720dp w1280dp h720dp 240dpi xlrg long land -touch qwerty/v/v -nav/h winConfig={ mBounds=Rect(0, 0 - 1920, 1080) mAppBounds=Rect(0, 0 - 1920, 1080) mMaxBounds=Rect(0, 0 - 1920, 1080) mDisplayRotation=ROTATION_0 mWindowingMode=fullscreen mActivityType=undefined mAlwaysOnTop=undefined mRotation=ROTATION_0} s.6 fontWeightAdjustment=0}, reported config={1.0 ?mcc0mnc [en_US] ldltr sw720dp w1280dp h720dp 240dpi xlrg long land -touch qwerty/v/v -nav/h winConfig={ mBounds=Rect(0, 0 - 1920, 1080) mAppBounds=Rect(0, 0 - 1920, 1080) mMaxBounds=Rect(0, 0 - 1920, 1080) mDisplayRotation=ROTATION_0 mWindowingMode=fullscreen mActivityType=undefined mAlwaysOnTop=undefined mRotation=ROTATION_0} s.6 fontWeightAdjustment=0}, updated config={1.0 ?mcc0mnc [en_US] ldltr sw720dp w1280dp h720dp 240dpi xlrg long land -touch qwerty/v/v -nav/h winConfig={ mBounds=Rect(0, 0 - 1920, 1080) mAppBounds=Rect(0, 0 - 1920, 1080) mMaxBounds=Rect(0, 0 - 1920, 1080) mDisplayRotation=ROTATION_0 mWindowingMode=fullscreen mActivityType=undefined mAlwaysOnTop=undefined mRotation=ROTATION_0} s.6 fontWeightAdjustment=0}, updated display ID=0
04-01 08:46:48.046 663 681 D CoreBackPreview: Window{6f3ccd7 u0 InputMethod}: Setting back callback OnBackInvokedCallbackInfo{mCallback=android.window.IOnBackInvokedCallback$Stub$Proxy@da26aa9, mPriority=0, mIsAnimationCallback=false}
04-01 08:46:48.055 1206 1206 D vold_prepare_subdirs: Setting up mode 771 uid 0 gid 1000 context u:object_r:apex_module_data_file:s0 on path: /data/misc_ce/0/apexdata/com.android.ondevicepersonalization
04-01 08:46:48.062 1168 1218 I LatinIME:LogUtils: Dictionary info: dictionary = main:en ; version = 54 ; date = 1414726273
04-01 08:46:48.072 1 1 I init : Service 'logd-auditctl' (pid 1219) exited with status 0 oneshot service took 0.168000 seconds in background
04-01 08:46:48.072 1 1 I init : Sending signal 9 to service 'logd-auditctl' (pid 1219) process group...
04-01 08:46:48.072 1 1 I libprocessgroup: Removed cgroup /sys/fs/cgroup/uid_1036/pid_1219
04-01 08:46:48.069 1206 1206 D vold_prepare_subdirs: Setting up mode 771 uid 0 gid 1000 context u:object_r:apex_module_data_file:s0 on path: /data/misc_ce/0/apexdata/com.android.os.statsd
04-01 08:46:48.071 1188 1188 D CompatChangeReporter: Compat change id reported: 303742236; UID 10084; state: ENABLED
04-01 08:46:48.085 1206 1206 D vold_prepare_subdirs: Setting up mode 771 uid 0 gid 1000 context u:object_r:apex_system_server_data_file:s0 on path: /data/misc_ce/0/apexdata/com.android.permission
04-01 08:46:48.094 1206 1206 D vold_prepare_subdirs: Setting up mode 771 uid 0 gid 1000 context u:object_r:apex_module_data_file:s0 on path: /data/misc_ce/0/apexdata/com.android.profiling
04-01 08:46:48.097 663 1108 D OomAdjuster: Not killing cached processes
04-01 08:46:48.099 663 663 V NotificationManagerService.NotificationAssistants: 0 notification assistant service connected: ComponentInfo{android.ext.services/android.ext.services.notification.Assistant}
04-01 08:46:48.106 1206 1206 D vold_prepare_subdirs: Setting up mode 771 uid 0 gid 1000 context u:object_r:apex_module_data_file:s0 on path: /data/misc_ce/0/apexdata/com.android.resolv
04-01 08:46:48.114 1206 1206 D vold_prepare_subdirs: Setting up mode 771 uid 0 gid 1000 context u:object_r:apex_module_data_file:s0 on path: /data/misc_ce/0/apexdata/com.android.rkpd
04-01 08:46:48.121 1206 1206 D vold_prepare_subdirs: Setting up mode 771 uid 0 gid 1000 context u:object_r:apex_module_data_file:s0 on path: /data/misc_ce/0/apexdata/com.android.runtime
04-01 08:46:48.133 241 241 I lowmemorykiller: lmkd data connection established
04-01 08:46:48.146 241 241 I lowmemorykiller: Using memevents for direct reclaim and kswapd detection
04-01 08:46:48.147 1206 1206 D vold_prepare_subdirs: Setting up mode 771 uid 0 gid 1000 context u:object_r:apex_module_data_file:s0 on path: /data/misc_ce/0/apexdata/com.android.scheduling
04-01 08:46:48.147 241 241 I lowmemorykiller: lmkd data connection dropped
04-01 08:46:48.147 241 241 I lowmemorykiller: closing lmkd data connection
04-01 08:46:48.149 1206 1206 D vold_prepare_subdirs: Setting up mode 771 uid 0 gid 1000 context u:object_r:apex_module_data_file:s0 on path: /data/misc_ce/0/apexdata/com.android.sdkext
04-01 08:46:48.150 663 663 I ExplicitHealthCheckController: Explicit health check service is connected ComponentInfo{android.ext.services/android.ext.services.watchdog.ExplicitHealthCheckServiceImpl}
04-01 08:46:48.151 663 663 I ExplicitHealthCheckController: Service initialized, syncing requests
04-01 08:46:48.152 663 663 I PackageWatchdog: Syncing health check requests for packages: {}
04-01 08:46:48.152 663 663 D ExplicitHealthCheckController: Getting health check supported packages
04-01 08:46:48.158 1206 1206 D vold_prepare_subdirs: Setting up mode 771 uid 0 gid 1000 context u:object_r:apex_module_data_file:s0 on path: /data/misc_ce/0/apexdata/com.android.tethering
04-01 08:46:48.168 1206 1206 D vold_prepare_subdirs: Setting up mode 771 uid 0 gid 1000 context u:object_r:apex_module_data_file:s0 on path: /data/misc_ce/0/apexdata/com.android.tzdata
04-01 08:46:48.166 1 1 I init : Service 'exec 22 (/system/bin/lmkd --boot_completed)' (pid 1215) exited with status 0 oneshot service took 0.341000 seconds in background
04-01 08:46:48.166 1 1 I init : Sending signal 9 to service 'exec 22 (/system/bin/lmkd --boot_completed)' (pid 1215) process group...
04-01 08:46:48.167 1 1 I libprocessgroup: Removed cgroup /sys/fs/cgroup/uid_0/pid_1215
04-01 08:46:48.171 1206 1206 D vold_prepare_subdirs: Setting up mode 771 uid 0 gid 1000 context u:object_r:apex_system_server_data_file:s0 on path: /data/misc_ce/0/apexdata/com.android.uwb
04-01 08:46:48.174 1206 1206 D vold_prepare_subdirs: Setting up mode 771 uid 0 gid 1000 context u:object_r:apex_module_data_file:s0 on path: /data/misc_ce/0/apexdata/com.android.virt
04-01 08:46:48.178 663 732 I ExplicitHealthCheckController: Explicit health check supported packages [PackageConfig{com.android.networkstack, 86400000}]
04-01 08:46:48.178 663 732 D PackageWatchdog: Received supported packages [PackageConfig{com.android.networkstack, 86400000}]
04-01 08:46:48.178 663 732 D ExplicitHealthCheckController: Getting health check requested packages
04-01 08:46:48.182 663 1108 I ExplicitHealthCheckController: Explicit health check requested packages []
04-01 08:46:48.183 1206 1206 D vold_prepare_subdirs: Setting up mode 771 uid 0 gid 1000 context u:object_r:apex_system_server_data_file:s0 on path: /data/misc_ce/0/apexdata/com.android.wifi
04-01 08:46:48.183 663 1108 I ExplicitHealthCheckController: No more health check requests, unbinding...
04-01 08:46:48.185 663 1108 D CompatChangeReporter: Compat change id reported: 311208629; UID 10084; state: ENABLED
04-01 08:46:48.185 1206 1206 D vold_prepare_subdirs: Setting up mode 771 uid 0 gid 1000 context u:object_r:apex_module_data_file:s0 on path: /data/misc_ce/0/apexdata/com.google.cf.health
04-01 08:46:48.187 1206 1206 D vold_prepare_subdirs: Setting up mode 771 uid 0 gid 1000 context u:object_r:apex_module_data_file:s0 on path: /data/misc_ce/0/apexdata/com.google.cf.health.storage
04-01 08:46:48.187 663 1108 I ExplicitHealthCheckController: Explicit health check service is unbound
04-01 08:46:48.189 1206 1206 D vold_prepare_subdirs: Setting up mode 770 uid 1000 gid 2001 context u:object_r:checkin_data_file:s0:c512,c768 on path: /data/misc_ce/0/checkin
04-01 08:46:48.180 1 1 W init : type=1400 audit(0.0:21): avc: denied { write } for name="net" dev="tracefs" ino=15572 scontext=u:r:init:s0 tcontext=u:object_r:debugfs_wifi_tracing:s0 tclass=dir permissive=0
04-01 08:46:48.193 1206 1206 D vold_prepare_subdirs: Setting up mode 700 uid 1000 gid 1000 context u:object_r:backup_data_file:s0 on path: /data/system_ce/0/backup
04-01 08:46:48.195 1206 1206 D vold_prepare_subdirs: Setting up mode 700 uid 1000 gid 1000 context u:object_r:backup_data_file:s0 on path: /data/system_ce/0/backup_stage
04-01 08:46:48.197 1206 1206 D vold_prepare_subdirs: Setting up mode 700 uid 1000 gid 1000 context u:object_r:face_vendor_data_file:s0 on path: /data/vendor_ce/0/facedata
04-01 08:46:48.198 880 1183 D RingtonePlayer: player.start piid:175
04-01 08:46:48.198 577 1202 I GenericSource: start
04-01 08:46:48.200 880 1181 W RingtonePlayer: Notification sound delayed by 1262msecs
04-01 08:46:48.215 663 685 V UserDataPreparer: Found /data/user/0 with serial number 0
04-01 08:46:48.219 663 685 V UserDataPreparer: Found /data/system_ce/0 with serial number 0
04-01 08:46:48.220 577 1224 D CCodec : allocate(c2.android.vorbis.decoder)
04-01 08:46:48.226 577 1224 I CCodec : setting up 'default' as default (vendor) store
04-01 08:46:48.227 663 685 D UserDataPreparer: Setting property: sys.user.0.ce_available=true
04-01 08:46:48.237 663 685 V SystemServerTiming: prepareUserData-0 took to complete: 884ms
04-01 08:46:48.238 663 685 D SystemServerTiming: reconcileAppsData-0
04-01 08:46:48.238 663 685 V PackageManager: reconcileAppsData for null u0 0x2 migrateAppData=false
04-01 08:46:48.240 663 1046 D BufferPoolAccessor2.0: bufferpool2 0xb400007413af0a58 : 0(0 size) total buffers - 0(0 size) used buffers - 2/7 (recycle/alloc) - 5/24 (fetch/transfer)
04-01 08:46:48.241 663 738 D BufferPoolAccessor2.0: Destruction - bufferpool2 0xb400007413af0a58 cached: 0/0M, 0/0% in use; allocs: 7, 29% recycled; transfers: 24, 79% unfetched
04-01 08:46:48.243 577 1224 I CCodec : Created component [c2.android.vorbis.decoder]
04-01 08:46:48.244 577 1224 D CCodecConfig: read media type: audio/vorbis
04-01 08:46:48.248 663 685 W PackageManager: Skipping preparing app data for com.android.configinfrastructure
04-01 08:46:48.248 663 685 W PackageManager: Skipping preparing app data for com.android.appsearch
04-01 08:46:48.248 663 685 W PackageManager: Skipping preparing app data for com.android.hardware.boot
04-01 08:46:48.249 663 685 W PackageManager: Skipping preparing app data for com.android.hardware.power
04-01 08:46:48.249 663 685 W PackageManager: Skipping preparing app data for com.google.cf.health.storage
04-01 08:46:48.249 663 685 W PackageManager: Skipping preparing app data for com.android.hardware.usb.generic
04-01 08:46:48.249 663 685 W PackageManager: Skipping preparing app data for com.android.adservices
04-01 08:46:48.249 663 685 W PackageManager: Skipping preparing app data for com.android.scheduling
04-01 08:46:48.249 663 685 W PackageManager: Skipping preparing app data for com.android.permission
04-01 08:46:48.249 663 685 W PackageManager: Skipping preparing app data for com.android.profiling
04-01 08:46:48.249 663 685 W PackageManager: Skipping preparing app data for com.android.art
04-01 08:46:48.250 663 685 W PackageManager: Skipping preparing app data for com.android.uwb
04-01 08:46:48.250 663 685 W PackageManager: Skipping preparing app data for com.android.tethering
04-01 08:46:48.250 663 685 W PackageManager: Skipping preparing app data for com.android.btservices
04-01 08:46:48.250 663 685 W PackageManager: Skipping preparing app data for com.android.media.swcodec
04-01 08:46:48.250 663 685 W PackageManager: Skipping preparing app data for com.android.conscrypt
04-01 08:46:48.250 663 685 W PackageManager: Skipping preparing app data for com.android.adbd
04-01 08:46:48.253 577 1224 D ReflectedParamUpdater: extent() != 1 for single value type: algo.buffers.max-count.values
04-01 08:46:48.254 577 1224 D ReflectedParamUpdater: extent() != 1 for single value type: output.subscribed-indices.values
04-01 08:46:48.254 577 1224 D ReflectedParamUpdater: extent() != 1 for single value type: input.buffers.allocator-ids.values
04-01 08:46:48.255 577 1224 D ReflectedParamUpdater: extent() != 1 for single value type: output.buffers.allocator-ids.values
04-01 08:46:48.255 577 1224 D ReflectedParamUpdater: extent() != 1 for single value type: algo.buffers.allocator-ids.values
04-01 08:46:48.257 663 685 W PackageManager: Skipping preparing app data for com.android.i18n
04-01 08:46:48.258 663 685 W PackageManager: Skipping preparing app data for com.android.rkpd
04-01 08:46:48.258 663 685 W PackageManager: Skipping preparing app data for com.android.virt
04-01 08:46:48.258 663 685 W PackageManager: Skipping preparing app data for com.android.wifi
04-01 08:46:48.258 577 1224 D ReflectedParamUpdater: extent() != 1 for single value type: output.buffers.pool-ids.values
04-01 08:46:48.258 663 685 W PackageManager: Skipping preparing app data for com.android.runtime
04-01 08:46:48.258 663 685 W PackageManager: Skipping preparing app data for com.android.devicelock
04-01 08:46:48.258 663 685 W PackageManager: Skipping preparing app data for com.android.apex.cts.shim
04-01 08:46:48.258 663 685 W PackageManager: Skipping preparing app data for com.android.compos
04-01 08:46:48.259 663 685 W PackageManager: Skipping preparing app data for com.android.neuralnetworks
04-01 08:46:48.259 663 685 W PackageManager: Skipping preparing app data for com.android.healthfitness
04-01 08:46:48.259 577 1224 D ReflectedParamUpdater: extent() != 1 for single value type: algo.buffers.pool-ids.values
04-01 08:46:48.259 663 685 W PackageManager: Skipping preparing app data for com.android.hardware.cas
04-01 08:46:48.224 1 1 W init : type=1400 audit(0.0:22): avc: denied { write } for name="net_dev_queue" dev="tracefs" ino=13133 scontext=u:r:init:s0 tcontext=u:object_r:debugfs_wifi_tracing:s0 tclass=dir permissive=0
04-01 08:46:48.224 1 1 W init : type=1400 audit(0.0:23): avc: denied { write } for name="net_dev_xmit" dev="tracefs" ino=13136 scontext=u:r:init:s0 tcontext=u:object_r:debugfs_wifi_tracing:s0 tclass=dir permissive=0
04-01 08:46:48.256 1 1 W init : type=1400 audit(0.0:24): avc: denied { write } for name="netif_rx" dev="tracefs" ino=13139 scontext=u:r:init:s0 tcontext=u:object_r:debugfs_wifi_tracing:s0 tclass=dir permissive=0
04-01 08:46:48.264 1 1 W init : type=1400 audit(0.0:25): avc: denied { write } for name="netif_receive_skb" dev="tracefs" ino=13142 scontext=u:r:init:s0 tcontext=u:object_r:debugfs_wifi_tracing:s0 tclass=dir permissive=0
04-01 08:46:48.290 1 1 I init : processing action (bootreceiver.enable=1 && dmesgd.start=1 && ro.product.cpu.abilist64=*) from (/system/etc/init/dmesgd.rc:12)
04-01 08:46:48.261 663 685 W PackageManager: Skipping preparing app data for com.android.hardware.thermal.ti
04-01 08:46:48.261 663 685 W PackageManager: Skipping preparing app data for com.android.resolv
04-01 08:46:48.261 663 685 W PackageManager: Skipping preparing app data for com.android.sdkext
04-01 08:46:48.261 663 685 W PackageManager: Skipping preparing app data for com.android.tzdata
04-01 08:46:48.262 663 685 W PackageManager: Skipping preparing app data for com.android.os.statsd
04-01 08:46:48.262 663 685 W PackageManager: Skipping preparing app data for com.android.hardware.camera.libcamera
04-01 08:46:48.262 663 685 W PackageManager: Skipping preparing app data for com.android.extservices
04-01 08:46:48.262 663 685 W PackageManager: Skipping preparing app data for com.android.hardware.drm.clearkey
04-01 08:46:48.262 663 685 W PackageManager: Skipping preparing app data for com.android.hardware.audio.ti
04-01 08:46:48.262 663 685 W PackageManager: Skipping preparing app data for com.android.ipsec
04-01 08:46:48.262 663 685 W PackageManager: Skipping preparing app data for com.android.media
04-01 08:46:48.262 663 685 W PackageManager: Skipping preparing app data for com.android.sdksandbox
04-01 08:46:48.263 663 685 W PackageManager: Skipping preparing app data for com.google.cf.health
04-01 08:46:48.263 663 685 W PackageManager: Skipping preparing app data for com.android.mediaprovider
