01-01 00:00:11.795 33 33 I usb 1-1.4: New USB device found, idVendor=046d, idProduct=c077, bcdDevice=72.00
01-01 00:00:11.795 33 33 I usb 1-1.4: New USB device strings: Mfr=1, Product=2, SerialNumber=0
01-01 00:00:11.795 33 33 I usb 1-1.4: Product: USB Optical Mouse
01-01 00:00:11.795 33 33 I usb 1-1.4: Manufacturer: Logitech
01-01 00:00:11.840 33 33 I input : Logitech USB Optical Mouse as /devices/platform/bus@f0000/f910000.usb/31100000.usb/xhci-hcd.1.auto/usb1/1-1/1-1.4/1-1.4:1.0/0003:046D:C077.0002/input/input1
01-01 00:00:11.840 33 33 I hid-generic 0003: 046D:C077.0002: input,hidraw1: USB HID v1.11 Mouse [Logitech USB Optical Mouse] on usb-xhci-hcd.1.auto-1.4/input0
01-01 00:00:12.183 50 50 I sdhci-am654 fa00000.mmc: Power on failed
01-01 00:00:12.214 50 50 I mmc1 : SDHCI controller on fa00000.mmc [fa00000.mmc] using ADMA 64-bit
01-01 00:00:13.710 1 1 E init : /system/bin/secilc: linker: Warning: failed to find generated linker configuration from "/linkerconfig/ld.config.txt"
01-01 00:00:13.723 1 1 E init : /system/bin/secilc: WARNING: linker: Warning: failed to find generated linker configuration from "/linkerconfig/ld.config.txt"
01-01 00:00:13.740 1 1 I init : Loading SELinux policy
01-01 00:00:13.773 1 1 I SELinux : Permission bpf in class capability2 not defined in policy.
01-01 00:00:13.773 1 1 I SELinux : Permission checkpoint_restore in class capability2 not defined in policy.
01-01 00:00:13.773 1 1 I SELinux : Permission bpf in class cap2_userns not defined in policy.
01-01 00:00:13.773 1 1 I SELinux : Permission checkpoint_restore in class cap2_userns not defined in policy.
01-01 00:00:13.773 1 1 I SELinux : the above unknown classes and permissions will be denied
01-01 00:00:13.782 1 1 I SELinux : policy capability network_peer_controls=1
01-01 00:00:13.782 1 1 I SELinux : policy capability open_perms=1
01-01 00:00:13.782 1 1 I SELinux : policy capability extended_socket_class=1
01-01 00:00:13.782 1 1 I SELinux : policy capability always_check_network=0
01-01 00:00:13.782 1 1 I SELinux : policy capability cgroup_seclabel=0
01-01 00:00:13.782 1 1 I SELinux : policy capability nnp_nosuid_transition=1
01-01 00:00:13.782 1 1 I SELinux : policy capability genfs_seclabel_symlinks=0
01-01 00:00:13.782 1 1 I SELinux : policy capability ioctl_skip_cloexec=0
01-01 00:00:13.828 240 240 W auditd : type=1403 audit(0.0:2): auid=4294967295 ses=4294967295 lsm=selinux res=1
01-01 00:00:13.828 240 240 W auditd : type=1404 audit(0.0:3): enforcing=1 old_enforcing=0 auid=4294967295 ses=4294967295 enabled=1 old-enabled=1 lsm=selinux res=1
01-01 00:00:13.841 1 1 I selinux : SELinux: Loaded file context from:
01-01 00:00:13.841 1 1 I selinux : /system/etc/selinux/plat_file_contexts
01-01 00:00:13.841 1 1 I selinux : /system_ext/etc/selinux/system_ext_file_contexts
01-01 00:00:13.841 1 1 I selinux : /product/etc/selinux/product_file_contexts
01-01 00:00:13.841 1 1 I selinux : /vendor/etc/selinux/vendor_file_contexts
01-01 00:00:13.884 1 1 I init : init second stage started!
01-01 00:00:13.926 1 1 I selinux : SELinux: Loaded file context from:
01-01 00:00:13.926 1 1 I selinux : /system/etc/selinux/plat_file_contexts
01-01 00:00:13.926 1 1 I selinux : /system_ext/etc/selinux/system_ext_file_contexts
01-01 00:00:13.926 1 1 I selinux : /product/etc/selinux/product_file_contexts
01-01 00:00:13.926 1 1 I selinux : /vendor/etc/selinux/vendor_file_contexts
01-01 00:00:13.997 1 1 I init : [libfstab] Using Android DT directory /proc/device-tree/firmware/android/
01-01 00:00:14.015 1 1 I init : Setting product property ro.product.brand to 'TI' (from ro.product.product.brand)
01-01 00:00:14.015 1 1 I init : Setting product property ro.product.device to 'am62p' (from ro.product.product.device)
01-01 00:00:14.015 1 1 I init : Setting product property ro.product.manufacturer to 'TexasInstruments' (from ro.product.product.manufacturer)
01-01 00:00:14.015 1 1 I init : Setting product property ro.product.model to 'AOSP on AM62P EVM' (from ro.product.product.model)
01-01 00:00:14.015 1 1 I init : Setting product property ro.product.name to 'am62p' (from ro.product.product.name)
01-01 00:00:14.015 1 1 I init : Setting property 'ro.build.fingerprint' to 'TI/am62p/am62p:15/AP4A.250105.002.A1/eng.root:userdebug/test-keys'
01-01 00:00:14.016 1 1 I init : Setting property 'ro.product.cpu.abilist' to 'arm64-v8a'
01-01 00:00:14.016 1 1 I init : Setting property 'ro.product.cpu.abilist32' to ''
01-01 00:00:14.016 1 1 I init : Setting property 'ro.product.cpu.abilist64' to 'arm64-v8a'
01-01 00:00:14.021 1 1 I selinux : SELinux: Loaded file context from:
01-01 00:00:14.021 1 1 I selinux : /system/etc/selinux/plat_file_contexts
01-01 00:00:14.021 1 1 I selinux : /system_ext/etc/selinux/system_ext_file_contexts
01-01 00:00:14.021 1 1 I selinux : /product/etc/selinux/product_file_contexts
01-01 00:00:14.021 1 1 I selinux : /vendor/etc/selinux/vendor_file_contexts
01-01 00:00:14.021 1 1 I init : Running restorecon...
01-01 00:00:14.065 1 1 I init : Created socket '/dev/socket/property_service_for_system', mode 660, user 0, group 1000
01-01 00:00:14.066 1 1 I init : Created socket '/dev/socket/property_service', mode 666, user 0, group 0
01-01 00:00:14.068 1 1 I init : [libfs_mgr] vendor overlay: vndk version not defined
01-01 00:00:14.072 1 1 I init : SetupMountNamespaces done
01-01 00:00:14.076 1 1 I init : Forked subcontext for 'u:r:vendor_init:s0' with pid 162
01-01 00:00:14.078 1 1 I init : Parsing file /system/etc/init/hw/init.rc...
01-01 00:00:14.080 1 1 I init : Added '/init.environ.rc' to import list
01-01 00:00:14.080 1 1 I init : Added '/system/etc/init/hw/init.usb.rc' to import list
01-01 00:00:14.080 1 1 I init : Added '/init.am62p.rc' to import list
01-01 00:00:14.080 1 1 I init : Added '/vendor/etc/init/hw/init.am62p.rc' to import list
01-01 00:00:14.080 1 1 I init : Added '/system/etc/init/hw/init.usb.configfs.rc' to import list
01-01 00:00:14.080 1 1 I init : Added '/system/etc/init/hw/init.zygote64.rc' to import list
01-01 00:00:14.082 1 1 I init : Added '/system/etc/init/hw/init.boringssl.zygote64.rc' to import list
01-01 00:00:14.085 1 1 I init : Parsing file /init.environ.rc...
01-01 00:00:14.086 1 1 I init : Parsing file /system/etc/init/hw/init.usb.rc...
01-01 00:00:14.087 1 1 I init : Parsing file /init.am62p.rc...
01-01 00:00:14.088 1 1 I init : Unable to read config file '/init.am62p.rc': open() failed: No such file or directory
01-01 00:00:14.089 1 1 I init : Parsing file /vendor/etc/init/hw/init.am62p.rc...
01-01 00:00:14.092 1 1 I init : Parsing file /system/etc/init/hw/init.usb.configfs.rc...
01-01 00:00:14.093 1 1 I init : Parsing file /system/etc/init/hw/init.zygote64.rc...
01-01 00:00:14.094 1 1 I init : Parsing file /system/etc/init/hw/init.boringssl.zygote64.rc...
01-01 00:00:14.095 1 1 I init : Parsing directory /system/etc/init...
01-01 00:00:14.096 1 1 I init : Parsing file /system/etc/init/UprobeStats.rc...
01-01 00:00:14.096 1 1 I init : Parsing file /system/etc/init/aconfigd.rc...
01-01 00:00:14.097 1 1 I init : Parsing file /system/etc/init/android.system.suspend-service.rc...
01-01 00:00:14.098 1 1 I init : Parsing file /system/etc/init/apexd.rc...
01-01 00:00:14.099 1 1 I init : Parsing file /system/etc/init/atrace.rc...
01-01 00:00:14.102 1 1 I init : Parsing file /system/etc/init/atrace_userdebug.rc...
01-01 00:00:14.103 1 1 I init : Parsing file /system/etc/init/audioserver.rc...
01-01 00:00:14.104 1 1 I init : Parsing file /system/etc/init/blank_screen.rc...
01-01 00:00:14.105 1 1 I init : Parsing file /system/etc/init/bootanim.rc...
01-01 00:00:14.106 1 1 I init : Parsing file /system/etc/init/bootstat-debug.rc...
01-01 00:00:14.106 1 1 I init : Parsing file /system/etc/init/bootstat.rc...
01-01 00:00:14.107 1 1 I init : Parsing file /system/etc/init/cameraserver.rc...
01-01 00:00:14.108 1 1 I init : Parsing file /system/etc/init/clean_scratch_files.rc...
01-01 00:00:14.109 1 1 I init : Parsing file /system/etc/init/cppreopts.rc...
01-01 00:00:14.109 1 1 I init : Parsing file /system/etc/init/credstore.rc...
01-01 00:00:14.110 1 1 I init : Parsing file /system/etc/init/dmesgd.rc...
01-01 00:00:14.111 1 1 I init : Parsing file /system/etc/init/drmserver.rc...
01-01 00:00:14.112 1 1 I init : Parsing file /system/etc/init/dumpstate.rc...
01-01 00:00:14.112 1 1 I init : Parsing file /system/etc/init/flags_health_check.rc...
01-01 00:00:14.113 1 1 I init : Parsing file /system/etc/init/gatekeeperd.rc...
01-01 00:00:14.114 1 1 I init : Parsing file /system/etc/init/gpuservice.rc...
01-01 00:00:14.114 1 1 I init : Parsing file /system/etc/init/gsid.rc...
01-01 00:00:14.115 1 1 I init : Parsing file /system/etc/init/heapprofd.rc...
01-01 00:00:14.116 1 1 I init : Parsing file /system/etc/init/idmap2d.rc...
01-01 00:00:14.116 1 1 I init : Parsing file /system/etc/init/incidentd.rc...
01-01 00:00:14.117 1 1 I init : Parsing file /system/etc/init/init-debug.rc...
01-01 00:00:14.118 1 1 I init : Parsing file /system/etc/init/installd.rc...
01-01 00:00:14.119 1 1 I init : Parsing file /system/etc/init/kcmdlinectrl.rc...
01-01 00:00:14.120 1 1 I init : Parsing file /system/etc/init/keystore2.rc...
01-01 00:00:14.120 1 1 I init : Parsing file /system/etc/init/llkd-debuggable.rc...
01-01 00:00:14.121 1 1 I init : Parsing file /system/etc/init/llkd.rc...
01-01 00:00:14.122 1 1 I init : Parsing file /system/etc/init/lmkd.rc...
01-01 00:00:14.123 1 1 I init : Parsing file /system/etc/init/logcatd.rc...
01-01 00:00:14.124 1 1 I init : Parsing file /system/etc/init/logd.rc...
01-01 00:00:14.125 1 1 I init : Parsing file /system/etc/init/logtagd.rc...
01-01 00:00:14.126 1 1 I init : Parsing file /system/etc/init/lpdumpd.rc...
01-01 00:00:14.126 1 1 I init : Parsing file /system/etc/init/mdnsd.rc...
01-01 00:00:14.127 1 1 I init : Parsing file /system/etc/init/mediaextractor.rc...
01-01 00:00:14.128 1 1 I init : Parsing file /system/etc/init/mediametrics.rc...
01-01 00:00:14.128 1 1 I init : Parsing file /system/etc/init/mediaserver.rc...
01-01 00:00:14.129 1 1 I init : Parsing file /system/etc/init/misctrl.rc...
01-01 00:00:14.129 1 1 I init : Parsing file /system/etc/init/mtectrl.rc...
01-01 00:00:14.130 1 1 I init : Parsing file /system/etc/init/netbpfload.rc...
01-01 00:00:14.130 1 1 I init : Parsing file /system/etc/init/netd.rc...
01-01 00:00:14.131 1 1 I init : Parsing file /system/etc/init/odsign.rc...
01-01 00:00:14.131 1 1 I init : Parsing file /system/etc/init/otapreopt.rc...
01-01 00:00:14.132 1 1 I init : Parsing file /system/etc/init/perfetto.rc...
01-01 00:00:14.133 1 1 I init : Parsing file /system/etc/init/prng_seeder.rc...
01-01 00:00:14.134 1 1 I init : Parsing file /system/etc/init/profcollectd.rc...
01-01 00:00:14.134 1 1 I init : Parsing file /system/etc/init/recovery-persist.rc...
01-01 00:00:14.135 1 1 I init : Parsing file /system/etc/init/recovery-refresh.rc...
01-01 00:00:14.135 1 1 I init : Parsing file /system/etc/init/rss_hwm_reset.rc...
01-01 00:00:14.136 1 1 I init : Parsing file /system/etc/init/servicemanager.rc...
01-01 00:00:14.136 1 1 I init : Parsing file /system/etc/init/simpleperf.rc...
01-01 00:00:14.137 1 1 I init : Parsing file /system/etc/init/snapuserd.rc...
01-01 00:00:14.137 1 1 I init : Parsing file /system/etc/init/storaged.rc...
01-01 00:00:14.138 1 1 I init : Parsing file /system/etc/init/surfaceflinger.rc...
01-01 00:00:14.138 1 1 I init : Parsing file /system/etc/init/tombstoned.rc...
01-01 00:00:14.139 1 1 I init : Parsing file /system/etc/init/traced_perf.rc...
01-01 00:00:14.139 1 1 I init : Parsing file /system/etc/init/uncrypt.rc...
01-01 00:00:14.140 1 1 I init : Parsing file /system/etc/init/update_engine.rc...
01-01 00:00:14.140 1 1 I init : Parsing file /system/etc/init/update_verifier.rc...
01-01 00:00:14.141 1 1 I init : Parsing file /system/etc/init/usbd.rc...
01-01 00:00:14.141 1 1 I init : Parsing file /system/etc/init/virtual_camera.hal.rc...
01-01 00:00:14.142 1 1 I init : Parsing file /system/etc/init/vold.rc...
01-01 00:00:14.142 1 1 I init : Parsing file /system/etc/init/wifi.rc...
01-01 00:00:14.143 1 1 I init : Parsing file /system/etc/init/wificond.rc...
01-01 00:00:14.144 1 1 I init : Parsing directory /system_ext/etc/init...
01-01 00:00:14.144 1 1 I init : Parsing file /system_ext/etc/init/android.hidl.allocator@1.0-service.rc...
01-01 00:00:14.144 1 1 I init : Parsing file /system_ext/etc/init/hwservicemanager.rc...
01-01 00:00:14.145 1 1 I init : Parsing directory /vendor/etc/init...
01-01 00:00:14.145 1 1 I init : Parsing file /vendor/etc/init/android.hardware.camera.provider-V1-external-service.rc...
01-01 00:00:14.146 1 1 I init : Parsing file /vendor/etc/init/android.hardware.gatekeeper@1.0-service.optee.rc...
01-01 00:00:14.146 1 1 I init : Parsing file /vendor/etc/init/android.hardware.graphics.allocator.aidl-service.img.rc...
01-01 00:00:14.146 1 1 I init : Parsing file /vendor/etc/init/android.hardware.lights.rc...
01-01 00:00:14.147 1 1 I init : Parsing file /vendor/etc/init/android.hardware.media.c2@1.2-service-v4l2-64.rc...
01-01 00:00:14.147 1 1 I init : Parsing file /vendor/etc/init/android.hardware.security.keymint-service.optee.rc...
01-01 00:00:14.148 1 1 I init : Parsing file /vendor/etc/init/android.hardware.wifi.supplicant-service.rc...
01-01 00:00:14.148 1 1 I init : Parsing file /vendor/etc/init/boringssl_self_test.rc...
01-01 00:00:14.149 1 1 I init : Added '/vendor/etc/boringssl_self_test.zygote64.rc' to import list
01-01 00:00:14.149 1 1 I init : Parsing file /vendor/etc/boringssl_self_test.zygote64.rc...
01-01 00:00:14.150 1 1 I init : Parsing file /vendor/etc/init/dumpstate-default.rc...
01-01 00:00:14.150 1 1 I init : Parsing file /vendor/etc/init/hostapd.android.rc...
01-01 00:00:14.151 1 1 I init : Parsing file /vendor/etc/init/hwc3-drm.rc...
01-01 00:00:14.151 1 1 I init : Parsing file /vendor/etc/init/init.am62p.usb.rc...
01-01 00:00:14.152 1 1 I init : Parsing file /vendor/etc/init/init.optee.rc...
01-01 00:00:14.153 1 1 I init : Parsing file /vendor/etc/init/memtrack-default.rc...
01-01 00:00:14.153 1 1 I init : Parsing file /odm/etc/init...
01-01 00:00:14.153 1 1 I init : Unable to read config file '/odm/etc/init': open() failed: No such file or directory
01-01 00:00:14.154 1 1 I init : Parsing file /product/etc/init...
01-01 00:00:14.154 1 1 I init : Unable to read config file '/product/etc/init': open() failed: No such file or directory
01-01 00:00:14.155 1 1 I init : processing action (SetupCgroups) from (:0)
01-01 00:00:14.169 1 1 I init : processing action (SetKptrRestrict) from (:0)
01-01 00:00:14.170 1 1 I init : processing action (TestPerfEventSelinux) from (:0)
01-01 00:00:14.170 1 1 I init : processing action (early-init) from (/system/etc/init/hw/init.rc:15)
01-01 00:00:17.148 255 255 I IMGAidlAllocator: PowerVR AIDL allocator starting up...
01-01 00:00:14.174 1 1 I init : Command 'mkdir /acct/uid' action=early-init (/system/etc/init/hw/init.rc:30) took 0ms and failed: mkdir() failed on /acct/uid: Read-only file system
01-01 00:00:14.182 1 1 I init : starting service 'ueventd'...
01-01 00:00:14.198 1 1 I init : ... started service 'ueventd' has pid 163
01-01 00:00:14.200 1 1 I init : starting service 'apexd-bootstrap'...
01-01 00:00:14.209 1 1 I init : ... started service 'apexd-bootstrap' has pid 164
01-01 00:00:14.209 1 1 I init : SVC_EXEC service 'apexd-bootstrap' pid 164 (uid 0 gid 1000+0 context default) started; waiting...
01-01 00:00:17.154 254 254 E cutils-trace: Error opening trace file: Permission denied (13)
01-01 00:00:14.250 163 163 I ueventd : ueventd started!
01-01 00:00:17.155 243 243 E cutils-trace: Error opening trace file: Permission denied (13)
01-01 00:00:17.156 243 243 I hwservicemanager: getTransport: Cannot find entry android.hardware.configstore@1.0::ISurfaceFlingerConfigs/default in either framework or device VINTF manifest.
01-01 00:00:17.159 256 256 I drmhwc : hwc3-drm starting up
01-01 00:00:17.160 256 256 I drmhwc : HWC3 service name android.hardware.graphics.composer3.IComposer/default
01-01 00:00:17.161 256 256 E cutils-trace: Error opening trace file: Permission denied (13)
01-01 00:00:17.192 254 254 I SurfaceFlinger: Using HWComposer service: default
01-01 00:00:17.192 254 254 I SurfaceFlinger: SurfaceFlinger is starting
01-01 00:00:17.192 254 254 I SurfaceFlinger: Enabling backpressure for GPU composition
01-01 00:00:17.192 254 254 I SurfaceFlinger: Disabling blur effects, they are not supported.
01-01 00:00:17.198 254 254 I SurfaceFlinger: SurfaceFlinger's main thread ready to run. Initializing graphics H/W...
01-01 00:00:17.198 254 254 D RenderEngine: Threaded RenderEngine with SkiaGL Backend (Ganesh)
01-01 00:00:17.586 255 255 E ion : open /dev/ion failed: No such file or directory
01-01 00:00:17.588 255 255 E cutils-trace: Error opening trace file: Permission denied (13)
01-01 00:00:17.689 254 265 E ion : open /dev/ion failed: No such file or directory
01-01 00:00:17.725 254 265 I RenderEngine: OpenGL ES informations:
01-01 00:00:17.725 254 265 I RenderEngine: vendor : Imagination Technologies
01-01 00:00:17.725 254 265 I RenderEngine: renderer : PowerVR B-Series BXS-4-64
01-01 00:00:17.725 254 265 I RenderEngine: version : OpenGL ES 3.2 build 24.2@6643903
01-01 00:00:17.725 254 265 I RenderEngine: extensions: GL_EXT_debug_marker GL_ANDROID_extension_pack_es31a GL_EXT_EGL_image_array GL_EXT_EGL_image_storage GL_EXT_EGL_image_storage_compression GL_EXT_YUV_target GL_EXT_blend_func_extended GL_EXT_blend_minmax GL_EXT_buffer_storage GL_EXT_clear_texture GL_EXT_clip_control GL_EXT_color_buffer_float GL_EXT_color_buffer_half_float GL_EXT_compressed_ETC1_RGB8_sub_texture GL_EXT_conservative_depth GL_EXT_copy_image GL_EXT_discard_framebuffer GL_EXT_draw_buffers GL_EXT_draw_buffers_indexed GL_EXT_draw_elements_base_vertex GL_EXT_external_buffer GL_EXT_float_blend GL_EXT_geometry_point_size GL_EXT_geometry_shader GL_EXT_gpu_shader5 GL_EXT_memory_object GL_EXT_memory_object_fd GL_EXT_multi_draw_arrays GL_EXT_multisampled_render_to_texture GL_EXT_multisampled_render_to_texture2 GL_EXT_occlusion_query_boolean GL_EXT_polygon_offset_clamp GL_EXT_primitive_bounding_box GL_EXT_read_format_bgra GL_EXT_robustness GL_EXT_sRGB GL_EXT_sRGB_write_control GL_EXT_separate_shader_objects GL_EXT_shader_framebuffer_fetch GL_EXT_
01-01 00:00:17.725 254 265 I RenderEngine: GL_MAX_TEXTURE_SIZE = 8192
01-01 00:00:17.725 254 265 I RenderEngine: GL_MAX_VIEWPORT_DIMS = 8192
01-01 00:00:17.729 254 254 I HwcComposer: Loaded AIDL composer3 HAL service
01-01 00:00:14.256 163 163 I selinux : SELinux: Loaded file context from:
01-01 00:00:17.730 254 254 E HwcComposer: getOverlaySupport failed Status(-8, EX_SERVICE_SPECIFIC): '8: '
01-01 00:00:17.730 254 254 E HwcComposer: getHdrConversionCapabilities failed Status(-8, EX_SERVICE_SPECIFIC): '8: '
01-01 00:00:17.735 254 254 E HWComposer: Error in fetching HDR conversion capabilities Unsupported
01-01 00:00:14.256 163 163 I selinux : /system/etc/selinux/plat_file_contexts
01-01 00:00:14.256 163 163 I selinux : /system_ext/etc/selinux/system_ext_file_contexts
01-01 00:00:14.256 163 163 I selinux : /product/etc/selinux/product_file_contexts
01-01 00:00:14.256 163 163 I selinux : /vendor/etc/selinux/vendor_file_contexts
01-01 00:00:14.257 163 163 I ueventd : Parsing file /system/etc/ueventd.rc...
01-01 00:00:14.258 163 163 I ueventd : Added '/vendor/etc/ueventd.rc' to import list
01-01 00:00:14.258 163 163 I ueventd : Added '/odm/etc/ueventd.rc' to import list
01-01 00:00:14.259 163 163 I ueventd : Parsing file /vendor/etc/ueventd.rc...
01-01 00:00:14.260 163 163 I ueventd : Parsing file /odm/etc/ueventd.rc...
01-01 00:00:14.260 163 163 I ueventd : Unable to read config file '/odm/etc/ueventd.rc': open() failed: No such file or directory
01-01 00:00:14.325 164 164 I apexd : Started. subcommand = --bootstrap
01-01 00:00:14.326 164 164 E cutils-trace: Error opening trace file: No such file or directory (2)
01-01 00:00:14.335 164 164 I apexd-bootstrap: Scanning /system/apex for pre-installed ApexFiles
01-01 00:00:14.336 164 164 I apexd-bootstrap: Found pre-installed APEX /system/apex/com.android.art.apex
01-01 00:00:14.340 164 164 I apexd-bootstrap: Found pre-installed APEX /system/apex/com.android.virt.apex
01-01 00:00:14.344 164 164 I apexd-bootstrap: Found pre-installed APEX /system/apex/com.android.os.statsd.apex
01-01 00:00:14.347 164 164 I apexd-bootstrap: Found pre-installed APEX /system/apex/com.android.sdkext.apex
01-01 00:00:14.350 164 164 I apexd-bootstrap: Found pre-installed APEX /system/apex/com.android.resolv.apex
01-01 00:00:14.353 164 164 I apexd-bootstrap: Found pre-installed APEX /system/apex/com.android.tzdata.apex
01-01 00:00:14.356 164 164 I apexd-bootstrap: Found pre-installed APEX /system/apex/com.android.scheduling.apex
01-01 00:00:14.359 164 164 I apexd-bootstrap: Found pre-installed APEX /system/apex/com.android.i18n.apex
01-01 00:00:14.362 164 164 I apexd-bootstrap: Found pre-installed APEX /system/apex/com.android.ipsec.apex
01-01 00:00:14.369 164 164 I apexd-bootstrap: Found pre-installed APEX /system/apex/com.android.permission.apex
01-01 00:00:14.372 164 164 I apexd-bootstrap: Found pre-installed APEX /system/apex/com.android.configinfrastructure.apex
01-01 00:00:14.375 164 164 I apexd-bootstrap: Found pre-installed APEX /system/apex/com.android.profiling.apex
01-01 00:00:14.377 164 164 I apexd-bootstrap: Found pre-installed APEX /system/apex/com.android.extservices.apex
01-01 00:00:14.381 164 164 I apexd-bootstrap: Found pre-installed APEX /system/apex/com.android.tethering.apex
01-01 00:00:14.389 164 164 I apexd-bootstrap: Found pre-installed APEX /system/apex/com.android.uwb.apex
01-01 00:00:14.391 164 164 I apexd-bootstrap: Found pre-installed APEX /system/apex/com.android.media.apex
01-01 00:00:14.394 164 164 I apexd-bootstrap: Found pre-installed APEX /system/apex/com.android.runtime.apex
01-01 00:00:14.397 164 164 I apexd-bootstrap: Found pre-installed APEX /system/apex/com.android.neuralnetworks.apex
01-01 00:00:14.400 164 164 I apexd-bootstrap: Found pre-installed APEX /system/apex/com.android.mediaprovider.apex
01-01 00:00:14.403 164 164 I apexd-bootstrap: Found pre-installed APEX /system/apex/com.android.appsearch.apex
01-01 00:00:14.406 164 164 I apexd-bootstrap: Found pre-installed APEX /system/apex/com.android.apex.cts.shim.apex
01-01 00:00:14.408 164 164 I apexd-bootstrap: Found pre-installed APEX /system/apex/com.android.adbd.apex
01-01 00:00:14.411 164 164 I apexd-bootstrap: Found pre-installed APEX /system/apex/com.android.devicelock.apex
01-01 00:00:14.415 164 164 I apexd-bootstrap: Found pre-installed APEX /system/apex/com.android.media.swcodec.apex
01-01 00:00:14.418 164 164 I apexd-bootstrap: Found pre-installed APEX /system/apex/com.android.wifi.apex
01-01 00:00:14.421 164 164 I apexd-bootstrap: Found pre-installed APEX /system/apex/com.android.conscrypt.apex
01-01 00:00:14.428 164 164 I apexd-bootstrap: Found pre-installed APEX /system/apex/com.android.ondevicepersonalization.apex
01-01 00:00:14.431 164 164 I apexd-bootstrap: Found pre-installed APEX /system/apex/com.android.nfcservices.apex
01-01 00:00:14.434 164 164 I apexd-bootstrap: Found pre-installed APEX /system/apex/com.android.healthfitness.apex
01-01 00:00:14.437 164 164 I apexd-bootstrap: Found pre-installed APEX /system/apex/com.android.btservices.apex
01-01 00:00:14.440 164 164 I apexd-bootstrap: Found pre-installed APEX /system/apex/com.android.adservices.apex
01-01 00:00:14.443 164 164 I apexd-bootstrap: Found pre-installed APEX /system/apex/com.android.rkpd.apex
01-01 00:00:14.445 164 164 I apexd-bootstrap: Scanning /system_ext/apex for pre-installed ApexFiles
01-01 00:00:14.446 164 164 I apexd-bootstrap: Found pre-installed APEX /system_ext/apex/com.android.compos.apex
01-01 00:00:14.449 164 164 I apexd-bootstrap: Scanning /product/apex for pre-installed ApexFiles
01-01 00:00:14.449 164 164 W apexd-bootstrap: /product/apex does not exist. Skipping
01-01 00:00:14.449 164 164 I apexd-bootstrap: Scanning /vendor/apex for pre-installed ApexFiles
01-01 00:00:14.450 164 164 I apexd-bootstrap: Found pre-installed APEX /vendor/apex/com.android.hardware.cas.apex
01-01 00:00:14.453 164 164 I apexd-bootstrap: Found pre-installed APEX /vendor/apex/com.android.hardware.boot.apex
01-01 00:00:14.460 164 164 I apexd-bootstrap: Found pre-installed APEX /vendor/apex/com.android.hardware.camera.libcamera.apex
01-01 00:00:14.462 164 164 I apexd-bootstrap: Found pre-installed APEX /vendor/apex/com.android.hardware.thermal.ti.apex
01-01 00:00:14.465 164 164 I apexd-bootstrap: Found pre-installed APEX /vendor/apex/com.google.cf.health.apex
01-01 00:00:14.468 164 164 I apexd-bootstrap: Found pre-installed APEX /vendor/apex/com.android.hardware.usb.generic.apex
01-01 00:00:14.471 164 164 I apexd-bootstrap: Found pre-installed APEX /vendor/apex/com.android.hardware.audio.ti.apex
01-01 00:00:14.474 164 164 I apexd-bootstrap: Found pre-installed APEX /vendor/apex/com.android.hardware.power.apex
01-01 00:00:14.480 164 164 I apexd-bootstrap: Found pre-installed APEX /vendor/apex/com.google.cf.health.storage.apex
01-01 00:00:14.482 164 164 I apexd-bootstrap: Found pre-installed APEX /vendor/apex/com.android.hardware.drm.clearkey.apex
01-01 00:00:14.485 164 164 I apexd-bootstrap: Scanning /odm/apex for pre-installed ApexFiles
01-01 00:00:14.485 164 164 W apexd-bootstrap: /odm/apex does not exist. Skipping
01-01 00:00:14.485 164 164 I apexd-bootstrap: Found bootstrap APEX /vendor/apex/com.android.hardware.boot.apex
01-01 00:00:14.485 164 164 I apexd-bootstrap: Found bootstrap APEX /system/apex/com.android.runtime.apex
01-01 00:00:14.485 164 164 I apexd-bootstrap: Found bootstrap APEX /system/apex/com.android.tzdata.apex
01-01 00:00:14.485 164 164 I apexd-bootstrap: Found bootstrap APEX /system/apex/com.android.i18n.apex
01-01 00:00:14.486 164 164 I apexd-bootstrap: Need to pre-allocate 47 loop devices for 43 APEX packages
01-01 00:00:14.486 164 164 I apexd-bootstrap: No block apex metadata partition found, not adding block apexes
01-01 00:00:14.496 165 165 E ueventd : LoadWithAliases was unable to load platform:ti-cpufreq, tried: platform:ti_cpufreq
01-01 00:00:14.498 166 166 E ueventd : LoadWithAliases was unable to load platform:reg-dummy, tried: platform:reg_dummy
01-01 00:00:14.502 167 167 E ueventd : LoadWithAliases was unable to load of:Nregulator-4T(null)Cregulator-fixed, tried: of:Nregulator_4T(null)Cregulator_fixed
01-01 00:00:14.503 167 167 E ueventd : LoadWithAliases was unable to load platform:icc-debugfs-client, tried: platform:icc_debugfs_client
01-01 00:00:14.505 167 167 E ueventd : LoadWithAliases was unable to load of:NledsT(null)Cgpio-leds, tried: of:NledsT(null)Cgpio_leds
01-01 00:00:14.506 167 167 E ueventd : LoadWithAliases was unable to load of:NsramT(null)Cmmio-sram, tried: of:NsramT(null)Cmmio_sram
01-01 00:00:14.510 168 168 I ueventd : Loading module /vendor/lib/modules/tee.ko with args ''
01-01 00:00:14.512 168 168 I ueventd : Loading module /vendor/lib/modules/optee.ko with args ''
01-01 00:00:14.513 165 165 E ueventd : LoadWithAliases was unable to load of:Nl2-cache0T(null)Ccache, tried: of:Nl2_cache0T(null)Ccache
01-01 00:00:14.515 165 165 E ueventd : LoadWithAliases was unable to load of:Nregulator-0T(null)Cregulator-fixed, tried: of:Nregulator_0T(null)Cregulator_fixed
01-01 00:00:14.518 168 168 E ueventd : LoadWithAliases was unable to load of:NpsciT(null)Carm,psci-1.0, tried: of:NpsciT(null)Carm,psci_1.0
01-01 00:00:14.518 166 166 E ueventd : LoadWithAliases was unable to load of:Nregulator-2T(null)Cregulator-fixed, tried: of:Nregulator_2T(null)Cregulator_fixed
01-01 00:00:14.520 166 166 E ueventd : LoadWithAliases was unable to load of:NtimerT(null)Cti,am654-timer, tried: of:NtimerT(null)Cti,am654_timer
01-01 00:00:14.521 166 166 E ueventd : LoadWithAliases was unable to load of:NbusT(null)Csimple-bus, tried: of:NbusT(null)Csimple_bus
01-01 00:00:14.523 166 166 I ueventd : Loading module /vendor/lib/modules/omap-mailbox.ko with args ''
01-01 00:00:14.524 165 165 E ueventd : LoadWithAliases was unable to load platform:Fixed MDIO bus, tried: platform:Fixed MDIO bus
01-01 00:00:14.526 165 165 E ueventd : LoadWithAliases was unable to load of:NtimerT(null)Cti,am654-timer, tried: of:NtimerT(null)Cti,am654_timer
01-01 00:00:14.528 166 166 E ueventd : LoadWithAliases was unable to load mmc:block, tried: mmc:block
01-01 00:00:14.533 167 167 I ueventd : Loading module /vendor/lib/modules/syscon-clk.ko with args ''
01-01 00:00:14.542 168 168 E ueventd : LoadWithAliases was unable to load platform:snd-soc-dummy, tried: platform:snd_soc_dummy
01-01 00:00:14.555 165 165 I ueventd : Loading module /vendor/lib/modules/phy-gmii-sel.ko with args ''
01-01 00:00:14.565 168 168 E ueventd : LoadWithAliases was unable to load of:NbusT(null)Csimple-bus, tried: of:NbusT(null)Csimple_bus
01-01 00:00:14.577 167 167 I ueventd : Loading module /vendor/lib/modules/sdhci_am654.ko with args ''
01-01 00:00:14.590 166 166 I ueventd : Loading module /vendor/lib/modules/gpio-davinci.ko with args ''
01-01 00:00:14.590 168 168 I ueventd : Loading module /vendor/lib/modules/gpio-davinci.ko with args ''
01-01 00:00:14.602 168 168 E ueventd : LoadWithAliases was unable to load of:Ndss-oldi-io-ctrlT(null)Csyscon, tried: of:Ndss_oldi_io_ctrlT(null)Csyscon
01-01 00:00:14.614 166 166 I ueventd : Loading module /vendor/lib/modules/ti_sci.ko with args ''
01-01 00:00:14.628 168 168 I ueventd : Loading module /vendor/lib/modules/rti_wdt.ko with args ''
01-01 00:00:14.642 166 166 I ueventd : Loading module /vendor/lib/modules/wave5.ko with args ''
01-01 00:00:14.673 167 167 E ueventd : LoadWithAliases was unable to load of:NtimerT(null)Cti,am654-timer, tried: of:NtimerT(null)Cti,am654_timer
01-01 00:00:14.681 165 165 I ueventd : Loading module /vendor/lib/modules/rti_wdt.ko with args ''
01-01 00:00:14.695 167 167 I ueventd : Loading module /vendor/lib/modules/gpio-davinci.ko with args ''
01-01 00:00:14.705 165 165 I ueventd : Loading module /vendor/lib/modules/spi-cadence-quadspi.ko with args ''
01-01 00:00:14.712 168 168 I ueventd : Loading module /vendor/lib/modules/omap-mailbox.ko with args ''
01-01 00:00:14.713 168 168 E ueventd : LoadWithAliases was unable to load of:NbusT(null)Csimple-bus, tried: of:NbusT(null)Csimple_bus
01-01 00:00:14.716 167 167 I ueventd : Loading module /vendor/lib/modules/ti_sci.ko with args ''
01-01 00:00:14.717 168 168 I ueventd : Loading module /vendor/lib/modules/ti_sci.ko with args ''
01-01 00:00:14.717 168 168 I ueventd : Loading module /vendor/lib/modules/ti_sci_pm_domains.ko with args ''
01-01 00:00:14.718 166 166 E vdec 30210000.video-codec: OPP table not found in device tree
01-01 00:00:14.722 168 168 I ueventd : Loading module /vendor/lib/modules/gpio-pca953x.ko with args ''
01-01 00:00:14.726 168 168 E ueventd : LoadWithAliases was unable to load of:NtimerT(null)Cti,am654-timer, tried: of:NtimerT(null)Cti,am654_timer
01-01 00:00:14.728 168 168 E ueventd : LoadWithAliases was unable to load of:NusbT(null)Csnps,dwc3, tried: of:NusbT(null)Csnps,dwc3
01-01 00:00:14.728 166 166 I vdec 30210000.video-codec: Added wave5 driver with caps: 'ENCODE' 'DECODE'
01-01 00:00:14.728 166 166 I vdec 30210000.video-codec: Product Code: 0x521c
01-01 00:00:14.728 166 166 I vdec 30210000.video-codec: Firmware Revision: 291549
01-01 00:00:14.729 166 166 I ueventd : Loaded kernel module /vendor/lib/modules/wave5.ko
01-01 00:00:14.732 166 166 I ueventd : Loading module /vendor/lib/modules/snd-soc-hdmi-codec.ko with args ''
01-01 00:00:14.734 167 167 I ueventd : Loading module /vendor/lib/modules/reset-ti-sci.ko with args ''
01-01 00:00:14.748 168 168 E ueventd : LoadWithAliases was unable to load of:NbusT(null)Csimple-bus, tried: of:NbusT(null)Csimple_bus
01-01 00:00:14.748 165 165 I ueventd : Loaded kernel module /vendor/lib/modules/spi-cadence-quadspi.ko
01-01 00:00:14.752 165 165 I ueventd : Loading module /vendor/lib/modules/gpio-davinci.ko with args ''
01-01 00:00:14.752 165 165 I ueventd : Loading module /vendor/lib/modules/ti_sci.ko with args ''
01-01 00:00:14.753 165 165 I ueventd : Loading module /vendor/lib/modules/sci-clk.ko with args ''
01-01 00:00:14.758 166 166 I ueventd : Loaded kernel module /vendor/lib/modules/snd-soc-hdmi-codec.ko
01-01 00:00:14.771 168 168 I ueventd : Loading module /vendor/lib/modules/pvrsrvkm_am62p.ko with args ''
01-01 00:00:14.772 165 165 I ueventd : Loading module /vendor/lib/modules/i2c-mux.ko with args ''
01-01 00:00:14.772 167 167 I ueventd : Loading module /vendor/lib/modules/mux-core.ko with args ''
01-01 00:00:14.772 166 166 I ueventd : Loading module /vendor/lib/modules/dwc3-am62.ko with args ''
01-01 00:00:14.773 165 165 I ueventd : Loading module /vendor/lib/modules/sii902x.ko with args ''
01-01 00:00:14.773 167 167 I ueventd : Loading module /vendor/lib/modules/i2c-omap.ko with args ''
01-01 00:00:14.775 166 166 I ueventd : Loading module /vendor/lib/modules/irq-ti-sci-inta.ko with args ''
01-01 00:00:14.779 167 167 I ueventd : Loading module /vendor/lib/modules/gpio-pca953x.ko with args ''
01-01 00:00:14.781 165 165 E ueventd : LoadWithAliases was unable to load of:NtimerT(null)Cti,am654-timer, tried: of:NtimerT(null)Cti,am654_timer
01-01 00:00:14.781 166 166 E ueventd : LoadWithAliases was unable to load of:NtimerT(null)Cti,am654-timer, tried: of:NtimerT(null)Cti,am654_timer
01-01 00:00:14.784 165 165 E ueventd : LoadWithAliases was unable to load of:Ndma-controllerT(null)Cti,am64-dmss-pktdma, tried: of:Ndma_controllerT(null)Cti,am64_dmss_pktdma
01-01 00:00:14.786 167 167 I ueventd : Loading module /vendor/lib/modules/snd-soc-tlv320aic3x.ko with args ''
01-01 00:00:14.795 166 166 E ueventd : LoadWithAliases was unable to load of:NbusT(null)Csimple-bus, tried: of:NbusT(null)Csimple_bus
01-01 00:00:14.808 165 165 I ueventd : Loading module /vendor/lib/modules/ti-msgmgr.ko with args ''
01-01 00:00:14.816 168 168 W pvrsrvkm_am62p: loading out-of-tree module taints kernel.
01-01 00:00:14.821 167 167 I ueventd : Loaded kernel module /vendor/lib/modules/snd-soc-tlv320aic3x.ko
01-01 00:00:14.823 166 166 I ueventd : Loading module /vendor/lib/modules/ti_k3_r5_remoteproc.ko with args ''
01-01 00:00:14.832 167 167 I ueventd : Loading module /vendor/lib/modules/snd-soc-tlv320aic3x-i2c.ko with args ''
01-01 00:00:14.834 167 167 W tlv320aic3x 2-001b: supply IOVDD not found, using dummy regulator
01-01 00:00:14.834 167 167 W tlv320aic3x 2-001b: supply DVDD not found, using dummy regulator
01-01 00:00:14.834 167 167 W tlv320aic3x 2-001b: supply AVDD not found, using dummy regulator
01-01 00:00:14.835 167 167 W tlv320aic3x 2-001b: supply DRVDD not found, using dummy regulator
01-01 00:00:14.835 167 167 W tlv320aic3x 2-001b: Invalid supply voltage(s) AVDD: -22, DVDD: -22
01-01 00:00:14.835 166 166 I platform 79000000.r5f: configured R5F for remoteproc mode
01-01 00:00:14.835 165 165 E ueventd : LoadWithAliases was unable to load of:NwatchdogT(null)Cti,j7-rti-wdt, tried: of:NwatchdogT(null)Cti,j7_rti_wdt
01-01 00:00:14.835 166 166 I platform 79000000.r5f: assigned reserved memory node mcu-r5fss-dma-memory-region@9b800000
01-01 00:00:14.835 167 167 I ueventd : Loaded kernel module /vendor/lib/modules/snd-soc-tlv320aic3x-i2c.ko
01-01 00:00:14.838 167 167 I ueventd : Loading module /vendor/lib/modules/irq-ti-sci-intr.ko with args ''
01-01 00:00:14.840 168 168 I PVR_K : 168: Device: fd80000.gpu
01-01 00:00:14.841 168 168 I PVR_K : 168: Read BVNC 36.53.104.796 from HW device registers
01-01 00:00:14.842 167 167 E ueventd : LoadWithAliases was unable to load of:Ndma-controllerT(null)Cti,am64-dmss-bcdma, tried: of:Ndma_controllerT(null)Cti,am64_dmss_bcdma
01-01 00:00:14.842 168 168 I PVR_K : 168: RGX Device registered BVNC 36.53.104.796 with 1 core in the system
01-01 00:00:14.842 168 168 I : [drm] Initialized pvr 24.2.6643903 20170530 for fd80000.gpu on minor 1
01-01 00:00:14.843 168 168 I ueventd : Loaded kernel module /vendor/lib/modules/pvrsrvkm_am62p.ko
01-01 00:00:14.845 167 167 I ueventd : Loading module /vendor/lib/modules/pps_core.ko with args ''
01-01 00:00:14.845 168 168 E ueventd : LoadWithAliases was unable to load of:NpinctrlT(null)Cti,am654-padconfCpinctrl-single, tried: of:NpinctrlT(null)Cti,am654_padconfCpinctrl_single
01-01 00:00:14.847 168 168 E ueventd : LoadWithAliases was unable to load of:NesmT(null)Cti,j721e-esm, tried: of:NesmT(null)Cti,j721e_esm
01-01 00:00:14.850 165 165 E ueventd : LoadWithAliases was unable to load of:NtimerT(null)Cti,am654-timer, tried: of:NtimerT(null)Cti,am654_timer
01-01 00:00:14.852 168 168 E ueventd : LoadWithAliases was unable to load of:NwatchdogT(null)Cti,j7-rti-wdt, tried: of:NwatchdogT(null)Cti,j7_rti_wdt
01-01 00:00:14.855 168 168 I ueventd : Loading module /vendor/lib/modules/snd-soc-ti-edma.ko with args ''
01-01 00:00:14.863 166 166 I remoteproc0: 79000000.r5f is available
01-01 00:00:14.878 167 167 I pps_core: LinuxPPS API ver. 1 registered
01-01 00:00:14.878 168 168 I ueventd : Loaded kernel module /vendor/lib/modules/snd-soc-ti-edma.ko
01-01 00:00:14.879 168 168 I ueventd : Loading module /vendor/lib/modules/snd-soc-ti-udma.ko with args ''
01-01 00:00:14.879 165 165 E ueventd : LoadWithAliases was unable to load of:NpinctrlT(null)Cpinctrl-single, tried: of:NpinctrlT(null)Cpinctrl_single
01-01 00:00:14.882 165 165 I ueventd : Loading module /vendor/lib/modules/irq-ti-sci-intr.ko with args ''
01-01 00:00:14.884 165 165 I ueventd : Loading module /vendor/lib/modules/omap-mailbox.ko with args ''
01-01 00:00:14.886 165 165 I ueventd : Loading module /vendor/lib/modules/8250_omap.ko with args ''
01-01 00:00:14.891 165 165 E ueventd : LoadWithAliases was unable to load of:NtimerT(null)Cti,am654-timer, tried: of:NtimerT(null)Cti,am654_timer
01-01 00:00:14.901 167 167 I pps_core: Software ver. 5.3.6 - Copyright 2005-2007 Rodolfo Giometti
01-01 00:00:14.902 27 27 I remoteproc0: powering up 79000000.r5f
01-01 00:00:14.902 27 27 I remoteproc0: Booting fw image am62p-mcu-r5f0_0-fw, size 58344
01-01 00:00:14.902 166 166 W platform 78000000.r5f: R5F core may have been powered on by a different host, programmed state (0) != actual state (1)
01-01 00:00:14.902 166 166 I platform 78000000.r5f: configured R5F for IPC-only mode
01-01 00:00:14.903 166 166 I platform 78000000.r5f: assigned reserved memory node r5f-dma-memory@9c800000
01-01 00:00:14.903 166 166 I remoteproc1: 78000000.r5f is available
01-01 00:00:14.903 166 166 I remoteproc1: attaching to 78000000.r5f
01-01 00:00:14.904 166 166 I rproc-virtio.4.auto: assigned reserved memory node r5f-dma-memory@9c800000
01-01 00:00:14.904 166 166 I rproc-virtio.4.auto: registered virtio0 (type 7)
01-01 00:00:14.904 166 166 I remoteproc1: remote processor 78000000.r5f is now attached
01-01 00:00:14.905 166 166 I ueventd : Loaded kernel module /vendor/lib/modules/ti_k3_r5_remoteproc.ko
01-01 00:00:14.906 166 166 E ueventd : LoadWithAliases was unable to load of:NmailboxT(null)Cti,am64-mailbox, tried: of:NmailboxT(null)Cti,am64_mailbox
01-01 00:00:14.909 166 166 I ueventd : Loading module /vendor/lib/modules/drm_dma_helper.ko with args ''
01-01 00:00:14.909 27 27 I rproc-virtio.3.auto: assigned reserved memory node mcu-r5fss-dma-memory-region@9b800000
01-01 00:00:14.909 27 27 I rproc-virtio.3.auto: registered virtio1 (type 7)
01-01 00:00:14.909 27 27 I remoteproc0: remote processor 79000000.r5f is now up
01-01 00:00:14.914 166 166 I ueventd : Loading module /vendor/lib/modules/tidss.ko with args ''
01-01 00:00:14.917 165 165 I ueventd : Loading module /vendor/lib/modules/tps6598x.ko with args ''
01-01 00:00:14.927 167 167 I ueventd : Loaded kernel module /vendor/lib/modules/pps_core.ko
01-01 00:00:14.931 165 165 I ueventd : Loading module /vendor/lib/modules/omap_hwspinlock.ko with args ''
01-01 00:00:14.940 165 165 E ueventd : LoadWithAliases was unable to load of:NbusT(null)Csimple-bus, tried: of:NbusT(null)Csimple_bus
01-01 00:00:14.952 168 168 I ueventd : Loaded kernel module /vendor/lib/modules/snd-soc-ti-udma.ko
01-01 00:00:14.952 167 167 I ueventd : Loading module /vendor/lib/modules/ptp.ko with args ''
01-01 00:00:14.953 166 166 E ueventd : LoadWithAliases was unable to load of:NbusT(null)Csimple-bus, tried: of:NbusT(null)Csimple_bus
01-01 00:00:14.956 166 166 E ueventd : LoadWithAliases was unable to load of:Ninterrupt-controllerT(null)Cti,sci-inta, tried: of:Ninterrupt_controllerT(null)Cti,sci_inta
01-01 00:00:14.959 166 166 I ueventd : Loading module /vendor/lib/modules/rti_wdt.ko with args ''
01-01 00:00:14.962 166 166 I ueventd : Loading module /vendor/lib/modules/mux-core.ko with args ''
01-01 00:00:14.962 166 166 I ueventd : Loading module /vendor/lib/modules/i2c-omap.ko with args ''
01-01 00:00:14.964 165 165 E ueventd : LoadWithAliases was unable to load of:NsysconT(null)Cti,am62-opp-efuse-tableCsyscon, tried: of:NsysconT(null)Cti,am62_opp_efuse_tableCsyscon
01-01 00:00:14.964 166 166 I ueventd : Loading module /vendor/lib/modules/k3_j72xx_bandgap.ko with args ''
01-01 00:00:14.975 168 168 I ueventd : Loading module /vendor/lib/modules/snd-soc-ti-sdma.ko with args ''
01-01 00:00:14.976 166 166 E ueventd : LoadWithAliases was unable to load of:NsysconT(null)Cti,am62-usb-phy-ctrlCsyscon, tried: of:NsysconT(null)Cti,am62_usb_phy_ctrlCsyscon
01-01 00:00:14.979 166 166 I ueventd : Loading module /vendor/lib/modules/tps6594-core.ko with args ''
01-01 00:00:14.990 165 165 I ueventd : Loading module /vendor/lib/modules/rtc-ti-k3.ko with args ''
01-01 00:00:15.004 166 166 I ueventd : Loaded kernel module /vendor/lib/modules/tps6594-core.ko
01-01 00:00:15.019 168 168 I ueventd : Loaded kernel module /vendor/lib/modules/snd-soc-ti-sdma.ko
01-01 00:00:15.019 167 167 I : PTP clock support registered
01-01 00:00:15.019 167 167 I ueventd : Loaded kernel module /vendor/lib/modules/ptp.ko
01-01 00:00:15.019 166 166 I ueventd : Loading module /vendor/lib/modules/tps6594-i2c.ko with args ''
01-01 00:00:15.019 168 168 I ueventd : Loading module /vendor/lib/modules/snd-soc-davinci-mcasp.ko with args ''
01-01 00:00:15.020 165 165 E ueventd : LoadWithAliases was unable to load platform:alarmtimer, tried: platform:alarmtimer
01-01 00:00:15.020 167 167 I ueventd : Loading module /vendor/lib/modules/k3-cppi-desc-pool.ko with args ''
01-01 00:00:15.031 165 165 E ueventd : LoadWithAliases was unable to load of:NesmT(null)Cti,j721e-esm, tried: of:NesmT(null)Cti,j721e_esm
01-01 00:00:15.032 167 167 I ueventd : Loaded kernel module /vendor/lib/modules/k3-cppi-desc-pool.ko
01-01 00:00:15.044 165 165 E ueventd : LoadWithAliases was unable to load platform:xhci-hcd, tried: platform:xhci_hcd
01-01 00:00:15.044 167 167 I ueventd : Loading module /vendor/lib/modules/k3-ringacc.ko with args ''
01-01 00:00:15.056 167 167 I ueventd : Loading module /vendor/lib/modules/k3-psil-lib.ko with args ''
01-01 00:00:15.056 165 165 E ueventd : LoadWithAliases was unable to load input:b0003v046DpC077e0111-e0,1,2,4,k110,111,112,r0,1,8,B,am4,lsfw, tried: input:b0003v046DpC077e0111_e0,1,2,4,k110,111,112,r0,1,8,B,am4,lsfw
01-01 00:00:15.057 168 168 I ueventd : Loaded kernel module /vendor/lib/modules/snd-soc-davinci-mcasp.ko
01-01 00:00:15.058 166 166 I ueventd : Loaded kernel module /vendor/lib/modules/tps6594-i2c.ko
01-01 00:00:15.060 167 167 I ueventd : Loading module /vendor/lib/modules/k3-udma.ko with args ''
01-01 00:00:15.060 166 166 E ueventd : LoadWithAliases was unable to load of:NusbT(null)Cti,am62-usb, tried: of:NusbT(null)Cti,am62_usb
01-01 00:00:15.063 167 167 I ueventd : Loading module /vendor/lib/modules/k3-udma-glue.ko with args ''
01-01 00:00:15.065 167 167 I ueventd : Loading module /vendor/lib/modules/am65-cpts.ko with args ''
01-01 00:00:15.065 166 166 E ueventd : LoadWithAliases was unable to load usb:v413Cp2107d0115dc00dsc00dp00ic03isc01ip01in00, tried: usb:v413Cp2107d0115dc00dsc00dp00ic03isc01ip01in00
01-01 00:00:15.071 166 166 E ueventd : LoadWithAliases was unable to load of:Ntimer-cl0-cpu0T(null)Carm,armv8-timer, tried: of:Ntimer_cl0_cpu0T(null)Carm,armv8_timer
01-01 00:00:15.073 166 166 E ueventd : LoadWithAliases was unable to load of:Nregulator-1T(null)Cregulator-fixed, tried: of:Nregulator_1T(null)Cregulator_fixed
01-01 00:00:15.073 166 166 E ueventd : LoadWithAliases was unable to load platform:serial8250, tried: platform:serial8250
01-01 00:00:15.076 165 165 E ueventd : LoadWithAliases was unable to load usb:v1D6Bp0002d0606dc09dsc00dp01ic09isc00ip00in00, tried: usb:v1D6Bp0002d0606dc09dsc00dp01ic09isc00ip00in00
01-01 00:00:15.076 167 167 I ueventd : Loaded kernel module /vendor/lib/modules/am65-cpts.ko
01-01 00:00:15.076 167 167 I ueventd : Loading module /vendor/lib/modules/ti-am65-cpsw-nuss.ko with args ''
01-01 00:00:15.077 166 166 I ueventd : Loading module /vendor/lib/modules/cpufreq-dt.ko with args ''
01-01 00:00:15.090 168 168 E ueventd : LoadWithAliases was unable to load of:NchipidT(null)Cti,am654-chipid, tried: of:NchipidT(null)Cti,am654_chipid
01-01 00:00:15.102 166 166 I cpufreq : cpufreq_online: CPU0: Running at unlisted initial frequency: 1200000 KHz, changing to: 1250000 KHz
01-01 00:00:15.104 165 165 I ueventd : Loading module /vendor/lib/modules/snd-soc-simple-card-utils.ko with args ''
01-01 00:00:15.117 168 168 E ueventd : LoadWithAliases was unable to load of:NsysconT(null)Cti,am62-usb-phy-ctrlCsyscon, tried: of:NsysconT(null)Cti,am62_usb_phy_ctrlCsyscon
01-01 00:00:15.139 166 166 I ueventd : Loaded kernel module /vendor/lib/modules/cpufreq-dt.ko
01-01 00:00:15.158 168 168 I ueventd : Loading module /vendor/lib/modules/mux-core.ko with args ''
01-01 00:00:15.167 167 167 I davinci_mdio 8000f00.mdio: davinci mdio revision 17.7, bus freq 1000000
01-01 00:00:15.168 166 166 E ueventd : LoadWithAliases was unable to load cpu:type:aarch64:feature:,0000,0001,0002,0003,0004,0005,0006,0007,000B
01-01 00:00:15.168 166 166 E ueventd : , tried: cpu:type:aarch64:feature:,0000,0001,0002,0003,0004,0005,0006,0007,000B
01-01 00:00:15.168 166 166 E ueventd :
01-01 00:00:15.182 168 168 I ueventd : Loading module /vendor/lib/modules/i2c-omap.ko with args ''
01-01 00:00:15.182 165 165 I ueventd : Loaded kernel module /vendor/lib/modules/snd-soc-simple-card-utils.ko
01-01 00:00:15.182 165 165 I ueventd : Loading module /vendor/lib/modules/snd-soc-simple-card.ko with args ''
01-01 00:00:15.195 167 167 I davinci_mdio 8000f00.mdio: phy[0]: device 8000f00.mdio:00, driver unknown
01-01 00:00:15.206 168 168 E ueventd : LoadWithAliases was unable to load of:Ntarget-moduleT(null)Cti,sysc-omap2Cti,sysc, tried: of:Ntarget_moduleT(null)Cti,sysc_omap2Cti,sysc
01-01 00:00:15.206 167 167 I davinci_mdio 8000f00.mdio: phy[1]: device 8000f00.mdio:01, driver unknown
01-01 00:00:15.221 167 167 I am65-cpsw-nuss 8000000.ethernet: initializing am65 cpsw nuss version 0x6BA01903, cpsw version 0x6BA81903 Ports: 3 quirks:00000006
01-01 00:00:15.222 167 167 I am65-cpsw-nuss 8000000.ethernet: initialized cpsw ale version 1.5
01-01 00:00:15.222 167 167 I am65-cpsw-nuss 8000000.ethernet: ALE Table size 512
01-01 00:00:15.223 167 167 I am65-cpsw-nuss 8000000.ethernet: CPTS ver 0x4e8a010d, freq:500000000, add_val:1 pps:0
01-01 00:00:15.223 168 168 E ueventd : LoadWithAliases was unable to load of:NusbT(null)Csnps,dwc3, tried: of:NusbT(null)Csnps,dwc3
01-01 00:00:15.225 165 165 I ueventd : Loaded kernel module /vendor/lib/modules/snd-soc-simple-card.ko
01-01 00:00:15.236 168 168 E ueventd : LoadWithAliases was unable to load input:b0003v413Cp2107e0110-e0,1,4,11,14,k71,72,73,74,75,77,79,7A,7B,7C,7D,7E,7F,80,81,82,83,84,85,86,87,88,89,8A,8C,8E,96,98,9E,9F,A1,A3,A4,A5,A6,AD,B0,B1,B2,B3,B4,B7,B8,B9,BA,BB,BC,BD,BE,BF,C0,C1,C2,F0,ram4,l0,1,2,sfw, tried: input:b0003v413Cp2107e0110_e0,1,4,11,14,k71,72,73,74,75,77,79,7A,7B,7C,7D,7E,7F,80,81,82,83,84,85,86,87,88,89,8A,8C,8E,96,98,9E,9F,A1,A3,A4,A5,A6,AD,B0,B1,B2,B3,B4,B7,B8,B9,BA,BB,BC,BD,BE,BF,C0,C1,C2,F0,ram4,l0,1,2,sfw
01-01 00:00:15.239 165 165 E ueventd : LoadWithAliases was unable to load cpu:type:aarch64:feature:,0000,0001,0002,0003,0004,0005,0006,0007,000B
01-01 00:00:15.283 168 168 E ueventd : LoadWithAliases was unable to load hid:b0003g0001v0000046Dp0000C077, tried: hid:b0003g0001v0000046Dp0000C077
01-01 00:00:15.293 165 165 E ueventd : , tried: cpu:type:aarch64:feature:,0000,0001,0002,0003,0004,0005,0006,0007,000B
01-01 00:00:15.307 168 168 E ueventd : LoadWithAliases was unable to load usb:v1A40p0201d0100dc09dsc00dp02ic09isc00ip02in00, tried: usb:v1A40p0201d0100dc09dsc00dp02ic09isc00ip02in00
01-01 00:00:15.315 165 165 E ueventd :
01-01 00:00:15.322 164 164 I apexd-bootstrap: wait for '/dev/loop-control' took 836ms
01-01 00:00:15.333 168 168 I ueventd : Loading module /vendor/lib/modules/gpio-regulator.ko with args ''
01-01 00:00:15.336 168 168 E ueventd : LoadWithAliases was unable to load platform:psci-cpuidle, tried: platform:psci_cpuidle
01-01 00:00:15.350 167 167 I am65-cpsw-nuss 8000000.ethernet: set new flow-id-base 19
01-01 00:00:15.352 168 168 I ueventd : Loading module /vendor/lib/modules/display-connector.ko with args ''
01-01 00:00:15.354 167 167 I ueventd : Loaded kernel module /vendor/lib/modules/ti-am65-cpsw-nuss.ko
01-01 00:00:15.354 168 168 E ueventd : LoadWithAliases was unable to load cpu:type:aarch64:feature:,0000,0001,0002,0003,0004,0005,0006,0007,000B
01-01 00:00:15.356 167 167 E ueventd : LoadWithAliases was unable to load of:NmmcT(null)Cti,am62-sdhci, tried: of:NmmcT(null)Cti,am62_sdhci
01-01 00:00:15.362 164 164 I apexd-bootstrap: Found 16 idle loopback devices that were pre-allocated by kernel. Allocated 31 more.
01-01 00:00:15.366 168 168 E ueventd : , tried: cpu:type:aarch64:feature:,0000,0001,0002,0003,0004,0005,0006,0007,000B
01-01 00:00:15.379 167 167 E ueventd : LoadWithAliases was unable to load of:NsramT(null)Cmmio-sram, tried: of:NsramT(null)Cmmio_sram
01-01 00:00:15.388 168 168 E ueventd :
01-01 00:00:15.397 228 228 I loop0 : detected capacity change from 0 to 880
