--------- beginning of main
01-01 00:00:03.078 146 146 I SELinux : SELinux: Loaded service_contexts from:
01-01 00:00:03.085 146 146 I SELinux : /plat_service_contexts
01-01 00:00:03.085 146 146 I SELinux : /nonplat_service_contexts
01-01 00:00:03.091 148 148 I SELinux : SELinux: Loaded service_contexts from:
01-01 00:00:03.092 148 148 I SELinux : /vndservice_contexts
01-01 00:00:00.280 145 145 W auditd : type=2000 audit(0.0:1): initialized
01-01 00:00:01.041 145 145 I auditd : type=1403 audit(0.0:2): policy loaded auid=4294967295 ses=4294967295
01-01 00:00:01.187 15 15 I kdevtmpfs: type=1400 audit(0.0:3): avc: denied { write } for name="001" dev="devtmpfs" ino=4766 scontext=u:r:kernel:s0 tcontext=u:object_r:device:s0 tclass=dir permissive=1
01-01 00:00:01.187 15 15 I kdevtmpfs: type=1400 audit(0.0:4): avc: denied { add_name } for name="002" scontext=u:r:kernel:s0 tcontext=u:object_r:device:s0 tclass=dir permissive=1
01-01 00:00:01.187 15 15 I kdevtmpfs: type=1400 audit(0.0:5): avc: denied { create } for name="002" scontext=u:r:kernel:s0 tcontext=u:object_r:device:s0 tclass=chr_file permissive=1
01-01 00:00:01.187 15 15 I kdevtmpfs: type=1400 audit(0.0:6): avc: denied { setattr } for name="002" dev="devtmpfs" ino=7222 scontext=u:r:kernel:s0 tcontext=u:object_r:device:s0 tclass=chr_file permissive=1
01-01 00:00:01.913 15 15 I kdevtmpfs: type=1400 audit(0.0:7): avc: denied { create } for name="dri" scontext=u:r:kernel:s0 tcontext=u:object_r:device:s0 tclass=dir permissive=1
01-01 00:00:02.347 131 131 I ifconfig: type=1400 audit(0.0:8): avc: denied { create } for scontext=u:r:toolbox:s0 tcontext=u:r:toolbox:s0 tclass=udp_socket permissive=1
01-01 00:00:03.208 15 15 I kdevtmpfs: type=1400 audit(0.0:17): avc: denied { write } for name="/" dev="devtmpfs" ino=1025 scontext=u:r:kernel:s0 tcontext=u:object_r:device:s0 tclass=dir permissive=1
01-01 00:00:03.208 15 15 I kdevtmpfs: type=1400 audit(0.0:18): avc: denied { add_name } for name="bsg" scontext=u:r:kernel:s0 tcontext=u:object_r:device:s0 tclass=dir permissive=1
01-01 00:00:03.208 15 15 I kdevtmpfs: type=1400 audit(0.0:19): avc: denied { create } for name="bsg" scontext=u:r:kernel:s0 tcontext=u:object_r:device:s0 tclass=dir permissive=1
01-01 00:00:03.210 15 15 I kdevtmpfs: type=1400 audit(0.0:20): avc: denied { create } for name="sda" scontext=u:r:kernel:s0 tcontext=u:object_r:device:s0 tclass=blk_file permissive=1
01-01 00:00:03.210 15 15 I kdevtmpfs: type=1400 audit(0.0:21): avc: denied { setattr } for name="sda" dev="devtmpfs" ino=7539 scontext=u:r:kernel:s0 tcontext=u:object_r:device:s0 tclass=blk_file permissive=1
01-01 00:00:03.258 147 147 E hwservicemanager: BINDER_SET_INHERIT_FIFO_PRIO failed with error -1
01-01 00:00:03.289 150 150 D vndksupport: Loading /vendor/lib/hw/android.hardware.keymaster@3.0-impl.so from current namespace instead of sphal namespace. --------- beginning of system
01-01 00:00:03.304 151 151 I vold : Vold 3.0 (the awakening) firing up
01-01 00:00:03.304 151 151 V vold : Detected support for: ext4 vfat
01-01 00:00:03.312 151 163 D vold : e4crypt_init_user0
01-01 00:00:03.312 151 163 D vold : e4crypt_prepare_user_storage for volume null, user 0, serial 0, flags 1
01-01 00:00:03.312 151 163 D vold : Preparing: /data/system/users/0
01-01 00:00:03.318 151 163 D vold : Preparing: /data/misc/profiles/cur/0
01-01 00:00:03.323 151 163 D vold : Preparing: /data/system_de/0
01-01 00:00:03.324 151 163 D vold : Preparing: /data/misc_de/0
01-01 00:00:03.324 151 163 D vold : Preparing: /data/user_de/0
01-01 00:00:03.324 151 161 V vold : /system/bin/sgdisk
01-01 00:00:03.324 151 161 V vold : --android-dump
01-01 00:00:03.324 151 161 V vold : /dev/block/vold/disk:8,0
01-01 00:00:03.325 151 163 D vold : e4crypt_unlock_user_key 0 serial=0 token_present=0
01-01 00:00:03.325 150 150 I android.hardware.keymaster@3.0-impl: Fetching keymaster device name default
01-01 00:00:03.345 150 150 I android.hardware.keymaster@3.0-impl: Found keymaster0 module Keymaster OpenSSL HAL, version 2
01-01 00:00:03.345 150 150 I android.hardware.keymaster@3.0-impl: Keymaster0 module is software-only. Using SoftKeymasterDevice instead.
01-01 00:00:03.346 150 150 I ServiceManagement: Removing namespace from process name android.hardware.keymaster@3.0-service to keymaster@3.0-s.
01-01 00:00:03.347 150 150 I android.hardware.keymaster@3.0-service: Registration complete for android.hardware.keymaster@3.0::IKeymasterDevice/default.
01-01 00:00:03.356 165 165 I /system/bin/tzdatacheck: timezone distro dir /data/misc/zoneinfo/current does not exist. No action required.
01-01 00:00:03.373 151 161 V vold : DISK mbr
01-01 00:00:03.373 151 161 V vold :
01-01 00:00:03.373 151 161 V vold : PART 1 c
01-01 00:00:03.373 151 161 V vold :
01-01 00:00:03.582 166 166 I Netd : Netd 1.0 starting
01-01 00:00:03.606 169 169 I ServiceManagement: Removing namespace from process name android.hidl.allocator@1.0-service to allocator@1.0-s.
01-01 00:00:03.613 166 166 D TetherController: Setting IP forward enable = 0
01-01 00:00:03.682 178 178 D vndksupport: Loading /vendor/lib/hw/android.hardware.memtrack@1.0-impl.so from current namespace instead of sphal namespace.
01-01 00:00:03.729 183 183 I lowmemorykiller: Using in-kernel low memory killer interface
01-01 00:00:03.781 166 166 I Netd : Creating child chains: 160.8ms
01-01 00:00:03.781 166 166 I Netd : Setting up OEM hooks: 0.1ms
01-01 00:00:03.784 166 166 I Netd : Setting up FirewallController hooks: 3.3ms
01-01 00:00:03.785 176 176 D android.hardware.drm@1.0-service: android.hardware.drm@1.0-service starting...
01-01 00:00:03.786 166 166 I Netd : Setting up NatController hooks: 2.0ms
01-01 00:00:03.788 166 166 I Netd : Setting up BandwidthController hooks: 1.8ms
01-01 00:00:03.788 166 166 I Netd : Setting up IdletimerController hooks: 0.0ms
01-01 00:00:03.788 176 176 D vndksupport: Loading /vendor/lib/hw/android.hardware.drm@1.0-impl.so from current namespace instead of sphal namespace.
01-01 00:00:03.791 166 166 I Netd : Disabling bandwidth control: 3.4ms
01-01 00:00:03.793 166 166 E Netd : cannot find interface dummy0
01-01 00:00:03.794 166 166 I Netd : Initializing RouteController: 2.7ms
01-01 00:00:03.795 166 166 E Netd : Unable to create netlink socket: Protocol not supported
01-01 00:00:03.795 166 166 W Netd : Unable to open qlog quota socket, check if xt_quota2 can send via UeventHandler
01-01 00:00:03.795 166 166 D MDnsDS : MDnsSdListener::Hander starting up
01-01 00:00:03.797 166 166 I Netd : Registering NetdNativeService: 1.4ms
01-01 00:00:03.797 166 166 I Netd : Starting CommandListener: 0.1ms
01-01 00:00:03.798 166 166 I Netd : Registering NetdHwService: 1.8ms
01-01 00:00:03.799 166 166 I Netd : Netd started in 216ms
01-01 00:00:03.800 174 174 D android.hardware.cas@1.0-service: android.hardware.cas@1.0-service starting...
01-01 00:00:03.801 174 174 I ServiceManagement: Removing namespace from process name android.hardware.cas@1.0-service to cas@1.0-service.
01-01 00:00:03.801 166 197 D MDnsDS : MDnsSdListener starting to monitor
01-01 00:00:03.801 166 197 D MDnsDS : Going to poll with pollCount 1
01-01 00:00:03.808 147 147 W /system/bin/hwservicemanager: getTransport: Cannot find entry android.hardware.health@1.0::IHealth/default in either framework or device manifest.
01-01 00:00:03.816 172 172 D vndksupport: Loading /vendor/lib/hw/android.hardware.bluetooth@1.0-impl.so from current namespace instead of sphal namespace.
01-01 00:00:03.827 179 179 I ServiceManagement: Removing namespace from process name android.hardware.usb@1.0-service to usb@1.0-service.
01-01 00:00:03.828 179 179 I android.hardware.usb@1.0-service: USB HAL Ready.
01-01 00:00:03.867 178 178 D vndksupport: Loading /vendor/lib/hw/memtrack.jacinto6.so from current namespace instead of sphal namespace.
01-01 00:00:03.867 177 177 D vndksupport: Loading /vendor/lib/hw/android.hardware.graphics.allocator@2.0-impl.so from current namespace instead of sphal namespace.
01-01 00:00:03.876 175 175 W /vendor/bin/hw/android.hardware.configstore@1.0-service: Could not find seccomp policy file at: /vendor/etc/seccomp_policy/configstore@1.0.policy
01-01 00:00:03.876 175 175 I ServiceManagement: Removing namespace from process name android.hardware.configstore@1.0-service to configstore@1.0.
01-01 00:00:03.890 1 1 I init : type=1400 audit(0.0:22): avc: denied { write } for name="ttyS3" dev="tmpfs" ino=7271 scontext=u:r:init:s0 tcontext=u:object_r:serial_device:s0 tclass=chr_file permissive=1
01-01 00:00:03.890 1 1 W init : type=1400 audit(0.0:23): avc: granted { read open } for path="/dev/ttyS3" dev="tmpfs" ino=7271 scontext=u:r:init:s0 tcontext=u:object_r:serial_device:s0 tclass=chr_file
01-01 00:00:03.892 207 207 W init : type=1400 audit(0.0:24): avc: granted { read } for name="ttyS3" dev="tmpfs" ino=7271 scontext=u:r:init:s0 tcontext=u:object_r:serial_device:s0 tclass=chr_file
01-01 00:00:03.892 207 207 W init : type=1400 audit(0.0:25): avc: granted { read open } for path="/dev/ttyS3" dev="tmpfs" ino=7271 scontext=u:r:init:s0 tcontext=u:object_r:serial_device:s0 tclass=chr_file
01-01 00:00:03.901 207 207 I init : type=1400 audit(0.0:26): avc: denied { ioctl } for path="/dev/ttyS3" dev="tmpfs" ino=7271 ioctlcmd=540e scontext=u:r:init:s0 tcontext=u:object_r:serial_device:s0 tclass=chr_file permissive=1
01-01 00:00:03.957 207 207 I sh : type=1400 audit(0.0:27): avc: denied { read write } for path="/dev/ttyS3" dev="tmpfs" ino=7271 scontext=u:r:shell:s0 tcontext=u:object_r:serial_device:s0 tclass=chr_file permissive=1
01-01 00:00:03.961 172 172 I ServiceManagement: Removing namespace from process name android.hardware.bluetooth@1.0-service to bluetooth@1.0-s.
01-01 00:00:03.962 172 172 I android.hardware.bluetooth@1.0-service: Registration complete for android.hardware.bluetooth@1.0::IBluetoothHci/default.
01-01 00:00:03.966 207 207 I sh : type=1400 audit(0.0:28): avc: denied { ioctl } for path="/dev/ttyS3" dev="tmpfs" ino=7271 ioctlcmd=5401 scontext=u:r:shell:s0 tcontext=u:object_r:serial_device:s0 tclass=chr_file permissive=1
01-01 00:00:03.979 178 178 D vndksupport: Loading /vendor/lib/hw/gralloc.jacinto6.so from current namespace instead of sphal namespace.
01-01 00:00:04.008 177 177 D vndksupport: Loading /vendor/lib/hw/gralloc.jacinto6.so from current namespace instead of sphal namespace.
01-01 00:00:04.075 147 147 W /system/bin/hwservicemanager: getTransport: Cannot find entry android.hardware.thermal@1.1::IThermal/default in either framework or device manifest.
01-01 00:00:04.085 185 185 W thermalserviced: Unable to get Thermal HAL V1.1, vendor thermal event notification not available
01-01 00:00:04.145 171 171 I android.hardwar: type=1400 audit(0.0:29): avc: denied { dac_override } for capability=1 scontext=u:r:hal_vehicle_default:s0 tcontext=u:r:hal_vehicle_default:s0 tclass=capability permissive=1
01-01 00:00:04.170 214 214 I installd: installd firing up
01-01 00:00:04.207 171 171 I android.hardwar: type=1400 audit(0.0:30): avc: denied { getattr } for path="/data/lad/LAD/LADCMDS" dev="mmcblk0p17" ino=131092 scontext=u:r:hal_vehicle_default:s0 tcontext=u:object_r:lad_data_file:s0 tclass=fifo_file permissive=1
01-01 00:00:04.207 171 171 I android.hardwar: type=1400 audit(0.0:31): avc: denied { write } for name="LADCMDS" dev="mmcblk0p17" ino=131092 scontext=u:r:hal_vehicle_default:s0 tcontext=u:object_r:lad_data_file:s0 tclass=fifo_file permissive=1
01-01 00:00:04.207 171 171 I android.hardwar: type=1400 audit(0.0:32): avc: denied { open } for path="/data/lad/LAD/LADCMDS" dev="mmcblk0p17" ino=131092 scontext=u:r:hal_vehicle_default:s0 tcontext=u:object_r:lad_data_file:s0 tclass=fifo_file permissive=1
01-01 00:00:04.288 173 173 I android.hardware.camera.provider@2.4-service: Camera provider Service is starting.
01-01 00:00:04.289 173 173 D vndksupport: Loading /vendor/lib/hw/android.hardware.camera.provider@2.4-impl.so from current namespace instead of sphal namespace.
01-01 00:00:04.296 210 210 I lad_dra7xx: type=1400 audit(0.0:33): avc: denied { dac_override } for capability=1 scontext=u:r:lad_dra7xx:s0 tcontext=u:r:lad_dra7xx:s0 tclass=capability permissive=1
01-01 00:00:04.339 210 210 I lad_dra7xx: type=1400 audit(0.0:34): avc: denied { read write } for name="mem" dev="tmpfs" ino=7237 scontext=u:r:lad_dra7xx:s0 tcontext=u:object_r:kmem_device:s0 tclass=chr_file permissive=1
01-01 00:00:04.339 210 210 I lad_dra7xx: type=1400 audit(0.0:35): avc: denied { open } for path="/dev/mem" dev="tmpfs" ino=7237 scontext=u:r:lad_dra7xx:s0 tcontext=u:object_r:kmem_device:s0 tclass=chr_file permissive=1
01-01 00:00:04.339 210 210 I lad_dra7xx: type=1400 audit(0.0:36): avc: denied { sys_rawio } for capability=17 scontext=u:r:lad_dra7xx:s0 tcontext=u:r:lad_dra7xx:s0 tclass=capability permissive=1
01-01 00:00:04.339 171 171 I android.hardwar: type=1400 audit(0.0:37): avc: denied { write } for name="LADCMDS" dev="mmcblk0p17" ino=131092 scontext=u:r:hal_vehicle_default:s0 tcontext=u:object_r:lad_data_file:s0 tclass=fifo_file permissive=1
01-01 00:00:04.339 171 171 I android.hardwar: type=1400 audit(0.0:38): avc: denied { open } for path="/data/lad/LAD/LADCMDS" dev="mmcblk0p17" ino=131092 scontext=u:r:hal_vehicle_default:s0 tcontext=u:object_r:lad_data_file:s0 tclass=fifo_file permissive=1
01-01 00:00:04.339 171 171 I android.hardwar: type=1400 audit(0.0:39): avc: denied { getattr } for path="/data/lad/LAD/LADCMDS" dev="mmcblk0p17" ino=131092 scontext=u:r:hal_vehicle_default:s0 tcontext=u:object_r:lad_data_file:s0 tclass=fifo_file permissive=1
01-01 00:00:04.339 171 171 I android.hardwar: type=1400 audit(0.0:40): avc: denied { read } for name="171" dev="mmcblk0p17" ino=131421 scontext=u:r:hal_vehicle_default:s0 tcontext=u:object_r:lad_data_file:s0 tclass=fifo_file permissive=1
01-01 00:00:04.339 210 210 I lad_dra7xx: type=1400 audit(0.0:41): avc: denied { signull } for scontext=u:r:lad_dra7xx:s0 tcontext=u:r:hal_vehicle_default:s0 tclass=process permissive=1
01-01 00:00:04.341 171 171 I android.hardwar: type=1400 audit(0.0:42): avc: denied { create } for scontext=u:r:hal_vehicle_default:s0 tcontext=u:r:hal_vehicle_default:s0 tclass=socket permissive=1
01-01 00:00:04.341 171 171 I android.hardwar: type=1400 audit(0.0:43): avc: denied { connect } for scontext=u:r:hal_vehicle_default:s0 tcontext=u:r:hal_vehicle_default:s0 tclass=socket permissive=1
01-01 00:00:04.341 171 171 I android.hardwar: type=1400 audit(0.0:44): avc: denied { getattr } for scontext=u:r:hal_vehicle_default:s0 tcontext=u:r:hal_vehicle_default:s0 tclass=socket permissive=1
01-01 00:00:04.342 171 171 I android.hardwar: type=1400 audit(0.0:45): avc: denied { read write } for name="mem" dev="tmpfs" ino=7237 scontext=u:r:hal_vehicle_default:s0 tcontext=u:object_r:kmem_device:s0 tclass=chr_file permissive=1
01-01 00:00:04.342 171 171 I android.hardwar: type=1400 audit(0.0:46): avc: denied { open } for path="/dev/mem" dev="tmpfs" ino=7237 scontext=u:r:hal_vehicle_default:s0 tcontext=u:object_r:kmem_device:s0 tclass=chr_file permissive=1
01-01 00:00:04.342 171 171 I android.hardwar: type=1400 audit(0.0:47): avc: denied { sys_rawio } for capability=17 scontext=u:r:hal_vehicle_default:s0 tcontext=u:r:hal_vehicle_default:s0 tclass=capability permissive=1
01-01 00:00:04.344 171 171 D DefaultVehicleHal_v2_0: Waiting to connect to Rx channel
01-01 00:00:04.343 171 171 I android.hardwar: type=1400 audit(0.0:48): avc: denied { bind } for scontext=u:r:hal_vehicle_default:s0 tcontext=u:r:hal_vehicle_default:s0 tclass=socket permissive=1
01-01 00:00:04.344 171 171 D DefaultVehicleHal_v2_0: Rx Channel connected
01-01 00:00:04.344 171 171 D DefaultVehicleHal_v2_0: Waiting to connect to Tx channel
01-01 00:00:04.345 171 171 D DefaultVehicleHal_v2_0: Tx Channel connected
01-01 00:00:04.344 171 171 I android.hardwar: type=1400 audit(0.0:49): avc: denied { write } for scontext=u:r:hal_vehicle_default:s0 tcontext=u:r:hal_vehicle_default:s0 tclass=socket permissive=1
01-01 00:00:04.345 171 171 I automotive.vehicle@2.0-service: registerEmulator, emulator: 0xa6c94888
01-01 00:00:04.345 171 171 I automotive.vehicle@2.0-impl: VehicleHalManager::init
01-01 00:00:04.344 171 171 I android.hardwar: type=1400 audit(0.0:50): avc: denied { create } for scontext=u:r:hal_vehicle_default:s0 tcontext=u:r:hal_vehicle_default:s0 tclass=tcp_socket permissive=1
01-01 00:00:04.344 171 171 I android.hardwar: type=1400 audit(0.0:51): avc: denied { bind } for scontext=u:r:hal_vehicle_default:s0 tcontext=u:r:hal_vehicle_default:s0 tclass=tcp_socket permissive=1
01-01 00:00:04.345 171 171 I automotive.vehicle@2.0-service: Registering as service...
01-01 00:00:04.345 171 171 I ServiceManagement: Removing namespace from process name android.hardware.automotive.vehicle@2.0-service to vehicle@2.0-ser.
01-01 00:00:04.347 147 147 E SELinux : avc: denied { add } for interface=android.hardware.automotive.vehicle::IVehicle pid=171 scontext=u:r:hal_vehicle_default:s0 tcontext=u:object_r:default_android_hwservice:s0 tclass=hwservice_manager permissive=1
01-01 00:00:04.344 171 171 I android.hardwar: type=1400 audit(0.0:52): avc: denied { node_bind } for src=33452 scontext=u:r:hal_vehicle_default:s0 tcontext=u:object_r:node:s0 tclass=tcp_socket permissive=1
01-01 00:00:04.346 171 171 I android.hardwar: type=1400 audit(0.0:53): avc: denied { listen } for lport=33452 scontext=u:r:hal_vehicle_default:s0 tcontext=u:r:hal_vehicle_default:s0 tclass=tcp_socket permissive=1
01-01 00:00:04.346 171 171 I android.hardwar: type=1400 audit(0.0:54): avc: denied { accept } for lport=33452 scontext=u:r:hal_vehicle_default:s0 tcontext=u:r:hal_vehicle_default:s0 tclass=tcp_socket permissive=1
01-01 00:00:04.348 147 147 E SELinux : avc: denied { add } for interface=android.hidl.base::IBase pid=171 scontext=u:r:hal_vehicle_default:s0 tcontext=u:object_r:hidl_base_hwservice:s0 tclass=hwservice_manager permissive=1
01-01 00:00:04.348 171 171 I automotive.vehicle@2.0-service: Ready
01-01 00:00:04.356 225 225 I /system/bin/tombstoned: tombstoned successfully initialized
01-01 00:00:04.410 224 224 I gatekeeperd: Starting gatekeeperd...
01-01 00:00:04.411 176 176 I ServiceManagement: Removing namespace from process name android.hardware.drm@1.0-service to drm@1.0-service.
01-01 00:00:04.412 147 147 W /system/bin/hwservicemanager: getTransport: Cannot find entry android.hardware.gatekeeper@1.0::IGatekeeper/default in either framework or device manifest.
01-01 00:00:04.412 176 176 I android.hardware.drm@1.0-service: Registration complete for android.hardware.drm@1.0::IDrmFactory/default.
01-01 00:00:04.413 176 176 D vndksupport: Loading /vendor/lib/hw/android.hardware.drm@1.0-impl.so from current namespace instead of sphal namespace.
01-01 00:00:04.414 176 176 I ServiceManagement: Removing namespace from process name android.hardware.drm@1.0-service to drm@1.0-service.
01-01 00:00:04.415 176 176 I android.hardware.drm@1.0-service: Registration complete for android.hardware.drm@1.0::ICryptoFactory/default.
01-01 00:00:04.416 224 224 W gatekeeperd: falling back to software GateKeeper
01-01 00:00:04.437 180 180 I android.hardware.wifi@1.0-service: Wifi Hal is booting up...
01-01 00:00:04.501 221 221 I wificond: wificond is starting up...
01-01 00:00:04.524 216 216 I mediaserver: ServiceManager: 0xa8e19560
01-01 00:00:04.526 177 177 I ServiceManagement: Removing namespace from process name android.hardware.graphics.allocator@2.0-service to allocator@2.0-s.
01-01 00:00:04.526 177 177 I android.hardware.graphics.allocator@2.0-service: Registration complete for android.hardware.graphics.allocator@2.0::IAllocator/default.
01-01 00:00:04.528 178 178 I ServiceManagement: Removing namespace from process name android.hardware.memtrack@1.0-service to memtrack@1.0-se.
01-01 00:00:04.529 178 178 I android.hardware.memtrack@1.0-service: Registration complete for android.hardware.memtrack@1.0::IMemtrack/default.
01-01 00:00:04.756 173 173 D vndksupport: Loading /vendor/lib/hw/camera.jacinto6.so from current namespace instead of sphal namespace.
01-01 00:00:04.762 170 170 D vndksupport: Loading /vendor/lib/hw/android.hardware.audio@2.0-impl.so from current namespace instead of sphal namespace.
01-01 00:00:04.834 184 184 I /system/bin/surfaceflinger: android::hardware::configstore::V1_0::ISurfaceFlingerConfigs::maxFrameBufferAcquiredBuffers retrieved: 2 (default)
01-01 00:00:04.839 184 184 I /system/bin/surfaceflinger: android::hardware::configstore::V1_0::ISurfaceFlingerConfigs::startGraphicsAllocatorService retrieved: 0
01-01 00:00:04.842 184 184 I SurfaceFlinger: SurfaceFlinger is starting
01-01 00:00:04.842 184 184 I /system/bin/surfaceflinger: android::hardware::configstore::V1_0::ISurfaceFlingerConfigs::vsyncEventPhaseOffsetNs retrieved: 7500000
01-01 00:00:04.842 184 184 I /system/bin/surfaceflinger: android::hardware::configstore::V1_0::ISurfaceFlingerConfigs::vsyncSfEventPhaseOffsetNs retrieved: 5000000
01-01 00:00:04.842 184 184 I /system/bin/surfaceflinger: android::hardware::configstore::V1_0::ISurfaceFlingerConfigs::maxVirtualDisplaySize retrieved: 0 (default)
01-01 00:00:04.842 184 184 I /system/bin/surfaceflinger: android::hardware::configstore::V1_0::ISurfaceFlingerConfigs::hasSyncFramework retrieved: 1
01-01 00:00:04.843 184 184 I /system/bin/surfaceflinger: android::hardware::configstore::V1_0::ISurfaceFlingerConfigs::useContextPriority retrieved: 0 (default)
01-01 00:00:04.843 184 184 I /system/bin/surfaceflinger: android::hardware::configstore::V1_0::ISurfaceFlingerConfigs::presentTimeOffsetFromVSyncNs retrieved: 0
01-01 00:00:04.843 184 184 I /system/bin/surfaceflinger: android::hardware::configstore::V1_0::ISurfaceFlingerConfigs::useHwcForRGBtoYUV retrieved: 0
01-01 00:00:04.843 184 184 I /system/bin/surfaceflinger: android::hardware::configstore::V1_0::ISurfaceFlingerConfigs::maxFrameBufferAcquiredBuffers retrieved: 2 (default)
01-01 00:00:04.843 184 184 I SurfaceFlinger: Enabling HWC virtual displays
01-01 00:00:04.843 184 184 I SurfaceFlinger: Disabling Triple Buffering
01-01 00:00:04.844 184 184 I SurfaceFlinger: SurfaceFlinger's main thread ready to run. Initializing graphics H/W...
01-01 00:00:04.883 184 184 D vndksupport: Loading /vendor/lib/egl/libEGL_POWERVR_SGX544_116.so from current namespace instead of sphal namespace.
01-01 00:00:04.887 170 170 I ServiceManagement: Removing namespace from process name android.hardware.audio@2.0-service to audio@2.0-servi.
01-01 00:00:04.895 170 170 I audiohalservice: Registration complete for android.hardware.audio@2.0::IDevicesFactory/default.
01-01 00:00:04.896 170 170 D vndksupport: Loading /vendor/lib/hw/android.hardware.audio.effect@2.0-impl.so from current namespace instead of sphal namespace.
01-01 00:00:04.970 223 223 I /vendor/bin/hw/android.hardware.media.omx@1.0-service: mediacodecservice starting
01-01 00:00:04.979 184 184 D libEGL : loaded /vendor/lib/egl/libEGL_POWERVR_SGX544_116.so
01-01 00:00:04.982 173 173 I CamProvider@2.4-impl: Loaded "TI OMAP CameraHal Module" camera module
01-01 00:00:04.982 173 173 I CamProvider@2.4-impl: setUpVendorTags: No vendor tags defined for this device.
01-01 00:00:04.983 173 173 E CameraHal: (a84644a4) hardware/ti/dra7xx/camera/V4LCameraAdapter/V4LCameraAdapter.cpp:1302 V4LCameraAdapter_Capabilities - Error while adapter initialization: video capture not supported.
01-01 00:00:04.986 173 173 E CameraHal: (a84644a4) hardware/ti/dra7xx/camera/V4LCameraAdapter/V4LCameraAdapter.cpp:1328 V4LCameraAdapter_Capabilities - Camera device path 0 is /dev/video125
01-01 00:00:04.986 173 173 E CameraHal: (a84644a4) hardware/ti/dra7xx/camera/BaseCameraAdapter.cpp:2713 CameraAdapter_Capabilities - supportedCameras= 1
01-01 00:00:04.986 173 173 I CameraHal: (a84644a4) hardware/ti/dra7xx/camera/CameraProperties.cpp:114 loadProperties - num_cameras = 1
01-01 00:00:04.988 173 173 I ServiceManagement: Removing namespace from process name android.hardware.camera.provider@2.4-service to provider@2.4-se.
01-01 00:00:04.997 173 173 I android.hardware.camera.provider@2.4-service: Registration complete for android.hardware.camera.provider@2.4::ICameraProvider/legacy/0.
01-01 00:00:05.018 223 223 W /vendor/bin/hw/android.hardware.media.omx@1.0-service: Could not read additional policy file '/vendor/etc/seccomp_policy/mediacodec.policy'
01-01 00:00:05.018 223 223 W /vendor/bin/hw/android.hardware.media.omx@1.0-service: libminijail[223]: allowing syscall: clock_gettime
01-01 00:00:05.018 223 223 W /vendor/bin/hw/android.hardware.media.omx@1.0-service: libminijail[223]: allowing syscall: connect
01-01 00:00:05.018 223 223 W /vendor/bin/hw/android.hardware.media.omx@1.0-service: libminijail[223]: allowing syscall: fcntl64
01-01 00:00:05.018 223 223 W /vendor/bin/hw/android.hardware.media.omx@1.0-service: libminijail[223]: allowing syscall: socket
01-01 00:00:05.018 223 223 W /vendor/bin/hw/android.hardware.media.omx@1.0-service: libminijail[223]: allowing syscall: writev
01-01 00:00:05.019 223 223 W /vendor/bin/hw/android.hardware.media.omx@1.0-service: libminijail[223]: logging seccomp filter failures
01-01 00:00:05.053 170 170 I audiohalservice: Registration complete for android.hardware.audio.effect@2.0::IEffectsFactory/default.
01-01 00:00:05.054 147 147 W /system/bin/hwservicemanager: getTransport: Cannot find entry android.hardware.soundtrigger@2.0::ISoundTriggerHw/default in either framework or device manifest.
01-01 00:00:05.054 170 170 D vndksupport: Loading /vendor/lib/hw/android.hardware.soundtrigger@2.0-impl.so from current namespace instead of sphal namespace.
01-01 00:00:05.105 170 170 E SoundTriggerHalImpl: couldn't load sound trigger module sound_trigger.primary (No such file or directory)
01-01 00:00:05.107 170 170 I audiohalservice: Registration complete for android.hardware.soundtrigger@2.0::ISoundTriggerHw/default.
01-01 00:00:05.136 223 223 W MediaCodecsXmlParser: unable to open media codecs configuration xml file: /data/misc/media/media_codecs_profiling_results.xml
01-01 00:00:05.136 223 223 W MediaCodecsXmlParser: parseTopLevelXMLFile(/data/misc/media/media_codecs_profiling_results.xml) failed
01-01 00:00:05.137 223 223 I ServiceManagement: Removing namespace from process name android.hardware.media.omx@1.0-service to omx@1.0-service.
01-01 00:00:05.150 184 184 D vndksupport: Loading /vendor/lib/egl/libGLESv1_CM_POWERVR_SGX544_116.so from current namespace instead of sphal namespace.
01-01 00:00:05.152 184 184 D libEGL : loaded /vendor/lib/egl/libGLESv1_CM_POWERVR_SGX544_116.so
01-01 00:00:05.192 184 184 D vndksupport: Loading /vendor/lib/egl/libGLESv2_POWERVR_SGX544_116.so from current namespace instead of sphal namespace.
01-01 00:00:05.193 184 184 D libEGL : loaded /vendor/lib/egl/libGLESv2_POWERVR_SGX544_116.so
01-01 00:00:05.252 184 184 D vndksupport: Loading /vendor/lib/hw/gralloc.jacinto6.so from current namespace instead of sphal namespace.
01-01 00:00:05.255 223 223 D OMX_CORE_WRAPPER: TIOMX_Init
01-01 00:00:05.255 223 223 D OMX_CORE_WRAPPER: TIOMX_ComponentNameEnum
01-01 00:00:05.255 223 223 I chatty : uid=1046(mediacodec) omx@1.0-service identical 1 line
01-01 00:00:05.255 223 223 D OMX_CORE_WRAPPER: TIOMX_ComponentNameEnum
01-01 00:00:05.258 223 223 W MediaCodecsXmlParser: unable to open media codecs configuration xml file: /data/misc/media/media_codecs_profiling_results.xml
01-01 00:00:05.258 223 223 W MediaCodecsXmlParser: parseTopLevelXMLFile(/data/misc/media/media_codecs_profiling_results.xml) failed
01-01 00:00:05.258 223 223 I ServiceManagement: Removing namespace from process name android.hardware.media.omx@1.0-service to omx@1.0-service.
01-01 00:00:05.265 184 184 D vndksupport: Loading /vendor/lib/hw/gralloc.jacinto6.so from current namespace instead of sphal namespace.
01-01 00:00:05.267 223 223 I /vendor/bin/hw/android.hardware.media.omx@1.0-service: Treble OMX service created.
01-01 00:00:05.268 184 184 I /system/bin/surfaceflinger: android::hardware::configstore::V1_0::ISurfaceFlingerConfigs::hasWideColorDisplay retrieved: 0
01-01 00:00:05.271 184 184 D vndksupport: Loading /vendor/lib/hw/gralloc.jacinto6.so from current namespace instead of sphal namespace.
01-01 00:00:05.280 184 184 D vndksupport: Loading /vendor/lib/hw/hwcomposer.jacinto6.so from current namespace instead of sphal namespace.
01-01 00:00:05.286 184 184 I ti_hwc : Open omapdrm drm device (21)
01-01 00:00:05.290 184 184 D vndksupport: Loading /vendor/lib/hw/gralloc.jacinto6.so from current namespace instead of sphal namespace.
01-01 00:00:05.291 184 184 I ti_hwc : Set drm fd (21) to gralloc
01-01 00:00:05.305 184 184 I ti_hwc : Number of available overlays: 4
01-01 00:00:05.305 184 184 I ti_hwc : Display 0 - Overlay 0: plane_id: 33 crtc_id: 34
01-01 00:00:05.305 184 184 I ti_hwc : Display 0 - Overlay 1: plane_id: 37 crtc_id: 34
01-01 00:00:05.305 184 184 I ti_hwc : Display 0 - Overlay 2: plane_id: 38 crtc_id: 34
01-01 00:00:05.305 184 184 D ti_hwc : Transforming FB (1280x800) => (1280x800) rot0
01-01 00:00:05.306 184 184 E ti_hwc : plane id: 33
01-01 00:00:05.306 184 184 I ti_hwc : Expecting h/w vsync for infotainment
01-01 00:00:05.306 184 184 I ti_hwc : Initializing hw vsync thread
01-01 00:00:05.306 184 184 I ti_hwc : clone region is set to (0,0) to (1280,800)
01-01 00:00:05.306 184 184 I ti_hwc : loading blitter module
01-01 00:00:05.306 184 184 E ti_hwc : blitter module not found
01-01 00:00:05.306 184 184 I SurfaceFlinger: Using composer version 1.1
01-01 00:00:05.306 184 184 I SurfaceFlinger: EGL information:
01-01 00:00:05.307 184 184 I SurfaceFlinger: vendor : Android
01-01 00:00:05.307 184 184 I SurfaceFlinger: version : 1.4 Android META-EGL
01-01 00:00:05.307 184 184 I SurfaceFlinger: extensions: EGL_KHR_get_all_proc_addresses EGL_ANDROID_presentation_time EGL_KHR_swap_buffers_with_damage EGL_ANDROID_get_native_client_buffer EGL_ANDROID_front_buffer_auto_refresh EGL_ANDROID_get_frame_timestamps EGL_KHR_image EGL_KHR_image_base EGL_KHR_gl_texture_2D_image EGL_KHR_gl_texture_cubemap_image EGL_KHR_gl_renderbuffer_image EGL_KHR_fence_sync EGL_KHR_create_context EGL_KHR_surfaceless_context EGL_ANDROID_image_native_buffer EGL_KHR_wait_sync EGL_ANDROID_recordable EGL_IMG_context_priority
01-01 00:00:05.307 184 184 I SurfaceFlinger: Client API: OpenGL_ES
01-01 00:00:05.307 184 184 I SurfaceFlinger: EGLSurface: 8-8-8-8, config=0xf
01-01 00:00:05.321 184 184 I SurfaceFlinger: OpenGL ES informations:
01-01 00:00:05.321 184 184 I SurfaceFlinger: vendor : Imagination Technologies
01-01 00:00:05.321 184 184 I SurfaceFlinger: renderer : PowerVR SGX 544MP
01-01 00:00:05.321 184 184 I SurfaceFlinger: version : OpenGL ES 2.0 build 6AO.1.1.1-860359b
01-01 00:00:05.321 184 184 I SurfaceFlinger: extensions: GL_EXT_debug_marker GL_OES_compressed_ETC1_RGB8_texture GL_OES_depth24 GL_OES_depth_texture GL_OES_egl_sync GL_OES_element_index_uint GL_OES_EGL_image GL_OES_EGL_image_external GL_OES_fbo_render_mipmap GL_OES_fragment_precision_high GL_OES_get_program_binary GL_OES_mapbuffer GL_OES_packed_depth_stencil GL_OES_required_internalformat GL_OES_rgb8_rgba8 GL_OES_standard_derivatives GL_OES_surfaceless_context GL_OES_texture_float GL_OES_texture_half_float GL_OES_texture_npot GL_OES_vertex_array_object GL_OES_vertex_half_float GL_EXT_blend_minmax GL_EXT_discard_framebuffer GL_EXT_draw_buffers GL_EXT_multi_draw_arrays GL_EXT_multisampled_render_to_texture GL_EXT_occlusion_query_boolean GL_EXT_shader_framebuffer_fetch GL_EXT_shader_texture_lod GL_EXT_texture_format_BGRA8888 GL_EXT_texture_rg GL_IMG_multisampled_render_to_texture GL_IMG_program_binary GL_IMG_read_format GL_IMG_shader_binary GL_IMG_texture_compression_pvrtc GL_IMG_texture_compression_pvrtc2 GL_IMG_texture_format_BGRA8888 GL_IMG_texture_npo
01-01 00:00:05.321 184 184 I SurfaceFlinger: GL_MAX_TEXTURE_SIZE = 4096
01-01 00:00:05.321 184 184 I SurfaceFlinger: GL_MAX_VIEWPORT_DIMS = 4096
01-01 00:00:05.327 184 251 D ti_hwc : Opened directory /sys/devices/platform/omapdrm.0/drm/card0
01-01 00:00:05.327 184 251 E ti_hwc : Did not find HDMI connector
01-01 00:00:05.327 184 251 E ti_hwc : Returning from HDMI polling thread
01-01 00:00:05.330 184 184 D vndksupport: Loading /vendor/lib/hw/android.hardware.graphics.mapper@2.0-impl.so from current namespace instead of sphal namespace.
01-01 00:00:05.343 184 184 D vndksupport: Loading /vendor/lib/hw/gralloc.jacinto6.so from current namespace instead of sphal namespace.
01-01 00:00:05.458 171 171 I android.hardwar: type=1400 audit(0.0:55): avc: denied { accept } for lport=33452 scontext=u:r:hal_vehicle_default:s0 tcontext=u:r:hal_vehicle_default:s0 tclass=tcp_socket permissive=1
01-01 00:00:05.508 220 256 I /system/bin/storaged: storaged: Start
01-01 00:00:05.526 184 184 D SurfaceFlinger: shader cache generated - 24 shaders in 164.967270 ms
01-01 00:00:05.528 184 184 D SurfaceFlinger: Set power mode=2, type=0 flinger=0xb1352000
01-01 00:00:05.568 218 218 I mediametrics: ServiceManager: 0xb47995a0
01-01 00:00:05.568 218 218 D MediaAnalyticsService: MediaAnalyticsService created
01-01 00:00:05.568 218 218 D MediaAnalyticsService: MediaAnalyticsService::newSummarizerSet
01-01 00:00:05.568 184 184 I ti_hwc : Setting up plane 33 and connecting connector 32 to crtc 34
01-01 00:00:05.822 167 167 D AndroidRuntime: >>>>>> START com.android.internal.os.ZygoteInit uid 0 <<<<<<
01-01 00:00:05.860 212 212 I cameraserver: ServiceManager: 0xa9b19560
01-01 00:00:05.860 212 212 I CameraService: CameraService started (pid=212)
01-01 00:00:05.866 212 212 I CameraService: CameraService process starting
01-01 00:00:05.866 212 212 W BatteryNotifier: batterystats service unavailable!
01-01 00:00:05.866 212 212 W BatteryNotifier: batterystats service unavailable!
01-01 00:00:05.871 212 212 I CameraProviderManager: Connecting to new camera provider: legacy/0, isRemote? 1
01-01 00:00:05.873 212 212 I CameraProviderManager: Enumerating new camera device: device@1.0/legacy/0
01-01 00:00:05.877 173 264 I CamDev@1.0-impl: Opening camera 0
01-01 00:00:05.877 173 264 E CameraHal: (a6e59970) hardware/ti/dra7xx/camera/CameraHal_Module.cpp:634 camera_device_open - CameraHal_Module: ******************* 1 *******************
01-01 00:00:05.877 173 264 I CameraHal: (a6e59970) hardware/ti/dra7xx/camera/CameraHal_Module.cpp:638 camera_device_open - camera_device open
01-01 00:00:05.877 173 264 E CameraHal: (a6e59970) hardware/ti/dra7xx/camera/CameraHal.cpp:126 getSocFamily - '/sys/board_properties/soc/family' Not Available
01-01 00:00:05.878 173 264 E CameraHal: Error while adapter initialization: video capture not supported.
01-01 00:00:05.878 173 264 I chatty : uid=1047(cameraserver) HwBinder:173_1 identical 2 lines
01-01 00:00:05.878 173 264 E CameraHal: Error while adapter initialization: video capture not supported.
01-01 00:00:05.878 173 264 E CameraHal: Found VPE M2M device /dev/video0!!!
01-01 00:00:05.884 173 264 I CamDev@1.0-impl: Closing camera 0
01-01 00:00:05.889 212 212 I CameraProviderManager: Camera provider legacy/0 ready with 1 camera devices
01-01 00:00:05.890 212 263 W CameraProviderManager: addProviderLocked: Camera provider HAL with name 'legacy/0' already registered
01-01 00:00:05.890 212 212 I CameraService: onDeviceStatusChanged: Status changed for cameraId=0, newStatus=1
01-01 00:00:05.890 212 212 E CameraService: onDeviceStatusChanged: State transition to the same status 0x1 not allowed
01-01 00:00:05.895 212 263 I CameraService: onDeviceStatusChanged: Status changed for cameraId=0, newStatus=1
01-01 00:00:05.895 212 263 E CameraService: onDeviceStatusChanged: State transition to the same status 0x1 not allowed
01-01 00:00:05.938 167 167 I zygote : option[0]=-Xzygote
01-01 00:00:05.938 167 167 I zygote : option[1]=-Xusetombstonedtraces
01-01 00:00:05.938 167 167 I zygote : option[2]=exit
01-01 00:00:05.938 167 167 I zygote : option[3]=vfprintf
01-01 00:00:05.938 167 167 I zygote : option[4]=sensitiveThread
01-01 00:00:05.938 167 167 I zygote : option[5]=-verbose:gc
01-01 00:00:05.938 167 167 I zygote : option[6]=-Xms8m
01-01 00:00:05.938 167 167 I zygote : option[7]=-Xmx384m
01-01 00:00:05.938 167 167 I zygote : option[8]=-XX:HeapGrowthLimit=80m
01-01 00:00:05.938 167 167 I zygote : option[9]=-XX:HeapMinFree=512k
01-01 00:00:05.938 167 167 I zygote : option[10]=-XX:HeapMaxFree=8m
01-01 00:00:05.938 167 167 I zygote : option[11]=-XX:HeapTargetUtilization=0.75
01-01 00:00:05.938 167 167 I zygote : option[12]=-Xusejit:true
01-01 00:00:05.938 167 167 I zygote : option[13]=-Xjitsaveprofilinginfo
01-01 00:00:05.938 167 167 I zygote : option[14]=-agentlib:jdwp=transport=dt_android_adb,suspend=n,server=y
01-01 00:00:05.938 167 167 I zygote : option[15]=-Xlockprofthreshold:500
01-01 00:00:05.938 167 167 I zygote : option[16]=-Ximage-compiler-option
01-01 00:00:05.938 167 167 I zygote : option[17]=--runtime-arg
01-01 00:00:05.938 167 167 I zygote : option[18]=-Ximage-compiler-option
01-01 00:00:05.938 167 167 I zygote : option[19]=-Xms64m
01-01 00:00:05.938 167 167 I zygote : option[20]=-Ximage-compiler-option
01-01 00:00:05.938 167 167 I zygote : option[21]=--runtime-arg
01-01 00:00:05.938 167 167 I zygote : option[22]=-Ximage-compiler-option
01-01 00:00:05.938 167 167 I zygote : option[23]=-Xmx64m
01-01 00:00:05.938 167 167 I zygote : option[24]=-Ximage-compiler-option
01-01 00:00:05.938 167 167 I zygote : option[25]=--image-classes=/system/etc/preloaded-classes
01-01 00:00:05.938 167 167 I zygote : option[26]=-Ximage-compiler-option
01-01 00:00:05.938 167 167 I zygote : option[27]=--compiled-classes=/system/etc/compiled-classes
01-01 00:00:05.938 167 167 I zygote : option[28]=-Ximage-compiler-option
01-01 00:00:05.939 167 167 I zygote : option[29]=--dirty-image-objects=/system/etc/dirty-image-objects
01-01 00:00:05.939 167 167 I zygote : option[30]=-Xcompiler-option
01-01 00:00:05.939 167 167 I zygote : option[31]=--runtime-arg
01-01 00:00:05.939 167 167 I zygote : option[32]=-Xcompiler-option
01-01 00:00:05.939 167 167 I zygote : option[33]=-Xms64m
01-01 00:00:05.939 167 167 I zygote : option[34]=-Xcompiler-option
01-01 00:00:05.939 167 167 I zygote : option[35]=--runtime-arg
01-01 00:00:05.939 167 167 I zygote : option[36]=-Xcompiler-option
01-01 00:00:05.939 167 167 I zygote : option[37]=-Xmx512m
01-01 00:00:05.939 167 167 I zygote : option[38]=-Ximage-compiler-option
01-01 00:00:05.939 167 167 I zygote : option[39]=--instruction-set-variant=cortex-a15
01-01 00:00:05.939 167 167 I zygote : option[40]=-Xcompiler-option
01-01 00:00:05.939 167 167 I zygote : option[41]=--instruction-set-variant=cortex-a15
01-01 00:00:05.939 167 167 I zygote : option[42]=-Ximage-compiler-option
01-01 00:00:05.939 167 167 I zygote : option[43]=--instruction-set-features=default
01-01 00:00:05.939 167 167 I zygote : option[44]=-Xcompiler-option
01-01 00:00:05.939 167 167 I zygote : option[45]=--instruction-set-features=default
01-01 00:00:05.939 167 167 I zygote : option[46]=-Duser.locale=en-US
01-01 00:00:05.939 167 167 I zygote : option[47]=--cpu-abilist=armeabi-v7a,armeabi
01-01 00:00:05.939 167 167 I zygote : option[48]=-Xfingerprint:mta/full_infotainment/infotainment:8.1.0/OPM1.171019.021/root03091058:userdebug/test-keys
01-01 00:00:06.005 167 167 W zygote : Could not reserve sentinel fault page
01-01 00:00:06.006 217 217 V MediaUtils: physMem: 2112995328
01-01 00:00:06.006 217 217 V MediaUtils: requested limit: 422599060
01-01 00:00:06.006 217 217 V MediaUtils: actual limit: 422599060
01-01 00:00:06.006 217 217 V MediaUtils: original limits: 4294967295/4294967295
01-01 00:00:06.006 217 217 V MediaUtils: new limits: 422599060/4294967295
01-01 00:00:06.006 217 217 D vndksupport: Loading libutils.so from current namespace instead of sphal namespace.
01-01 00:00:06.011 217 217 W /system/bin/mediaextractor: Could not read additional policy file '/vendor/etc/seccomp_policy/mediaextractor.policy'
01-01 00:00:06.012 217 217 W /system/bin/mediaextractor: libminijail[217]: allowing syscall: clock_gettime
01-01 00:00:06.012 217 217 W /system/bin/mediaextractor: libminijail[217]: allowing syscall: connect
01-01 00:00:06.012 217 217 W /system/bin/mediaextractor: libminijail[217]: allowing syscall: fcntl64
01-01 00:00:06.012 217 217 W /system/bin/mediaextractor: libminijail[217]: allowing syscall: socket
01-01 00:00:06.012 217 217 W /system/bin/mediaextractor: libminijail[217]: allowing syscall: writev
01-01 00:00:06.013 217 217 W /system/bin/mediaextractor: libminijail[217]: logging seccomp filter failures
01-01 00:00:06.061 211 211 I FastMixerState: sMaxFastTracks = 8
01-01 00:00:06.065 211 211 I audioserver: ServiceManager: 0xaa499500
01-01 00:00:06.066 211 211 W BatteryNotifier: batterystats service unavailable!
01-01 00:00:06.070 211 211 I AudioFlinger: Using default 3000 mSec as standby time.
01-01 00:00:06.106 211 211 E APM::Serializer: deserialize: Could not parse /odm/etc/audio_policy_configuration.xml document.
01-01 00:00:06.118 219 219 I mediaserver: ServiceManager: 0xb2719600
01-01 00:00:06.119 219 219 W BatteryNotifier: batterystats service unavailable!
01-01 00:00:06.168 170 269 D vndksupport: Loading /vendor/lib/hw/audio.primary.jacinto6.so from current namespace instead of sphal namespace.
01-01 00:00:06.197 170 269 I audio_hw_primary: adev_open() audio_hw_if
01-01 00:00:06.197 170 269 I audio_hw_primary: ## mixer card num: 2
01-01 00:00:06.197 170 269 W audio_hw_primary: adev_open() media card not detected, use default card index 0
01-01 00:00:06.197 170 269 I audio_hw_primary: adev_open() media card is hw:0
01-01 00:00:06.197 170 269 I audio_hw_primary: ## mixer card num: 2
01-01 00:00:06.197 170 269 W audio_hw_primary: adev_open() in_media card not detected, use default card index 0
01-01 00:00:06.197 170 269 I audio_hw_primary: adev_open() media in card is hw:0
01-01 00:00:06.197 170 269 I audio_hw_primary: ## mixer card num: 2
01-01 00:00:06.197 170 269 W audio_hw_primary: adev_open() radio_media card not detected, use default card index 0
01-01 00:00:06.197 170 269 I audio_hw_primary: adev_open() media radio card is hw:0
01-01 00:00:06.197 170 269 I audio_hw_primary: ## mixer card num: 2
01-01 00:00:06.197 170 269 W audio_hw_primary: adev_open() Bluetooth SCO card not found
01-01 00:00:06.197 170 269 I audio_hw_primary: ## mixer card num: 2
01-01 00:00:06.197 170 269 W audio_hw_primary: adev_open() JAMR card not found
01-01 00:00:06.197 170 269 E audio_route: Unable to open the mixer, aborting.
01-01 00:00:06.198 170 269 E audio_hw_primary: adev_open() unable to initialize audio routes
01-01 00:00:06.198 170 269 E DevicesFactoryHAL: loadAudioInterface couldn't open audio hw device in audio.primary (No such device)
01-01 00:00:06.198 211 211 E AudioFlinger: loadHwModule() error -22 loading module primary
01-01 00:00:06.198 211 211 W APM_AudioPolicyManager: could not open HW module primary
01-01 00:00:06.283 211 211 I bt_a2dp_hw: adev_open: adev_open in A2dp_hw module
01-01 00:00:06.284 211 211 I AudioFlinger: loadHwModule() Loaded a2dp audio interface, handle 10
01-01 00:00:06.284 170 269 E DevicesFactoryHAL: loadAudioInterface couldn't load audio hw module audio.usb (No such file or directory)
01-01 00:00:06.284 211 211 E AudioFlinger: loadHwModule() error -22 loading module usb
01-01 00:00:06.284 211 211 W APM_AudioPolicyManager: could not open HW module usb
01-01 00:00:06.293 170 269 D vndksupport: Loading /vendor/lib/hw/audio.r_submix.default.so from current namespace instead of sphal namespace.
01-01 00:00:06.311 170 269 I r_submix: adev_open(name=audio_hw_if)
01-01 00:00:06.312 170 170 I r_submix: adev_init_check()
01-01 00:00:06.312 170 269 W DeviceHAL: Device 0xb0398b40 set_master_mute: Function not implemented
01-01 00:00:06.312 211 211 I AudioFlinger: loadHwModule() Loaded r_submix audio interface, handle 18
01-01 00:00:06.312 170 269 D r_submix: adev_open_input_stream(addr=0)
01-01 00:00:06.312 170 269 D r_submix: submix_audio_device_create_pipe_l(addr=0, idx=9)
01-01 00:00:06.313 170 269 D r_submix: now using address 0 for route 9
01-01 00:00:06.315 211 280 I AudioFlinger: AudioFlinger's thread 0xaa121440 tid=280 ready to run
01-01 00:00:06.315 211 211 W APM_AudioPolicyManager: Output device 00000002 unreachable
01-01 00:00:06.315 211 211 W APM_AudioPolicyManager: Input device 80000004 unreachable
01-01 00:00:06.315 211 211 E APM_AudioPolicyManager: Default device 00000002 is unreachable
01-01 00:00:06.315 211 211 E APM_AudioPolicyManager: Failed to open primary output
01-01 00:00:06.315 211 211 E EffectsConfig: Failed to parse /vendor/etc/audio_effects.xml: Tinyxml2 error (3): /vendor/etc/audio_effects.xml (null)
01-01 00:00:06.315 211 211 W AudioPolicyEffects: Failed to load XML effect configuration, fallback to .conf
01-01 00:00:06.316 170 279 D r_submix: adev_close_input_stream()
01-01 00:00:06.316 170 279 D r_submix: submix_audio_device_release_pipe_l(idx=9) addr=0
01-01 00:00:06.316 170 279 D r_submix: submix_audio_device_destroy_pipe_l(): pipe destroyed
01-01 00:00:06.319 147 147 W /system/bin/hwservicemanager: getTransport: Cannot find entry android.hardware.soundtrigger@2.0::ISoundTriggerHw/default in either framework or device manifest.
01-01 00:00:06.320 211 211 I SoundTriggerHalHidl: getProperties res implementor
01-01 00:00:06.320 211 211 I SoundTriggerHalHidl: getProperties ret -19
01-01 00:00:06.320 211 211 E SoundTriggerHwService: could not read implementation properties
01-01 00:00:06.374 260 283 D vndksupport: Loading /vendor/lib/egl/libEGL_POWERVR_SGX544_116.so from current namespace instead of sphal namespace.
01-01 00:00:06.377 260 283 D libEGL : loaded /vendor/lib/egl/libEGL_POWERVR_SGX544_116.so
01-01 00:00:06.386 260 283 D vndksupport: Loading /vendor/lib/egl/libGLESv1_CM_POWERVR_SGX544_116.so from current namespace instead of sphal namespace.
01-01 00:00:06.387 260 283 D libEGL : loaded /vendor/lib/egl/libGLESv1_CM_POWERVR_SGX544_116.so
01-01 00:00:06.434 260 283 D vndksupport: Loading /vendor/lib/egl/libGLESv2_POWERVR_SGX544_116.so from current namespace instead of sphal namespace.
01-01 00:00:06.435 260 283 D libEGL : loaded /vendor/lib/egl/libGLESv2_POWERVR_SGX544_116.so
01-01 00:00:06.483 260 283 D vndksupport: Loading /vendor/lib/hw/gralloc.jacinto6.so from current namespace instead of sphal namespace.
01-01 00:00:06.493 260 283 D vndksupport: Loading /vendor/lib/hw/gralloc.jacinto6.so from current namespace instead of sphal namespace.
01-01 00:00:06.497 260 283 I /system/bin/bootanimation: android::hardware::configstore::V1_0::ISurfaceFlingerConfigs::hasWideColorDisplay retrieved: 0
01-01 00:00:06.530 260 283 D vndksupport: Loading /vendor/lib/hw/android.hardware.graphics.mapper@2.0-impl.so from current namespace instead of sphal namespace.
01-01 00:00:06.532 260 283 D vndksupport: Loading /vendor/lib/hw/gralloc.jacinto6.so from current namespace instead of sphal namespace.
01-01 00:00:06.535 260 283 D BootAnimation: BootAnimationShownTiming start time: 6535ms
01-01 00:00:08.500 167 167 D Zygote : begin preload
01-01 00:00:08.500 167 167 I Zygote : Installing ICU cache reference pinning...
01-01 00:00:08.500 167 167 I Zygote : Preloading ICU data...
01-01 00:00:08.741 167 167 D Zygote32Timing: BeginIcuCachePinning took to complete: 241ms
01-01 00:00:08.741 167 167 I Zygote : Preloading classes...
01-01 00:00:09.972 167 167 E ActivityRecognitionHardware: activity_recognition HAL is deprecated. class_init is effectively a no-op
01-01 00:00:10.109 167 167 W Zygote : Class not found for preloading: android.icu.impl.number.Parse
01-01 00:00:10.204 167 167 I zygote : Thread[1,tid=167,Native,Thread*=0xb2a84000,peer=0x12c01d00,"main"] recursive attempt to load library "/system/lib/libmedia_jni.so"
01-01 00:00:10.206 167 167 D MtpDeviceJNI: register_android_mtp_MtpDevice
01-01 00:00:10.206 167 167 I zygote : Thread[1,tid=167,Native,Thread*=0xb2a84000,peer=0x12c01d00,"main"] recursive attempt to load library "/system/lib/libmedia_jni.so"
01-01 00:00:10.207 167 167 I zygote : Thread[1,tid=167,Native,Thread*=0xb2a84000,peer=0x12c01d00,"main"] recursive attempt to load library "/system/lib/libmedia_jni.so"
01-01 00:00:10.594 167 167 I Zygote : ...preloaded 4715 classes in 1853ms.
01-01 00:00:10.594 167 167 I zygote : VMRuntime.preloadDexCaches starting
01-01 00:00:10.722 167 167 I zygote : VMRuntime.preloadDexCaches strings total=315634 before=10515 after=10515
01-01 00:00:10.722 167 167 I zygote : VMRuntime.preloadDexCaches types total=27078 before=5608 after=5610
01-01 00:00:10.722 167 167 I zygote : VMRuntime.preloadDexCaches fields total=127890 before=5523 after=5553
01-01 00:00:10.722 167 167 I zygote : VMRuntime.preloadDexCaches methods total=227006 before=10188 after=10188
01-01 00:00:10.722 167 167 I zygote : VMRuntime.preloadDexCaches finished
01-01 00:00:10.722 167 167 D Zygote32Timing: PreloadClasses took to complete: 1981ms
01-01 00:00:11.555 167 167 I Zygote : Preloading resources...
01-01 00:00:11.607 167 167 W Resources: Preloaded drawable resource #0x1080264 (android:drawable/dialog_background_material) that varies with configuration!!
01-01 00:00:11.638 167 167 I Zygote : ...preloaded 64 resources in 83ms.
01-01 00:00:11.644 167 167 W Resources: Preloaded color resource #0x1060053 (android:color/btn_default_material_dark) that varies with configuration!!
01-01 00:00:11.646 167 167 I Zygote : ...preloaded 41 resources in 8ms.
01-01 00:00:11.646 167 167 D Zygote32Timing: PreloadResources took to complete: 924ms
01-01 00:00:11.646 167 167 D vndksupport: Loading /vendor/lib/hw/android.hardware.graphics.mapper@2.0-impl.so from current namespace instead of sphal namespace.
01-01 00:00:11.649 167 167 D vndksupport: Loading /vendor/lib/egl/libEGL_POWERVR_SGX544_116.so from current namespace instead of sphal namespace.
01-01 00:00:11.651 167 167 D libEGL : loaded /vendor/lib/egl/libEGL_POWERVR_SGX544_116.so
01-01 00:00:11.657 167 167 D vndksupport: Loading /vendor/lib/egl/libGLESv1_CM_POWERVR_SGX544_116.so from current namespace instead of sphal namespace.
01-01 00:00:11.659 167 167 D libEGL : loaded /vendor/lib/egl/libGLESv1_CM_POWERVR_SGX544_116.so
