03-09 11:06:21.034 1004 1053 I ContactLocale: AddressBook Labels [[en_US]]: […, A, B, C, D, E, F, G, H, I, J, K, L, M, N, O, P, Q, R, S, T, U, V, W, X, Y, Z, ?, ?, G, ?, ?, ?, ?, T, ?, ?, ?, ?, ?, ?, ?, ?, ?, S, ?, ?, F, ?, ?, O, …, ?, ?, ?, ?, ?, ?, ?, ?, ?, ?, ?, ?, ?, ?, ?, ?, ?, ?, ?, ?, ?, ?, ?, ?, ?, ?, ?, ?, ?, ?, ?, ?, ?, ?, ?, ?, …, ?, ?, ?, ?, ?, ?, ?, ?, ?, ?, ?, ?, ?, ?, ?, ?, ?, ?, ?, ?, ?, ?, …, ?, ?, ?, ?, ?, ?, ?, ?, ?, ?, ?, ?, ?, ?, ?, ?, ?, ?, ?, ?, ?, ?, ?, ?, ?, ?, ?, ?, …, ?, ?, ?, ?, ?, ?, ?, ?, ?, ?, ?, ?, ?, ?, ?, ?, ?, ?, ?, ?, ?, ?, ?, ?, ?, ?, ?, ?, ?, ?, ?, ?, ?, ?, ?, ?, ?, ?, ?, ?, ?, ?, ?, ?, ?, ?, …, ?, ?, ?, ?, ?, ?, ?, ?, ?, ?, ?, ?, ?, ?, …, ?, ?, ?, ?, ?, ?, ?, ?, ?, ?, #, …]
03-09 11:06:21.079 1037 1068 D AlertService: 0 Action = android.intent.action.BOOT_COMPLETED
03-09 11:06:21.083 1037 1068 D AlertService: Scheduling next alarm with AlarmScheduler. sEventReminderReceived: null
03-09 11:06:21.120 1004 1053 D ContactsDatabaseHelper: WAL enabled for profile.db: false
03-09 11:06:21.128 292 512 I ActivityManager: Start proc 1072:com.android.providers.calendar/u0a4 for content provider com.android.providers.calendar/.CalendarProvider2
03-09 11:06:21.179 292 339 I ActivityManager: Start proc 1078:com.android.car.messenger/u0a26 for broadcast com.android.car.messenger/.MessengerReceiver
03-09 11:06:21.331 1072 1072 I zygote : The ClassLoaderContext is a special shared library.
03-09 11:06:21.350 1072 1072 I chatty : uid=10004(com.android.providers.calendar) identical 1 line
03-09 11:06:21.382 1072 1072 I zygote : The ClassLoaderContext is a special shared library.
03-09 11:06:21.428 793 1104 D OpenGLRenderer: HWUI GL Pipeline
03-09 11:06:21.492 1072 1072 I CalendarProvider2: Created com.android.providers.calendar.CalendarAlarmManager@3473b62(com.android.providers.calendar.CalendarProvider2@93854f3)
03-09 11:06:21.536 292 339 I ActivityManager: Start proc 1108:com.android.car.radio/u0a7 for broadcast com.android.car.radio/.BootupReceiver
03-09 11:06:21.547 793 1104 D vndksupport: Loading /vendor/lib/hw/gralloc.jacinto6.so from current namespace instead of sphal namespace.
03-09 11:06:21.564 793 1104 D vndksupport: Loading /vendor/lib/hw/gralloc.jacinto6.so from current namespace instead of sphal namespace.
03-09 11:06:21.567 793 1104 I com.android.car.hvac: android::hardware::configstore::V1_0::ISurfaceFlingerConfigs::hasWideColorDisplay retrieved: 0
03-09 11:06:21.567 793 1104 I OpenGLRenderer: Initialized EGL, version 1.4
03-09 11:06:21.567 793 1104 D OpenGLRenderer: Swap behavior 1
03-09 11:06:21.683 1037 1068 D AlarmScheduler: No events found starting within 1 week.
03-09 11:06:21.742 793 1104 D vndksupport: Loading /vendor/lib/hw/android.hardware.graphics.mapper@2.0-impl.so from current namespace instead of sphal namespace.
03-09 11:06:21.743 793 1104 D vndksupport: Loading /vendor/lib/hw/gralloc.jacinto6.so from current namespace instead of sphal namespace.
03-09 11:06:21.872 292 512 I ActivityManager: Start proc 1128:com.android.contacts/u0a30 for broadcast com.android.contacts/.interactions.OnBootOrUpgradeReceiver
03-09 11:06:21.959 1128 1128 I zygote : The ClassLoaderContext is a special shared library.
03-09 11:06:22.075 292 512 W Binder : Outgoing transactions from this process must be FLAG_ONEWAY
03-09 11:06:22.075 292 512 W Binder : java.lang.Throwable
03-09 11:06:22.075 292 512 W Binder : at android.os.BinderProxy.transact(Binder.java:752)
03-09 11:06:22.075 292 512 W Binder : at android.content.ContentProviderProxy.getType(ContentProviderNative.java:451)
03-09 11:06:22.075 292 512 W Binder : at com.android.server.am.ActivityManagerService.getProviderMimeType(ActivityManagerService.java:12256)
03-09 11:06:22.075 292 512 W Binder : at android.app.IActivityManager$Stub.onTransact(IActivityManager.java:1799)
03-09 11:06:22.075 292 512 W Binder : at com.android.server.am.ActivityManagerService.onTransact(ActivityManagerService.java:2919)
03-09 11:06:22.075 292 512 W Binder : at android.os.Binder.execTransact(Binder.java:697)
03-09 11:06:22.101 771 771 I AlarmClock: AlarmInitReceiver android.intent.action.BOOT_COMPLETED
03-09 11:06:22.117 771 925 I AlarmClock: Fixing alarm instances
03-09 11:06:22.122 771 925 V AlarmClock: AlarmInitReceiver finished
03-09 11:06:22.145 292 512 I ActivityManager: Start proc 1146:com.android.email/u0a64 for broadcast com.android.email/.service.EmailBroadcastReceiver
03-09 11:06:22.211 1146 1146 I zygote : The ClassLoaderContext is a special shared library.
03-09 11:06:22.388 292 512 W ActivityManager: Unable to start service Intent { act=com.android.email.EXCHANGE_INTENT pkg=com.android.exchange } U=0: not found
03-09 11:06:22.404 1146 1164 D ActivityThread: Loading provider com.android.email.provider;com.android.email.notifier: com.android.email.provider.EmailProvider
03-09 11:06:22.405 1146 1163 D ActivityThread: Loading provider com.android.email.provider;com.android.email.notifier: com.android.email.provider.EmailProvider
03-09 11:06:22.407 292 512 W ActivityManager: Unable to start service Intent { act=com.android.email.EXCHANGE_INTENT pkg=com.android.exchange } U=0: not found
03-09 11:06:22.411 292 339 W ActivityManager: Unable to start service Intent { act=com.android.email.EXCHANGE_INTENT pkg=com.android.exchange } U=0: not found
03-09 11:06:22.455 292 339 I ActivityManager: Start proc 1170:com.android.managedprovisioning/u0a8 for broadcast com.android.managedprovisioning/.preprovisioning.BootReminder
03-09 11:06:22.492 292 512 W ActivityManager: Unable to start service Intent { cmp=com.android.email/.service.AttachmentService } U=0: not found
03-09 11:06:22.495 292 339 W ActivityManager: Unable to start service Intent { act=com.android.email.EXCHANGE_INTENT pkg=com.android.exchange } U=0: not found
03-09 11:06:22.500 292 512 W ActivityManager: Unable to start service Intent { cmp=com.android.email/.service.AttachmentService } U=0: not found
03-09 11:06:22.505 1146 1184 I Email : Observing account changes for notifications
03-09 11:06:22.505 292 339 W ActivityManager: Unable to start service Intent { act=com.android.email.EXCHANGE_INTENT pkg=com.android.exchange } U=0: not found
03-09 11:06:22.508 292 339 W ActivityManager: Unable to start service Intent { act=com.android.email.EXCHANGE_INTENT pkg=com.android.exchange } U=0: not found
03-09 11:06:22.514 292 339 W ActivityManager: Unable to start service Intent { cmp=com.android.email/.service.AttachmentService } U=0: not found
03-09 11:06:22.518 1146 1146 E ActivityThread: Service com.android.email.service.EmailBroadcastProcessorService has leaked ServiceConnection com.android.emailcommon.service.ServiceProxy$ProxyConnection@8665c5e that was originally bound here
03-09 11:06:22.518 1146 1146 E ActivityThread: android.app.ServiceConnectionLeaked: Service com.android.email.service.EmailBroadcastProcessorService has leaked ServiceConnection com.android.emailcommon.service.ServiceProxy$ProxyConnection@8665c5e that was originally bound here
03-09 11:06:22.518 1146 1146 E ActivityThread: at android.app.LoadedApk$ServiceDispatcher.(LoadedApk.java:1532)
03-09 11:06:22.518 1146 1146 E ActivityThread: at android.app.LoadedApk.getServiceDispatcher(LoadedApk.java:1424)
03-09 11:06:22.518 1146 1146 E ActivityThread: at android.app.ContextImpl.bindServiceCommon(ContextImpl.java:1605)
03-09 11:06:22.518 1146 1146 E ActivityThread: at android.app.ContextImpl.bindService(ContextImpl.java:1557)
03-09 11:06:22.518 1146 1146 E ActivityThread: at android.content.ContextWrapper.bindService(ContextWrapper.java:684)
03-09 11:06:22.518 1146 1146 E ActivityThread: at com.android.emailcommon.service.ServiceProxy.setTask(ServiceProxy.java:181)
03-09 11:06:22.518 1146 1146 E ActivityThread: at com.android.emailcommon.service.ServiceProxy.test(ServiceProxy.java:224)
03-09 11:06:22.518 1146 1146 E ActivityThread: at com.android.email.service.EmailServiceUtils.isServiceAvailable(EmailServiceUtils.java:160)
03-09 11:06:22.518 1146 1146 E ActivityThread: at com.android.email.provider.AccountReconciler.reconcileAccountsInternal(AccountReconciler.java:171)
03-09 11:06:22.518 1146 1146 E ActivityThread: at com.android.email.provider.AccountReconciler.reconcileAccounts(AccountReconciler.java:115)
03-09 11:06:22.518 1146 1146 E ActivityThread: at com.android.email.service.EmailBroadcastProcessorService.reconcileAndStartServices(EmailBroadcastProcessorService.java:305)
03-09 11:06:22.518 1146 1146 E ActivityThread: at com.android.email.service.EmailBroadcastProcessorService.onBootCompleted(EmailBroadcastProcessorService.java:295)
03-09 11:06:22.518 1146 1146 E ActivityThread: at com.android.email.service.EmailBroadcastProcessorService.onHandleIntent(EmailBroadcastProcessorService.java:130)
03-09 11:06:22.518 1146 1146 E ActivityThread: at android.app.IntentService$ServiceHandler.handleMessage(IntentService.java:76)
03-09 11:06:22.518 1146 1146 E ActivityThread: at android.os.Handler.dispatchMessage(Handler.java:106)
03-09 11:06:22.518 1146 1146 E ActivityThread: at android.os.Looper.loop(Looper.java:164)
03-09 11:06:22.518 1146 1146 E ActivityThread: at android.os.HandlerThread.run(HandlerThread.java:65)
03-09 11:06:22.519 292 339 W ActivityManager: Unbind failed: could not find connection for android.os.BinderProxy@6f126fb
03-09 11:06:22.528 292 339 W ActivityManager: Unable to start service Intent { act=com.android.email.EXCHANGE_INTENT pkg=com.android.exchange } U=0: not found
03-09 11:06:22.534 1170 1170 I zygote : The ClassLoaderContext is a special shared library.
03-09 11:06:22.545 292 339 W ActivityManager: Unable to start service Intent { act=com.android.email.EXCHANGE_INTENT pkg=com.android.exchange } U=0: not found
03-09 11:06:22.605 292 339 I ActivityManager: Start proc 1186:com.android.onetimeinitializer/u0a21 for broadcast com.android.onetimeinitializer/.OneTimeInitializerReceiver
03-09 11:06:22.665 1186 1186 I zygote : The ClassLoaderContext is a special shared library.
03-09 11:06:22.682 1186 1186 V OneTimeInitializerReceiver: OneTimeInitializerReceiver.onReceive
03-09 11:06:22.684 292 366 E WifiP2pMonitor: startMonitoring(p2p0) failed!
03-09 11:06:22.684 292 366 E WifiP2pService: P2p socket connection failed
03-09 11:06:22.686 292 957 D DhcpClient: Broadcasting DHCPDISCOVER
03-09 11:06:22.696 292 960 D DhcpClient: Received packet: d4:ca:6e:d0:f9:11 OFFER, ip /192.168.1.80, mask /255.255.255.0, DNS servers: /192.168.1.1 , gateways [/192.168.1.1] lease time 21600, domain homenet.telecomitalia.it
03-09 11:06:22.697 292 957 D DhcpClient: Got pending lease: IP address 192.168.1.80/24 Gateway 192.168.1.1 DNS servers: [ 192.168.1.1 ] Domains homenet.telecomitalia.it DHCP server /192.168.1.1 Vendor info null lease 21600 seconds
03-09 11:06:22.698 292 957 D DhcpClient: Broadcasting DHCPREQUEST ciaddr=0.0.0.0 request=192.168.1.80 serverid=192.168.1.1
03-09 11:06:22.708 292 960 D DhcpClient: Received packet: d4:ca:6e:d0:f9:11 ACK: your new IP /192.168.1.80, netmask /255.255.255.0, gateways [/192.168.1.1] DNS servers: /192.168.1.1 , lease time 21600
03-09 11:06:22.708 292 957 D DhcpClient: Confirmed lease: IP address 192.168.1.80/24 Gateway 192.168.1.1 DNS servers: [ 192.168.1.1 ] Domains homenet.telecomitalia.it DHCP server /192.168.1.1 Vendor info null lease 21600 seconds
03-09 11:06:22.711 166 201 D CommandListener: Setting iface cfg
03-09 11:06:22.731 292 339 I ActivityManager: Start proc 1203:com.android.packageinstaller/u0a6 for broadcast com.android.packageinstaller/.TemporaryFileManager
03-09 11:06:22.733 292 367 D ConnectivityService: NetworkAgentInfo [WIFI () - 100] EVENT_NETWORK_INFO_CHANGED, going from CONNECTING to CONNECTED
03-09 11:06:22.733 292 957 D DhcpClient: Scheduling renewal in 10799s
03-09 11:06:22.733 292 957 D DhcpClient: Scheduling rebind in 18899s
03-09 11:06:22.733 292 957 D DhcpClient: Scheduling expiry in 21599s
03-09 11:06:22.736 292 367 D ConnectivityService: Adding iface wlan0 to network 100
03-09 11:06:22.746 292 310 I WifiService: requestActivityInfo uid=1000
03-09 11:06:22.746 292 310 I WifiService: reportActivityInfo uid=1000
03-09 11:06:22.746 292 310 I WifiService: getSupportedFeatures uid=1000
03-09 11:06:22.748 180 180 E WifiHAL : Failed to register debug response; result = -23
03-09 11:06:22.748 292 362 E WifiVendorHal: getSupportedFeatureSet(l.891) failed {.code = ERROR_NOT_AVAILABLE, .description = }
03-09 11:06:22.749 180 180 E WifiHAL : Failed to register debug response; result = -23
03-09 11:06:22.754 292 367 D ConnectivityService: Setting DNS servers for network 100 to [/fe80::22b0:1ff:fea2:ebce%wlan0, /192.168.1.1]
03-09 11:06:22.767 292 310 E BatteryExternalStatsWorker: no controller energy info supplied for wifi
03-09 11:06:22.771 292 367 I WifiService: getConnectionInfo uid=1000
03-09 11:06:22.787 292 367 I WifiService: getConnectionInfo uid=1000
03-09 11:06:22.799 292 367 D ConnectivityService: Switching to new default network: NetworkAgentInfo{ ni{[type: WIFI[], state: CONNECTED/CONNECTED, reason: (unspecified), extra: "TIM-27454415", failover: false, available: true, roaming: false]} network{100} nethandle{429513165534} lp{{InterfaceName: wlan0 LinkAddresses: [fe80::d453:a81e:8b16:433a/64,192.168.1.80/24,] Routes: [fe80::/64 -> :: wlan0,192.168.1.0/24 -> 0.0.0.0 wlan0,0.0.0.0/0 -> 192.168.1.1 wlan0,] DnsAddresses: [fe80::22b0:1ff:fea2:ebce%wlan0,192.168.1.1,] Domains: homenet.telecomitalia.it MTU: 0 TcpBufferSizes: 524288,1048576,2097152,262144,524288,1048576}} nc{[ Transports: WIFI Capabilities: NOT_METERED&INTERNET&NOT_RESTRICTED&TRUSTED&NOT_VPN&FOREGROUND LinkUpBandwidth>=1048576Kbps LinkDnBandwidth>=1048576Kbps SignalStrength: -67]} Score{16} everValidated{false} lastValidated{false} created{true} lingering{false} explicitlySelected{false} acceptUnvalidated{false} everCaptivePortalDetected{false} lastCaptivePortalDetected{false} clat{null} }
03-09 11:06:22.799 292 362 D WifiNetworkAgent: NetworkAgent: Received signal strength thresholds: []
03-09 11:06:22.804 292 362 E WifiVendorHal: stopRssiMonitoring(l.2156) failed {.code = ERROR_NOT_AVAILABLE, .description = }
03-09 11:06:22.815 292 380 I WifiService: getConnectionInfo uid=1000
03-09 11:06:22.816 292 486 D NetworkTimeUpdateService: New default network 100; checking time.
03-09 11:06:22.824 292 367 D ConnectivityService: Sending CONNECTED broadcast for type 1 NetworkAgentInfo [WIFI () - 100] isDefaultNetwork=true
03-09 11:06:22.831 292 1211 D NetworkMonitor/NetworkAgentInfo [WIFI () - 100]: PROBE_DNS www.google.com 30ms OK 216.58.206.36
03-09 11:06:22.839 292 1212 D NetworkMonitor/NetworkAgentInfo [WIFI () - 100]: PROBE_DNS connectivitycheck.gstatic.com 39ms OK 216.58.208.131
03-09 11:06:22.881 292 486 D SntpClient: round trip: 34ms, clock offset: 183133660ms
03-09 11:06:22.882 292 486 D AlarmManagerService: Setting time of day to sec=1583935116
03-11 13:58:36.542 292 486 W AlarmManagerService: Unable to set rtc to 1583935116: No such device
03-11 13:58:36.544 292 359 D SntpClient: round trip: 30ms, clock offset: 183133656ms
03-11 13:58:36.549 292 292 D ConditionProviders.SCP: onReceive android.intent.action.TIME_SET
03-11 13:58:36.549 292 292 D ConditionProviders.SCP: notifyCondition condition://android/schedule?days=6.7&start=23.30&end=10.0&exitAtAlarm=false STATE_FALSE reason=!meetsSchedule
03-11 13:58:36.550 292 292 D ConditionProviders.SCP: notifyCondition condition://android/schedule?days=1.2.3.4.5&start=22.0&end=7.0&exitAtAlarm=false STATE_FALSE reason=!meetsSchedule
03-11 13:58:36.550 292 292 D ConditionProviders.SCP: Scheduling evaluate for Wed Mar 11 22:00:00 GMT+00:00 2020 (1583964000000), in +8h1m23s451ms, now=Wed Mar 11 13:58:36 GMT+00:00 2020 (1583935116549)
03-11 13:58:36.557 292 359 I WifiService: getConnectionInfo uid=1000
03-11 13:58:36.560 292 306 I UsageStatsService: Time changed in UsageStats by 183133 seconds
03-11 13:58:36.560 292 306 I UsageStatsService: User[0] Flushing usage stats to disk
03-11 13:58:36.563 1203 1203 I zygote : The ClassLoaderContext is a special shared library.
03-11 13:58:36.574 292 1212 D NetworkMonitor/NetworkAgentInfo [WIFI () - 100]: PROBE_HTTP http://connectivitycheck.gstatic.com/generate_204 time=45ms ret=204 request={User-Agent=[Mozilla/5.0 (X11; Linux x86_64) AppleWebKit/537.36 (KHTML, like Gecko) Chrome/60.0.3112.32 Safari/537.36]} headers={null=[HTTP/1.1 204 No Content], Content-Length=[0], Date=[Wed, 11 Mar 2020 13:58:36 GMT], X-Android-Received-Millis=[1583935116573], X-Android-Response-Source=[NETWORK 204], X-Android-Selected-Protocol=[http/1.1], X-Android-Sent-Millis=[1583935116555]}
03-11 13:58:36.674 292 302 I zygote : Background concurrent copying GC freed 43755(3MB) AllocSpace objects, 37(1724KB) LOS objects, 42% free, 6MB/12MB, paused 434us total 265.595ms
03-11 13:58:36.688 292 1211 D NetworkMonitor/NetworkAgentInfo [WIFI () - 100]: PROBE_HTTPS https://www.google.com/generate_204 time=159ms ret=204 request={User-Agent=[Mozilla/5.0 (X11; Linux x86_64) AppleWebKit/537.36 (KHTML, like Gecko) Chrome/60.0.3112.32 Safari/537.36]} headers={null=[HTTP/1.1 204 No Content], Alt-Svc=[quic=":443"; ma=2592000; v="46,43",h3-Q050=":443"; ma=2592000,h3-Q049=":443"; ma=2592000,h3-Q048=":443"; ma=2592000,h3-Q046=":443"; ma=2592000,h3-Q043=":443"; ma=2592000], Content-Length=[0], Date=[Wed, 11 Mar 2020 13:58:36 GMT], X-Android-Received-Millis=[1583935116687], X-Android-Response-Source=[NETWORK 204], X-Android-Selected-Protocol=[http/1.1], X-Android-Sent-Millis=[1583935116658]}
03-11 13:58:36.689 292 367 D ConnectivityService: NetworkAgentInfo [WIFI () - 100] validation passed
03-11 13:58:36.725 292 306 I UsageStatsDatabase: Time changed by +2d2h52m13s659ms. files deleted: 0 files moved: 4
03-11 13:58:36.743 292 306 I UsageStatsService: User[0] Rollover scheduled @ 2020-03-12 13:58:25(1584021505570)
03-11 13:58:36.763 171 171 I android.hardwar: type=1400 audit(0.0:79): avc: denied { accept } for lport=33452 scontext=u:r:hal_vehicle_default:s0 tcontext=u:r:hal_vehicle_default:s0 tclass=tcp_socket permissive=1
03-11 13:58:36.765 492 492 I VvmSimStateTracker: android.intent.action.BOOT_COMPLETED
03-11 13:58:36.787 292 339 I ActivityManager: Finished processing BOOT_COMPLETED for u0
03-11 13:58:36.806 771 771 I AlarmClock: AlarmInitReceiver android.intent.action.TIME_SET
03-11 13:58:36.808 771 925 I AlarmClock: Fixing alarm instances
03-11 13:58:36.814 771 925 V AlarmClock: AlarmInitReceiver finished
03-11 13:58:36.824 771 771 I DigitalWidgetProvider: onReceive: Intent { act=android.intent.action.TIME_SET flg=0x25200010 cmp=com.android.deskclock/com.android.alarmclock.DigitalAppWidgetProvider }
03-11 13:58:40.026 940 970 W MediaScanner: Error opening directory '/oem/media/', skipping: No such file or directory.
03-11 13:58:41.346 1186 1200 I zygote : Waiting for a blocking GC ProfileSaver
03-11 13:58:41.351 1186 1200 I zygote : WaitForGcToComplete blocked ProfileSaver on HeapTrim for 5.047ms
03-11 13:58:49.744 292 307 I ActivityManager: Waited long enough for: ServiceRecord{de61c17 u0 com.android.calendar/.alerts.InitAlarmsService}
03-11 13:58:50.173 292 307 I ActivityManager: Waited long enough for: ServiceRecord{fafbcc u0 com.android.car.messenger/.MessengerService}
03-11 13:58:50.506 292 307 I ActivityManager: Waited long enough for: ServiceRecord{5be1cda u0 com.android.car.radio/.RadioService}
03-11 13:58:50.550 207 207 I sh : type=1400 audit(0.0:80): avc: denied { write } for path="/dev/ttyS3" dev="tmpfs" ino=7271 scontext=u:r:shell:s0 tcontext=u:object_r:serial_device:s0 tclass=chr_file permissive=1
03-11 13:58:50.552 207 207 I sh : type=1400 audit(0.0:81): avc: denied { read } for path="/dev/ttyS3" dev="tmpfs" ino=7271 scontext=u:r:shell:s0 tcontext=u:object_r:serial_device:s0 tclass=chr_file permissive=1
03-11 13:58:51.249 292 362 W AlarmManager: Unrecognized alarm listener com.android.server.wifi.WifiConfigStore$1@ed77a73
03-11 13:58:51.260 292 362 D WifiConfigStore: Writing to stores completed in 11 ms.
03-11 13:58:51.923 292 512 D WificondControl: Scan result ready event
03-11 13:58:54.670 292 314 I ActivityManager: Start proc 1250:android.ext.services/u0a5 for service android.ext.services/.storage.CacheQuotaServiceImpl
03-11 13:58:54.716 1250 1250 I zygote : The ClassLoaderContext is a special shared library.
03-11 13:59:04.776 1037 1071 D InitAlarmsService: Clearing and rescheduling alarms.
03-11 13:59:26.300 292 584 D WificondControl: Scan result ready event
03-11 13:59:26.314 292 1270 I BackgroundDexOptService: postBootUpdate
03-11 13:59:26.314 292 1270 I BackgroundDexOptService: Pinning optimized code {}
03-11 13:59:32.236 180 180 D WifiHAL : Start get packet fate command
03-11 13:59:32.236 180 180 D WifiHAL : createRequest Get Tx packet fate request
03-11 13:59:32.236 180 180 E WifiHAL : Failed to register get pkt fate response; result = -95
03-11 13:59:32.237 292 362 E WifiVendorHal: getTxPktFates(l.1982) failed {.code = ERROR_NOT_AVAILABLE, .description = }
03-11 13:59:32.238 180 180 D WifiHAL : Start get packet fate command
03-11 13:59:32.238 180 180 D WifiHAL : createRequest Get Rx packet fate request
03-11 13:59:32.238 180 180 E WifiHAL : Failed to register get pkt fate response; result = -95
03-11 13:59:32.238 292 362 E WifiVendorHal: getRxPktFates(l.2022) failed {.code = ERROR_NOT_AVAILABLE, .description = }