03-09 11:06:12.329 292 421 W UsbACInterface: Unknown Audio Class Interface Subclass: 0x6
03-09 11:06:12.329 292 421 I UsbDescriptorParser: Unknown Descriptor len: 5 type:0x24
03-09 11:06:12.329 292 421 W UsbACInterface: Unknown Audio Class Interface Subclass: 0x6
03-09 11:06:12.329 292 421 I UsbDescriptorParser: Unknown Descriptor len: 13 type:0x24
03-09 11:06:12.329 292 421 W UsbACInterface: Unknown Audio Class Interface Subclass: 0x6
03-09 11:06:12.329 292 421 I UsbDescriptorParser: Unknown Descriptor len: 5 type:0x24
03-09 11:06:12.329 292 421 W UsbDescriptorParser: Unrecognized Audio Interface l: 5 t:0x24
03-09 11:06:12.330 292 421 I chatty : uid=1000(system) UsbService host identical 9 lines
03-09 11:06:12.330 292 421 W UsbDescriptorParser: Unrecognized Audio Interface l: 5 t:0x24
03-09 11:06:12.330 292 421 W UsbDescriptorParser: Unrecognized Audio Interface l: 13 t:0x24
03-09 11:06:12.330 292 421 W UsbDescriptorParser: Unrecognized Audio Interface l: 5 t:0x24
03-09 11:06:12.330 292 421 W UsbDescriptorParser: Unrecognized Audio Interface l: 5 t:0x24
03-09 11:06:12.330 292 421 W UsbDescriptorParser: Unrecognized Audio Interface l: 13 t:0x24
03-09 11:06:12.330 292 421 W UsbDescriptorParser: Unrecognized Audio Interface l: 5 t:0x24
03-09 11:06:12.330 292 421 I chatty : uid=1000(system) UsbService host identical 10 lines
03-09 11:06:12.330 292 421 W UsbDescriptorParser: Unrecognized Audio Interface l: 5 t:0x24
03-09 11:06:12.330 292 421 W UsbDescriptorParser: Unrecognized Audio Interface l: 13 t:0x24
03-09 11:06:12.330 292 421 W UsbDescriptorParser: Unrecognized Audio Interface l: 5 t:0x24
03-09 11:06:12.330 292 421 W UsbDescriptorParser: Unrecognized Audio Interface l: 5 t:0x24
03-09 11:06:12.330 292 421 W UsbDescriptorParser: Unrecognized Audio Interface l: 13 t:0x24
03-09 11:06:12.330 292 421 W UsbDescriptorParser: Unrecognized Audio Interface l: 5 t:0x24
03-09 11:06:12.330 292 421 I UsbDescriptorParser: ---- isInputHeadset() prob:0.0%
03-09 11:06:12.332 292 440 V NuMediaExtractor: track of type 'audio/vorbis' does not publish bitrate
03-09 11:06:12.335 292 292 W NetworkManagement: setDataSaverMode(): already false
03-09 11:06:12.336 292 421 W UsbDescriptorParser: Unrecognized Audio Interface l: 5 t:0x24
03-09 11:06:12.336 292 421 I chatty : uid=1000(system) UsbService host identical 9 lines
03-09 11:06:12.336 292 421 W UsbDescriptorParser: Unrecognized Audio Interface l: 5 t:0x24
03-09 11:06:12.336 292 421 W UsbDescriptorParser: Unrecognized Audio Interface l: 13 t:0x24
03-09 11:06:12.336 292 421 W UsbDescriptorParser: Unrecognized Audio Interface l: 5 t:0x24
03-09 11:06:12.336 292 421 W UsbDescriptorParser: Unrecognized Audio Interface l: 5 t:0x24
03-09 11:06:12.336 292 421 W UsbDescriptorParser: Unrecognized Audio Interface l: 13 t:0x24
03-09 11:06:12.336 292 421 W UsbDescriptorParser: Unrecognized Audio Interface l: 5 t:0x24
03-09 11:06:12.337 292 421 I chatty : uid=1000(system) UsbService host identical 10 lines
03-09 11:06:12.337 292 421 W UsbDescriptorParser: Unrecognized Audio Interface l: 5 t:0x24
03-09 11:06:12.337 292 421 W UsbDescriptorParser: Unrecognized Audio Interface l: 13 t:0x24
03-09 11:06:12.337 292 421 W UsbDescriptorParser: Unrecognized Audio Interface l: 5 t:0x24
03-09 11:06:12.337 292 421 W UsbDescriptorParser: Unrecognized Audio Interface l: 5 t:0x24
03-09 11:06:12.337 292 421 W UsbDescriptorParser: Unrecognized Audio Interface l: 13 t:0x24
03-09 11:06:12.337 292 421 W UsbDescriptorParser: Unrecognized Audio Interface l: 5 t:0x24
03-09 11:06:12.338 292 292 D SystemServerTiming: MakeNetworkManagementServiceReady took to complete: 29ms
03-09 11:06:12.338 292 292 I SystemServer: MakeNetworkStatsServiceReady
03-09 11:06:12.339 292 421 I chatty : uid=1000(system) UsbService host identical 10 lines
03-09 11:06:12.339 292 421 W UsbDescriptorParser: Unrecognized Audio Interface l: 5 t:0x24
03-09 11:06:12.339 292 421 W UsbDescriptorParser: Unrecognized Audio Interface l: 13 t:0x24
03-09 11:06:12.339 292 421 W UsbDescriptorParser: Unrecognized Audio Interface l: 5 t:0x24
03-09 11:06:12.339 292 421 W UsbDescriptorParser: Unrecognized Audio Interface l: 5 t:0x24
03-09 11:06:12.339 292 421 W UsbDescriptorParser: Unrecognized Audio Interface l: 13 t:0x24
03-09 11:06:12.340 292 421 W UsbDescriptorParser: Unrecognized Audio Interface l: 5 t:0x24
03-09 11:06:12.340 292 421 I UsbDescriptorParser: ---- isOutputHeadset() prob:0.0%
03-09 11:06:12.340 292 310 I WifiService: requestActivityInfo uid=1000
03-09 11:06:12.340 292 310 I WifiService: reportActivityInfo uid=1000
03-09 11:06:12.340 292 310 I WifiService: getSupportedFeatures uid=1000
03-09 11:06:12.343 292 310 E BatteryExternalStatsWorker: no controller energy info supplied for wifi
03-09 11:06:12.343 292 421 W UsbDescriptorParser: Unrecognized Audio Interface l: 5 t:0x24
03-09 11:06:12.343 292 310 E BatteryExternalStatsWorker: no controller energy info supplied for telephony
03-09 11:06:12.343 292 421 I chatty : uid=1000(system) UsbService host identical 4 lines
03-09 11:06:12.343 292 421 W UsbDescriptorParser: Unrecognized Audio Interface l: 5 t:0x24
03-09 11:06:12.345 219 276 I OMXClient: Treble IOmx obtained
03-09 11:06:12.346 223 245 I OMXMaster: makeComponentInstance(OMX.google.aac.decoder) in omx@1.0-service process
03-09 11:06:12.346 292 421 W UsbDescriptorParser: Unrecognized Audio Interface l: 5 t:0x24
03-09 11:06:12.346 292 421 I chatty : uid=1000(system) UsbService host identical 3 lines
03-09 11:06:12.346 292 421 W UsbDescriptorParser: Unrecognized Audio Interface l: 5 t:0x24
03-09 11:06:12.346 292 421 W UsbDescriptorParser: Unrecognized Audio Interface l: 13 t:0x24
03-09 11:06:12.346 292 421 W UsbDescriptorParser: Unrecognized Audio Interface l: 5 t:0x24
03-09 11:06:12.346 292 421 W UsbDescriptorParser: Unrecognized Audio Interface l: 5 t:0x24
03-09 11:06:12.346 292 421 W UsbDescriptorParser: Unrecognized Audio Interface l: 13 t:0x24
03-09 11:06:12.346 292 421 W UsbDescriptorParser: Unrecognized Audio Interface l: 5 t:0x24
03-09 11:06:12.346 292 421 I UsbHostManager: ---- isHeadset[in: false , out: false]
03-09 11:06:12.361 151 162 V vold : Waiting for FUSE to spin up...
03-09 11:06:12.375 171 171 I android.hardwar: type=1400 audit(0.0:62): avc: denied { accept } for lport=33452 scontext=u:r:hal_vehicle_default:s0 tcontext=u:r:hal_vehicle_default:s0 tclass=tcp_socket permissive=1
03-09 11:06:12.375 292 292 D SystemServerTiming: MakeNetworkStatsServiceReady took to complete: 38ms
03-09 11:06:12.375 292 292 I SystemServer: MakeConnectivityServiceReady
03-09 11:06:12.377 292 384 D Ethernet: got request NetworkRequest [ BACKGROUND_REQUEST id=2, [ Transports: CELLULAR Capabilities: INTERNET&NOT_RESTRICTED&TRUSTED&NOT_VPN] ] with score 0
03-09 11:06:12.378 292 292 D PermissionMonitor: Monitoring
03-09 11:06:12.384 457 457 W /system/bin/sdcard: Device explicitly enabled sdcardfs
03-09 11:06:12.385 447 447 V WebViewLibraryLoader: RelroFileCreator (64bit = false), 32-bit lib: /system/app/webview/webview.apk!/lib/armeabi-v7a/libwebviewchromium.so, 64-bit lib:
03-09 11:06:12.386 292 292 D PermissionMonitor: Users: 1, Apps: 71
03-09 11:06:12.388 292 359 D NetworkPolicy: setRestrictBackgroundUL(): false
03-09 11:06:12.389 292 359 W NetworkManagement: setDataSaverMode(): already false
03-09 11:06:12.397 292 292 D SystemServerTiming: MakeConnectivityServiceReady took to complete: 21ms
03-09 11:06:12.397 292 292 I SystemServer: MakeNetworkPolicyServiceReady
03-09 11:06:12.408 219 276 I OMXClient: Treble IOmx obtained
03-09 11:06:12.408 223 244 I OMXMaster: makeComponentInstance(OMX.google.amrnb.decoder) in omx@1.0-service process
03-09 11:06:12.411 292 355 D VoldConnector: RCV <- {651 emulated 2}
03-09 11:06:12.411 292 355 D VoldConnector: RCV <- {200 5 Command succeeded}
03-09 11:06:12.412 292 354 D VoldConnector: SND -> {6 volume mount public:8,1 2 0}
03-09 11:06:12.412 151 162 V vold : /system/bin/blkid
03-09 11:06:12.412 151 162 V vold : -c
03-09 11:06:12.412 151 162 V vold : /dev/null
03-09 11:06:12.412 292 355 D VoldConnector: RCV <- {651 public:8,1 1}
03-09 11:06:12.412 151 162 V vold : -s
03-09 11:06:12.412 151 162 V vold : TYPE
03-09 11:06:12.412 151 162 V vold : -s
03-09 11:06:12.412 151 162 V vold : UUID
03-09 11:06:12.412 151 162 V vold : -s
03-09 11:06:12.412 151 162 V vold : LABEL
03-09 11:06:12.412 151 162 V vold : /dev/block/vold/public:8,1
03-09 11:06:12.459 292 292 D SystemServerTiming: MakeNetworkPolicyServiceReady took to complete: 63ms
03-09 11:06:12.459 292 292 I SystemServer: StartWatchdog
03-09 11:06:12.460 292 292 D SystemServerTiming: StartWatchdog took to complete: 0ms
03-09 11:06:12.460 292 292 I SystemServer: PhaseThirdPartyAppsCanStart
03-09 11:06:12.460 292 292 I SystemServiceManager: Starting phase 600
03-09 11:06:12.462 292 292 V WallpaperManagerService: bindWallpaperComponentLocked: componentName=ComponentInfo{com.android.systemui/com.android.systemui.ImageWallpaper}
03-09 11:06:12.470 292 292 D SystemServerTiming: PhaseThirdPartyAppsCanStart took to complete: 10ms
03-09 11:06:12.470 292 292 I SystemServer: MakeLocationServiceReady
03-09 11:06:12.473 147 147 W /system/bin/hwservicemanager: getTransport: Cannot find entry android.hardware.gnss@1.0::IGnss/default in either framework or device manifest.
03-09 11:06:12.475 292 292 E GnssLocationProvider: Unable to get GPS service
03-09 11:06:12.477 292 292 W ServiceWatcher: com.google.android.gms not found
03-09 11:06:12.478 292 292 W LocationManagerService: no network location provider found
03-09 11:06:12.482 292 292 I chatty : uid=1000 system_server identical 3 lines
03-09 11:06:12.483 292 292 E LocationManagerService: no geocoder provider found
03-09 11:06:12.483 292 292 D LocationManagerService: FLP HAL not supported
03-09 11:06:12.483 292 292 W ServiceWatcher: com.google.android.gms not found
03-09 11:06:12.484 292 292 D LocationManagerService: Unable to bind FLP Geofence proxy.
03-09 11:06:12.484 292 292 E ActivityRecognitionHardware: activity_recognition HAL is deprecated. is_supported is effectively a no-op
03-09 11:06:12.484 292 292 D LocationManagerService: Hardware Activity-Recognition not supported.
03-09 11:06:12.484 292 292 W ServiceWatcher: com.google.android.gms not found
03-09 11:06:12.484 292 292 E ActivityRecognitionProxy: ServiceWatcher could not start.
03-09 11:06:12.484 292 292 D LocationManagerService: Unable to bind ActivityRecognitionProxy.
03-09 11:06:12.489 292 292 D SystemServerTiming: MakeLocationServiceReady took to complete: 20ms
03-09 11:06:12.489 292 292 I SystemServer: MakeCountryDetectionServiceReady
03-09 11:06:12.490 292 292 D SystemServerTiming: MakeCountryDetectionServiceReady took to complete: 0ms
03-09 11:06:12.490 292 292 I SystemServer: MakeNetworkTimeUpdateReady
03-09 11:06:12.496 292 292 D ConnectivityService: requestNetwork for uid/pid:1000/292 NetworkRequest [ TRACK_DEFAULT id=5, [ Capabilities: INTERNET&NOT_RESTRICTED&TRUSTED&NOT_VPN] ]
03-09 11:06:12.496 292 292 D SystemServerTiming: MakeNetworkTimeUpdateReady took to complete: 7ms
03-09 11:06:12.496 292 292 I SystemServer: MakeCommonTimeManagementServiceReady
03-09 11:06:12.497 292 384 D Ethernet: got request NetworkRequest [ TRACK_DEFAULT id=5, [ Capabilities: INTERNET&NOT_RESTRICTED&TRUSTED&NOT_VPN] ] with score 0
03-09 11:06:12.497 292 292 I CommonTimeManagementService: No common time service detected on this platform. Common time services will be unavailable.
03-09 11:06:12.497 292 292 D SystemServerTiming: MakeCommonTimeManagementServiceReady took to complete: 0ms
03-09 11:06:12.497 292 292 I SystemServer: MakeInputManagerServiceReady
03-09 11:06:12.498 292 353 I InputReader: Reconfiguring input devices. changes=0x00000020
03-09 11:06:12.498 292 292 D SystemServerTiming: MakeInputManagerServiceReady took to complete: 2ms
03-09 11:06:12.498 292 292 I SystemServer: MakeTelephonyRegistryReady
03-09 11:06:12.499 292 292 D SystemServerTiming: MakeTelephonyRegistryReady took to complete: 0ms
03-09 11:06:12.499 292 292 I SystemServer: MakeMediaRouterServiceReady
03-09 11:06:12.500 292 292 D SystemServerTiming: MakeMediaRouterServiceReady took to complete: 1ms
03-09 11:06:12.500 292 292 I SystemServer: MakeMmsServiceReady
03-09 11:06:12.500 292 292 I MmsServiceBroker: Delay connecting to MmsService until an API is called
03-09 11:06:12.500 292 292 D SystemServerTiming: MakeMmsServiceReady took to complete: 0ms
03-09 11:06:12.500 292 292 I SystemServer: MakeNetworkScoreServiceReady
03-09 11:06:12.500 292 292 D SystemServerTiming: MakeNetworkScoreServiceReady took to complete: 0ms
03-09 11:06:12.500 292 292 I SystemServer: IncidentDaemonReady
03-09 11:06:12.500 292 292 D SystemServerTiming: IncidentDaemonReady took to complete: 0ms
03-09 11:06:12.500 292 292 I SystemServiceManager: Calling onStartUser u0
03-09 11:06:12.501 292 292 W VoiceInteractionManagerService: no available voice interaction services found for user 0
03-09 11:06:12.501 292 292 W VoiceInteractionManagerService: no available voice recognition services found for user 0
03-09 11:06:12.503 151 162 V vold : /dev/block/vold/public:8,1: LABEL="VERBATIM" UUID="0911-1049" TYPE="vfat"
03-09 11:06:12.503 151 162 V vold :
03-09 11:06:12.504 151 162 V vold : /system/bin/fsck_msdos
03-09 11:06:12.504 151 162 V vold : -p
03-09 11:06:12.504 151 162 V vold : -f
03-09 11:06:12.504 151 162 V vold : /dev/block/vold/public:8,1
03-09 11:06:12.504 292 355 D VoldConnector: RCV <- {652 public:8,1 vfat}
03-09 11:06:12.505 292 355 D VoldConnector: RCV <- {653 public:8,1 0911-1049}
03-09 11:06:12.505 292 355 D VoldConnector: RCV <- {654 public:8,1 VERBATIM}
03-09 11:06:12.510 219 276 I OMXClient: Treble IOmx obtained
03-09 11:06:12.510 223 244 I OMXMaster: makeComponentInstance(OMX.google.amrwb.decoder) in omx@1.0-service process
03-09 11:06:12.511 412 412 I zygote : The ClassLoaderContext is a special shared library.
03-09 11:06:12.522 292 292 I ActivityManager: Start proc 492:com.android.phone/1001 for added application com.android.phone
03-09 11:06:12.522 292 292 I ActivityManager: START u0 {act=android.intent.action.MAIN cat=[android.intent.category.HOME] flg=0x10000100 cmp=com.android.settings/.FallbackHome} from uid 0
03-09 11:06:12.525 433 433 I zygote : The ClassLoaderContext is a special shared library.
03-09 11:06:12.527 219 276 I OMXClient: Treble IOmx obtained
03-09 11:06:12.527 223 244 I OMXMaster: makeComponentInstance(OMX.google.flac.decoder) in omx@1.0-service process
03-09 11:06:12.538 292 361 D WifiController: DEFERRED_TOGGLE handled
03-09 11:06:12.539 180 180 I android.hardware.wifi@1.0-service: Wifi HAL started
03-09 11:06:12.582 151 162 I fsck_msdos: ** /dev/block/vold/public:8,1
03-09 11:06:12.583 151 162 I fsck_msdos: ** Phase 1 - Read FAT (compare skipped)
03-09 11:06:12.583 151 162 I fsck_msdos: Attempting to allocate 7437 KB for FAT
03-09 11:06:12.598 219 276 I OMXClient: Treble IOmx obtained
03-09 11:06:12.598 223 244 I OMXMaster: makeComponentInstance(OMX.google.g711.alaw.decoder) in omx@1.0-service process
03-09 11:06:12.603 180 180 I WifiHAL : Initializing wifi
03-09 11:06:12.603 180 180 I WifiHAL : Creating socket
03-09 11:06:12.604 180 180 I WifiHAL : Initialized Wifi HAL Successfully; vendor cmd = 103
03-09 11:06:12.614 292 362 I WifiVendorHal: Vendor Hal started successfully
03-09 11:06:12.614 292 362 D WificondControl: Setting up driver for client mode
03-09 11:06:12.615 221 221 I wificond: create scanner for interface with index: 4
03-09 11:06:12.615 221 221 I wificond: subscribe scan result for interface with index: 4
03-09 11:06:12.616 147 147 W /system/bin/hwservicemanager: getTransport: Cannot find entry android.hardware.wifi.offload@1.0::IOffload/default in either framework or device manifest.
03-09 11:06:12.616 221 221 E wificond: No Offload Service available
03-09 11:06:12.616 221 221 I wificond: Offload HAL not supported
03-09 11:06:12.620 166 201 D CommandListener: Clearing all IP addresses on wlan0
03-09 11:06:12.635 292 353 I InputReader: Reconfiguring input devices. changes=0x00000010
03-09 11:06:12.653 292 362 I system_server: Looking for service android.hidl.manager@1.0::IServiceManager/default
03-09 11:06:12.654 292 362 I system_server: Starting thread pool.
03-09 11:06:12.703 219 276 I OMXClient: Treble IOmx obtained
03-09 11:06:12.704 223 244 I OMXMaster: makeComponentInstance(OMX.google.g711.mlaw.decoder) in omx@1.0-service process
03-09 11:06:12.713 219 276 I OMXClient: Treble IOmx obtained
03-09 11:06:12.713 223 244 I OMXMaster: makeComponentInstance(OMX.google.mp3.decoder) in omx@1.0-service process
03-09 11:06:12.724 458 458 D AndroidRuntime: >>>>>> START com.android.internal.os.WebViewZygoteInit uid 1053 <<<<<<
03-09 11:06:12.731 458 458 I /system/bin/webview_zygote32: option[0]=-Xzygote
03-09 11:06:12.731 458 458 I /system/bin/webview_zygote32: option[1]=-Xusetombstonedtraces
03-09 11:06:12.731 458 458 I /system/bin/webview_zygote32: option[2]=exit
03-09 11:06:12.731 458 458 I /system/bin/webview_zygote32: option[3]=vfprintf
03-09 11:06:12.731 458 458 I /system/bin/webview_zygote32: option[4]=sensitiveThread
03-09 11:06:12.731 458 458 I /system/bin/webview_zygote32: option[5]=-verbose:gc
03-09 11:06:12.732 458 458 I /system/bin/webview_zygote32: option[6]=-Xms8m
03-09 11:06:12.732 458 458 I /system/bin/webview_zygote32: option[7]=-Xmx384m
03-09 11:06:12.732 458 458 I /system/bin/webview_zygote32: option[8]=-XX:HeapGrowthLimit=80m
03-09 11:06:12.732 458 458 I /system/bin/webview_zygote32: option[9]=-XX:HeapMinFree=512k
03-09 11:06:12.732 458 458 I /system/bin/webview_zygote32: option[10]=-XX:HeapMaxFree=8m
03-09 11:06:12.732 458 458 I /system/bin/webview_zygote32: option[11]=-XX:HeapTargetUtilization=0.75
03-09 11:06:12.732 458 458 I /system/bin/webview_zygote32: option[12]=-Xusejit:true
03-09 11:06:12.732 458 458 I /system/bin/webview_zygote32: option[13]=-Xjitsaveprofilinginfo
03-09 11:06:12.732 458 458 I /system/bin/webview_zygote32: option[14]=-agentlib:jdwp=transport=dt_android_adb,suspend=n,server=y
03-09 11:06:12.732 458 458 I /system/bin/webview_zygote32: option[15]=-Xlockprofthreshold:500
03-09 11:06:12.732 458 458 I /system/bin/webview_zygote32: option[16]=-Ximage-compiler-option
03-09 11:06:12.732 458 458 I /system/bin/webview_zygote32: option[17]=--runtime-arg
03-09 11:06:12.732 458 458 I /system/bin/webview_zygote32: option[18]=-Ximage-compiler-option
03-09 11:06:12.732 458 458 I /system/bin/webview_zygote32: option[19]=-Xms64m
03-09 11:06:12.732 458 458 I /system/bin/webview_zygote32: option[20]=-Ximage-compiler-option
03-09 11:06:12.732 458 458 I /system/bin/webview_zygote32: option[21]=--runtime-arg
03-09 11:06:12.732 458 458 I /system/bin/webview_zygote32: option[22]=-Ximage-compiler-option
03-09 11:06:12.732 458 458 I /system/bin/webview_zygote32: option[23]=-Xmx64m
03-09 11:06:12.732 458 458 I /system/bin/webview_zygote32: option[24]=-Ximage-compiler-option
03-09 11:06:12.732 458 458 I /system/bin/webview_zygote32: option[25]=--image-classes=/system/etc/preloaded-classes
03-09 11:06:12.732 458 458 I /system/bin/webview_zygote32: option[26]=-Ximage-compiler-option
03-09 11:06:12.732 458 458 I /system/bin/webview_zygote32: option[27]=--compiled-classes=/system/etc/compiled-classes
03-09 11:06:12.732 458 458 I /system/bin/webview_zygote32: option[28]=-Ximage-compiler-option
03-09 11:06:12.732 458 458 I /system/bin/webview_zygote32: option[29]=--dirty-image-objects=/system/etc/dirty-image-objects
03-09 11:06:12.732 458 458 I /system/bin/webview_zygote32: option[30]=-Xcompiler-option
03-09 11:06:12.732 458 458 I /system/bin/webview_zygote32: option[31]=--runtime-arg
03-09 11:06:12.732 458 458 I /system/bin/webview_zygote32: option[32]=-Xcompiler-option
03-09 11:06:12.732 458 458 I /system/bin/webview_zygote32: option[33]=-Xms64m
03-09 11:06:12.732 458 458 I /system/bin/webview_zygote32: option[34]=-Xcompiler-option
03-09 11:06:12.732 458 458 I /system/bin/webview_zygote32: option[35]=--runtime-arg
03-09 11:06:12.732 458 458 I /system/bin/webview_zygote32: option[36]=-Xcompiler-option
03-09 11:06:12.732 458 458 I /system/bin/webview_zygote32: option[37]=-Xmx512m
03-09 11:06:12.732 458 458 I /system/bin/webview_zygote32: option[38]=-Ximage-compiler-option
03-09 11:06:12.732 458 458 I /system/bin/webview_zygote32: option[39]=--instruction-set-variant=cortex-a15
03-09 11:06:12.732 458 458 I /system/bin/webview_zygote32: option[40]=-Xcompiler-option
03-09 11:06:12.732 458 458 I /system/bin/webview_zygote32: option[41]=--instruction-set-variant=cortex-a15
03-09 11:06:12.732 458 458 I /system/bin/webview_zygote32: option[42]=-Ximage-compiler-option
03-09 11:06:12.732 458 458 I /system/bin/webview_zygote32: option[43]=--instruction-set-features=default
03-09 11:06:12.732 458 458 I /system/bin/webview_zygote32: option[44]=-Xcompiler-option
03-09 11:06:12.732 458 458 I /system/bin/webview_zygote32: option[45]=--instruction-set-features=default
03-09 11:06:12.732 458 458 I /system/bin/webview_zygote32: option[46]=-Duser.locale=en-US
03-09 11:06:12.732 458 458 I /system/bin/webview_zygote32: option[47]=--cpu-abilist=armeabi-v7a,armeabi
03-09 11:06:12.732 458 458 I /system/bin/webview_zygote32: option[48]=-Xfingerprint:mta/full_infotainment/infotainment:8.1.0/OPM1.171019.021/root03091058:userdebug/test-keys
03-09 11:06:12.736 458 458 W /system/bin/webview_zygote32: Could not reserve sentinel fault page
03-09 11:06:12.754 151 162 I fsck_msdos: ** Phase 2 - Check Cluster Chains
03-09 11:06:12.788 219 276 I OMXClient: Treble IOmx obtained
03-09 11:06:12.788 223 244 I OMXMaster: makeComponentInstance(OMX.google.opus.decoder) in omx@1.0-service process
03-09 11:06:12.807 151 162 I fsck_msdos: ** Phase 3 - Checking Directories
03-09 11:06:12.936 151 162 I fsck_msdos: ** Phase 4 - Checking for Lost Files
03-09 11:06:12.950 151 162 I fsck_msdos: 1299 files, 584560 free (1194716 clusters)
03-09 11:06:12.957 219 276 I OMXClient: Treble IOmx obtained
03-09 11:06:12.957 223 244 I OMXMaster: makeComponentInstance(OMX.google.raw.decoder) in omx@1.0-service process
03-09 11:06:12.961 151 162 I Vold : Filesystem check completed OK
03-09 11:06:12.961 292 355 D VoldConnector: RCV <- {656 public:8,1 /mnt/media_rw/0911-1049}
03-09 11:06:12.962 292 355 D VoldConnector: RCV <- {655 public:8,1 /storage/0911-1049}
03-09 11:06:12.967 151 162 V vold : Waiting for FUSE to spin up...
03-09 11:06:12.976 171 171 I android.hardwar: type=1400 audit(0.0:63): avc: denied { accept } for lport=33452 scontext=u:r:hal_vehicle_default:s0 tcontext=u:r:hal_vehicle_default:s0 tclass=tcp_socket permissive=1
03-09 11:06:12.979 526 526 W /system/bin/sdcard: Device explicitly enabled sdcardfs
03-09 11:06:13.007 219 276 I OMXClient: Treble IOmx obtained
03-09 11:06:13.007 223 244 I OMXMaster: makeComponentInstance(OMX.google.vorbis.decoder) in omx@1.0-service process
03-09 11:06:13.018 292 355 D VoldConnector: RCV <- {651 public:8,1 2}
03-09 11:06:13.018 292 355 D VoldConnector: RCV <- {200 6 Command succeeded}
03-09 11:06:13.018 292 354 E VoldConnector: NDC Command {6 volume mount public:8,1 2 0} took too long (607ms)
03-09 11:06:13.052 219 276 I OMXClient: Treble IOmx obtained
03-09 11:06:13.052 223 482 I OMXMaster: makeComponentInstance(OMX.google.aac.encoder) in omx@1.0-service process
03-09 11:06:13.177 219 276 I OMXClient: Treble IOmx obtained
03-09 11:06:13.177 223 482 I OMXMaster: makeComponentInstance(OMX.google.amrnb.encoder) in omx@1.0-service process
03-09 11:06:13.191 447 447 I WebViewLoader-armeabi-v7a: System.exit called, status: 0
03-09 11:06:13.191 447 447 I AndroidRuntime: VM exiting with result code 0, cleanup skipped.
03-09 11:06:13.214 219 276 I OMXClient: Treble IOmx obtained
03-09 11:06:13.214 223 482 I OMXMaster: makeComponentInstance(OMX.google.amrwb.encoder) in omx@1.0-service process
03-09 11:06:13.259 219 276 I OMXClient: Treble IOmx obtained
03-09 11:06:13.259 223 244 I OMXMaster: makeComponentInstance(OMX.google.flac.encoder) in omx@1.0-service process
03-09 11:06:13.318 219 276 I OMXClient: Treble IOmx obtained
03-09 11:06:13.318 223 482 I OMXMaster: makeComponentInstance(OMX.TI.DUCATI1.VIDEO.DECODER) in omx@1.0-service process
03-09 11:06:13.318 223 482 D OMX_CORE_WRAPPER: TIOMX_GetHandle
03-09 11:06:13.404 223 482 D vndksupport: Loading /vendor/lib/hw/gralloc.jacinto6.so from current namespace instead of sphal namespace.
03-09 11:06:13.421 511 511 I wpa_supplicant: Processing hidl events on FD 4
03-09 11:06:13.423 511 511 I wpa_supplicant: Successfully initialized wpa_supplicant
03-09 11:06:13.423 292 379 I system_server: Looking for service android.hardware.wifi.supplicant@1.0::ISupplicant/default
03-09 11:06:13.424 292 379 I system_server: Starting thread pool.
03-09 11:06:13.447 511 511 I wpa_supplicant: libbcmdhd: priv_lib_init
03-09 11:06:13.448 511 511 I wpa_supplicant: rfkill: Cannot open RFKILL control device
03-09 11:06:13.450 223 244 E OMXNodeInstance: getExtensionIndex(0xa80a2f60:TI.DUCATI1.DECODER, OMX.google.android.index.configureVideoTunnelMode) ERROR: UnsupportedIndex(0x8000101a)
03-09 11:06:13.450 223 244 W OMXNodeInstance: [0xa80a2f60:TI.DUCATI1.DECODER] component does not support metadata mode; using fallback
03-09 11:06:13.451 223 244 D OMX_CORE_WRAPPER: TIOMX_FreeHandle
03-09 11:06:13.454 219 276 I OMXClient: Treble IOmx obtained
03-09 11:06:13.454 223 244 I OMXMaster: makeComponentInstance(OMX.google.h264.decoder) in omx@1.0-service process
03-09 11:06:13.483 511 511 E wpa_supplicant: global ctrl interface @android:wpa_wlan0 matches ctrl interface wlan0 - do not open per-interface ctrl interface
03-09 11:06:13.514 223 244 E OMXNodeInstance: getExtensionIndex(0xa80a2f60:google.h264.decoder, OMX.google.android.index.configureVideoTunnelMode) ERROR: UnsupportedIndex(0x8000101a)
03-09 11:06:13.514 223 244 E OMXNodeInstance: getExtensionIndex(0xa80a2f60:google.h264.decoder, OMX.google.android.index.enableAndroidNativeBuffers) ERROR: UnsupportedIndex(0x8000101a)
03-09 11:06:13.516 219 276 I OMXClient: Treble IOmx obtained
03-09 11:06:13.516 223 482 I OMXMaster: makeComponentInstance(OMX.TI.DUCATI1.VIDEO.DECODER) in omx@1.0-service process
03-09 11:06:13.516 223 482 D OMX_CORE_WRAPPER: TIOMX_GetHandle
03-09 11:06:13.517 223 482 D vndksupport: Loading /vendor/lib/hw/gralloc.jacinto6.so from current namespace instead of sphal namespace.
03-09 11:06:13.523 223 244 E OMXNodeInstance: getExtensionIndex(0xa80a2a80:TI.DUCATI1.DECODER, OMX.google.android.index.configureVideoTunnelMode) ERROR: UnsupportedIndex(0x8000101a)
03-09 11:06:13.524 223 244 W OMXNodeInstance: [0xa80a2a80:TI.DUCATI1.DECODER] component does not support metadata mode; using fallback
03-09 11:06:13.524 223 244 D OMX_CORE_WRAPPER: TIOMX_FreeHandle
03-09 11:06:13.527 219 276 I OMXClient: Treble IOmx obtained
03-09 11:06:13.527 223 244 I OMXMaster: makeComponentInstance(OMX.google.h263.decoder) in omx@1.0-service process
03-09 11:06:13.530 292 379 I SupplicantStaIfaceHal: Completed initialization of ISupplicant interfaces.
03-09 11:06:13.566 223 244 E OMXNodeInstance: getExtensionIndex(0xa80a2a80:google.h263.decoder, OMX.google.android.index.configureVideoTunnelMode) ERROR: UnsupportedIndex(0x8000101a)
03-09 11:06:13.566 223 244 E OMXNodeInstance: getExtensionIndex(0xa80a2a80:google.h263.decoder, OMX.google.android.index.enableAndroidNativeBuffers) ERROR: UnsupportedIndex(0x8000101a)
03-09 11:06:13.568 219 276 I OMXClient: Treble IOmx obtained
03-09 11:06:13.568 223 482 I OMXMaster: makeComponentInstance(OMX.google.hevc.decoder) in omx@1.0-service process
03-09 11:06:13.630 223 244 E OMXNodeInstance: getExtensionIndex(0xa80a2d80:google.hevc.decoder, OMX.google.android.index.configureVideoTunnelMode) ERROR: UnsupportedIndex(0x8000101a)
03-09 11:06:13.630 223 244 E OMXNodeInstance: getExtensionIndex(0xa80a2d80:google.hevc.decoder, OMX.google.android.index.enableAndroidNativeBuffers) ERROR: UnsupportedIndex(0x8000101a)
03-09 11:06:13.632 219 276 I OMXClient: Treble IOmx obtained
03-09 11:06:13.633 223 482 I OMXMaster: makeComponentInstance(OMX.TI.DUCATI1.VIDEO.DECODER) in omx@1.0-service process
03-09 11:06:13.633 223 482 D OMX_CORE_WRAPPER: TIOMX_GetHandle
03-09 11:06:13.635 223 482 D vndksupport: Loading /vendor/lib/hw/gralloc.jacinto6.so from current namespace instead of sphal namespace.
03-09 11:06:13.641 223 244 E OMXNodeInstance: getExtensionIndex(0xa80a2de0:TI.DUCATI1.DECODER, OMX.google.android.index.configureVideoTunnelMode) ERROR: UnsupportedIndex(0x8000101a)
03-09 11:06:13.641 223 244 W OMXNodeInstance: [0xa80a2de0:TI.DUCATI1.DECODER] component does not support metadata mode; using fallback
03-09 11:06:13.641 223 244 D OMX_CORE_WRAPPER: TIOMX_FreeHandle
03-09 11:06:13.644 219 276 I OMXClient: Treble IOmx obtained
03-09 11:06:13.644 223 244 I OMXMaster: makeComponentInstance(OMX.TI.DUCATI1.VIDEO.DECODER) in omx@1.0-service process
03-09 11:06:13.645 223 244 D OMX_CORE_WRAPPER: TIOMX_GetHandle
03-09 11:06:13.645 223 244 D vndksupport: Loading /vendor/lib/hw/gralloc.jacinto6.so from current namespace instead of sphal namespace.
03-09 11:06:13.651 223 482 E OMXNodeInstance: getExtensionIndex(0xa80a2de0:TI.DUCATI1.DECODER, OMX.google.android.index.configureVideoTunnelMode) ERROR: UnsupportedIndex(0x8000101a)
03-09 11:06:13.651 223 482 W OMXNodeInstance: [0xa80a2de0:TI.DUCATI1.DECODER] component does not support metadata mode; using fallback
03-09 11:06:13.652 223 482 D OMX_CORE_WRAPPER: TIOMX_FreeHandle
03-09 11:06:13.658 219 276 I OMXClient: Treble IOmx obtained
03-09 11:06:13.658 223 482 I OMXMaster: makeComponentInstance(OMX.google.mpeg4.decoder) in omx@1.0-service process
03-09 11:06:13.660 223 244 E OMXNodeInstance: getExtensionIndex(0xa80a2de0:google.mpeg4.decoder, OMX.google.android.index.configureVideoTunnelMode) ERROR: UnsupportedIndex(0x8000101a)
03-09 11:06:13.660 223 244 E OMXNodeInstance: getExtensionIndex(0xa80a2de0:google.mpeg4.decoder, OMX.google.android.index.enableAndroidNativeBuffers) ERROR: UnsupportedIndex(0x8000101a)
03-09 11:06:13.662 219 276 I OMXClient: Treble IOmx obtained
03-09 11:06:13.662 223 482 I OMXMaster: makeComponentInstance(OMX.google.vp8.decoder) in omx@1.0-service process
03-09 11:06:13.703 223 244 E OMXNodeInstance: getExtensionIndex(0xa80a2e40:google.vp8.decoder, OMX.google.android.index.configureVideoTunnelMode) ERROR: UnsupportedIndex(0x8000101a)
03-09 11:06:13.703 223 244 E OMXNodeInstance: getExtensionIndex(0xa80a2e40:google.vp8.decoder, OMX.google.android.index.enableAndroidNativeBuffers) ERROR: UnsupportedIndex(0x8000101a)
03-09 11:06:13.705 219 276 I OMXClient: Treble IOmx obtained
03-09 11:06:13.705 223 482 I OMXMaster: makeComponentInstance(OMX.google.vp9.decoder) in omx@1.0-service process
03-09 11:06:13.708 223 244 E OMXNodeInstance: getExtensionIndex(0xa80a2c60:google.vp9.decoder, OMX.google.android.index.configureVideoTunnelMode) ERROR: UnsupportedIndex(0x8000101a)
03-09 11:06:13.708 223 244 E OMXNodeInstance: getExtensionIndex(0xa80a2c60:google.vp9.decoder, OMX.google.android.index.enableAndroidNativeBuffers) ERROR: UnsupportedIndex(0x8000101a)
03-09 11:06:13.709 219 276 I OMXClient: Treble IOmx obtained
03-09 11:06:13.710 223 244 I OMXMaster: makeComponentInstance(OMX.TI.DUCATI1.VIDEO.H264E) in omx@1.0-service process
03-09 11:06:13.710 223 244 D OMX_CORE_WRAPPER: TIOMX_GetHandle
03-09 11:06:13.731 223 244 D OMX_H264_ENCODERUTILS: Initialize Audio Port Params
03-09 11:06:13.731 223 244 D OMX_H264_ENCODERUTILS: Initialize Video Port Params
03-09 11:06:13.731 223 244 D OMX_H264_ENCODERUTILS: Initialize Image Port Params
03-09 11:06:13.731 223 244 D OMX_H264_ENCODERUTILS: Initialize Other Port Params
03-09 11:06:13.731 223 244 D OMX_H264_ENCODERUTILS: Initialize Component Port Params
03-09 11:06:13.732 223 244 D OMX_H264_ENCODERUTILS: Update the default Port Params
03-09 11:06:13.732 223 244 D OMX_H264_ENCODERUTILS: SetH264AlgDefaultCreationParams
03-09 11:06:13.732 223 244 D OMX_H264_ENCODERUTILS: SetH264AlgDefaultDynamicParams
03-09 11:06:13.734 223 244 E OMX_H264_ENCODER: Failed check: OMX_ErrorNone == eError
03-09 11:06:13.734 223 244 E OMX_H264_ENCODER: Returning error: eError
03-09 11:06:13.737 223 244 D OMX_H264_ENCODER: In Default: Call to BASE GetConfig
03-09 11:06:13.737 223 244 E OMX_H264_ENCODER: Failed check: OMX_ErrorNone == eError
03-09 11:06:13.737 223 244 E OMX_H264_ENCODER: Returning error: eError
03-09 11:06:13.737 223 244 E OMXNodeInstance: getConfig(0xa80a2c60:TI.DUCATI1.H264E, ConfigAndroidIntraRefresh(0x6f60000a)) ERROR: UnsupportedIndex(0x8000101a)
03-09 11:06:13.737 223 244 D OMX_CORE_WRAPPER: TIOMX_FreeHandle
03-09 11:06:13.737 223 244 D OMX_H264_ENCODER: Call BaseComponent Deinit
03-09 11:06:13.738 223 244 D OMX_H264_ENCODER: DeInitialize DerToBase.PortProperties
03-09 11:06:13.738 223 244 D OMX_H264_ENCODER: Call Engine_Close
03-09 11:06:13.740 223 244 D OMX_H264_ENCODER: At the End of Component DeInit
03-09 11:06:13.741 219 276 I OMXClient: Treble IOmx obtained
03-09 11:06:13.741 223 244 I OMXMaster: makeComponentInstance(OMX.google.h264.encoder) in omx@1.0-service process
03-09 11:06:13.772 219 276 W OMXUtils: do not know color format 0x7f000789 = 2130708361
03-09 11:06:13.775 219 276 I OMXClient: Treble IOmx obtained
03-09 11:06:13.775 223 244 I OMXMaster: makeComponentInstance(OMX.google.h263.encoder) in omx@1.0-service process
03-09 11:06:13.796 223 244 I SoftMPEG4Encoder: Construct SoftMPEG4Encoder
03-09 11:06:13.798 219 276 W OMXUtils: do not know color format 0x7f000789 = 2130708361
03-09 11:06:13.798 223 482 E OMXNodeInstance: getConfig(0xa80a2c00:google.h263.encoder, ConfigAndroidIntraRefresh(0x6f60000a)) ERROR: Undefined(0x80001001)
03-09 11:06:13.800 219 276 I OMXClient: Treble IOmx obtained
03-09 11:06:13.800 223 482 I OMXMaster: makeComponentInstance(OMX.google.mpeg4.encoder) in omx@1.0-service process
03-09 11:06:13.801 223 482 I SoftMPEG4Encoder: Construct SoftMPEG4Encoder
03-09 11:06:13.802 219 276 W OMXUtils: do not know color format 0x7f000789 = 2130708361
03-09 11:06:13.803 223 482 E OMXNodeInstance: getConfig(0xa80a2c00:google.mpeg4.encoder, ConfigAndroidIntraRefresh(0x6f60000a)) ERROR: Undefined(0x80001001)
03-09 11:06:13.805 219 276 I OMXClient: Treble IOmx obtained
03-09 11:06:13.805 223 244 I OMXMaster: makeComponentInstance(OMX.google.vp8.encoder) in omx@1.0-service process
03-09 11:06:13.843 219 276 W OMXUtils: do not know color format 0x7f000789 = 2130708361
03-09 11:06:13.844 223 244 E OMXNodeInstance: getConfig(0xa80a2d80:google.vp8.encoder, ConfigAndroidIntraRefresh(0x6f60000a)) ERROR: Undefined(0x80001001)
03-09 11:06:13.846 219 276 I OMXClient: Treble IOmx obtained
03-09 11:06:13.846 223 244 I OMXMaster: makeComponentInstance(OMX.google.vp9.encoder) in omx@1.0-service process
03-09 11:06:13.848 219 276 W OMXUtils: do not know color format 0x7f000789 = 2130708361
03-09 11:06:13.849 223 244 E OMXNodeInstance: getConfig(0xa80a2d80:google.vp9.encoder, ConfigAndroidIntraRefresh(0x6f60000a)) ERROR: Undefined(0x80001001)
03-09 11:06:13.856 292 463 I OMXClient: Treble IOmx obtained
03-09 11:06:13.856 223 244 I OMXMaster: makeComponentInstance(OMX.google.vorbis.decoder) in omx@1.0-service process
03-09 11:06:13.858 223 244 E OMXNodeInstance: getConfig(0xa80a2d80:google.vorbis.decoder, ConfigAndroidVendorExtension(0x6f100004)) ERROR: Undefined(0x80001001)
03-09 11:06:13.860 169 169 W /system/bin/hw/android.hidl.allocator@1.0-service: ashmem_create_region(32768) returning hidl_memory(0xac018800, 32768)
03-09 11:06:13.888 169 169 I chatty : uid=1000(system) allocator@1.0-s identical 10 lines
03-09 11:06:13.889 169 169 W /system/bin/hw/android.hidl.allocator@1.0-service: ashmem_create_region(32768) returning hidl_memory(0xac018800, 32768)
03-09 11:06:13.908 218 261 D MediaAnalyticsService: MediaAnalyticsService::newSummarizerSet
03-09 11:06:13.909 292 440 V NuMediaExtractor: setDataSource fd=164 (/system/media/audio/ui/KeypressStandard.ogg), offset=0, length=5837
03-09 11:06:13.921 292 440 V NuMediaExtractor: track of type 'audio/vorbis' does not publish bitrate
03-09 11:06:13.925 292 581 I OMXClient: Treble IOmx obtained
03-09 11:06:13.925 223 244 I OMXMaster: makeComponentInstance(OMX.google.vorbis.decoder) in omx@1.0-service process
03-09 11:06:13.927 223 244 E OMXNodeInstance: getConfig(0xa80a2d80:google.vorbis.decoder, ConfigAndroidVendorExtension(0x6f100004)) ERROR: Undefined(0x80001001)
03-09 11:06:13.929 169 169 W /system/bin/hw/android.hidl.allocator@1.0-service: ashmem_create_region(32768) returning hidl_memory(0xac018800, 32768)
03-09 11:06:13.933 169 169 I chatty : uid=1000(system) allocator@1.0-s identical 6 lines
03-09 11:06:13.934 169 169 W /system/bin/hw/android.hidl.allocator@1.0-service: ashmem_create_region(32768) returning hidl_memory(0xac018800, 32768)
03-09 11:06:13.956 292 440 V NuMediaExtractor: setDataSource fd=165 (/system/media/audio/ui/KeypressSpacebar.ogg), offset=0, length=5952
03-09 11:06:13.970 292 440 V NuMediaExtractor: track of type 'audio/vorbis' does not publish bitrate
03-09 11:06:13.973 292 585 I OMXClient: Treble IOmx obtained
03-09 11:06:13.973 223 244 I OMXMaster: makeComponentInstance(OMX.google.vorbis.decoder) in omx@1.0-service process
03-09 11:06:13.975 223 244 E OMXNodeInstance: getConfig(0xa80a2d80:google.vorbis.decoder, ConfigAndroidVendorExtension(0x6f100004)) ERROR: Undefined(0x80001001)
03-09 11:06:13.977 169 169 W /system/bin/hw/android.hidl.allocator@1.0-service: ashmem_create_region(32768) returning hidl_memory(0xac018800, 32768)
03-09 11:06:13.982 169 169 I chatty : uid=1000(system) allocator@1.0-s identical 6 lines
03-09 11:06:13.982 169 169 W /system/bin/hw/android.hidl.allocator@1.0-service: ashmem_create_region(32768) returning hidl_memory(0xac018800, 32768)
03-09 11:06:14.007 292 440 V NuMediaExtractor: setDataSource fd=166 (/system/media/audio/ui/KeypressDelete.ogg), offset=0, length=5832
03-09 11:06:14.022 292 292 I ActivityManager: Loaded persisted task ids for user 0
03-09 11:06:14.026 292 440 V NuMediaExtractor: track of type 'audio/vorbis' does not publish bitrate
03-09 11:06:14.030 292 588 I OMXClient: Treble IOmx obtained
03-09 11:06:14.030 223 482 I OMXMaster: makeComponentInstance(OMX.google.vorbis.decoder) in omx@1.0-service process
03-09 11:06:14.033 223 482 E OMXNodeInstance: getConfig(0xa80a2d80:google.vorbis.decoder, ConfigAndroidVendorExtension(0x6f100004)) ERROR: Undefined(0x80001001)
03-09 11:06:14.036 169 169 W /system/bin/hw/android.hidl.allocator@1.0-service: ashmem_create_region(32768) returning hidl_memory(0xac018800, 32768)
03-09 11:06:14.040 169 169 I chatty : uid=1000(system) allocator@1.0-s identical 6 lines
03-09 11:06:14.041 169 169 W /system/bin/hw/android.hidl.allocator@1.0-service: ashmem_create_region(32768) returning hidl_memory(0xac018800, 32768)
03-09 11:06:14.045 292 292 I ActivityManager: Start proc 591:com.android.settings/1000 for activity com.android.settings/.FallbackHome
03-09 11:06:14.048 292 292 D SystemServerTiming: ActivityManagerStartApps took to complete: 1547ms
03-09 11:06:14.048 292 292 D SystemServerTiming: PhaseActivityManagerReady took to complete: 1984ms
03-09 11:06:14.048 292 308 W zygote : Long monitor contention with owner main (292) at void com.android.server.am.ActivityManagerService.systemReady(java.lang.Runnable, android.util.TimingsTraceLog)(ActivityManagerService.java:14260) waiters=0 in void com.android.server.am.ActivityManagerService.dispatchUidsChanged() for 1.542s
03-09 11:06:14.050 292 468 W zygote : Long monitor contention with owner main (292) at void com.android.server.am.ActivityManagerService.systemReady(java.lang.Runnable, android.util.TimingsTraceLog)(ActivityManagerService.java:14260) waiters=1 in void com.android.server.am.ActivityManagerService.attachApplication(android.app.IApplicationThread) for 1.477s
03-09 11:06:14.050 292 308 W Looper : Dispatch took 1545ms on android.ui, h=Handler (com.android.server.am.ActivityManagerService$UiHandler) {c136d77} cb=null msg=53
03-09 11:06:14.050 292 304 W zygote : Long monitor contention with owner main (292) at void com.android.server.am.ActivityManagerService.systemReady(java.lang.Runnable, android.util.TimingsTraceLog)(ActivityManagerService.java:14260) waiters=2 in com.android.server.am.ProcessRecord com.android.server.am.ActivityManagerService.findAppProcess(android.os.IBinder, java.lang.String) for 1.470s
03-09 11:06:14.050 292 292 D SystemServerInitThreadPool: Shutdown successful
03-09 11:06:14.051 292 292 D SystemServerTiming: StartServices took to complete: 6938ms
03-09 11:06:14.051 292 292 I SystemServer: Enabled StrictMode for system server main thread.
03-09 11:06:14.058 292 314 W zygote : Long monitor contention with owner main (292) at void com.android.server.am.ActivityManagerService.systemReady(java.lang.Runnable, android.util.TimingsTraceLog)(ActivityManagerService.java:14260) waiters=3 in int com.android.server.am.ActivityManagerService.broadcastIntent(android.app.IApplicationThread, android.content.Intent, java.lang.String, android.content.IIntentReceiver, int, java.lang.String, android.os.Bundle, java.lang.String[], int, android.os.Bundle, boolean, boolean, int) for 1.453s
03-09 11:06:14.059 292 339 W zygote : Long monitor contention with owner main (292) at void com.android.server.am.ActivityManagerService.systemReady(java.lang.Runnable, android.util.TimingsTraceLog)(ActivityManagerService.java:14260) waiters=4 in android.content.Intent com.android.server.am.ActivityManagerService.registerReceiver(android.app.IApplicationThread, java.lang.String, android.content.IIntentReceiver, android.content.IntentFilter, java.lang.String, int, int) for 1.372s
03-09 11:06:14.059 292 512 W zygote : Long monitor contention with owner main (292) at void com.android.server.am.ActivityManagerService.systemReady(java.lang.Runnable, android.util.TimingsTraceLog)(ActivityManagerService.java:14260) waiters=5 in java.lang.String com.android.server.am.ActivityManagerService.checkContentProviderAccess(java.lang.String, int) for 1.293s
03-09 11:06:14.060 292 354 W zygote : Long monitor contention with owner main (292) at void com.android.server.am.ActivityManagerService.systemReady(java.lang.Runnable, android.util.TimingsTraceLog)(ActivityManagerService.java:14260) waiters=6 in int com.android.server.am.ActivityManagerService.broadcastIntent(android.app.IApplicationThread, android.content.Intent, java.lang.String, android.content.IIntentReceiver, int, java.lang.String, android.os.Bundle, java.lang.String[], int, android.os.Bundle, boolean, boolean, int) for 1.041s
03-09 11:06:14.061 292 362 W zygote : Long monitor contention with owner main (292) at void com.android.server.am.ActivityManagerService.systemReady(java.lang.Runnable, android.util.TimingsTraceLog)(ActivityManagerService.java:14260) waiters=7 in int com.android.server.am.ActivityManagerService.broadcastIntent(android.app.IApplicationThread, android.content.Intent, java.lang.String, android.content.IIntentReceiver, int, java.lang.String, android.os.Bundle, java.lang.String[], int, android.os.Bundle, boolean, boolean, int) for 527ms
03-09 11:06:14.062 292 517 W zygote : Long monitor contention with owner main (292) at void com.android.server.am.ActivityManagerService.systemReady(java.lang.Runnable, android.util.TimingsTraceLog)(ActivityManagerService.java:14260) waiters=8 in void com.android.server.am.ActivityManagerService.publishContentProviders(android.app.IApplicationThread, java.util.List) for 338ms
03-09 11:06:14.069 292 362 D WifiStateMachine: Setting OUI to DA-A1-19
03-09 11:06:14.070 180 180 D WifiHAL : Sending mac address OUI
03-09 11:06:14.079 292 292 D ConditionProviders.SCP: onConnected
03-09 11:06:14.080 292 292 D ZenLog : set_zen_mode: off,readXml
03-09 11:06:14.097 292 292 D ConditionProviders: Subscribing to condition://android/event?userId=-10000&calendar=&reply=1 with ComponentInfo{android/com.android.server.notification.EventConditionProvider}
03-09 11:06:14.097 292 292 D ZenLog : subscribe: condition://android/event?userId=-10000&calendar=&reply=1,ok
03-09 11:06:14.099 292 292 D ConditionProviders: Subscribing to condition://android/schedule?days=1.2.3.4.5&start=22.0&end=7.0&exitAtAlarm=false with ComponentInfo{android/com.android.server.notification.ScheduleConditionProvider}
03-09 11:06:14.099 292 292 D ZenLog : subscribe: condition://android/schedule?days=1.2.3.4.5&start=22.0&end=7.0&exitAtAlarm=false,ok
03-09 11:06:14.100 180 180 D WifiHAL : In DebugCommand::handleResponse
03-09 11:06:14.100 180 180 D WifiHAL : len = 80, expected len = 256
03-09 11:06:14.101 180 180 D WifiHAL : In DebugCommand::handleResponse
03-09 11:06:14.101 180 180 D WifiHAL : len = 112, expected len = 256
03-09 11:06:14.101 292 292 D ConditionProviders: Subscribing to condition://android/schedule?days=6.7&start=23.30&end=10.0&exitAtAlarm=false with ComponentInfo{android/com.android.server.notification.ScheduleConditionProvider}
03-09 11:06:14.101 292 292 D ZenLog : subscribe: condition://android/schedule?days=6.7&start=23.30&end=10.0&exitAtAlarm=false,ok
03-09 11:06:14.103 292 362 I WifiVendorHal: Driver: Dongle Host Driver, version 1.363.68 (r)
03-09 11:06:14.103 292 362 I WifiVendorHal: Compiled in drivers/net/wireless/bcmdhd Firmware: Firmware: wl0: Mar 7 2019 03:06:01 version 9.40.112.1 (r712207 CY) FWID 01-19604805
03-09 11:06:14.103 292 362 I WifiVendorHal: Chip: 4359 Rev 5 Pkg 2
03-09 11:06:14.104 180 180 E WifiHAL : Failed to register debug response; result = -23
03-09 11:06:14.113 433 433 I CAR.SERVICE: Service onCreate
03-09 11:06:14.113 292 440 V NuMediaExtractor: setDataSource fd=167 (/system/media/audio/ui/KeypressReturn.ogg), offset=0, length=6246
03-09 11:06:14.115 388 388 D AdapterServiceConfig: Adding A2dpSinkService
03-09 11:06:14.115 388 388 D AdapterServiceConfig: Adding PanService
03-09 11:06:14.115 388 388 D AdapterServiceConfig: Adding GattService
03-09 11:06:14.115 388 388 D AdapterServiceConfig: Adding HeadsetClientService
03-09 11:06:14.115 388 388 D AdapterServiceConfig: Adding AvrcpControllerService
03-09 11:06:14.115 388 388 D AdapterServiceConfig: Adding PbapClientService
03-09 11:06:14.115 433 433 I com.android.car: Looking for service android.hardware.automotive.vehicle@2.0::IVehicle/default
03-09 11:06:14.115 388 388 D AdapterServiceConfig: Adding MapClientService
03-09 11:06:14.116 147 147 E SELinux : avc: denied { find } for interface=android.hardware.automotive.vehicle::IVehicle pid=433 scontext=u:r:system_app:s0 tcontext=u:object_r:default_android_hwservice:s0 tclass=hwservice_manager permissive=1
03-09 11:06:14.116 292 362 E WifiVendorHal: getRingBufferStatus(l.1804) failed {.code = ERROR_NOT_AVAILABLE, .description = }
03-09 11:06:14.116 292 362 W WifiDiags: no ring buffers found
03-09 11:06:14.117 180 180 D WifiHAL : Start get packet fate command
03-09 11:06:14.117 180 180 D WifiHAL : createRequest Monitor packet fate request
03-09 11:06:14.117 180 180 E WifiHAL : Failed to register get pkt fate response; result = -95
03-09 11:06:14.118 292 362 E WifiVendorHal: startPktFateMonitoring(l.1890) failed {.code = ERROR_NOT_AVAILABLE, .description = }
03-09 11:06:14.118 292 362 W WifiDiags: Failed to start packet fate monitoring
03-09 11:06:14.118 292 310 I WifiService: requestActivityInfo uid=1000
03-09 11:06:14.118 292 310 I WifiService: reportActivityInfo uid=1000
03-09 11:06:14.118 292 310 I WifiService: getSupportedFeatures uid=1000
03-09 11:06:14.121 433 433 I com.android.car: Starting thread pool.
03-09 11:06:14.124 412 412 V SystemUIService: Starting SystemUI services for user 0.
03-09 11:06:14.127 433 433 I CAR.SERVICE: Connected to android.hardware.automotive.vehicle@2.0::IVehicle
03-09 11:06:14.129 292 364 I WifiScanningService: wifi driver unloaded
03-09 11:06:14.130 292 292 D ZenLog : set_zen_mode: off,cleanUpZenRules
03-09 11:06:14.139 292 292 D RttService: SCAN_AVAILABLE : 1
03-09 11:06:14.139 292 365 D RttService: DefaultState got{ when=0 what=160513 target=com.android.internal.util.StateMachine$SmHandler }
03-09 11:06:14.140 292 440 V NuMediaExtractor: track of type 'audio/vorbis' does not publish bitrate
03-09 11:06:14.149 412 412 D SystemUIBootTiming: StartServicesDependency took to complete: 13ms
03-09 11:06:14.157 292 362 I WifiStateMachine: disconnectedstate enter
03-09 11:06:14.157 292 604 I OMXClient: Treble IOmx obtained
03-09 11:06:14.158 223 244 I OMXMaster: makeComponentInstance(OMX.google.vorbis.decoder) in omx@1.0-service process
03-09 11:06:14.159 223 244 E OMXNodeInstance: getConfig(0xa7c18000:google.vorbis.decoder, ConfigAndroidVendorExtension(0x6f100004)) ERROR: Undefined(0x80001001)
03-09 11:06:14.162 180 180 E WifiHAL : Failed to register debug response; result = -23
03-09 11:06:14.163 292 362 E WifiVendorHal: getSupportedFeatureSet(l.891) failed {.code = ERROR_NOT_AVAILABLE, .description = }
03-09 11:06:14.164 180 180 E WifiHAL : Failed to register debug response; result = -23
03-09 11:06:14.170 169 169 W /system/bin/hw/android.hidl.allocator@1.0-service: ashmem_create_region(32768) returning hidl_memory(0xac018800, 32768)
03-09 11:06:14.173 169 169 I chatty : uid=1000(system) allocator@1.0-s identical 2 lines
03-09 11:06:14.174 169 169 W /system/bin/hw/android.hidl.allocator@1.0-service: ashmem_create_region(32768) returning hidl_memory(0xac018800, 32768)
03-09 11:06:14.175 292 310 E BatteryExternalStatsWorker: no controller energy info supplied for wifi
03-09 11:06:14.175 292 310 I WifiService: requestActivityInfo uid=1000
03-09 11:06:14.175 292 310 I WifiService: reportActivityInfo uid=1000
03-09 11:06:14.175 292 310 I WifiService: getSupportedFeatures uid=1000
03-09 11:06:14.176 180 180 E WifiHAL : Failed to register debug response; result = -23
03-09 11:06:14.177 292 362 E WifiVendorHal: getSupportedFeatureSet(l.891) failed {.code = ERROR_NOT_AVAILABLE, .description = }
03-09 11:06:14.178 180 180 E WifiHAL : Failed to register debug response; result = -23
03-09 11:06:14.179 169 169 W /system/bin/hw/android.hidl.allocator@1.0-service: ashmem_create_region(32768) returning hidl_memory(0xac018800, 32768)
