03-09 11:06:11.256 292 292 I SystemServiceManager: Starting com.android.server.TextServicesManagerService$Lifecycle
03-09 11:06:11.258 292 292 W TextServicesManagerService: no available spell checker services found
03-09 11:06:11.258 292 292 D SystemServerTiming: StartTextServicesManager took to complete: 3ms
03-09 11:06:11.258 292 292 I SystemServer: StartNetworkScoreService
03-09 11:06:11.260 292 292 D SystemServerTiming: StartNetworkScoreService took to complete: 2ms
03-09 11:06:11.260 292 292 I SystemServer: StartNetworkStatsService
03-09 11:06:11.305 292 292 D SystemServerTiming: StartNetworkStatsService took to complete: 44ms
03-09 11:06:11.305 292 292 I SystemServer: StartNetworkPolicyManagerService
03-09 11:06:11.312 292 360 I ServiceThread: Enabled StrictMode logging for NetworkPolicy.uid looper.
03-09 11:06:11.313 292 292 D SystemServerTiming: StartNetworkPolicyManagerService took to complete: 8ms
03-09 11:06:11.313 292 292 I SystemServer: StartWifi
03-09 11:06:11.502 292 292 I SystemServiceManager: Starting com.android.server.wifi.WifiService
03-09 11:06:11.686 292 292 D WifiApConfigStore: 2G band allowed channels are:1,6,11
03-09 11:06:11.781 166 201 D CommandListener: Clearing all IP addresses on wlan0
03-09 11:06:11.784 292 362 E HalDeviceManager: isSupported: called but mServiceManager is null!?
03-09 11:06:11.784 292 362 I WifiNative-wlan0: Vendor HAL not supported, Ignore stop...
03-09 11:06:11.784 292 362 D WificondControl: tearing down interfaces in wificond
03-09 11:06:11.790 292 292 D WifiController: isAirplaneModeOn = false, isWifiEnabled = true, isScanningAvailable = false
03-09 11:06:11.793 292 292 I WifiService: getVerboseLoggingLevel uid=1000
03-09 11:06:11.794 292 292 E SupplicantStaIfaceHal: Can't call setDebugParams, ISupplicant is null
03-09 11:06:11.794 292 292 W WifiDiags: no ring buffers found
03-09 11:06:11.794 292 292 W WifiDiags: Failed to start packet fate monitoring
03-09 11:06:11.794 292 292 I WifiService: Registering wifi
03-09 11:06:11.794 292 292 D SystemServerTiming: StartWifi took to complete: 481ms
03-09 11:06:11.795 292 292 I SystemServer: StartWifiScanning
03-09 11:06:11.801 292 292 I SystemServiceManager: Starting com.android.server.wifi.scanner.WifiScanningService
03-09 11:06:11.805 292 292 I WifiScanningService: Creating wifiscanner
03-09 11:06:11.806 292 292 I WifiScanningService: Publishing wifiscanner
03-09 11:06:11.806 292 292 D SystemServerTiming: StartWifiScanning took to complete: 12ms
03-09 11:06:11.807 292 292 I SystemServer: StartWifiRtt
03-09 11:06:11.808 292 292 I SystemServiceManager: Starting com.android.server.wifi.RttService
03-09 11:06:11.809 292 292 I RttService: Creating rttmanager
03-09 11:06:11.809 292 292 I RttService: Starting rttmanager
03-09 11:06:11.810 292 292 D SystemServerTiming: StartWifiRtt took to complete: 3ms
03-09 11:06:11.810 292 292 I SystemServer: No Wi-Fi Aware Service (Aware support Not Present)
03-09 11:06:11.810 292 292 I SystemServer: StartWifiP2P
03-09 11:06:11.810 292 292 I SystemServiceManager: Starting com.android.server.wifi.p2p.WifiP2pService
03-09 11:06:11.817 292 292 I WifiP2pService: Registering wifip2p
03-09 11:06:11.818 292 292 D SystemServerTiming: StartWifiP2P took to complete: 8ms
03-09 11:06:11.818 292 292 I SystemServer: StartEthernet
03-09 11:06:11.819 292 292 I SystemServiceManager: Starting com.android.server.ethernet.EthernetService
03-09 11:06:11.820 292 292 I EthernetServiceImpl: Creating EthernetConfigStore
03-09 11:06:11.821 292 292 E IpConfigStore: Error opening configuration file: java.io.FileNotFoundException: /data/misc/ethernet/ipconfig.txt (No such file or directory)
03-09 11:06:11.821 292 292 W EthernetConfigStore: No Ethernet configuration found. Using default.
03-09 11:06:11.821 292 292 I EthernetServiceImpl: Read stored IP configuration: IP assignment: DHCP
03-09 11:06:11.821 292 292 I EthernetServiceImpl: Proxy settings: NONE
03-09 11:06:11.826 292 292 I EthernetService: Registering service ethernet
03-09 11:06:11.826 292 292 D SystemServerTiming: StartEthernet took to complete: 9ms
03-09 11:06:11.826 292 292 I SystemServer: StartConnectivityService
03-09 11:06:11.832 292 292 D ConnectivityService: ConnectivityService starting up
03-09 11:06:11.834 292 292 D ConnectivityService: wifiOnly=false
03-09 11:06:11.834 292 292 E ConnectivityService: Ignoring protectedNetwork 10
03-09 11:06:11.834 292 292 E ConnectivityService: Ignoring protectedNetwork 11
03-09 11:06:11.834 292 292 E ConnectivityService: Ignoring protectedNetwork 12
03-09 11:06:11.834 292 292 E ConnectivityService: Ignoring protectedNetwork 14
03-09 11:06:11.834 292 292 E ConnectivityService: Ignoring protectedNetwork 15
03-09 11:06:11.845 292 292 D SystemServerTiming: StartConnectivityService took to complete: 19ms
03-09 11:06:11.845 292 292 I SystemServer: StartNsdService
03-09 11:06:11.847 292 292 D NsdService: Network service discovery is enabled
03-09 11:06:11.849 292 292 D SystemServerTiming: StartNsdService took to complete: 4ms
03-09 11:06:11.849 292 292 I SystemServer: StartUpdateLockService
03-09 11:06:11.850 292 292 D SystemServerTiming: StartUpdateLockService took to complete: 1ms
03-09 11:06:11.850 292 292 I SystemServer: WaitForAsecScan
03-09 11:06:11.850 292 292 D SystemServerTiming: WaitForAsecScan took to complete: 0ms
03-09 11:06:11.850 292 292 I SystemServer: StartNotificationManager
03-09 11:06:11.851 292 292 I SystemServiceManager: Starting com.android.server.notification.NotificationManagerService
03-09 11:06:11.867 292 292 D ConditionProviders.SCP: new ScheduleConditionProvider()
03-09 11:06:11.871 292 292 D ZenLog : config: readXml,ZenModeConfig[user=0,allowCalls=true,allowRepeatCallers=false,allowMessages=false,allowCallsFrom=contacts,allowMessagesFrom=contacts,allowReminders=true,allowEvents=true,allowWhenScreenOff=true,allowWhenScreenOn=true,automaticRules={EVENTS_DEFAULT_RULE=ZenRule[enabled=false,snoozing=false,name=Event,zenMode=ZEN_MODE_ALARMS,conditionId=condition://android/event?userId=-10000&calendar=&reply=1,condition=Condition[id=condition://android/event?userId=-10000&calendar=&reply=1,summary=...,line1=...,line2=...,icon=0,state=STATE_FALSE,flags=2],component=ComponentInfo{android/com.android.server.notification.EventConditionProvider},id=EVENTS_DEFAULT_RULE,creationTime=1583751990582,enabler=null], SCHEDULED_DEFAULT_RULE_1=ZenRule[enabled=false,snoozing=false,name=Weeknight,zenMode=ZEN_MODE_ALARMS,conditionId=condition://android/schedule?days=1.2.3.4.5&start=22.0&end=7.0&exitAtAlarm=false,condition=Condition[id=condition://android/schedule?days=1.2.3.4.5&start=22.0&end=7.0&exitAtAlarm=false,summary=...,line1=...,line2=...,icon=0,state=STATE_FALSE,flags=2],component=ComponentInfo{android/com.android.server.notification.ScheduleConditionProvider},id=SCHEDULED_DEFAULT_RULE_1,creationTime=1583751990582,enabler=null], SCHEDULED_DEFAULT_RULE_2=ZenRule[enabled=false,snoozing=false,name=Weekend,zenMode=ZEN_MODE_ALARMS,conditionId=condition://android/schedule?days=6.7&start=23.30&end=10.0&exitAtAlarm=false,condition=Condition[id=condition://android/schedule?days=6.7&start=23.30&end=10.0&exitAtAlarm=false,summary=...,line1=...,line2=...,icon=0,state=STATE_FALSE,flags=2],component=ComponentInfo{android/com.android.server.notification.ScheduleConditionProvider},id=SCHEDULED_DEFAULT_RULE_2,creationTime=1583751990582,enabler=null]},manualRule=null],Diff[automaticRule[EVENTS_DEFAULT_RULE].condition:null->Condition[id=condition://android/event?userId=-10000&calendar=&reply=1,summary=...,line1=...,line2=...,icon=0,state=STATE_FALSE,flags=2],automaticRule[EVENTS_DEFAULT_RULE].creationTime:1583751971866->1583751990582,automaticRule[SCHEDULED_DEFAULT_RULE_1].condition:null->Condition[id=condition://android/schedule?days=1.2.3.4.5&start=22.0&end=7.0&exitAtAlarm=false,summary=...,line1=...,line2=...,icon=0,state=STATE_FALSE,flags=2],automaticRule[SCHEDULED_DEFAULT_RULE_1].creationTime:1583751971865->1583751990582,automaticRule[SCHEDULED_DEFAULT_RULE_2].condition:null->Condition[id=condition://android/schedule?days=6.7&start=23.30&end=10.0&exitAtAlarm=false,summary=...,line1=...,line2=...,icon=0,state=STATE_FALSE,flags=2],automaticRule[SCHEDULED_DEFAULT_RULE_2].creationTime:1583751971865->1583751990582]
03-09 11:06:11.872 292 292 I ConditionProviders: Read condition provider permissions from xml
03-09 11:06:11.873 292 292 D ZenLog : set_zen_mode: off,init
03-09 11:06:11.892 292 292 D SystemServerTiming: StartNotificationManager took to complete: 41ms
03-09 11:06:11.892 292 292 I SystemServer: StartDeviceMonitor
03-09 11:06:11.892 292 292 I SystemServiceManager: Starting com.android.server.storage.DeviceStorageMonitorService
03-09 11:06:11.894 292 292 D SystemServerTiming: StartDeviceMonitor took to complete: 2ms
03-09 11:06:11.894 292 292 I SystemServer: StartLocationManagerService
03-09 11:06:11.896 292 292 D SystemServerTiming: StartLocationManagerService took to complete: 2ms
03-09 11:06:11.896 292 292 I SystemServer: StartCountryDetectorService
03-09 11:06:11.896 292 292 D SystemServerTiming: StartCountryDetectorService took to complete: 0ms
03-09 11:06:11.896 292 292 I SystemServer: StartSearchManagerService
03-09 11:06:11.896 292 292 I SystemServiceManager: Starting com.android.server.search.SearchManagerService$Lifecycle
03-09 11:06:11.897 292 292 D SystemServerTiming: StartSearchManagerService took to complete: 1ms
03-09 11:06:11.897 292 292 I SystemServer: StartWallpaperManagerService
03-09 11:06:11.898 292 292 I SystemServiceManager: Starting com.android.server.wallpaper.WallpaperManagerService$Lifecycle
03-09 11:06:11.899 292 292 I WallpaperManagerService: No static wallpaper imagery; defaults will be shown
03-09 11:06:11.908 292 292 D SystemServerTiming: StartWallpaperManagerService took to complete: 10ms
03-09 11:06:11.908 292 292 I SystemServer: StartAudioService
03-09 11:06:11.908 292 292 I SystemServiceManager: Starting com.android.server.audio.AudioService$Lifecycle
03-09 11:06:11.911 292 306 I UsageStatsService: Time changed in UsageStats by 1583751954 seconds
03-09 11:06:11.914 292 292 W TelecomManager: Telecom Service not found.
03-09 11:06:11.916 211 211 D PermissionCache: checking android.permission.MODIFY_AUDIO_SETTINGS for uid=1000 => granted (662 us)
03-09 11:06:11.916 211 278 D PermissionCache: checking android.permission.MODIFY_AUDIO_SETTINGS for uid=1000 => granted (1179 us)
03-09 11:06:11.925 292 306 I UsageStatsService: User[0] Rollover scheduled @ 2020-03-10 11:06:11(1583838371911)
03-09 11:06:11.928 292 292 D SystemServerTiming: StartAudioService took to complete: 21ms
03-09 11:06:11.929 292 292 I SystemServer: StartDockObserver
03-09 11:06:11.929 292 292 I SystemServiceManager: Starting com.android.server.DockObserver
03-09 11:06:11.929 292 292 W DockObserver: This kernel does not have dock station support
03-09 11:06:11.930 292 292 D SystemServerTiming: StartDockObserver took to complete: 2ms
03-09 11:06:11.930 292 292 I SystemServer: StartWiredAccessoryManager
03-09 11:06:11.932 292 292 W WiredAccessoryManager: This kernel does not have wired headset support
03-09 11:06:11.932 292 292 W WiredAccessoryManager: This kernel does not have usb audio support
03-09 11:06:11.932 292 292 W WiredAccessoryManager: This kernel does not have HDMI audio support
03-09 11:06:11.932 292 292 D SystemServerTiming: StartWiredAccessoryManager took to complete: 1ms
03-09 11:06:11.932 292 292 I SystemServer: StartUsbService
03-09 11:06:11.932 292 292 I SystemServiceManager: Starting com.android.server.usb.UsbService$Lifecycle
03-09 11:06:11.934 292 292 E AlsaCardRecord: Failed to parse line 0 of /proc/asound/cards: ---
03-09 11:06:11.934 292 292 E UsbDeviceManager: failed to write to /sys/class/android_usb/android0/f_rndis/ethaddr
03-09 11:06:11.935 292 292 E UsbDeviceManager: Error initializing UsbHandler
03-09 11:06:11.935 292 292 E UsbDeviceManager: java.io.FileNotFoundException: /sys/class/android_usb/android0/state (No such file or directory)
03-09 11:06:11.935 292 292 E UsbDeviceManager: at java.io.FileInputStream.open0(Native Method)
03-09 11:06:11.935 292 292 E UsbDeviceManager: at java.io.FileInputStream.open(FileInputStream.java:200)
03-09 11:06:11.935 292 292 E UsbDeviceManager: at java.io.FileInputStream.(FileInputStream.java:150)
03-09 11:06:11.935 292 292 E UsbDeviceManager: at android.os.FileUtils.readTextFile(FileUtils.java:262)
03-09 11:06:11.935 292 292 E UsbDeviceManager: at com.android.server.usb.UsbDeviceManager$UsbHandler.(UsbDeviceManager.java:470)
03-09 11:06:11.935 292 292 E UsbDeviceManager: at com.android.server.usb.UsbDeviceManager.(UsbDeviceManager.java:232)
03-09 11:06:11.935 292 292 E UsbDeviceManager: at com.android.server.usb.UsbService.(UsbService.java:129)
03-09 11:06:11.935 292 292 E UsbDeviceManager: at com.android.server.usb.UsbService$Lifecycle.onStart(UsbService.java:68)
03-09 11:06:11.935 292 292 E UsbDeviceManager: at com.android.server.SystemServiceManager.startService(SystemServiceManager.java:124)
03-09 11:06:11.935 292 292 E UsbDeviceManager: at com.android.server.SystemServiceManager.startService(SystemServiceManager.java:111)
03-09 11:06:11.935 292 292 E UsbDeviceManager: at com.android.server.SystemServiceManager.startService(SystemServiceManager.java:70)
03-09 11:06:11.935 292 292 E UsbDeviceManager: at com.android.server.SystemServer.startOtherServices(SystemServer.java:1257)
03-09 11:06:11.935 292 292 E UsbDeviceManager: at com.android.server.SystemServer.run(SystemServer.java:391)
03-09 11:06:11.935 292 292 E UsbDeviceManager: at com.android.server.SystemServer.main(SystemServer.java:267)
03-09 11:06:11.935 292 292 E UsbDeviceManager: at java.lang.reflect.Method.invoke(Native Method)
03-09 11:06:11.935 292 292 E UsbDeviceManager: at com.android.internal.os.RuntimeInit$MethodAndArgsCaller.run(RuntimeInit.java:438)
03-09 11:06:11.935 292 292 E UsbDeviceManager: at com.android.internal.os.ZygoteInit.main(ZygoteInit.java:787)
03-09 11:06:11.935 292 292 E UsbDeviceManagerJNI: could not open /dev/usb_accessory
03-09 11:06:11.937 292 292 I system_server: Looking for service android.hidl.manager@1.0::IServiceManager/default
03-09 11:06:11.938 292 292 I system_server: Starting thread pool.
03-09 11:06:11.939 292 351 I UsbPortManager: Usb hal service started android.hardware.usb@1.0::IUsb default
03-09 11:06:11.939 292 292 I system_server: Looking for service android.hardware.usb@1.0::IUsb/default
03-09 11:06:11.939 147 147 W /system/bin/hwservicemanager: getTransport: Cannot find entry android.hardware.usb@1.0::IUsb/default in either framework or device manifest.
03-09 11:06:11.939 292 292 I system_server: Starting thread pool.
03-09 11:06:11.940 179 179 I android.hardware.usb@1.0-service: registering callback
03-09 11:06:11.940 179 378 E android.hardware.usb@1.0-service: creating thread
03-09 11:06:11.940 179 179 E android.hardware.usb@1.0-service: Failed to open /sys/class/dual_role_usb
03-09 11:06:11.942 292 292 D SystemServerTiming: StartUsbService took to complete: 10ms
03-09 11:06:11.942 292 292 I SystemServer: StartSerialService
03-09 11:06:11.943 292 292 D SystemServerTiming: StartSerialService took to complete: 0ms
03-09 11:06:11.943 292 292 I SystemServer: StartHardwarePropertiesManagerService
03-09 11:06:11.943 147 147 W /system/bin/hwservicemanager: getTransport: Cannot find entry android.hardware.thermal@1.0::IThermal/default in either framework or device manifest.
03-09 11:06:11.944 292 292 E HardwarePropertiesManagerService-JNI: Unable to get Thermal service.
03-09 11:06:11.944 292 292 D SystemServerTiming: StartHardwarePropertiesManagerService took to complete: 1ms
03-09 11:06:11.944 292 292 I SystemServer: StartTwilightService
03-09 11:06:11.944 292 292 I SystemServiceManager: Starting com.android.server.twilight.TwilightService
03-09 11:06:11.944 292 292 D SystemServerTiming: StartTwilightService took to complete: 1ms
03-09 11:06:11.944 292 292 I SystemServer: StartJobScheduler
03-09 11:06:11.945 292 292 I SystemServiceManager: Starting com.android.server.job.JobSchedulerService
03-09 11:06:11.947 292 292 I JobStore: Read 0 jobs
03-09 11:06:11.948 292 292 D ConnectivityService: requestNetwork for uid/pid:1000/292 NetworkRequest [ TRACK_DEFAULT id=3, [ Capabilities: INTERNET&NOT_RESTRICTED&TRUSTED&NOT_VPN] ]
03-09 11:06:11.951 292 292 D SystemServerTiming: StartJobScheduler took to complete: 6ms
03-09 11:06:11.951 292 292 I SystemServer: StartSoundTrigger
03-09 11:06:11.951 292 292 I SystemServiceManager: Starting com.android.server.soundtrigger.SoundTriggerService
03-09 11:06:11.952 292 292 D SystemServerTiming: StartSoundTrigger took to complete: 1ms
03-09 11:06:11.952 292 292 I SystemServer: StartTrustManager
03-09 11:06:11.952 292 292 I SystemServiceManager: Starting com.android.server.trust.TrustManagerService
03-09 11:06:11.953 292 292 D SystemServerTiming: StartTrustManager took to complete: 1ms
03-09 11:06:11.953 292 292 I SystemServer: StartBackupManager
03-09 11:06:11.953 292 292 I SystemServiceManager: Starting com.android.server.backup.BackupManagerService$Lifecycle
03-09 11:06:11.954 292 292 D SystemServerTiming: StartBackupManager took to complete: 2ms
03-09 11:06:11.954 292 292 I SystemServer: StartAppWidgerService
03-09 11:06:11.954 292 292 I SystemServiceManager: Starting com.android.server.appwidget.AppWidgetService
03-09 11:06:11.963 292 292 D SystemServerTiming: StartAppWidgerService took to complete: 8ms
03-09 11:06:11.963 292 292 I SystemServer: StartVoiceRecognitionManager
03-09 11:06:11.963 292 292 I SystemServiceManager: Starting com.android.server.voiceinteraction.VoiceInteractionManagerService
03-09 11:06:11.964 292 292 D SystemServerTiming: StartVoiceRecognitionManager took to complete: 1ms
03-09 11:06:11.964 292 292 I SystemServer: StartGestureLauncher
03-09 11:06:11.964 292 292 I SystemServiceManager: Starting com.android.server.GestureLauncherService
03-09 11:06:11.964 292 292 D SystemServerTiming: StartGestureLauncher took to complete: 0ms
03-09 11:06:11.964 292 292 I SystemServer: StartSensorNotification
03-09 11:06:11.964 292 292 I SystemServiceManager: Starting com.android.server.SensorNotificationService
03-09 11:06:11.965 292 292 D SystemServerTiming: StartSensorNotification took to complete: 0ms
03-09 11:06:11.965 292 292 I SystemServer: StartContextHubSystemService
03-09 11:06:11.965 292 292 I SystemServiceManager: Starting com.android.server.ContextHubSystemService
03-09 11:06:11.965 292 292 D SystemServerTiming: StartContextHubSystemService took to complete: 0ms
03-09 11:06:11.965 292 334 D SystemServerInitThreadPool: Started executing Init ContextHubSystemService
03-09 11:06:11.965 292 292 I SystemServer: StartDiskStatsService
03-09 11:06:11.966 147 147 W /system/bin/hwservicemanager: getTransport: Cannot find entry android.hardware.contexthub@1.0::IContexthub/default in either framework or device manifest.
03-09 11:06:11.966 292 334 E ContextHubService: Could not load context hub hal
03-09 11:06:11.966 292 334 W ContextHubService: No Context Hub Module present
03-09 11:06:11.966 292 334 D SystemServerInitThreadPool: Finished executing Init ContextHubSystemService
03-09 11:06:11.967 292 292 D SystemServerTiming: StartDiskStatsService took to complete: 2ms
03-09 11:06:11.967 292 292 I SystemServer: StartNetworkTimeUpdateService
03-09 11:06:11.967 292 292 D SystemServerTiming: StartNetworkTimeUpdateService took to complete: 1ms
03-09 11:06:11.967 292 292 I SystemServer: StartCommonTimeManagementService
03-09 11:06:11.968 292 292 D SystemServerTiming: StartCommonTimeManagementService took to complete: 1ms
03-09 11:06:11.968 292 292 I SystemServer: CertBlacklister
03-09 11:06:11.969 292 292 D SystemServerTiming: CertBlacklister took to complete: 0ms
03-09 11:06:11.969 292 292 I SystemServer: StartEmergencyAffordanceService
03-09 11:06:11.969 292 292 I SystemServiceManager: Starting com.android.server.emergency.EmergencyAffordanceService
03-09 11:06:11.969 292 292 D SystemServerTiming: StartEmergencyAffordanceService took to complete: 1ms
03-09 11:06:11.969 292 292 I SystemServer: StartDreamManager
03-09 11:06:11.969 292 292 I SystemServiceManager: Starting com.android.server.dreams.DreamManagerService
03-09 11:06:11.970 292 292 D SystemServerTiming: StartDreamManager took to complete: 1ms
03-09 11:06:11.970 292 292 I SystemServer: AddGraphicsStatsService
03-09 11:06:11.971 292 292 D SystemServerTiming: AddGraphicsStatsService took to complete: 1ms
03-09 11:06:11.972 292 292 I SystemServer: StartRestrictionManager
03-09 11:06:11.972 292 292 I SystemServiceManager: Starting com.android.server.restrictions.RestrictionsManagerService
03-09 11:06:11.973 292 292 D SystemServerTiming: StartRestrictionManager took to complete: 1ms
03-09 11:06:11.973 292 292 I SystemServer: StartMediaSessionService
03-09 11:06:11.973 292 292 I SystemServiceManager: Starting com.android.server.media.MediaSessionService
03-09 11:06:11.975 292 292 D SystemServerTiming: StartMediaSessionService took to complete: 3ms
03-09 11:06:11.976 292 292 I SystemServer: StartMediaRouterService
03-09 11:06:11.977 292 292 D SystemServerTiming: StartMediaRouterService took to complete: 1ms
03-09 11:06:11.977 292 292 I SystemServer: StartBackgroundDexOptService
03-09 11:06:11.977 292 292 W BackgroundDexOptService: SysProp pm.dexopt.downgrade_after_inactive_days not set
03-09 11:06:11.977 292 292 D SystemServerTiming: StartBackgroundDexOptService took to complete: 1ms
03-09 11:06:11.977 292 292 I SystemServer: StartPruneInstantAppsJobService
03-09 11:06:11.978 292 292 D SystemServerTiming: StartPruneInstantAppsJobService took to complete: 0ms
03-09 11:06:11.978 292 292 I SystemServer: StartShortcutServiceLifecycle
03-09 11:06:11.978 292 292 I SystemServiceManager: Starting com.android.server.pm.ShortcutService$Lifecycle
03-09 11:06:11.980 292 292 D SystemServerTiming: StartShortcutServiceLifecycle took to complete: 3ms
03-09 11:06:11.980 292 292 I SystemServer: StartLauncherAppsService
03-09 11:06:11.980 292 292 I SystemServiceManager: Starting com.android.server.pm.LauncherAppsService
03-09 11:06:11.981 292 292 D SystemServerTiming: StartLauncherAppsService took to complete: 1ms
03-09 11:06:11.981 292 292 I SystemServer: StartMediaProjectionManager
03-09 11:06:11.981 292 292 I SystemServiceManager: Starting com.android.server.media.projection.MediaProjectionManagerService
03-09 11:06:11.982 292 292 V MediaRouter: Adding route: RouteInfo{ name=Tablet, description=null, status=null, category=RouteCategory{ name=System types=ROUTE_TYPE_LIVE_AUDIO ROUTE_TYPE_LIVE_VIDEO groupable=false }, supportedTypes=ROUTE_TYPE_LIVE_AUDIO ROUTE_TYPE_LIVE_VIDEO , presentationDisplay=null }
03-09 11:06:11.983 292 292 V MediaRouter: Selecting route: RouteInfo{ name=Tablet, description=null, status=null, category=RouteCategory{ name=System types=ROUTE_TYPE_LIVE_AUDIO ROUTE_TYPE_LIVE_VIDEO groupable=false }, supportedTypes=ROUTE_TYPE_LIVE_AUDIO ROUTE_TYPE_LIVE_VIDEO , presentationDisplay=null }
03-09 11:06:11.984 292 292 D SystemServerTiming: StartMediaProjectionManager took to complete: 2ms
03-09 11:06:11.984 292 292 I SystemServer: StartCameraServiceProxy
03-09 11:06:11.984 292 292 I SystemServiceManager: Starting com.android.server.camera.CameraServiceProxy
03-09 11:06:11.985 292 382 I ServiceThread: Enabled StrictMode logging for CameraService_proxy looper.
03-09 11:06:11.987 292 292 D SystemServerTiming: StartCameraServiceProxy took to complete: 2ms
03-09 11:06:11.987 292 292 I WindowManager: SAFE MODE not enabled
03-09 11:06:11.987 292 292 I SystemServer: StartJitCompilation
03-09 11:06:11.987 292 292 D SystemServerTiming: StartJitCompilation took to complete: 0ms
03-09 11:06:11.987 292 292 I SystemServer: StartMmsService
03-09 11:06:11.987 292 292 I SystemServiceManager: Starting com.android.server.MmsServiceBroker
03-09 11:06:11.988 292 292 D SystemServerTiming: StartMmsService took to complete: 2ms
03-09 11:06:11.988 292 292 I SystemServer: MakeVibratorServiceReady
03-09 11:06:11.989 292 292 D SystemServerTiming: MakeVibratorServiceReady took to complete: 0ms
03-09 11:06:11.989 292 292 I SystemServer: MakeLockSettingsServiceReady
03-09 11:06:12.002 292 292 I system_server: Looking for service android.hardware.weaver@1.0::IWeaver/default
03-09 11:06:12.003 147 147 W /system/bin/hwservicemanager: getTransport: Cannot find entry android.hardware.weaver@1.0::IWeaver/default in either framework or device manifest.
03-09 11:06:12.003 292 292 I SyntheticPasswordManager: Device does not support weaver
03-09 11:06:12.004 292 292 E LockSettingsStorage: Cannot read file java.io.FileNotFoundException: /data/system/gatekeeper.password.key: open failed: ENOENT (No such file or directory)
03-09 11:06:12.004 292 292 E LockSettingsStorage: Cannot read file java.io.FileNotFoundException: /data/system/password.key: open failed: ENOENT (No such file or directory)
03-09 11:06:12.005 292 292 E LockSettingsStorage: Cannot read file java.io.FileNotFoundException: /data/system/gatekeeper.pattern.key: open failed: ENOENT (No such file or directory)
03-09 11:06:12.005 292 292 E LockSettingsStorage: Cannot read file java.io.FileNotFoundException: /data/system/gatekeeper.gesture.key: open failed: ENOENT (No such file or directory)
03-09 11:06:12.005 292 292 E LockSettingsStorage: Cannot read file java.io.FileNotFoundException: /data/system/gesture.key: open failed: ENOENT (No such file or directory)
03-09 11:06:12.005 292 292 D SystemServerTiming: MakeLockSettingsServiceReady took to complete: 16ms
03-09 11:06:12.005 292 292 I SystemServer: StartBootPhaseLockSettingsReady
03-09 11:06:12.005 292 292 I SystemServiceManager: Starting phase 480
03-09 11:06:12.008 292 292 I DevicePolicyManager: Set ro.device_owner property to false
03-09 11:06:12.010 292 292 D SystemServerTiming: StartBootPhaseLockSettingsReady took to complete: 4ms
03-09 11:06:12.010 292 292 I SystemServer: StartBootPhaseSystemServicesReady
03-09 11:06:12.010 292 292 I SystemServiceManager: Starting phase 500
03-09 11:06:12.011 292 292 W UsageStatsService: Missing procfs interface: /proc/uid_procstat/set
03-09 11:06:12.012 292 292 I VrManagerService: No default vr listener service found.
03-09 11:06:12.016 292 292 I WifiService: WifiService starting up with Wi-Fi enabled
03-09 11:06:12.018 292 362 I system_server: Looking for service android.hidl.manager@1.0::IServiceManager/default
03-09 11:06:12.019 292 362 I system_server: Starting thread pool.
03-09 11:06:12.020 292 379 D HalDeviceManager: IWifi registration notification: fqName=android.hardware.wifi@1.0::IWifi, name=default, preexisting=true
03-09 11:06:12.020 292 379 I system_server: Looking for service android.hardware.wifi@1.0::IWifi/default
03-09 11:06:12.020 292 379 I system_server: Starting thread pool.
03-09 11:06:12.032 292 292 D WifiService: setWifiEnabled: true pid=292, uid=1000, package=android
03-09 11:06:12.032 292 292 I WifiService: setWifiEnabled package=android uid=1000 enable=true
03-09 11:06:12.032 292 292 I WifiScanningService: Starting wifiscanner
03-09 11:06:12.032 292 361 D WifiController: WifiController msg { when=0 what=155656 target=com.android.internal.util.StateMachine$SmHandler } deferred for 500ms
03-09 11:06:12.034 292 292 I RttService: Registering rttmanager
03-09 11:06:12.035 292 292 I EthernetServiceImpl: Starting Ethernet service
03-09 11:06:12.036 292 292 D Ethernet: Registering NetworkFactory
03-09 11:06:12.036 292 367 D ConnectivityService: Got NetworkFactory Messenger for Ethernet
03-09 11:06:12.038 292 292 D ZenLog : config: cleanUpZenRules,ZenModeConfig[user=0,allowCalls=true,allowRepeatCallers=false,allowMessages=false,allowCallsFrom=contacts,allowMessagesFrom=contacts,allowReminders=true,allowEvents=true,allowWhenScreenOff=true,allowWhenScreenOn=true,automaticRules={EVENTS_DEFAULT_RULE=ZenRule[enabled=false,snoozing=false,name=Event,zenMode=ZEN_MODE_ALARMS,conditionId=condition://android/event?userId=-10000&calendar=&reply=1,condition=Condition[id=condition://android/event?userId=-10000&calendar=&reply=1,summary=...,line1=...,line2=...,icon=0,state=STATE_FALSE,flags=2],component=ComponentInfo{android/com.android.server.notification.EventConditionProvider},id=EVENTS_DEFAULT_RULE,creationTime=1583751990582,enabler=null], SCHEDULED_DEFAULT_RULE_1=ZenRule[enabled=false,snoozing=false,name=Weeknight,zenMode=ZEN_MODE_ALARMS,conditionId=condition://android/schedule?days=1.2.3.4.5&start=22.0&end=7.0&exitAtAlarm=false,condition=Condition[id=condition://android/schedule?days=1.2.3.4.5&start=22.0&end=7.0&exitAtAlarm=false,summary=...,line1=...,line2=...,icon=0,state=STATE_FALSE,flags=2],component=ComponentInfo{android/com.android.server.notification.ScheduleConditionProvider},id=SCHEDULED_DEFAULT_RULE_1,creationTime=1583751990582,enabler=null], SCHEDULED_DEFAULT_RULE_2=ZenRule[enabled=false,snoozing=false,name=Weekend,zenMode=ZEN_MODE_ALARMS,conditionId=condition://android/schedule?days=6.7&start=23.30&end=10.0&exitAtAlarm=false,condition=Condition[id=condition://android/schedule?days=6.7&start=23.30&end=10.0&exitAtAlarm=false,summary=...,line1=...,line2=...,icon=0,state=STATE_FALSE,flags=2],component=ComponentInfo{android/com.android.server.notification.ScheduleConditionProvider},id=SCHEDULED_DEFAULT_RULE_2,creationTime=1583751990582,enabler=null]},manualRule=null],Diff[]
03-09 11:06:12.038 292 292 D ZenLog : set_zen_mode: off,onSystemReady
03-09 11:06:12.040 292 384 D Ethernet: got request NetworkRequest [ REQUEST id=1, [ Capabilities: INTERNET&NOT_RESTRICTED&TRUSTED&NOT_VPN] ] with score 0
03-09 11:06:12.040 211 211 D PermissionCache: checking android.permission.CAPTURE_AUDIO_HOTWORD for uid=1000 => granted (82 us)
03-09 11:06:12.040 292 384 D Ethernet: got request NetworkRequest [ TRACK_DEFAULT id=3, [ Capabilities: INTERNET&NOT_RESTRICTED&TRUSTED&NOT_VPN] ] with score 0
03-09 11:06:12.040 292 292 W SoundTriggerHelper: listModules status=0, # of modules=0
03-09 11:06:12.041 292 292 D ContextHubSystemService: onBootPhase: PHASE_SYSTEM_SERVICES_READY
03-09 11:06:12.041 292 292 D SystemServerTiming: StartBootPhaseSystemServicesReady took to complete: 32ms
03-09 11:06:12.041 292 292 I SystemServer: MakeWindowManagerServiceReady
03-09 11:06:12.043 292 292 I system_server: Looking for service android.hardware.configstore@1.0::ISurfaceFlingerConfigs/default
03-09 11:06:12.043 292 292 I system_server: Starting thread pool.
03-09 11:06:12.044 292 292 D SystemServerTiming: MakeWindowManagerServiceReady took to complete: 3ms
03-09 11:06:12.046 292 384 D EthernetNetworkFactory: Started tracking interface eth1
03-09 11:06:12.046 292 292 I SystemServer: MakePowerManagerServiceReady
03-09 11:06:12.048 166 201 D CommandListener: Setting iface cfg
03-09 11:06:12.048 166 201 D CommandListener: Trying to bring up eth1
03-09 11:06:12.053 292 317 W KeyguardServiceDelegate: onScreenTurningOn(): no keyguard service!
03-09 11:06:12.054 292 292 D SystemServerTiming: MakePowerManagerServiceReady took to complete: 8ms
03-09 11:06:12.054 292 292 I SystemServer: MakePackageManagerServiceReady
03-09 11:06:12.060 292 292 V UserDataPreparer: Found /data/user_de/0 with serial number 0
03-09 11:06:12.060 292 292 V UserDataPreparer: Found /data/user/0 with serial number 0
03-09 11:06:12.060 292 292 V UserDataPreparer: Found /data/system_de/0 with serial number 0
03-09 11:06:12.060 292 292 V UserDataPreparer: Found /data/system_ce/0 with serial number 0
03-09 11:06:12.060 292 292 V UserDataPreparer: Found /data/misc_ce/0 with serial number 0
03-09 11:06:12.062 292 319 W DefaultPermGrantPolicy: Unknown package:com.elektrobit.aurora.mediaservice
03-09 11:06:12.064 292 292 D SystemServerTiming: MakePackageManagerServiceReady took to complete: 9ms
03-09 11:06:12.064 292 292 I SystemServer: MakeDisplayManagerServiceReady
03-09 11:06:12.064 292 292 D SystemServerTiming: MakeDisplayManagerServiceReady took to complete: 0ms
03-09 11:06:12.068 292 292 I ActivityManager: System now ready
03-09 11:06:12.070 292 315 E HalDeviceManager: Should have at least 1 chip!
03-09 11:06:12.070 292 315 E HalDeviceManager: createIface: no chip info found
03-09 11:06:12.077 292 292 I SystemServer: Making services ready
03-09 11:06:12.077 292 292 I SystemServer: StartActivityManagerReadyPhase
03-09 11:06:12.077 292 292 I SystemServiceManager: Starting phase 550
03-09 11:06:12.107 292 292 D BluetoothManagerService: Bluetooth boot completed
03-09 11:06:12.107 292 292 D BluetoothManagerService: Auto-enabling Bluetooth.
03-09 11:06:12.107 292 314 D BluetoothManagerService: MESSAGE_ENABLE(0): mBluetooth = null
03-09 11:06:12.120 292 314 I ActivityManager: Start proc 388:com.android.bluetooth/1002 for service com.android.bluetooth/.btservice.AdapterService
03-09 11:06:12.127 292 292 W InputMethodManagerService: Default IME is uninstalled. Choose new default IME.
03-09 11:06:12.189 292 292 W InputMethodManagerService: Illegal subtype state: old subtype = null, new subtype = android.view.inputmethod.InputMethodSubtype@c9194f98
03-09 11:06:12.201 292 292 I ActivityManager: Start proc 403:com.android.inputmethod.latin/u0a40 for service com.android.inputmethod.latin/.CarLatinIME
03-09 11:06:12.202 292 292 W SystemServiceManager: Service com.android.server.InputMethodManagerService$Lifecycle took 83 ms in onBootPhase
03-09 11:06:12.202 292 354 D StorageManagerService: Thinking about init, mSystemReady=true, mDaemonConnected=true
03-09 11:06:12.202 292 354 D StorageManagerService: Setting up emulation state, initlocked=false
03-09 11:06:12.202 292 354 D CryptdConnector: SND -> {2 cryptfs unlock_user_key 0 0 ! !}
03-09 11:06:12.203 292 292 W TextServicesManagerService: no available spell checker services found
03-09 11:06:12.203 292 292 E BitmapFactory: Unable to decode stream: java.io.FileNotFoundException: /data/system/users/0/wallpaper_orig (No such file or directory)
03-09 11:06:12.203 292 292 W WallpaperManagerService: Invalid wallpaper data
03-09 11:06:12.203 292 292 E WallpaperManagerService: Unable to apply new wallpaper
03-09 11:06:12.203 292 292 V WallpaperManagerService: bindWallpaperComponentLocked: componentName=null
03-09 11:06:12.203 292 292 V WallpaperManagerService: No default component; using image wallpaper
03-09 11:06:12.205 151 163 D vold : e4crypt_unlock_user_key 0 serial=0 token_present=0
03-09 11:06:12.205 292 356 D CryptdConnector: RCV <- {200 2 Command succeeded}
03-09 11:06:12.206 292 354 D StorageManagerService: Thinking about reset, mSystemReady=true, mDaemonConnected=true
03-09 11:06:12.206 292 354 D VoldConnector: SND -> {3 volume reset}
03-09 11:06:12.206 388 388 I zygote : The ClassLoaderContext is a special shared library.
03-09 11:06:12.207 292 355 D VoldConnector: RCV <- {651 emulated 7}
03-09 11:06:12.207 292 355 D VoldConnector: RCV <- {659 emulated}
03-09 11:06:12.208 292 355 D VoldConnector: RCV <- {650 emulated 2 "" ""}
03-09 11:06:12.208 151 162 V vold : /system/bin/sgdisk
03-09 11:06:12.208 151 162 V vold : --android-dump
03-09 11:06:12.208 151 162 V vold : /dev/block/vold/disk:8,0
03-09 11:06:12.208 292 355 D VoldConnector: RCV <- {651 emulated 0}
03-09 11:06:12.208 292 355 D VoldConnector: RCV <- {651 public:8,1 7}
03-09 11:06:12.208 292 355 D VoldConnector: RCV <- {659 public:8,1}
03-09 11:06:12.208 292 355 D VoldConnector: RCV <- {649 disk:8,0}
03-09 11:06:12.208 292 355 D VoldConnector: RCV <- {640 disk:8,0 9}
03-09 11:06:12.208 292 355 D VoldConnector: RCV <- {641 disk:8,0 7817134080}
03-09 11:06:12.209 292 355 D VoldConnector: RCV <- {642 disk:8,0 Verbatim
03-09 11:06:12.209 292 355 D VoldConnector: }
03-09 11:06:12.209 292 355 D VoldConnector: RCV <- {644 disk:8,0 /sys//devices/platform/44000000.ocp/48880000.omap_dwc3_1/48890000.usb/xhci-hcd.2.auto/usb2/2-1/2-1.3/2-1.3:1.0/host0/target0:0:0/0:0:0:0/block/sda}
03-09 11:06:12.210 292 313 V StorageManagerService: Found primary storage at VolumeInfo{emulated}:
03-09 11:06:12.210 292 313 V StorageManagerService: type=EMULATED diskId=null partGuid=null mountFlags=0 mountUserId=-1
03-09 11:06:12.210 292 313 V StorageManagerService: state=UNMOUNTED
03-09 11:06:12.210 292 313 V StorageManagerService: fsType=null fsUuid=null fsLabel=null
03-09 11:06:12.210 292 313 V StorageManagerService: path=null internalPath=null
03-09 11:06:12.222 292 292 I ActivityManager: Start proc 412:com.android.systemui/u0a12 for service com.android.systemui/.ImageWallpaper
03-09 11:06:12.224 388 388 I zygote : The ClassLoaderContext is a special shared library.
03-09 11:06:12.225 292 307 I ActivityManager: Force stopping com.android.providers.media appid=10019 user=-1: vold reset
03-09 11:06:12.228 292 292 D SystemServerTiming: StartActivityManagerReadyPhase took to complete: 151ms
03-09 11:06:12.228 292 292 I SystemServer: StartObservingNativeCrashes
03-09 11:06:12.228 292 292 D SystemServerTiming: StartObservingNativeCrashes took to complete: 1ms
03-09 11:06:12.228 292 292 I SystemServer: StartCarServiceHelperService
03-09 11:06:12.228 292 338 D SystemServerInitThreadPool: Started executing WebViewFactoryPreparation
03-09 11:06:12.229 292 338 I SystemServer: WebViewFactoryPreparation
03-09 11:06:12.229 292 292 I SystemServiceManager: Starting com.android.server.car.CarServiceHelperService
03-09 11:06:12.229 179 179 E android.hardware.usb@1.0-service: Failed to open /sys/class/dual_role_usb
03-09 11:06:12.232 292 379 E UsbPortManager: port status enquiry failed
03-09 11:06:12.233 292 375 D BluetoothManagerService: Creating new ProfileServiceConnections object for profile: 1
03-09 11:06:12.233 292 375 E BluetoothManagerService: Fail to bind to: Intent { act=android.bluetooth.IBluetoothHeadset }
03-09 11:06:12.233 292 375 W BluetoothManagerService: Unable to bind with intent: Intent { act=android.bluetooth.IBluetoothHeadset }
03-09 11:06:12.240 292 421 D UsbHostManager: Added device UsbDevice[mName=/dev/bus/usb/002/004,mVendorId=6309,mProductId=579,mClass=0,mSubclass=0,mProtocol=0,mManufacturerName=Verbatim,mProductName=STORE N GO,mVersion=3.16,mSerialNumber=169222533448884,mConfigurations=[
03-09 11:06:12.240 292 421 D UsbHostManager: UsbConfiguration[mId=1,mName=null,mAttributes=128,mMaxPower=38,mInterfaces=[
03-09 11:06:12.240 292 421 D UsbHostManager: UsbInterface[mId=0,mAlternateSetting=0,mName=null,mClass=8,mSubclass=6,mProtocol=80,mEndpoints=[
03-09 11:06:12.240 292 421 D UsbHostManager: UsbEndpoint[mAddress=2,mAttributes=2,mMaxPacketSize=1024,mInterval=0]
03-09 11:06:12.240 292 421 D UsbHostManager: UsbEndpoint[mAddress=129,mAttributes=2,mMaxPacketSize=1024,mInterval=0]]]]
03-09 11:06:12.244 292 338 D WebViewLibraryLoader: Setting new address space to 104857600
03-09 11:06:12.268 292 384 D EthernetNetworkFactory: updateInterface: eth1 link down
03-09 11:06:12.269 292 384 D EthernetNetworkFactory: updateInterface: eth1 link down
03-09 11:06:12.273 151 162 V vold : DISK mbr
03-09 11:06:12.273 151 162 V vold :
03-09 11:06:12.273 151 162 V vold : PART 1 c
03-09 11:06:12.273 151 162 V vold :
03-09 11:06:12.275 292 292 I ActivityManager: Start proc 433:com.android.car/1000 for service com.android.car/.CarService
03-09 11:06:12.275 292 292 D SystemServerTiming: StartCarServiceHelperService took to complete: 46ms
03-09 11:06:12.275 292 292 I SystemServer: StartSystemUI
03-09 11:06:12.276 292 355 D VoldConnector: RCV <- {650 public:8,1 0 "disk:8,0" ""}
03-09 11:06:12.277 292 355 D VoldConnector: RCV <- {651 public:8,1 0}
03-09 11:06:12.277 292 355 D VoldConnector: RCV <- {643 disk:8,0}
03-09 11:06:12.277 292 355 D VoldConnector: RCV <- {200 3 Command succeeded}
03-09 11:06:12.277 292 354 D VoldConnector: SND -> {4 volume user_added 0 0}
03-09 11:06:12.277 292 421 I UsbDescriptorParser: Unknown Descriptor len: 6 type:0x30
03-09 11:06:12.277 292 421 I UsbDescriptorParser: Unknown Descriptor len: 6 type:0x30
03-09 11:06:12.278 292 421 I UsbDescriptorParser: ---- isInputHeadset() prob:0.0%
03-09 11:06:12.278 292 421 I UsbDescriptorParser: ---- isOutputHeadset() prob:0.0%
03-09 11:06:12.278 292 421 I UsbHostManager: ---- isHeadset[in: false , out: false]
03-09 11:06:12.278 292 375 E BluetoothA2dp: Could not bind to Bluetooth A2DP Service with Intent { act=android.bluetooth.IBluetoothA2dp }
03-09 11:06:12.279 211 211 I AudioFlinger: systemReady
03-09 11:06:12.282 292 355 D VoldConnector: RCV <- {200 4 Command succeeded}
03-09 11:06:12.292 292 440 V NuMediaExtractor: setDataSource fd=163 (/system/media/audio/ui/Effect_Tick.ogg), offset=0, length=5136
03-09 11:06:12.301 292 421 D UsbHostManager: Added device UsbDevice[mName=/dev/bus/usb/001/003,mVendorId=7725,mProductId=97,mClass=0,mSubclass=0,mProtocol=0,mManufacturerName=Cinterion,mProductName=LTE Modem,mVersion=2.0,mSerialNumber=null,mConfigurations=[
03-09 11:06:12.301 292 421 D UsbHostManager: UsbConfiguration[mId=1,mName=null,mAttributes=224,mMaxPower=10,mInterfaces=[
03-09 11:06:12.301 292 421 D UsbHostManager: UsbInterface[mId=0,mAlternateSetting=0,mName=CDC Abstract Control Model (ACM),mClass=2,mSubclass=2,mProtocol=1,mEndpoints=[
03-09 11:06:12.301 292 421 D UsbHostManager: UsbEndpoint[mAddress=130,mAttributes=3,mMaxPacketSize=64,mInterval=9]]
03-09 11:06:12.301 292 421 D UsbHostManager: UsbInterface[mId=1,mAlternateSetting=0,mName=CDC ACM Data,mClass=10,mSubclass=0,mProtocol=0,mEndpoints=[
03-09 11:06:12.301 292 421 D UsbHostManager: UsbEndpoint[mAddress=129,mAttributes=2,mMaxPacketSize=512,mInterval=0]
03-09 11:06:12.301 292 421 D UsbHostManager: UsbEndpoint[mAddress=1,mAttributes=2,mMaxPacketSize=512,mInterval=0]]
03-09 11:06:12.301 292 421 D UsbHostManager: UsbInterface[mId=2,mAlternateSetting=0,mName=CDC Abstract Control Model (ACM),mClass=2,mSubclass=2,mProtocol=1,mEndpoints=[
03-09 11:06:12.301 292 421 D UsbHostManager: UsbEndpoint[mAddress=132,mAttributes=3,mMaxPacketSize=64,mInterval=9]]
03-09 11:06:12.301 292 421 D UsbHostManager: UsbInterface[mId=3,mAlternateSetting=0,mName=CDC ACM Data,mClass=10,mSubclass=0,mProtocol=0,mEndpoints=[
03-09 11:06:12.301 292 421 D UsbHostManager: UsbEndpoint[mAddress=131,mAttributes=2,mMaxPacketSize=512,mInterval=0]
03-09 11:06:12.301 292 421 D UsbHostManager: UsbEndpoint[mAddress=2,mAttributes=2,mMaxPacketSize=512,mInterval=0]]
03-09 11:06:12.301 292 421 D UsbHostManager: UsbInterface[mId=4,mAlternateSetting=0,mName=CDC Abstract Control Model (ACM),mClass=2,mSubclass=2,mProtocol=1,mEndpoints=[
03-09 11:06:12.301 292 421 D UsbHostManager: UsbEndpoint[mAddress=134,mAttributes=3,mMaxPacketSize=64,mInterval=9]]
03-09 11:06:12.301 292 421 D UsbHostManager: UsbInterface[mId=5,mAlternateSetting=0,mName=CDC ACM Data,mClass=10,mSubclass=0,mProtocol=0,mEndpoints=[
03-09 11:06:12.301 292 421 D UsbHostManager: UsbEndpoint[mAddress=133,mAttributes=2,mMaxPacketSize=512,mInterval=0]
03-09 11:06:12.301 292 421 D UsbHostManager: UsbEndpoint[mAddress=3,mAttributes=2,mMaxPacketSize=512,mInterval=0]]
03-09 11:06:12.301 292 421 D UsbHostManager: UsbInterface[mId=6,mAlternateSetting=0,mName=CDC Abstract Control Model (ACM),mClass=2,mSubclass=2,mProtocol=1,mEndpoints=[
03-09 11:06:12.301 292 421 D UsbHostManager: UsbEndpoint[mAddress=136,mAttributes=3,mMaxPacketSize=64,mInterval=9]]
03-09 11:06:12.301 292 421 D UsbHostManager: UsbInterface[mId=7,mAlternateSetting=0,mName=CDC ACM Data,mClass=10,mSubclass=0,mProtocol=0,mEndpoints=[
03-09 11:06:12.301 292 421 D UsbHostManager: UsbEndpoint[mAddress=135,mAttributes=2,mMaxPacketSize=512,mInterval=0]
03-09 11:06:12.301 292 421 D UsbHostManager: UsbEndpoint[mAddress=4,mAttributes=2,mMaxPacketSize=512,mInterval=0]]
03-09 11:06:12.301 292 421 D UsbHostManager: UsbInterface[mId=8,mAlternateSetting=0,mName=CDC Abstract Control Model (ACM) for DIAG,mClass=2,mSubclass=2,mProtocol=1,mEndpoints=[
03-09 11:06:12.301 292 421 D UsbHostManager: UsbEndpoint[mAddress=138,mAttributes=3,mMaxPacketSize=64,mInterval=9]]
03-09 11:06:12.301 292 421 D UsbHostManager: UsbInterface[mId=9,mAlternateSetting=0,mName=CDC ACM Data for DIAG,mClass=10,mSubclass=0,mProtocol=0,mEndpoints=[
03-09 11:06:12.301 292 421 D UsbHostManager: UsbEndpoint[mAddress=137,mAttributes=2,mMaxPacketSize=512,mInterval=0]
03-09 11:06:12.301 292 421 D UsbHostManager: UsbEndpoint[mAddress=5,mAttributes=2,mMaxPacketSize=512,mInterval=0]]
03-09 11:06:12.301 292 421 D UsbHostManager: UsbInterface[mId=10,mAlternateSetting=0,mName=CDC Ethernet Control Model (ECM) for RmNet,mClass=2,mSubclass=6,mProtocol=0,mEndpoints=[
03-09 11:06:12.301 292 421 D UsbHostManager: UsbEndpoint[mAddress=140,mAttributes=3,mMaxPacketSize=64,mInterval=9]]
03-09 11:06:12.301 292 421 D UsbHostManager: UsbInterface[mId=11,mAlternateSetting=0,mName=CDC Ethernet Data for RmNet,mClass=10,mSubclass=0,mProtocol=0,mEndpoints=[]
03-09 11:06:12.301 292 421 D UsbHostManager: UsbInterface[mId=11,mAlternateSetting=1,mName=CDC Ethernet Data for RmNet,mClass=10,mSubclass=0,mProtocol=0,mEndpoints=[
03-09 11:06:12.301 292 421 D UsbHostManager: UsbEndpoint[mAddress=139,mAttributes=2,mMaxPacketSize=512,mInterval=0]
03-09 11:06:12.301 292 421 D UsbHostManager: UsbEndpoint[mAddress=6,mAttributes=2,mMaxPacketSize=512,mInterval=0]]
03-09 11:06:12.301 292 421 D UsbHostManager: UsbInterface[mId=12,mAlternateSetting=0,mName=CDC Ethernet Control Model (ECM) for RmNet,mClass=2,mSubclass=6,mProtocol=0,mEndpoints=[
03-09 11:06:12.301 292 421 D UsbHostManager: UsbEndpoint[mAddress=142,mAttributes=3,mMaxPacketSize=64,mInterval=9]]
03-09 11:06:12.301 292 421 D UsbHostManager: UsbInterface[mId=13,mAlternateSetting=0,mName=CDC Ethernet Data for RmNet,mClass=10,mSubclass=0,mProtocol=0,mEndpoints=[]
03-09 11:06:12.301 292 421 D UsbHostManager: UsbInterface[mId=13,mAlternateSetting=1,mName=CDC Ethernet Data for RmNet,mClass=10,mSubclass=0,mProtocol=0,mEndpoints=[
03-09 11:06:12.301 292 421 D UsbHostManager: UsbEndpoint[mAddress=141,mAttributes=2,mMaxPacketSize=512,mInterval=0]
03-09 11:06:12.301 292 421 D UsbHostManager: UsbEndpoint[mAddress=7,mAttributes=2,mMaxPacketSize=512,mInterval=0]]]]
03-09 11:06:12.306 292 338 I ActivityManager: Start proc 447:WebViewLoader-armeabi-v7a/1037 [android.webkit.WebViewLibraryLoader$RelroFileCreator] for
03-09 11:06:12.308 292 354 D VoldConnector: SND -> {5 volume mount emulated 3 -1}
03-09 11:06:12.308 292 292 D SystemServerTiming: StartSystemUI took to complete: 33ms
03-09 11:06:12.308 292 292 I SystemServer: MakeNetworkScoreReady
03-09 11:06:12.308 292 292 D SystemServerTiming: MakeNetworkScoreReady took to complete: 0ms
03-09 11:06:12.308 292 292 I SystemServer: MakeNetworkManagementServiceReady
03-09 11:06:12.309 292 355 D VoldConnector: RCV <- {651 emulated 1}
03-09 11:06:12.310 151 162 V vold : Waiting for FUSE to spin up...
03-09 11:06:12.312 292 292 D NetworkManagement: enabling bandwidth control
03-09 11:06:12.314 292 355 D VoldConnector: RCV <- {656 emulated /data/media}
03-09 11:06:12.315 292 355 D VoldConnector: RCV <- {655 emulated /storage/emulated}
03-09 11:06:12.317 292 338 D SystemServerTimingAsync: WebViewFactoryPreparation took to complete: 88ms
03-09 11:06:12.317 292 338 D SystemServerInitThreadPool: Finished executing WebViewFactoryPreparation
03-09 11:06:12.324 292 421 W UsbACInterface: Unknown Audio Streaming Interface subtype:0x0
03-09 11:06:12.324 292 421 I UsbDescriptorParser: Unknown Descriptor len: 5 type:0x24
03-09 11:06:12.324 292 421 W UsbDescriptor: OVERRRUN t:0x24 r: 7 > l: 5
03-09 11:06:12.329 292 421 W UsbDescriptor: OVERRRUN t:0x24 r: 12 > l: 4
03-09 11:06:12.329 292 421 W UsbACInterface: Unknown Audio Streaming Interface subtype:0x6
03-09 11:06:12.329 292 421 I UsbDescriptorParser: Unknown Descriptor len: 5 type:0x24
03-09 11:06:12.329 292 421 W UsbACInterface: Unknown Audio Streaming Interface subtype:0x0
03-09 11:06:12.329 292 421 I UsbDescriptorParser: Unknown Descriptor len: 5 type:0x24
03-09 11:06:12.329 292 421 W UsbDescriptor: OVERRRUN t:0x24 r: 7 > l: 5
03-09 11:06:12.329 292 421 W UsbDescriptor: OVERRRUN t:0x24 r: 18 > l: 4
03-09 11:06:12.329 292 421 W UsbACInterface: Unknown Audio Streaming Interface subtype:0x6
03-09 11:06:12.329 292 421 I UsbDescriptorParser: Unknown Descriptor len: 5 type:0x24
03-09 11:06:12.329 292 421 W UsbACInterface: Unknown Audio Streaming Interface subtype:0x0
03-09 11:06:12.329 292 421 I UsbDescriptorParser: Unknown Descriptor len: 5 type:0x24
03-09 11:06:12.329 292 421 W UsbDescriptor: OVERRRUN t:0x24 r: 7 > l: 5
03-09 11:06:12.329 292 421 W UsbDescriptor: OVERRRUN t:0x24 r: 24 > l: 4
03-09 11:06:12.329 292 421 W UsbACInterface: Unknown Audio Streaming Interface subtype:0x6
03-09 11:06:12.329 292 421 I UsbDescriptorParser: Unknown Descriptor len: 5 type:0x24
03-09 11:06:12.329 292 421 W UsbACInterface: Unknown Audio Streaming Interface subtype:0x0
03-09 11:06:12.329 292 421 I UsbDescriptorParser: Unknown Descriptor len: 5 type:0x24
03-09 11:06:12.329 292 421 W UsbDescriptor: OVERRRUN t:0x24 r: 7 > l: 5
03-09 11:06:12.329 292 421 W UsbDescriptor: OVERRRUN t:0x24 r: 30 > l: 4
03-09 11:06:12.329 292 421 W UsbACInterface: Unknown Audio Streaming Interface subtype:0x6
03-09 11:06:12.329 292 421 I UsbDescriptorParser: Unknown Descriptor len: 5 type:0x24
03-09 11:06:12.329 292 421 W UsbACInterface: Unknown Audio Streaming Interface subtype:0x0
03-09 11:06:12.329 292 421 I UsbDescriptorParser: Unknown Descriptor len: 5 type:0x24
03-09 11:06:12.329 292 421 W UsbDescriptor: OVERRRUN t:0x24 r: 7 > l: 5
03-09 11:06:12.329 292 421 W UsbACInterface: Unknown Audio Streaming Interface subtype:0x6
03-09 11:06:12.329 292 421 I UsbDescriptorParser: Unknown Descriptor len: 5 type:0x24
03-09 11:06:12.329 292 421 W UsbACInterface: Unknown Audio Class Interface Subclass: 0x6
03-09 11:06:12.329 292 421 I UsbDescriptorParser: Unknown Descriptor len: 5 type:0x24
03-09 11:06:12.329 292 421 W UsbACInterface: Unknown Audio Class Interface Subclass: 0x6
03-09 11:06:12.329 292 421 I UsbDescriptorParser: Unknown Descriptor len: 13 type:0x24
03-09 11:06:12.329 292 421 W UsbACInterface: Unknown Audio Class Interface Subclass: 0x6
03-09 11:06:12.329 292 421 I UsbDescriptorParser: Unknown Descriptor len: 5 type:0x24
