03-09 11:06:14.183 169 169 I chatty : uid=1000(system) allocator@1.0-s identical 2 lines
03-09 11:06:14.184 169 169 W /system/bin/hw/android.hidl.allocator@1.0-service: ashmem_create_region(32768) returning hidl_memory(0xac018800, 32768)
03-09 11:06:14.185 292 310 E BatteryExternalStatsWorker: no controller energy info supplied for wifi
03-09 11:06:14.217 412 412 D SystemUIBootTiming: StartServicesNotificationChannels took to complete: 69ms
03-09 11:06:14.226 433 433 I ICarImpl: VehicleHal.init
03-09 11:06:14.226 171 597 I automotive.vehicle@2.0-impl: getAllPropConfigs called
03-09 11:06:14.243 292 440 V NuMediaExtractor: setDataSource fd=168 (/system/media/audio/ui/KeypressInvalid.ogg), offset=0, length=9847
03-09 11:06:14.246 412 412 D SystemUIBootTiming: StartServicesCommandQueueStart took to complete: 28ms
03-09 11:06:14.269 292 292 I zygote : The ClassLoaderContext is a special shared library.
03-09 11:06:14.270 292 440 V NuMediaExtractor: track of type 'audio/vorbis' does not publish bitrate
03-09 11:06:14.275 171 597 I automotive.vehicle@2.0-impl: SubscriptionManager::addOrUpdateSubscription, callback: 0xa63b6000
03-09 11:06:14.275 171 597 I automotive.vehicle@2.0-impl: Creating new client and linking to death recipient, cookie: 0xffffffffa63d7000
03-09 11:06:14.275 171 597 I automotive.vehicle@2.0-impl: SubscriptionManager::addOrUpdateSubscription, prop: 0x11400a01
03-09 11:06:14.275 171 597 I automotive.vehicle@2.0-impl: addOrUpdateSubscription opts.propId: 0x11400a01
03-09 11:06:14.275 171 597 I DefaultVehicleHal_v2_0: subscribe propId: 0x11400a01, sampleRate: 0.000000
03-09 11:06:14.277 292 622 I OMXClient: Treble IOmx obtained
03-09 11:06:14.277 223 244 I OMXMaster: makeComponentInstance(OMX.google.vorbis.decoder) in omx@1.0-service process
03-09 11:06:14.279 223 244 E OMXNodeInstance: getConfig(0xa7c18000:google.vorbis.decoder, ConfigAndroidVendorExtension(0x6f100004)) ERROR: Undefined(0x80001001)
03-09 11:06:14.281 171 597 E automotive.vehicle@2.0-impl: Failed to get value: config not found, property: 0x11400904
03-09 11:06:14.282 169 169 W /system/bin/hw/android.hidl.allocator@1.0-service: ashmem_create_region(32768) returning hidl_memory(0xac018800, 32768)
03-09 11:06:14.283 169 169 I chatty : uid=1000(system) allocator@1.0-s identical 2 lines
03-09 11:06:14.283 169 169 W /system/bin/hw/android.hidl.allocator@1.0-service: ashmem_create_region(32768) returning hidl_memory(0xac018800, 32768)
03-09 11:06:14.286 492 492 I zygote : The ClassLoaderContext is a special shared library.
03-09 11:06:14.287 169 169 W /system/bin/hw/android.hidl.allocator@1.0-service: ashmem_create_region(32768) returning hidl_memory(0xac018800, 32768)
03-09 11:06:14.287 169 169 I chatty : uid=1000(system) allocator@1.0-s identical 2 lines
03-09 11:06:14.288 169 169 W /system/bin/hw/android.hidl.allocator@1.0-service: ashmem_create_region(32768) returning hidl_memory(0xac018800, 32768)
03-09 11:06:14.300 412 412 V MediaRouter: Adding route: RouteInfo{ name=Tablet, description=null, status=null, category=RouteCategory{ name=System types=ROUTE_TYPE_LIVE_AUDIO ROUTE_TYPE_LIVE_VIDEO groupable=false }, supportedTypes=ROUTE_TYPE_LIVE_AUDIO ROUTE_TYPE_LIVE_VIDEO , presentationDisplay=null }
03-09 11:06:14.304 169 169 W /system/bin/hw/android.hidl.allocator@1.0-service: ashmem_create_region(32768) returning hidl_memory(0xac018800, 32768)
03-09 11:06:14.304 412 412 V MediaRouter: Selecting route: RouteInfo{ name=Tablet, description=null, status=null, category=RouteCategory{ name=System types=ROUTE_TYPE_LIVE_AUDIO ROUTE_TYPE_LIVE_VIDEO groupable=false }, supportedTypes=ROUTE_TYPE_LIVE_AUDIO ROUTE_TYPE_LIVE_VIDEO , presentationDisplay=null }
03-09 11:06:14.305 169 169 W /system/bin/hw/android.hidl.allocator@1.0-service: ashmem_create_region(32768) returning hidl_memory(0xac018800, 32768)
03-09 11:06:14.305 169 169 I chatty : uid=1000(system) allocator@1.0-s identical 1 line
03-09 11:06:14.306 169 169 W /system/bin/hw/android.hidl.allocator@1.0-service: ashmem_create_region(32768) returning hidl_memory(0xac018800, 32768)
03-09 11:06:14.319 171 597 I automotive.vehicle@2.0-impl: SubscriptionManager::addOrUpdateSubscription, callback: 0xa63b6060
03-09 11:06:14.319 171 597 I automotive.vehicle@2.0-impl: SubscriptionManager::addOrUpdateSubscription, prop: 0x16200b02
03-09 11:06:14.319 171 597 I automotive.vehicle@2.0-impl: addOrUpdateSubscription opts.propId: 0x16200b02
03-09 11:06:14.319 171 597 I DefaultVehicleHal_v2_0: subscribe propId: 0x16200b02, sampleRate: 0.000000
03-09 11:06:14.329 171 597 I automotive.vehicle@2.0-impl: SubscriptionManager::addOrUpdateSubscription, callback: 0xa63b6060
03-09 11:06:14.329 171 597 I automotive.vehicle@2.0-impl: SubscriptionManager::addOrUpdateSubscription, prop: 0x12400500
03-09 11:06:14.329 171 597 I automotive.vehicle@2.0-impl: addOrUpdateSubscription opts.propId: 0x12400500
03-09 11:06:14.329 171 597 I DefaultVehicleHal_v2_0: subscribe propId: 0x12400500, sampleRate: 0.000000
03-09 11:06:14.330 171 597 I automotive.vehicle@2.0-impl: SubscriptionManager::addOrUpdateSubscription, callback: 0xa63b6060
03-09 11:06:14.330 171 597 I automotive.vehicle@2.0-impl: SubscriptionManager::addOrUpdateSubscription, prop: 0x12400501
03-09 11:06:14.330 171 597 I automotive.vehicle@2.0-impl: addOrUpdateSubscription opts.propId: 0x12400501
03-09 11:06:14.330 171 597 I DefaultVehicleHal_v2_0: subscribe propId: 0x12400501, sampleRate: 0.000000
03-09 11:06:14.330 171 597 W automotive.vehicle@2.0-impl: Sample rate 0.000000 is lower than min 1.000000. Setting sampling rate to min.
03-09 11:06:14.330 171 597 I automotive.vehicle@2.0-impl: SubscriptionManager::addOrUpdateSubscription, callback: 0xa63b6060
03-09 11:06:14.330 171 597 I automotive.vehicle@2.0-impl: SubscriptionManager::addOrUpdateSubscription, prop: 0x11600703
03-09 11:06:14.330 171 597 I automotive.vehicle@2.0-impl: addOrUpdateSubscription opts.propId: 0x11600703
03-09 11:06:14.330 171 597 I DefaultVehicleHal_v2_0: subscribe propId: 0x11600703, sampleRate: 1.000000
03-09 11:06:14.332 171 597 I automotive.vehicle@2.0-impl: SubscriptionManager::addOrUpdateSubscription, callback: 0xa63b6060
03-09 11:06:14.332 171 597 I automotive.vehicle@2.0-impl: SubscriptionManager::addOrUpdateSubscription, prop: 0x12600503
03-09 11:06:14.332 171 597 I automotive.vehicle@2.0-impl: addOrUpdateSubscription opts.propId: 0x12600503
03-09 11:06:14.332 171 597 I DefaultVehicleHal_v2_0: subscribe propId: 0x12600503, sampleRate: 0.000000
03-09 11:06:14.332 171 597 I automotive.vehicle@2.0-impl: SubscriptionManager::addOrUpdateSubscription, callback: 0xa63b6060
03-09 11:06:14.332 171 597 I automotive.vehicle@2.0-impl: SubscriptionManager::addOrUpdateSubscription, prop: 0x13200504
03-09 11:06:14.332 171 597 I automotive.vehicle@2.0-impl: addOrUpdateSubscription opts.propId: 0x13200504
03-09 11:06:14.332 171 597 I DefaultVehicleHal_v2_0: subscribe propId: 0x13200504, sampleRate: 0.000000
03-09 11:06:14.332 171 597 I automotive.vehicle@2.0-impl: SubscriptionManager::addOrUpdateSubscription, callback: 0xa63b6060
03-09 11:06:14.332 171 597 I automotive.vehicle@2.0-impl: SubscriptionManager::addOrUpdateSubscription, prop: 0x12200505
03-09 11:06:14.332 171 597 I automotive.vehicle@2.0-impl: addOrUpdateSubscription opts.propId: 0x12200505
03-09 11:06:14.332 171 597 I DefaultVehicleHal_v2_0: subscribe propId: 0x12200505, sampleRate: 0.000000
03-09 11:06:14.333 171 597 I automotive.vehicle@2.0-impl: SubscriptionManager::addOrUpdateSubscription, callback: 0xa63b6060
03-09 11:06:14.333 171 597 I automotive.vehicle@2.0-impl: SubscriptionManager::addOrUpdateSubscription, prop: 0x12200506
03-09 11:06:14.333 171 597 I automotive.vehicle@2.0-impl: addOrUpdateSubscription opts.propId: 0x12200506
03-09 11:06:14.333 171 597 I DefaultVehicleHal_v2_0: subscribe propId: 0x12200506, sampleRate: 0.000000
03-09 11:06:14.335 171 597 I automotive.vehicle@2.0-impl: SubscriptionManager::addOrUpdateSubscription, callback: 0xa63b6060
03-09 11:06:14.335 171 597 I automotive.vehicle@2.0-impl: SubscriptionManager::addOrUpdateSubscription, prop: 0x12200507
03-09 11:06:14.335 171 597 I automotive.vehicle@2.0-impl: addOrUpdateSubscription opts.propId: 0x12200507
03-09 11:06:14.335 171 597 I DefaultVehicleHal_v2_0: subscribe propId: 0x12200507, sampleRate: 0.000000
03-09 11:06:14.337 171 597 I automotive.vehicle@2.0-impl: SubscriptionManager::addOrUpdateSubscription, callback: 0xa63b6060
03-09 11:06:14.337 171 597 I automotive.vehicle@2.0-impl: SubscriptionManager::addOrUpdateSubscription, prop: 0x12200508
03-09 11:06:14.337 171 597 I automotive.vehicle@2.0-impl: addOrUpdateSubscription opts.propId: 0x12200508
03-09 11:06:14.337 171 597 I DefaultVehicleHal_v2_0: subscribe propId: 0x12200508, sampleRate: 0.000000
03-09 11:06:14.337 171 597 I automotive.vehicle@2.0-impl: SubscriptionManager::addOrUpdateSubscription, callback: 0xa63b6060
03-09 11:06:14.338 171 597 I automotive.vehicle@2.0-impl: SubscriptionManager::addOrUpdateSubscription, prop: 0x12200509
03-09 11:06:14.338 171 597 I automotive.vehicle@2.0-impl: addOrUpdateSubscription opts.propId: 0x12200509
03-09 11:06:14.338 171 597 I DefaultVehicleHal_v2_0: subscribe propId: 0x12200509, sampleRate: 0.000000
03-09 11:06:14.338 171 597 I automotive.vehicle@2.0-impl: SubscriptionManager::addOrUpdateSubscription, callback: 0xa63b6060
03-09 11:06:14.338 171 597 I automotive.vehicle@2.0-impl: SubscriptionManager::addOrUpdateSubscription, prop: 0x1220050a
03-09 11:06:14.338 171 597 I automotive.vehicle@2.0-impl: addOrUpdateSubscription opts.propId: 0x1220050a
03-09 11:06:14.338 171 597 I DefaultVehicleHal_v2_0: subscribe propId: 0x1220050a, sampleRate: 0.000000
03-09 11:06:14.339 171 597 I automotive.vehicle@2.0-impl: SubscriptionManager::addOrUpdateSubscription, callback: 0xa63b6060
03-09 11:06:14.339 171 597 I automotive.vehicle@2.0-impl: SubscriptionManager::addOrUpdateSubscription, prop: 0x12200510
03-09 11:06:14.339 171 597 I automotive.vehicle@2.0-impl: addOrUpdateSubscription opts.propId: 0x12200510
03-09 11:06:14.339 171 597 I DefaultVehicleHal_v2_0: subscribe propId: 0x12200510, sampleRate: 0.000000
03-09 11:06:14.339 433 433 E CAR.HAL : Cannot subscribe to property: 568329830
03-09 11:06:14.340 433 433 I CAR.DIAGNOSTIC: configArray for OBD2_LIVE_FRAME is [0, 0]
03-09 11:06:14.340 433 433 I CAR.DIAGNOSTIC: configArray for OBD2_FREEZE_FRAME is [0, 0]
03-09 11:06:14.341 388 388 D BluetoothAdapterService: onCreate()
03-09 11:06:14.341 433 433 D VehicleHalTiming: VehicleHal.init took to complete: 115ms
03-09 11:06:14.341 433 433 I ICarImpl: CarService.initAllServices
03-09 11:06:14.345 433 433 W CAR.POWER: Vehicle hal does not support power state yet.
03-09 11:06:14.345 388 388 D BluetoothAdapterState: make() - Creating AdapterState
03-09 11:06:14.347 388 388 I bt_btif : init
03-09 11:06:14.348 388 388 D bt_osi_allocation_tracker: canary initialized
03-09 11:06:14.348 388 627 I BluetoothAdapterState: Entering OffState
03-09 11:06:14.349 388 628 I bt_osi_thread: run_thread: thread id 628, thread name stack_manager started
03-09 11:06:14.349 388 628 I bt_stack_manager: event_init_stack is initializing the stack
03-09 11:06:14.349 433 433 I CAR.SENSOR: initial driving status: 0x0
03-09 11:06:14.350 433 433 I CAR.SENSOR: initial daynight: 0
03-09 11:06:14.350 433 626 I CAR.POWER: Power state change:PowerState state:3, param:0
03-09 11:06:14.350 433 626 I CAR.POWER: on display
03-09 11:06:14.353 433 433 W CAR.INPUT: Hal does not support key input.
03-09 11:06:14.383 388 632 I bt_osi_thread: run_thread: thread id 632, thread name alarm_default_ca started
03-09 11:06:14.384 388 633 I bt_osi_thread: run_thread: thread id 633, thread name alarm_dispatcher started
03-09 11:06:14.401 433 433 W CAR.AUDIO: Audio routing policy did not cover logical stream 10
03-09 11:06:14.402 433 433 W CAR.AUDIO: Audio routing policy did not cover logical stream 11
03-09 11:06:14.404 433 433 E CAR.AUDIO: setupDynamicRouting, no output device available, ignore
03-09 11:06:14.405 433 433 W CAR.AUDIO: Vehicle HAL did not implement VehicleProperty.AUDIO_ROUTING_POLICY
03-09 11:06:14.407 211 211 D PermissionCache: checking android.permission.MODIFY_AUDIO_ROUTING for uid=1000 => granted (168 us)
03-09 11:06:14.409 171 597 I automotive.vehicle@2.0-impl: SubscriptionManager::addOrUpdateSubscription, callback: 0xa63b6060
03-09 11:06:14.409 171 597 I automotive.vehicle@2.0-impl: SubscriptionManager::addOrUpdateSubscription, prop: 0x11200407
03-09 11:06:14.409 171 597 I automotive.vehicle@2.0-impl: addOrUpdateSubscription opts.propId: 0x11200407
03-09 11:06:14.409 171 597 I DefaultVehicleHal_v2_0: subscribe propId: 0x11200407, sampleRate: 0.000000
03-09 11:06:14.410 433 433 D CAR.CLUSTER: bindInstrumentClusterRendererService, component: android.car.cluster.sample/.SampleClusterServiceImpl
03-09 11:06:14.410 433 433 W ContextImpl: Calling a method in the system process without a qualified user: android.app.ContextImpl.bindService:1556 android.content.ContextWrapper.bindService:684 com.android.car.cluster.InstrumentClusterService.bindInstrumentClusterRendererService:228 com.android.car.cluster.InstrumentClusterService.init:141 com.android.car.ICarImpl.init:154
03-09 11:06:14.411 292 517 W ActivityManager: Unable to start service Intent { cmp=android.car.cluster.sample/.SampleClusterServiceImpl (has extras) } U=0: not found
03-09 11:06:14.411 433 626 I CAR.SYS : Media unmute
03-09 11:06:14.412 292 517 I MediaFocusControl: abandonAudioFocus() from uid/pid 1000/433 clientId=android.media.AudioManager@4e1abaecom.android.car.CarAudioService$MediaMuteAudioFocusListener@cf94d4f
03-09 11:06:14.416 591 591 I zygote : The ClassLoaderContext is a special shared library.
03-09 11:06:14.417 171 597 I automotive.vehicle@2.0-impl: SubscriptionManager::addOrUpdateSubscription, callback: 0xa63b6060
03-09 11:06:14.417 171 597 I automotive.vehicle@2.0-impl: SubscriptionManager::addOrUpdateSubscription, prop: 0x11400409
03-09 11:06:14.417 171 597 I automotive.vehicle@2.0-impl: addOrUpdateSubscription opts.propId: 0x11400409
03-09 11:06:14.417 171 597 I DefaultVehicleHal_v2_0: subscribe propId: 0x11400409, sampleRate: 0.000000
03-09 11:06:14.420 388 628 I bt_btif_core: btif_init_bluetooth entered
03-09 11:06:14.421 388 628 I bt_stack_config: init attempt to load stack conf from /etc/bluetooth/bt_stack.conf
03-09 11:06:14.428 433 433 D VehicleHalTiming: CarService.initAllServices took to complete: 88ms
03-09 11:06:14.432 433 433 D CarUserService: onCreate()
03-09 11:06:14.432 433 433 D CarUserService: onBind()
03-09 11:06:14.433 433 433 D CarUserService: createBluetoothUserService
03-09 11:06:14.434 433 433 D CarBluetoothUsrSvc: setupProfileProxy()
03-09 11:06:14.467 403 403 D CarLatinIME: Car Service connected
03-09 11:06:14.471 171 597 I automotive.vehicle@2.0-impl: SubscriptionManager::addOrUpdateSubscription, callback: 0xa63b6060
03-09 11:06:14.471 171 597 I automotive.vehicle@2.0-impl: SubscriptionManager::addOrUpdateSubscription, prop: 0x11400404
03-09 11:06:14.471 171 597 I automotive.vehicle@2.0-impl: addOrUpdateSubscription opts.propId: 0x11400404
03-09 11:06:14.471 171 597 I DefaultVehicleHal_v2_0: subscribe propId: 0x11400404, sampleRate: 0.000000
03-09 11:06:14.492 388 639 I bt_osi_thread: run_thread: thread id 639, thread name bt_jni_workqueue started
03-09 11:06:14.492 388 628 I bt_btif_core: btif_init_bluetooth finished
03-09 11:06:14.492 388 628 I bt_stack_manager: event_init_stack finished
03-09 11:06:14.492 388 639 I bt_btif_core: run_message_loop entered
03-09 11:06:14.492 388 388 I bt_osi_wakelock: wakelock_set_os_callouts set to non-native
03-09 11:06:14.492 388 388 I bt_btif : get_profile_interface: id = socket
03-09 11:06:14.492 388 388 W bt_btif : do_in_jni_thread: Dropped message, message_loop not initialized yet!
03-09 11:06:14.492 388 388 W bt_btif : do_in_jni_thread: Dropped message, message_loop not initialized yet!
03-09 11:06:14.499 412 412 W SoundPool: Use of stream types is deprecated for operations other than volume control
03-09 11:06:14.499 412 412 W SoundPool: See the documentation of SoundPool() for what to use instead with android.media.AudioAttributes to qualify your playback use case
03-09 11:06:14.501 412 641 V NuMediaExtractor: setDataSource fd=35 (/system/media/audio/ui/Lock.ogg), offset=0, length=8308
03-09 11:06:14.504 412 412 D SystemUIBootTiming: StartServicesKeyguardViewMediator took to complete: 258ms
03-09 11:06:14.534 388 388 I bt_btif : get_profile_interface: id = sdp
03-09 11:06:14.537 388 388 I BluetoothAdapterService: Phone policy disabled
03-09 11:06:14.537 388 388 D BluetoothAdapterService: setAdapterService() - set to: null
03-09 11:06:14.538 388 388 D BluetoothAdapterService: onBind()
03-09 11:06:14.541 412 641 V NuMediaExtractor: track of type 'audio/vorbis' does not publish bitrate
03-09 11:06:14.546 412 649 I OMXClient: Treble IOmx obtained
03-09 11:06:14.546 223 244 I OMXMaster: makeComponentInstance(OMX.google.vorbis.decoder) in omx@1.0-service process
03-09 11:06:14.548 223 244 E OMXNodeInstance: getConfig(0xa7c18000:google.vorbis.decoder, ConfigAndroidVendorExtension(0x6f100004)) ERROR: Undefined(0x80001001)
03-09 11:06:14.550 169 169 W /system/bin/hw/android.hidl.allocator@1.0-service: ashmem_create_region(32768) returning hidl_memory(0xac018800, 32768)
03-09 11:06:14.580 169 169 I chatty : uid=1000(system) allocator@1.0-s identical 10 lines
03-09 11:06:14.580 169 169 W /system/bin/hw/android.hidl.allocator@1.0-service: ashmem_create_region(32768) returning hidl_memory(0xac018800, 32768)
03-09 11:06:14.618 412 641 V NuMediaExtractor: setDataSource fd=37 (/system/media/audio/ui/Unlock.ogg), offset=0, length=7853
03-09 11:06:14.651 412 641 V NuMediaExtractor: track of type 'audio/vorbis' does not publish bitrate
03-09 11:06:14.656 412 655 I OMXClient: Treble IOmx obtained
03-09 11:06:14.656 223 244 I OMXMaster: makeComponentInstance(OMX.google.vorbis.decoder) in omx@1.0-service process
03-09 11:06:14.657 223 244 E OMXNodeInstance: getConfig(0xa7c18000:google.vorbis.decoder, ConfigAndroidVendorExtension(0x6f100004)) ERROR: Undefined(0x80001001)
03-09 11:06:14.659 169 169 W /system/bin/hw/android.hidl.allocator@1.0-service: ashmem_create_region(32768) returning hidl_memory(0xac018800, 32768)
03-09 11:06:14.681 169 169 I chatty : uid=1000(system) allocator@1.0-s identical 10 lines
03-09 11:06:14.681 169 169 W /system/bin/hw/android.hidl.allocator@1.0-service: ashmem_create_region(32768) returning hidl_memory(0xac018800, 32768)
03-09 11:06:14.724 412 641 V NuMediaExtractor: setDataSource fd=40 (/system/media/audio/ui/Trusted.ogg), offset=0, length=5713
03-09 11:06:14.725 412 412 D SystemUIBootTiming: StartServicesRecents took to complete: 221ms
03-09 11:06:14.751 412 641 V NuMediaExtractor: track of type 'audio/vorbis' does not publish bitrate
03-09 11:06:14.753 412 412 I vol.Events: writeEvent collection_started
03-09 11:06:14.756 412 658 I OMXClient: Treble IOmx obtained
03-09 11:06:14.756 223 244 I OMXMaster: makeComponentInstance(OMX.google.vorbis.decoder) in omx@1.0-service process
03-09 11:06:14.758 223 244 E OMXNodeInstance: getConfig(0xa7c18000:google.vorbis.decoder, ConfigAndroidVendorExtension(0x6f100004)) ERROR: Undefined(0x80001001)
03-09 11:06:14.761 169 169 W /system/bin/hw/android.hidl.allocator@1.0-service: ashmem_create_region(32768) returning hidl_memory(0xac018800, 32768)
03-09 11:06:14.766 169 169 I chatty : uid=1000(system) allocator@1.0-s identical 6 lines
03-09 11:06:14.767 169 169 W /system/bin/hw/android.hidl.allocator@1.0-service: ashmem_create_region(32768) returning hidl_memory(0xac018800, 32768)
03-09 11:06:14.767 412 659 I vol.Events: writeEvent external_ringer_mode_changed normal
03-09 11:06:14.768 412 659 I vol.Events: writeEvent internal_ringer_mode_changed normal
03-09 11:06:14.776 169 169 W /system/bin/hw/android.hidl.allocator@1.0-service: ashmem_create_region(32768) returning hidl_memory(0xac018800, 32768)
03-09 11:06:14.777 169 169 I chatty : uid=1000(system) allocator@1.0-s identical 2 lines
03-09 11:06:14.777 169 169 W /system/bin/hw/android.hidl.allocator@1.0-service: ashmem_create_region(32768) returning hidl_memory(0xac018800, 32768)
03-09 11:06:15.013 591 666 D OpenGLRenderer: HWUI GL Pipeline
03-09 11:06:15.059 591 666 D vndksupport: Loading /vendor/lib/hw/gralloc.jacinto6.so from current namespace instead of sphal namespace.
03-09 11:06:15.079 591 666 D vndksupport: Loading /vendor/lib/hw/gralloc.jacinto6.so from current namespace instead of sphal namespace.
03-09 11:06:15.081 591 666 I com.android.settings: android::hardware::configstore::V1_0::ISurfaceFlingerConfigs::hasWideColorDisplay retrieved: 0
03-09 11:06:15.081 591 666 I OpenGLRenderer: Initialized EGL, version 1.4
03-09 11:06:15.081 591 666 D OpenGLRenderer: Swap behavior 1
03-09 11:06:15.085 492 492 I zygote : The ClassLoaderContext is a special shared library.
03-09 11:06:15.108 292 314 E BluetoothManagerService: MESSAGE_TIMEOUT_BIND
03-09 11:06:15.110 591 666 D vndksupport: Loading /vendor/lib/hw/android.hardware.graphics.mapper@2.0-impl.so from current namespace instead of sphal namespace.
03-09 11:06:15.111 591 666 D vndksupport: Loading /vendor/lib/hw/gralloc.jacinto6.so from current namespace instead of sphal namespace.
03-09 11:06:15.112 292 292 D BluetoothManagerService: Creating new ProfileServiceConnections object for profile: 1
03-09 11:06:15.113 292 292 E BluetoothManagerService: Fail to bind to: Intent { act=android.bluetooth.IBluetoothHeadset }
03-09 11:06:15.113 292 292 W BluetoothManagerService: Unable to bind with intent: Intent { act=android.bluetooth.IBluetoothHeadset }
03-09 11:06:15.119 292 671 I Telecom : BluetoothRouteManager: getBluetoothAudioConnectedDevice: no headset service available.
03-09 11:06:15.122 292 307 W KeyguardServiceDelegate: onScreenTurningOn(): no keyguard service!
03-09 11:06:15.123 292 315 I ActivityManager: Displayed com.android.settings/.FallbackHome: +1s91ms
03-09 11:06:15.123 292 353 I InputReader: Reconfiguring input devices. changes=0x00000004
03-09 11:06:15.123 292 292 I Telecom : SystemStateProvider: Registering car mode receiver: android.content.IntentFilter@f6a272c: TS.init@AAA
03-09 11:06:15.136 492 492 D TelephonyProvider: dbh.onOpen: ok, queried table=siminfo
03-09 11:06:15.137 492 492 D TelephonyProvider: dbh.onOpen: ok, queried table=carriers
03-09 11:06:15.140 292 672 I Telecom : Logging.Events: Non-call EVENT: AUDIO_ROUTE, Entering state QuiescentEarpieceRoute
03-09 11:06:15.155 292 674 I Telecom : CallAudioModeStateMachine: Message received: null.: TS.init->CAMSM.pM_1@AAA
03-09 11:06:15.158 292 292 I Telecom : MissedCallNotifierImpl: Boot not yet complete -- call log db may not be available. Deferring loading until boot complete.: TS.init@AAA
03-09 11:06:15.159 292 292 D BluetoothManagerService: Creating new ProfileServiceConnections object for profile: 1
03-09 11:06:15.159 292 292 E BluetoothManagerService: Fail to bind to: Intent { act=android.bluetooth.IBluetoothHeadset }
03-09 11:06:15.159 292 292 W BluetoothManagerService: Unable to bind with intent: Intent { act=android.bluetooth.IBluetoothHeadset }
03-09 11:06:15.162 292 292 I Telecom : Class: TelecomSystem.INSTANCE being set
03-09 11:06:15.163 292 292 W ContextImpl: Calling a method in the system process without a qualified user: android.app.ContextImpl.startService:1476 android.content.ContextWrapper.startService:650 com.android.server.telecom.components.TelecomService.initializeTelecomSystem:180 com.android.server.telecom.components.TelecomService.onBind:64 android.app.ActivityThread.handleBindService:3366
03-09 11:06:15.168 292 292 W ContextImpl: Calling a method in the system process without a qualified user: android.app.ContextImpl.startService:1476 com.android.server.content.SyncManager$13.run:722 android.os.Handler.handleCallback:790 android.os.Handler.dispatchMessage:99 android.os.Looper.loop:164
03-09 11:06:15.169 492 492 D CarrierProvider: onCreate
03-09 11:06:15.172 214 333 D installd: Found quota mount /dev/block/platform/44000000.ocp/4809c000.mmc/by-name/userdata at /data
03-09 11:06:15.172 214 333 E installd: Failed to enable USRQUOTA on /dev/block/platform/44000000.ocp/4809c000.mmc/by-name/userdata: File exists
03-09 11:06:15.172 214 333 E installd: Failed to enable GRPQUOTA on /dev/block/platform/44000000.ocp/4809c000.mmc/by-name/userdata: File exists
03-09 11:06:15.172 214 333 D installd: Found storage mount /dev/fuse at /mnt/runtime/default/emulated
03-09 11:06:15.172 214 333 D installd: Found storage mount /dev/fuse at /mnt/runtime/default/0911-1049
03-09 11:06:15.175 292 292 I zygote : The ClassLoaderContext is a special shared library.
03-09 11:06:15.187 412 659 D CarVolumeDialogController: Car audio manager is not initialized yet
03-09 11:06:15.192 412 659 I chatty : uid=10012(com.android.systemui) VolumeDialogCon identical 31 lines
03-09 11:06:15.192 412 659 D CarVolumeDialogController: Car audio manager is not initialized yet
03-09 11:06:15.197 292 292 I zygote : The ClassLoaderContext is a special shared library.
03-09 11:06:15.206 412 412 D CarVolumeDialogController: Car audio manager is not initialized yet
03-09 11:06:15.209 292 292 V WiredAccessoryManager: init()
03-09 11:06:15.211 412 412 D SystemUIBootTiming: StartServicesVolumeUI took to complete: 485ms
03-09 11:06:15.240 412 659 I vol.Events: writeEvent level_changed STREAM_SYSTEM 1
03-09 11:06:15.242 412 684 D OpenGLRenderer: HWUI GL Pipeline
03-09 11:06:15.250 412 412 D SystemUIBootTiming: StartServicesDivider took to complete: 39ms
03-09 11:06:15.253 292 292 D ConditionProviders.SCP: onSubscribe condition://android/schedule?days=1.2.3.4.5&start=22.0&end=7.0&exitAtAlarm=false
03-09 11:06:15.255 292 292 D ConditionProviders.SCP: setRegistered true
03-09 11:06:15.255 292 292 D ConditionProviders.SCP: notifyCondition condition://android/schedule?days=1.2.3.4.5&start=22.0&end=7.0&exitAtAlarm=false STATE_FALSE reason=!meetsSchedule
03-09 11:06:15.260 292 302 I zygote : Background concurrent copying GC freed 31687(2MB) AllocSpace objects, 21(736KB) LOS objects, 42% free, 5MB/9MB, paused 3.092ms total 154.798ms
03-09 11:06:15.265 292 373 E ActivityThread: Failed to find provider info for com.android.calendar
03-09 11:06:15.265 292 373 E ActivityThread: Failed to find provider info for com.android.calendar
03-09 11:06:15.267 292 304 I WifiService: getVerboseLoggingLevel uid=10012
03-09 11:06:15.272 292 304 I WifiService: getWifiServiceMessenger uid=10012
03-09 11:06:15.316 292 304 W WallpaperManagerService: Cannot extract colors because wallpaper could not be read.
03-09 11:06:15.316 292 304 W WallpaperManagerService: Cannot extract colors because wallpaper could not be read.
03-09 11:06:15.317 492 492 I ImsResolver: Initializing cache and binding.
03-09 11:06:15.318 292 292 D ConditionProviders.SCP: Scheduling evaluate for Mon Mar 09 22:00:00 GMT+00:00 2020 (1583791200000), in +10h53m44s745ms, now=Mon Mar 09 11:06:15 GMT+00:00 2020 (1583751975255)
03-09 11:06:15.319 292 292 D ConditionProviders.SCP: onSubscribe condition://android/schedule?days=6.7&start=23.30&end=10.0&exitAtAlarm=false
03-09 11:06:15.319 292 292 D ConditionProviders.SCP: notifyCondition condition://android/schedule?days=6.7&start=23.30&end=10.0&exitAtAlarm=false STATE_FALSE reason=!meetsSchedule
03-09 11:06:15.319 292 292 D ConditionProviders.SCP: notifyCondition condition://android/schedule?days=1.2.3.4.5&start=22.0&end=7.0&exitAtAlarm=false STATE_FALSE reason=!meetsSchedule
03-09 11:06:15.319 292 292 D ConditionProviders.SCP: Scheduling evaluate for Mon Mar 09 22:00:00 GMT+00:00 2020 (1583791200000), in +10h53m44s681ms, now=Mon Mar 09 11:06:15 GMT+00:00 2020 (1583751975319)
03-09 11:06:15.329 412 412 D StatusBar: disable
03-09 11:06:15.330 292 304 I StatusBarManagerService: registerStatusBar bar=com.android.internal.statusbar.IStatusBar$Stub$Proxy@498d9b2
03-09 11:06:15.345 292 292 D RttService: SCAN_AVAILABLE : 3
03-09 11:06:15.347 292 365 D RttService: DefaultState got{ when=-2ms what=160512 target=com.android.internal.util.StateMachine$SmHandler }
03-09 11:06:15.353 292 364 E WifiVendorHal: getBgScanCapabilities(l.450) failed {.code = ERROR_NOT_AVAILABLE, .description = }
03-09 11:06:15.354 292 364 I WifiScanningService: wifi driver loaded with scan capabilities: max buckets=16
03-09 11:06:15.357 292 292 I CarServiceHelper: **CarService connected**
03-09 11:06:15.357 292 292 D BluetoothManagerService: BluetoothServiceConnection: com.android.bluetooth.btservice.AdapterService
03-09 11:06:15.358 292 314 D BluetoothManagerService: MESSAGE_BLUETOOTH_SERVICE_CONNECTED: 1
03-09 11:06:15.360 292 314 D BluetoothManagerService: Broadcasting onBluetoothServiceUp() to 3 receivers.
03-09 11:06:15.360 292 314 D BluetoothAdapter: onBluetoothServiceUp: android.bluetooth.IBluetooth$Stub$Proxy@7be58ac
03-09 11:06:15.362 433 689 D BluetoothAdapter: onBluetoothServiceUp: android.bluetooth.IBluetooth$Stub$Proxy@8665c5e
03-09 11:06:15.363 388 402 D BluetoothAdapter: onBluetoothServiceUp: com.android.bluetooth.btservice.AdapterService$AdapterServiceBinder@3b13b74
03-09 11:06:15.363 388 400 D BluetoothAdapterService: enable() - Enable called with quiet mode status = false
03-09 11:06:15.363 388 627 D BluetoothAdapterState: Current state: OFF, message: 0
03-09 11:06:15.363 388 627 D BluetoothAdapterProperties: Setting state to 14
03-09 11:06:15.363 388 627 I BluetoothAdapterState: Bluetooth adapter state changed: 10-> 14
03-09 11:06:15.363 388 627 D BluetoothAdapterService: updateAdapterState() - Broadcasting state to 1 receivers.
03-09 11:06:15.363 292 314 D BluetoothManagerService: MESSAGE_BLUETOOTH_STATE_CHANGE: OFF > BLE_TURNING_ON
03-09 11:06:15.363 292 314 D BluetoothManagerService: Sending BLE State Change: OFF > BLE_TURNING_ON
03-09 11:06:15.364 388 627 D BluetoothAdapterService: BleOnProcessStart()
03-09 11:06:15.365 388 627 D BluetoothAdapterService: BleOnProcessStart() - Make Bond State Machine
03-09 11:06:15.365 388 627 D BluetoothBondStateMachine: make
03-09 11:06:15.367 388 627 D BluetoothAdapterService: setProfileServiceState() - Starting service com.android.bluetooth.gatt.GattService
03-09 11:06:15.369 388 627 I BluetoothAdapterState: Entering PendingCommandState
03-09 11:06:15.369 388 700 I BluetoothBondStateMachine: StableState(): Entering Off State
03-09 11:06:15.403 388 388 I BtGatt.JNI: classInitNative(L871): classInitNative: Success!
03-09 11:06:15.404 292 292 I Telecom : WiredHeadsetManager: ACTION_HEADSET_PLUG event, plugged in: false, : WHC.oADA@AAE
03-09 11:06:15.404 388 388 D BtGatt.DebugUtils: handleDebugAction() action=null
03-09 11:06:15.405 388 388 D BluetoothAdapterService: getAdapterService() - returning com.android.bluetooth.btservice.AdapterService@6d71c29
03-09 11:06:15.405 388 388 D BtGatt.GattService: Received start request. Starting profile...
03-09 11:06:15.406 388 388 I bt_btif : get_profile_interface: id = gatt
03-09 11:06:15.406 388 388 D BluetoothAdapterService: getAdapterService() - returning com.android.bluetooth.btservice.AdapterService@6d71c29
03-09 11:06:15.407 292 292 D MediaSessionService: Global priority session is changed from null to com.android.server.telecom/HeadsetMediaButton (userId=0)
03-09 11:06:15.411 292 306 I SyncManager: Got SyncJobService instance.
03-09 11:06:15.413 388 388 D BluetoothAdapterService: getAdapterService() - returning com.android.bluetooth.btservice.AdapterService@6d71c29
03-09 11:06:15.413 388 388 D BluetoothAdapterService: getAdapterService() - returning com.android.bluetooth.btservice.AdapterService@6d71c29
03-09 11:06:15.414 388 388 D BluetoothAdapterService: handleMessage() - Message: 1
03-09 11:06:15.414 388 388 D BluetoothAdapterService: handleMessage() - MESSAGE_PROFILE_SERVICE_STATE_CHANGED
03-09 11:06:15.414 388 388 D BluetoothAdapterService: processProfileServiceStateChanged() - serviceName=com.android.bluetooth.gatt.GattService isTurningOn=false isTurningOff=false isBleTurningOn=true isBleTurningOff=false
03-09 11:06:15.414 388 388 D BluetoothAdapterService: GattService is started
03-09 11:06:15.414 388 627 V BluetoothAdapterState: PendingCommand - transient state(s): isBleTurningOn
03-09 11:06:15.414 388 627 D BluetoothAdapterState: Current state: PENDING_COMMAND, message: 4
03-09 11:06:15.415 388 627 I bt_btif : enable: start restricted = 0
03-09 11:06:15.415 388 628 I bt_stack_manager: event_start_up_stack is bringing up the stack
03-09 11:06:15.415 388 628 I bt_core_module: module_start_up Starting module "btif_config_module"
03-09 11:06:15.415 388 628 I bt_core_module: module_start_up Started module "btif_config_module"
03-09 11:06:15.415 388 628 I bt_core_module: module_start_up Starting module "btsnoop_module"
03-09 11:06:15.420 388 628 I bt_core_module: module_start_up Started module "btsnoop_module"
03-09 11:06:15.420 388 628 I bt_core_module: module_start_up Starting module "hci_module"
03-09 11:06:15.420 388 628 I bt_hci : hci_module_start_up
03-09 11:06:15.422 292 292 I FusedLocation: engine started (com.android.location.fused)
03-09 11:06:15.422 388 707 I bt_osi_thread: run_thread: thread id 707, thread name hci_thread started
03-09 11:06:15.423 388 707 I bt_hci : hci_initialize
03-09 11:06:15.423 388 628 D bt_hci : hci_module_start_up starting async portion
03-09 11:06:15.424 388 707 I bt_hci : hci_initialize: IBluetoothHci::getService() returned 0xa99300c0 (remote)
03-09 11:06:15.425 172 172 I android.hardware.bluetooth@1.0-impl: BluetoothHci::initialize()
03-09 11:06:15.433 172 172 I bluetooth@1.0-s: type=1400 audit(0.0:64): avc: denied { write } for name="state" dev="sysfs" ino=17426 scontext=u:r:hal_bluetooth_default:s0 tcontext=u:object_r:sysfs:s0 tclass=file permissive=1
03-09 11:06:15.433 172 172 I bt_vendor: init
03-09 11:06:15.433 172 172 I bt_vnd_conf: Attempt to load conf from /etc/bluetooth/bt_vendor.conf
03-09 11:06:15.433 172 172 I android.hardware.bluetooth@1.0-impl: Controller POWER ON XXXXXXXXXXXXXXXXXXXXXXXXXXXX
03-09 11:06:15.434 172 172 W bt_vendor: NOTE: BT_VND_PWR_ON now forces power-off first
03-09 11:06:15.435 172 172 I bluetooth@1.0-s: type=1400 audit(0.0:65): avc: denied { read write } for name="ttyS2" dev="tmpfs" ino=67 scontext=u:r:hal_bluetooth_default:s0 tcontext=u:object_r:bluetooth_control:s0 tclass=chr_file permissive=1
03-09 11:06:15.435 172 172 I bluetooth@1.0-s: type=1400 audit(0.0:66): avc: denied { open } for path="/dev/ttyS2" dev="tmpfs" ino=67 scontext=u:r:hal_bluetooth_default:s0 tcontext=u:object_r:bluetooth_control:s0 tclass=chr_file permissive=1
03-09 11:06:15.435 172 172 I bt_userial_vendor: userial vendor open: opening /dev/ttyS2
03-09 11:06:15.436 172 172 I bluetooth@1.0-s: type=1400 audit(0.0:67): avc: denied { ioctl } for path="/dev/ttyS2" dev="tmpfs" ino=67 ioctlcmd=540b scontext=u:r:hal_bluetooth_default:s0 tcontext=u:object_r:bluetooth_control:s0 tclass=chr_file permissive=1
03-09 11:06:15.436 172 172 I bt_userial_vendor: device fd = 6 open
03-09 11:06:15.436 172 172 I bt_hwcfg: Setting HCI_RESET delay to 170
03-09 11:06:15.459 412 691 I SecurityController: could not bind to KeyChainService
03-09 11:06:15.556 492 492 D PhoneSwitcherNetworkRequstListener: Registering NetworkFactory
03-09 11:06:15.557 292 367 D ConnectivityService: Got NetworkFactory Messenger for PhoneSwitcherNetworkRequstListener
03-09 11:06:15.563 412 412 I CameraManagerGlobal: Connecting to camera service
03-09 11:06:15.564 212 268 I CameraService: CameraService::connect call (PID -1 "cameraserver", camera ID 0) for HAL version default and Camera API version 1
03-09 11:06:15.568 219 219 D NuPlayerDriver: NuPlayerDriver(0xb2727230) created, clientPid(212)
03-09 11:06:15.569 292 367 D ConnectivityService: Got NetworkFactory Messenger for TelephonyNetworkFactory[0]
03-09 11:06:15.580 171 171 I android.hardwar: type=1400 audit(0.0:68): avc: denied { accept } for lport=33452 scontext=u:r:hal_vehicle_default:s0 tcontext=u:r:hal_vehicle_default:s0 tclass=tcp_socket permissive=1
03-09 11:06:15.585 219 722 D NuPlayerDriver: notifyListener_l(0xb2727230), (1, 0, 0, -1), loop setting(0, 0)
03-09 11:06:15.586 219 219 D NuPlayerDriver: NuPlayerDriver(0xb2727310) created, clientPid(212)
03-09 11:06:15.599 219 726 D NuPlayerDriver: notifyListener_l(0xb2727310), (1, 0, 0, -1), loop setting(0, 0)
03-09 11:06:15.600 492 728 E ActivityThread: Failed to find provider info for com.android.contacts
03-09 11:06:15.600 219 219 D NuPlayerDriver: NuPlayerDriver(0xb27273f0) created, clientPid(212)
03-09 11:06:15.600 492 728 W CallerInfoCache: cursor is null
03-09 11:06:15.608 219 729 D NuPlayerDriver: notifyListener_l(0xb27273f0), (1, 0, 0, -1), loop setting(0, 0)
03-09 11:06:15.609 172 711 I bt_hwcfg: hw_config_cback [0c03]
03-09 11:06:15.610 212 268 I CameraHardwareInterface: Opening camera 0
03-09 11:06:15.610 173 264 I CamDev@1.0-impl: Opening camera 0
03-09 11:06:15.610 173 264 E CameraHal: (a6e59970) hardware/ti/dra7xx/camera/CameraHal_Module.cpp:634 camera_device_open - CameraHal_Module: ******************* 1 *******************
03-09 11:06:15.610 173 264 I CameraHal: (a6e59970) hardware/ti/dra7xx/camera/CameraHal_Module.cpp:638 camera_device_open - camera_device open
03-09 11:06:15.610 173 264 E CameraHal: (a6e59970) hardware/ti/dra7xx/camera/CameraHal.cpp:126 getSocFamily - '/sys/board_properties/soc/family' Not Available
03-09 11:06:15.610 173 264 E CameraHal: Error while adapter initialization: video capture not supported.
03-09 11:06:15.611 173 264 I chatty : uid=1047(cameraserver) HwBinder:173_1 identical 2 lines
03-09 11:06:15.611 173 264 E CameraHal: Error while adapter initialization: video capture not supported.
03-09 11:06:15.611 173 264 E CameraHal: Found VPE M2M device /dev/video0!!!
03-09 11:06:15.611 172 711 I bt_hwcfg: hw_config_cback [fc18]
03-09 11:06:15.611 172 711 I bt_hwcfg: bt vendor lib: set UART baud 3000000
03-09 11:06:15.613 172 711 I bt_hwcfg: hw_config_cback [0c14]
03-09 11:06:15.613 172 711 D bt_hwcfg: Chipset BCM4349B1
03-09 11:06:15.613 172 711 D bt_hwcfg: Target name = [BCM4349B1]
03-09 11:06:15.613 172 711 I bt_hwcfg: FW patchfile: /vendor/firmware/bcm89359.hcd
03-09 11:06:15.613 172 711 I bt_hwcfg: hw_config_cback [fc2e]
03-09 11:06:15.614 492 492 D CarrierConfigLoader: CarrierConfigLoader has started
03-09 11:06:15.615 292 512 D BluetoothManagerService: Creating new ProfileServiceConnections object for profile: 1
03-09 11:06:15.615 292 512 E BluetoothManagerService: Fail to bind to: Intent { act=android.bluetooth.IBluetoothHeadset }
03-09 11:06:15.615 292 512 W BluetoothManagerService: Unable to bind with intent: Intent { act=android.bluetooth.IBluetoothHeadset }
03-09 11:06:15.618 173 264 I CamDev@1.0-impl: Closing camera 0
03-09 11:06:15.619 212 268 I CameraService: disconnect: Disconnected client for camera 0 for PID 212
03-09 11:06:15.619 219 219 D NuPlayerDriver: reset(0xb2727230) at state 4
03-09 11:06:15.619 219 219 D NuPlayerDriver: notifyListener_l(0xb2727230), (8, 0, 0, -1), loop setting(0, 0)
03-09 11:06:15.620 219 722 D NuPlayerDriver: notifyResetComplete(0xb2727230)
03-09 11:06:15.620 219 577 D NuPlayerDriver: reset(0xb2727310) at state 4
03-09 11:06:15.620 219 577 D NuPlayerDriver: notifyListener_l(0xb2727310), (8, 0, 0, -1), loop setting(0, 0)
03-09 11:06:15.621 219 726 D NuPlayerDriver: notifyResetComplete(0xb2727310)
03-09 11:06:15.621 219 577 D NuPlayerDriver: reset(0xb27273f0) at state 4
03-09 11:06:15.621 219 577 D NuPlayerDriver: notifyListener_l(0xb27273f0), (8, 0, 0, -1), loop setting(0, 0)
03-09 11:06:15.621 219 729 D NuPlayerDriver: notifyResetComplete(0xb27273f0)
03-09 11:06:15.627 412 412 W LegacyMetadataMapper: No AWB modes supported (HAL bug); defaulting to AWB_MODE_AUTO only
03-09 11:06:15.636 492 492 I TelecomFramework: TtyManager: updateUiTtyMode -1 -> 0
03-09 11:06:15.640 412 412 I StatusBar: isKeyguardShowing() called before startKeyguard(), returning true
03-09 11:06:15.642 492 492 D ImsResolver: maybeAddedImsService, packageName: null
03-09 11:06:15.651 412 412 W StatusBar: isKeyguardSecure() called before startKeyguard(), returning false
03-09 11:06:15.651 412 412 W StatusBar: java.lang.Throwable
03-09 11:06:15.651 412 412 W StatusBar: at com.android.systemui.statusbar.phone.StatusBar.isKeyguardSecure(StatusBar.java:7551)
03-09 11:06:15.651 412 412 W StatusBar: at com.android.systemui.statusbar.phone.StatusBar.isCameraAllowedByAdmin(StatusBar.java:5436)
03-09 11:06:15.651 412 412 W StatusBar: at com.android.systemui.statusbar.phone.KeyguardBottomAreaView$DefaultRightButton.getIcon(KeyguardBottomAreaView.java:856)
03-09 11:06:15.651 412 412 W StatusBar: at com.android.systemui.statusbar.phone.KeyguardBottomAreaView.updateCameraVisibility(KeyguardBottomAreaView.java:382)
03-09 11:06:15.651 412 412 W StatusBar: at com.android.systemui.statusbar.phone.KeyguardBottomAreaView.setStatusBar(KeyguardBottomAreaView.java:351)
03-09 11:06:15.651 412 412 W StatusBar: at com.android.systemui.statusbar.phone.NotificationPanelView.setStatusBar(NotificationPanelView.java:252)
03-09 11:06:15.651 412 412 W StatusBar: at com.android.systemui.statusbar.phone.StatusBar.makeStatusBarView(StatusBar.java:1019)
03-09 11:06:15.651 412 412 W StatusBar: at com.android.systemui.statusbar.car.CarStatusBar.makeStatusBarView(CarStatusBar.java:111)
03-09 11:06:15.651 412 412 W StatusBar: at com.android.systemui.statusbar.phone.StatusBar.addStatusBarWindow(StatusBar.java:3664)
03-09 11:06:15.651 412 412 W StatusBar: at com.android.systemui.statusbar.phone.StatusBar.createAndAddWindows(StatusBar.java:3660)
03-09 11:06:15.651 412 412 W StatusBar: at com.android.systemui.statusbar.phone.StatusBar.start(StatusBar.java:889)
03-09 11:06:15.651 412 412 W StatusBar: at com.android.systemui.statusbar.car.CarStatusBar.start(CarStatusBar.java:85)
03-09 11:06:15.651 412 412 W StatusBar: at com.android.systemui.SystemBars.createStatusBarFromConfig(SystemBars.java:71)
03-09 11:06:15.651 412 412 W StatusBar: at com.android.systemui.SystemBars.start(SystemBars.java:42)
03-09 11:06:15.651 412 412 W StatusBar: at com.android.systemui.SystemUIApplication.startServicesIfNeeded(SystemUIApplication.java:215)
03-09 11:06:15.651 412 412 W StatusBar: at com.android.systemui.SystemUIApplication.startServicesIfNeeded(SystemUIApplication.java:164)
03-09 11:06:15.651 412 412 W StatusBar: at com.android.systemui.SystemUIService.onCreate(SystemUIService.java:33)
03-09 11:06:15.651 412 412 W StatusBar: at android.app.ActivityThread.handleCreateService(ActivityThread.java:3339)
03-09 11:06:15.651 412 412 W StatusBar: at android.app.ActivityThread.-wrap4(Unknown Source:0)
03-09 11:06:15.651 412 412 W StatusBar: at android.app.ActivityThread$H.handleMessage(ActivityThread.java:1677)
03-09 11:06:15.651 412 412 W StatusBar: at android.os.Handler.dispatchMessage(Handler.java:106)
03-09 11:06:15.651 412 412 W StatusBar: at android.os.Looper.loop(Looper.java:164)
03-09 11:06:15.651 412 412 W StatusBar: at android.app.ActivityThread.main(ActivityThread.java:6494)
03-09 11:06:15.651 412 412 W StatusBar: at java.lang.reflect.Method.invoke(Native Method)
03-09 11:06:15.651 412 412 W StatusBar: at com.android.internal.os.RuntimeInit$MethodAndArgsCaller.run(RuntimeInit.java:438)
03-09 11:06:15.651 412 412 W StatusBar: at com.android.internal.os.ZygoteInit.main(ZygoteInit.java:807)
03-09 11:06:15.653 492 492 D ServiceStateProvider: subId=-2
03-09 11:06:15.665 172 711 I bt_hwcfg: hw_config_cback [fc4c]
03-09 11:06:15.666 492 492 D PhoneSwitcherNetworkRequstListener: got request NetworkRequest [ REQUEST id=1, [ Capabilities: INTERNET&NOT_RESTRICTED&TRUSTED&NOT_VPN] ] with score 0
03-09 11:06:15.666 172 711 I bt_hwcfg: hw_config_cback [fc4c]
03-09 11:06:15.666 492 492 D PhoneSwitcherNetworkRequstListener: got request NetworkRequest [ BACKGROUND_REQUEST id=2, [ Transports: CELLULAR Capabilities: INTERNET&NOT_RESTRICTED&TRUSTED&NOT_VPN] ] with score 0
03-09 11:06:15.666 492 492 D PhoneSwitcherNetworkRequstListener: got request NetworkRequest [ TRACK_DEFAULT id=5, [ Capabilities: INTERNET&NOT_RESTRICTED&TRUSTED&NOT_VPN] ] with score 0
03-09 11:06:15.666 492 492 D PhoneSwitcherNetworkRequstListener: got request NetworkRequest [ TRACK_DEFAULT id=3, [ Capabilities: INTERNET&NOT_RESTRICTED&TRUSTED&NOT_VPN] ] with score 0
03-09 11:06:15.667 492 492 D TelephonyDebugService: TelephonyDebugService()
03-09 11:06:15.667 172 711 I bt_hwcfg: hw_config_cback [fc4c]
03-09 11:06:15.668 172 711 I bt_hwcfg: hw_config_cback [fc4c]
03-09 11:06:15.668 492 492 D CarrierConfigLoader: mHandler: 12 phoneId: 0
03-09 11:06:15.669 172 711 I bt_hwcfg: hw_config_cback [fc4c]
03-09 11:06:15.671 172 711 I chatty : uid=1002 bluetooth@1.0-s identical 3 lines
03-09 11:06:15.672 172 711 I bt_hwcfg: hw_config_cback [fc4c]
03-09 11:06:15.672 492 492 E PhoneInterfaceManager: [PhoneIntfMgr] getIccId: No UICC
03-09 11:06:15.673 172 711 I bt_hwcfg: hw_config_cback [fc4c]
03-09 11:06:15.674 172 711 I chatty : uid=1002 bluetooth@1.0-s identical 1 line
03-09 11:06:15.675 172 711 I bt_hwcfg: hw_config_cback [fc4c]
03-09 11:06:15.677 492 492 D OpenGLRenderer: HWUI GL Pipeline
03-09 11:06:15.677 172 711 I bt_hwcfg: hw_config_cback [fc4c]
03-09 11:06:15.687 292 517 I Telecom : PhoneAccountRegistrar: Modify account: [ComponentInfo{com.android.phone/com.android.services.telephony.TelephonyConnectionService}, [e0184adedf913b076626646d3f52c3b49c39ad6d], UserHandle{0}]: TSI.rPA@AAM
03-09 11:06:15.689 492 492 I TelecomFramework: AccountEntry: Registered phoneAccount: [[ ] PhoneAccount: ComponentInfo{com.android.phone/com.android.services.telephony.TelephonyConnectionService}, [e0184adedf913b076626646d3f52c3b49c39ad6d], UserHandle{0} Capabilities: CallProvider MultiUser PlaceEmerg SimSub Audio Routes: BESW Schemes: tel voicemail Extras: Bundle[{android.telecom.extra.SUPPORTS_VIDEO_CALLING_FALLBACK=false}] GroupId: [da39a3ee5e6b4b0d3255bfef95601890afd80709]] with handle: ComponentInfo{com.android.phone/com.android.services.telephony.TelephonyConnectionService}, [e0184adedf913b076626646d3f52c3b49c39ad6d], UserHandle{0}
03-09 11:06:15.690 492 492 I TelecomFramework: PstnIncomingCallNotifier: Registering: Handler (com.android.internal.telephony.GsmCdmaPhone) {59328a3}
03-09 11:06:15.700 492 492 I TelecomFramework: PstnPhoneCapabilitiesNotifier: handleVideoCapabilitesChanged. Video capability - false
03-09 11:06:15.701 172 711 I chatty : uid=1002 bluetooth@1.0-s identical 20 lines
03-09 11:06:15.702 172 711 I bt_hwcfg: hw_config_cback [fc4c]
03-09 11:06:15.702 492 492 E PhoneInterfaceManager: [PhoneIntfMgr] getIccId: No UICC
03-09 11:06:15.702 172 711 I bt_hwcfg: hw_config_cback [fc4c]
03-09 11:06:15.710 292 517 I Telecom : PhoneAccountRegistrar: Modify account: [ComponentInfo{com.android.phone/com.android.services.telephony.TelephonyConnectionService}, [e0184adedf913b076626646d3f52c3b49c39ad6d], UserHandle{0}]: TSI.rPA@AAY
03-09 11:06:15.805 412 412 I StatusBar: isKeyguardShowing() called before startKeyguard(), returning true
03-09 11:06:15.806 412 412 W StatusBar: isKeyguardSecure() called before startKeyguard(), returning false
03-09 11:06:15.806 412 412 W StatusBar: java.lang.Throwable
03-09 11:06:15.806 412 412 W StatusBar: at com.android.systemui.statusbar.phone.StatusBar.isKeyguardSecure(StatusBar.java:7551)
03-09 11:06:15.806 412 412 W StatusBar: at com.android.systemui.statusbar.phone.StatusBar.isCameraAllowedByAdmin(StatusBar.java:5436)
03-09 11:06:15.806 412 412 W StatusBar: at com.android.systemui.statusbar.phone.KeyguardBottomAreaView$DefaultRightButton.getIcon(KeyguardBottomAreaView.java:856)
03-09 11:06:15.806 412 412 W StatusBar: at com.android.systemui.statusbar.phone.KeyguardBottomAreaView.updateCameraVisibility(KeyguardBottomAreaView.java:382)
03-09 11:06:15.806 412 412 W StatusBar: at com.android.systemui.statusbar.phone.KeyguardBottomAreaView.setUserSetupComplete(KeyguardBottomAreaView.java:360)
03-09 11:06:15.806 412 412 W StatusBar: at com.android.systemui.statusbar.phone.NotificationPanelView.setUserSetupComplete(NotificationPanelView.java:2655)
03-09 11:06:15.806 412 412 W StatusBar: at com.android.systemui.statusbar.phone.StatusBar.makeStatusBarView(StatusBar.java:1162)
03-09 11:06:15.806 412 412 W StatusBar: at com.android.systemui.statusbar.car.CarStatusBar.makeStatusBarView(CarStatusBar.java:111)
03-09 11:06:15.806 412 412 W StatusBar: at com.android.systemui.statusbar.phone.StatusBar.addStatusBarWindow(StatusBar.java:3664)
03-09 11:06:15.806 412 412 W StatusBar: at com.android.systemui.statusbar.phone.StatusBar.createAndAddWindows(StatusBar.java:3660)
03-09 11:06:15.806 412 412 W StatusBar: at com.android.systemui.statusbar.phone.StatusBar.start(StatusBar.java:889)
03-09 11:06:15.806 412 412 W StatusBar: at com.android.systemui.statusbar.car.CarStatusBar.start(CarStatusBar.java:85)
03-09 11:06:15.806 412 412 W StatusBar: at com.android.systemui.SystemBars.createStatusBarFromConfig(SystemBars.java:71)
03-09 11:06:15.806 412 412 W StatusBar: at com.android.systemui.SystemBars.start(SystemBars.java:42)
03-09 11:06:15.806 412 412 W StatusBar: at com.android.systemui.SystemUIApplication.startServicesIfNeeded(SystemUIApplication.java:215)
03-09 11:06:15.806 412 412 W StatusBar: at com.android.systemui.SystemUIApplication.startServicesIfNeeded(SystemUIApplication.java:164)
03-09 11:06:15.806 412 412 W StatusBar: at com.android.systemui.SystemUIService.onCreate(SystemUIService.java:33)
03-09 11:06:15.806 412 412 W StatusBar: at android.app.ActivityThread.handleCreateService(ActivityThread.java:3339)
03-09 11:06:15.806 412 412 W StatusBar: at android.app.ActivityThread.-wrap4(Unknown Source:0)
03-09 11:06:15.806 412 412 W StatusBar: at android.app.ActivityThread$H.handleMessage(ActivityThread.java:1677)
03-09 11:06:15.806 412 412 W StatusBar: at android.os.Handler.dispatchMessage(Handler.java:106)
03-09 11:06:15.806 412 412 W StatusBar: at android.os.Looper.loop(Looper.java:164)
03-09 11:06:15.806 412 412 W StatusBar: at android.app.ActivityThread.main(ActivityThread.java:6494)
