01-01 00:00:11.680 167 167 D vndksupport: Loading /vendor/lib/egl/libGLESv2_POWERVR_SGX544_116.so from current namespace instead of sphal namespace.
01-01 00:00:11.681 167 167 D libEGL : loaded /vendor/lib/egl/libGLESv2_POWERVR_SGX544_116.so
01-01 00:00:11.700 167 167 I Zygote : Preloading shared libraries...
01-01 00:00:11.730 167 167 I Zygote : Uninstalled ICU cache reference pinning...
01-01 00:00:11.741 167 167 I Zygote : Installed AndroidKeyStoreProvider in 11ms.
01-01 00:00:11.749 167 167 I Zygote : Warmed up JCA providers in 8ms.
01-01 00:00:11.749 167 167 D Zygote : end preload
01-01 00:00:11.749 167 167 D Zygote32Timing: ZygotePreload took to complete: 3249ms
01-01 00:00:11.766 167 167 I zygote : Explicit concurrent copying GC freed 29310(2MB) AllocSpace objects, 23(432KB) LOS objects, 50% free, 1509KB/2MB, paused 45us total 16.824ms
01-01 00:00:11.780 167 167 I zygote : Explicit concurrent copying GC freed 5431(198KB) AllocSpace objects, 0(0B) LOS objects, 53% free, 1342KB/2MB, paused 26us total 10.588ms
01-01 00:00:11.780 167 167 D Zygote32Timing: PostZygoteInitGC took to complete: 31ms
01-01 00:00:11.780 167 167 D Zygote32Timing: ZygoteInit took to complete: 3288ms
01-01 00:00:11.784 167 167 I : seccomp disabled by setenforce 0
01-01 00:00:11.824 167 167 I main : type=1400 audit(0.0:56): avc: denied { create } for name="tasks" scontext=u:r:zygote:s0 tcontext=u:object_r:cgroup:s0 tclass=file permissive=1
01-01 00:00:11.825 167 167 I Zygote : System server process 292 has been created
01-01 00:00:11.827 167 167 I Zygote : Accepting command socket connections
01-01 00:00:11.924 292 292 I zygote : The ClassLoaderContext is a special shared library.
01-01 00:00:11.949 292 292 I chatty : uid=1000 system_server identical 2 lines
01-01 00:00:11.957 292 292 I zygote : The ClassLoaderContext is a special shared library.
01-01 00:00:12.094 292 292 I SystemServer: InitBeforeStartServices
01-01 00:00:12.100 292 292 W SystemServer: System clock is before 1970; setting to 1970.
01-01 00:00:12.106 292 292 I SystemServer: Entered the Android system server!
01-01 00:00:12.515 292 292 D SystemServerTiming: InitBeforeStartServices took to complete: 421ms
01-01 00:00:12.515 292 292 I SystemServer: StartServices
01-01 00:00:12.515 292 292 I SystemServer: Reading configuration...
01-01 00:00:12.515 292 292 I SystemServer: ReadingSystemConfig
01-01 00:00:12.515 292 292 D SystemServerTiming: ReadingSystemConfig took to complete: 0ms
01-01 00:00:12.515 292 292 I SystemServer: StartInstaller
01-01 00:00:12.516 292 292 I SystemServiceManager: Starting com.android.server.pm.Installer
01-01 00:00:12.516 292 305 D SystemServerInitThreadPool: Started executing ReadingSystemConfig
01-01 00:00:12.542 214 229 D installd: Found quota mount /dev/block/platform/44000000.ocp/4809c000.mmc/by-name/userdata at /data
01-01 00:00:12.542 292 292 D SystemServerTiming: StartInstaller took to complete: 26ms
01-01 00:00:12.542 292 292 I SystemServer: DeviceIdentifiersPolicyService
01-01 00:00:12.542 292 292 I SystemServiceManager: Starting com.android.server.os.DeviceIdentifiersPolicyService
01-01 00:00:12.543 292 292 D SystemServerTiming: DeviceIdentifiersPolicyService took to complete: 1ms
01-01 00:00:12.543 292 292 I SystemServer: StartActivityManager
01-01 00:00:12.543 292 292 I SystemServiceManager: Starting com.android.server.am.ActivityManagerService$Lifecycle
01-01 00:00:12.660 292 305 D SystemServerInitThreadPool: Finished executing ReadingSystemConfig
01-01 00:00:12.677 292 292 I ActivityManager: Memory class: 80
01-01 00:00:12.678 292 307 I ServiceThread: Enabled StrictMode logging for ActivityManager looper.
01-01 00:00:12.679 292 308 I ServiceThread: Enabled StrictMode logging for android.ui looper.
01-01 00:00:12.757 292 292 D BatteryStatsImpl: Reading daily items from /data/system/batterystats-daily.xml
01-01 00:00:12.784 292 310 E BluetoothAdapter: Bluetooth binder is null
01-01 00:00:12.820 292 310 E BatteryExternalStatsWorker: no controller energy info supplied for telephony
01-01 00:00:12.821 292 310 E KernelUidCpuTimeReader: Failed to read uid_cputime: /proc/uid_cputime/show_uid_stat (No such file or directory)
01-01 00:00:12.821 292 310 E KernelUidCpuFreqTimeReader: Failed to read /proc/uid_time_in_state: java.io.FileNotFoundException: /proc/uid_time_in_state (No such file or directory)
01-01 00:00:12.821 292 310 E KernelCpuSpeedReader: Failed to read cpu-freq: /sys/devices/system/cpu/cpu0/cpufreq/stats/time_in_state (No such file or directory)
01-01 00:00:12.825 292 310 E KernelWakelockReader: neither /proc/wakelocks nor /d/wakeup_sources exists
01-01 00:00:12.862 292 310 E AndroidRuntime: Error reporting WTF
01-01 00:00:12.862 292 310 E AndroidRuntime: java.lang.NullPointerException: Attempt to invoke interface method 'boolean android.app.IActivityManager.handleApplicationWtf(android.os.IBinder, java.lang.String, boolean, android.app.ApplicationErrorReport$ParcelableCrashInfo)' on a null object reference
01-01 00:00:12.862 292 310 E AndroidRuntime: at com.android.internal.os.RuntimeInit.wtf(RuntimeInit.java:332)
01-01 00:00:12.862 292 310 E AndroidRuntime: at android.util.Log$1.onTerribleFailure(Log.java:110)
01-01 00:00:12.862 292 310 E AndroidRuntime: at android.util.Log.wtf(Log.java:304)
01-01 00:00:12.862 292 310 E AndroidRuntime: at android.util.Slog.wtf(Slog.java:82)
01-01 00:00:12.862 292 310 E AndroidRuntime: at com.android.internal.os.KernelWakelockReader.readKernelWakelockStats(KernelWakelockReader.java:82)
01-01 00:00:12.862 292 310 E AndroidRuntime: at com.android.internal.os.BatteryStatsImpl.updateKernelWakelocksLocked(BatteryStatsImpl.java:10380)
01-01 00:00:12.862 292 310 E AndroidRuntime: at com.android.server.am.BatteryExternalStatsWorker.updateExternalStatsLocked(BatteryExternalStatsWorker.java:263)
01-01 00:00:12.862 292 310 E AndroidRuntime: at com.android.server.am.BatteryExternalStatsWorker.-wrap0(Unknown Source:0)
01-01 00:00:12.862 292 310 E AndroidRuntime: at com.android.server.am.BatteryExternalStatsWorker$1.run(BatteryExternalStatsWorker.java:180)
01-01 00:00:12.862 292 310 E AndroidRuntime: at java.util.concurrent.Executors$RunnableAdapter.call(Executors.java:457)
01-01 00:00:12.862 292 310 E AndroidRuntime: at java.util.concurrent.FutureTask.run(FutureTask.java:266)
01-01 00:00:12.862 292 310 E AndroidRuntime: at java.util.concurrent.ThreadPoolExecutor.runWorker(ThreadPoolExecutor.java:1162)
01-01 00:00:12.862 292 310 E AndroidRuntime: at java.util.concurrent.ThreadPoolExecutor$Worker.run(ThreadPoolExecutor.java:636)
01-01 00:00:12.862 292 310 E AndroidRuntime: at java.lang.Thread.run(Thread.java:764)
01-01 00:00:12.862 292 310 E AndroidRuntime: Original WTF:
01-01 00:00:12.862 292 310 E AndroidRuntime: android.util.Log$TerribleFailure: neither /proc/wakelocks nor /d/wakeup_sources exists
01-01 00:00:12.862 292 310 E AndroidRuntime: at android.util.Log.wtf(Log.java:299)
01-01 00:00:12.862 292 310 E AndroidRuntime: at android.util.Slog.wtf(Slog.java:82)
01-01 00:00:12.862 292 310 E AndroidRuntime: at com.android.internal.os.KernelWakelockReader.readKernelWakelockStats(KernelWakelockReader.java:82)
01-01 00:00:12.862 292 310 E AndroidRuntime: at com.android.internal.os.BatteryStatsImpl.updateKernelWakelocksLocked(BatteryStatsImpl.java:10380)
01-01 00:00:12.862 292 310 E AndroidRuntime: at com.android.server.am.BatteryExternalStatsWorker.updateExternalStatsLocked(BatteryExternalStatsWorker.java:263)
01-01 00:00:12.862 292 310 E AndroidRuntime: at com.android.server.am.BatteryExternalStatsWorker.-wrap0(Unknown Source:0)
01-01 00:00:12.862 292 310 E AndroidRuntime: at com.android.server.am.BatteryExternalStatsWorker$1.run(BatteryExternalStatsWorker.java:180)
01-01 00:00:12.862 292 310 E AndroidRuntime: at java.util.concurrent.Executors$RunnableAdapter.call(Executors.java:457)
01-01 00:00:12.862 292 310 E AndroidRuntime: at java.util.concurrent.FutureTask.run(FutureTask.java:266)
01-01 00:00:12.862 292 310 E AndroidRuntime: at java.util.concurrent.ThreadPoolExecutor.runWorker(ThreadPoolExecutor.java:1162)
01-01 00:00:12.862 292 310 E AndroidRuntime: at java.util.concurrent.ThreadPoolExecutor$Worker.run(ThreadPoolExecutor.java:636)
01-01 00:00:12.862 292 310 E AndroidRuntime: at java.lang.Thread.run(Thread.java:764)
01-01 00:00:12.862 292 310 W BatteryStatsImpl: Couldn't get kernel wake lock stats
01-01 00:00:12.864 147 147 W /system/bin/hwservicemanager: getTransport: Cannot find entry android.hardware.power@1.0::IPower/default in either framework or device manifest.
01-01 00:00:12.866 292 310 D vndksupport: Loading /vendor/lib/hw/android.hardware.power@1.0-impl.so from current namespace instead of sphal namespace.
01-01 00:00:12.871 292 310 D vndksupport: Loading /vendor/lib/hw/power.default.so from current namespace instead of sphal namespace.
01-01 00:00:12.874 292 310 I PowerManagerService-JNI: Loaded power HAL service
01-01 00:00:12.929 292 292 I IntentFirewall: Read new rules (A:0 B:0 S:0)
01-01 00:00:12.935 292 315 I ServiceThread: Enabled StrictMode logging for android.display looper.
01-01 00:00:12.935 292 292 W system_server: Failed to remove /acct/uid_0/pid_106: Device or resource busy
01-01 00:00:12.936 292 292 W system_server: Failed to remove /acct/uid_0/pid_151: Device or resource busy
01-01 00:00:12.936 292 292 W system_server: Failed to remove /acct/uid_0/pid_166: Device or resource busy
01-01 00:00:12.936 292 292 W system_server: Failed to remove /acct/uid_0/pid_167: Device or resource busy
01-01 00:00:12.936 292 292 W system_server: Failed to remove /acct/uid_0/pid_171: Device or resource busy
01-01 00:00:12.936 292 292 W system_server: Failed to remove /acct/uid_0/pid_181: Device or resource busy
01-01 00:00:12.936 292 292 W system_server: Failed to remove /acct/uid_0/pid_183: Device or resource busy
01-01 00:00:12.936 292 292 W system_server: Failed to remove /acct/uid_0/pid_185: Device or resource busy
01-01 00:00:12.936 292 292 W system_server: Failed to remove /acct/uid_0/pid_209: Device or resource busy
01-01 00:00:12.936 292 292 W system_server: Failed to remove /acct/uid_0/pid_210: Device or resource busy
01-01 00:00:12.936 292 292 W system_server: Failed to remove /acct/uid_0/pid_214: Device or resource busy
01-01 00:00:12.936 292 292 W system_server: Failed to remove /acct/uid_0/pid_220: Device or resource busy
01-01 00:00:12.936 292 292 W system_server: Failed to remove /acct/uid_0: Permission denied
01-01 00:00:12.936 292 292 W system_server: Failed to remove /acct/uid_1000/pid_146: Device or resource busy
01-01 00:00:12.936 292 292 W system_server: Failed to remove /acct/uid_1000/pid_147: Device or resource busy
01-01 00:00:12.936 292 292 W system_server: Failed to remove /acct/uid_1000/pid_148: Device or resource busy
01-01 00:00:12.936 292 292 W system_server: Failed to remove /acct/uid_1000/pid_150: Device or resource busy
01-01 00:00:12.936 292 292 W system_server: Failed to remove /acct/uid_1000/pid_169: Device or resource busy
01-01 00:00:12.936 292 292 W system_server: Failed to remove /acct/uid_1000/pid_175: Device or resource busy
01-01 00:00:12.937 292 292 W system_server: Failed to remove /acct/uid_1000/pid_177: Device or resource busy
01-01 00:00:12.937 292 292 W system_server: Failed to remove /acct/uid_1000/pid_178: Device or resource busy
01-01 00:00:12.937 292 292 W system_server: Failed to remove /acct/uid_1000/pid_179: Device or resource busy
01-01 00:00:12.937 292 292 W system_server: Failed to remove /acct/uid_1000/pid_184: Device or resource busy
01-01 00:00:12.937 292 292 W system_server: Failed to remove /acct/uid_1000/pid_224: Device or resource busy
01-01 00:00:12.937 292 292 W system_server: Failed to remove /acct/uid_1000: Permission denied
01-01 00:00:12.937 292 292 W system_server: Failed to remove /acct/uid_1002/pid_172: Device or resource busy
01-01 00:00:12.937 292 292 W system_server: Failed to remove /acct/uid_1002: Permission denied
01-01 00:00:12.937 292 292 W system_server: Failed to remove /acct/uid_1003/pid_260: Device or resource busy
01-01 00:00:12.937 292 292 W system_server: Failed to remove /acct/uid_1003: Permission denied
01-01 00:00:12.937 292 292 W system_server: Failed to remove /acct/uid_1010/pid_180: Device or resource busy
01-01 00:00:12.937 292 292 W system_server: Failed to remove /acct/uid_1010/pid_221: Device or resource busy
01-01 00:00:12.937 292 292 W system_server: Failed to remove /acct/uid_1010: Permission denied
01-01 00:00:12.937 292 292 W system_server: Failed to remove /acct/uid_1013/pid_174: Device or resource busy
01-01 00:00:12.937 292 292 W system_server: Failed to remove /acct/uid_1013/pid_176: Device or resource busy
01-01 00:00:12.937 292 292 W system_server: Failed to remove /acct/uid_1013/pid_216: Device or resource busy
01-01 00:00:12.937 292 292 W system_server: Failed to remove /acct/uid_1013/pid_218: Device or resource busy
01-01 00:00:12.937 292 292 W system_server: Failed to remove /acct/uid_1013/pid_219: Device or resource busy
01-01 00:00:12.937 292 292 W system_server: Failed to remove /acct/uid_1013: Permission denied
01-01 00:00:12.937 292 292 W system_server: Failed to remove /acct/uid_1017/pid_215: Device or resource busy
01-01 00:00:12.937 292 292 W system_server: Failed to remove /acct/uid_1017: Permission denied
01-01 00:00:12.937 292 292 W system_server: Failed to remove /acct/uid_1019/pid_213: Device or resource busy
01-01 00:00:12.938 292 292 W system_server: Failed to remove /acct/uid_1019: Permission denied
01-01 00:00:12.938 292 292 W system_server: Failed to remove /acct/uid_1020/pid_236: Device or resource busy
01-01 00:00:12.938 292 292 W system_server: Failed to remove /acct/uid_1020: Permission denied
01-01 00:00:12.938 292 292 W system_server: Failed to remove /acct/uid_1036/pid_145: Device or resource busy
01-01 00:00:12.938 292 292 W system_server: Failed to remove /acct/uid_1036: Permission denied
01-01 00:00:12.938 292 292 W system_server: Failed to remove /acct/uid_1040/pid_217: Device or resource busy
01-01 00:00:12.938 292 292 W system_server: Failed to remove /acct/uid_1040: Permission denied
01-01 00:00:12.938 292 292 W system_server: Failed to remove /acct/uid_1041/pid_170: Device or resource busy
01-01 00:00:12.938 292 292 W system_server: Failed to remove /acct/uid_1041/pid_211: Device or resource busy
01-01 00:00:12.938 292 292 W system_server: Failed to remove /acct/uid_1041: Permission denied
01-01 00:00:12.938 292 292 W system_server: Failed to remove /acct/uid_1046/pid_223: Device or resource busy
01-01 00:00:12.938 292 292 W system_server: Failed to remove /acct/uid_1046: Permission denied
01-01 00:00:12.938 292 292 W system_server: Failed to remove /acct/uid_1047/pid_173: Device or resource busy
01-01 00:00:12.938 292 292 W system_server: Failed to remove /acct/uid_1047/pid_212: Device or resource busy
01-01 00:00:12.938 292 292 W system_server: Failed to remove /acct/uid_1047: Permission denied
01-01 00:00:12.938 292 292 W system_server: Failed to remove /acct/uid_1058/pid_225: Device or resource busy
01-01 00:00:12.938 292 292 W system_server: Failed to remove /acct/uid_1058: Permission denied
01-01 00:00:12.938 292 292 W system_server: Failed to remove /acct/uid_2000/pid_207: Device or resource busy
01-01 00:00:12.938 292 292 W system_server: Failed to remove /acct/uid_2000: Permission denied
01-01 00:00:12.939 292 292 D AppOps : AppOpsService published
01-01 00:00:12.940 292 292 D SystemServerTiming: StartActivityManager took to complete: 397ms
01-01 00:00:12.940 292 292 I SystemServer: StartPowerManager
01-01 00:00:12.940 292 292 I SystemServiceManager: Starting com.android.server.power.PowerManagerService
01-01 00:00:12.965 292 317 I ServiceThread: Enabled StrictMode logging for PowerManagerService looper.
01-01 00:00:12.984 292 292 E libsuspend: Error opening /sys/power/wakeup_count: No such file or directory
01-01 00:00:12.984 292 292 E libsuspend: failed to initialize autosuspend
01-01 00:00:12.995 292 292 D SystemServerTiming: StartPowerManager took to complete: 55ms
01-01 00:00:12.995 292 292 I SystemServer: InitPowerManagement
01-01 00:00:13.005 292 292 D SystemServerTiming: InitPowerManagement took to complete: 10ms
01-01 00:00:13.005 292 292 I SystemServer: StartRecoverySystemService
01-01 00:00:13.005 292 292 I SystemServiceManager: Starting com.android.server.RecoverySystemService
01-01 00:00:13.008 292 292 D SystemServerTiming: StartRecoverySystemService took to complete: 3ms
01-01 00:00:13.027 292 292 W RescueParty: Failed to determine if device was on USB
01-01 00:00:13.027 292 292 W RescueParty: java.io.FileNotFoundException: /sys/class/android_usb/android0/state (No such file or directory)
01-01 00:00:13.027 292 292 W RescueParty: at java.io.FileInputStream.open0(Native Method)
01-01 00:00:13.027 292 292 W RescueParty: at java.io.FileInputStream.open(FileInputStream.java:200)
01-01 00:00:13.027 292 292 W RescueParty: at java.io.FileInputStream.(FileInputStream.java:150)
01-01 00:00:13.027 292 292 W RescueParty: at android.os.FileUtils.readTextFile(FileUtils.java:262)
01-01 00:00:13.027 292 292 W RescueParty: at com.android.server.RescueParty.isUsbActive(RescueParty.java:345)
01-01 00:00:13.027 292 292 W RescueParty: at com.android.server.RescueParty.isDisabled(RescueParty.java:86)
01-01 00:00:13.027 292 292 W RescueParty: at com.android.server.RescueParty.noteBoot(RescueParty.java:105)
01-01 00:00:13.027 292 292 W RescueParty: at com.android.server.SystemServer.startBootstrapServices(SystemServer.java:551)
01-01 00:00:13.027 292 292 W RescueParty: at com.android.server.SystemServer.run(SystemServer.java:389)
01-01 00:00:13.027 292 292 W RescueParty: at com.android.server.SystemServer.main(SystemServer.java:267)
01-01 00:00:13.027 292 292 W RescueParty: at java.lang.reflect.Method.invoke(Native Method)
01-01 00:00:13.027 292 292 W RescueParty: at com.android.internal.os.RuntimeInit$MethodAndArgsCaller.run(RuntimeInit.java:438)
01-01 00:00:13.027 292 292 W RescueParty: at com.android.internal.os.ZygoteInit.main(ZygoteInit.java:787)
01-01 00:00:13.050 292 292 W RescueParty: Noticed 1 events for UID 0 in last 13 sec
01-01 00:00:13.050 292 292 I SystemServer: StartLightsService
01-01 00:00:13.050 292 292 I SystemServiceManager: Starting com.android.server.lights.LightsService
01-01 00:00:13.050 292 292 D SystemServerTiming: StartLightsService took to complete: 0ms
01-01 00:00:13.050 292 292 I SystemServer: StartDisplayManager
01-01 00:00:13.050 292 292 I SystemServiceManager: Starting com.android.server.display.DisplayManagerService
01-01 00:00:13.052 292 292 D SystemServerTiming: StartDisplayManager took to complete: 2ms
01-01 00:00:13.052 292 292 I SystemServer: WaitForDisplay
01-01 00:00:13.052 292 292 I SystemServiceManager: Starting phase 100
01-01 00:00:13.067 292 315 I DisplayManagerService: Display device added: DisplayDeviceInfo{"Built-in Screen": uniqueId="local:0", 1280 x 800, modeId 1, defaultModeId 1, supportedModes [{id=1, width=1280, height=800, fps=60.000004}], colorMode 0, supportedColorModes [0], HdrCapabilities android.view.Display$HdrCapabilities@a69d6308, density 160, 150.0 x 150.0 dpi, appVsyncOff 7500000, presDeadline 12666666, touch INTERNAL, rotation 0, type BUILT_IN, state UNKNOWN, FLAG_DEFAULT_DISPLAY, FLAG_ROTATES_WITH_CONTENT, FLAG_SECURE, FLAG_SUPPORTS_PROTECTED_BUFFERS}
01-01 00:00:13.067 184 184 D SurfaceFlinger: Set power mode=2, type=0 flinger=0xb1352000
01-01 00:00:13.067 184 184 D SurfaceFlinger: Screen type=0 is already mode=2
01-01 00:00:13.068 147 147 W /system/bin/hwservicemanager: getTransport: Cannot find entry android.hardware.light@2.0::ILight/default in either framework or device manifest.
01-01 00:00:13.069 292 315 E LightsService: Unable to get ILight interface.
01-01 00:00:13.069 292 315 I DisplayManagerService: Display device changed state: "Built-in Screen", ON
01-01 00:00:13.070 292 292 D SystemServerTiming: WaitForDisplay took to complete: 17ms
01-01 00:00:13.070 292 292 I SystemServer: StartPackageManagerService
01-01 00:00:13.150 292 292 D SELinuxMMAC: Using policy file /system/etc/selinux/plat_mac_permissions.xml
01-01 00:00:13.153 292 292 D SELinuxMMAC: Using policy file /vendor/etc/selinux/nonplat_mac_permissions.xml
01-01 00:00:13.252 292 292 W PackageManager: Wiping cache directory because the system partition changed.
01-01 00:00:13.264 292 292 W PackageManager: Failed to parse /vendor/overlay/SysuiDarkTheme: Missing base APK in /vendor/overlay/SysuiDarkTheme
01-01 00:00:13.276 292 292 W PackageManager: Failed to parse /system/framework/oat: Missing base APK in /system/framework/oat
01-01 00:00:13.277 292 292 W PackageManager: Failed to parse /system/framework/arm: Missing base APK in /system/framework/arm
01-01 00:00:13.435 292 292 I PackageManager: Replacing default ResolverActivity with custom activity: ComponentInfo{com.android.support.car.lenspicker/com.android.support.car.lenspicker.LensResolverActivity}
01-01 00:00:13.441 292 292 I PackageManager: /system/app/CarLatinIME changed; collecting certs
01-01 00:00:13.547 292 292 W PackageManager: Trying to update system app code path from /system/app/LatinIME to /system/app/CarLatinIME
01-01 00:00:13.548 292 292 W PackageManager: Code path for com.android.inputmethod.latin changing from /system/app/LatinIME to /system/app/CarLatinIME
01-01 00:00:13.548 292 292 W PackageManager: Resource path for com.android.inputmethod.latin changing from /system/app/LatinIME to /system/app/CarLatinIME
01-01 00:00:13.551 292 292 I PackageManager: /system/app/LatinIME changed; collecting certs
01-01 00:00:14.449 292 292 W PackageManager: Failed to scan /system/app/LatinIME: Application package com.android.inputmethod.latin already installed. Skipping duplicate.
01-01 00:00:14.494 292 292 D PackageManager: No files in app dir /vendor/app
01-01 00:00:14.494 292 292 D PackageManager: No files in app dir /oem/app
01-01 00:00:14.495 292 292 I PackageManager: Finished scanning system apps. Time: 1244 ms, packageCount: 90 , timePerPackage: 13 , cached: 91
01-01 00:00:14.502 292 292 D PackageManager: No files in app dir /data/app-private
01-01 00:00:14.502 292 292 I PackageManager: Finished scanning non-system apps. Time: 7 ms, packageCount: 1 , timePerPackage: 7 , cached: 1
01-01 00:00:14.505 292 292 I PackageManager: Time to scan packages: 1.254 seconds
01-01 00:00:14.509 292 292 V PackageManager: reconcileAppsData for null u0 0x3 migrateAppData=true
01-01 00:00:14.516 214 229 I SELinux : SELinux: Loaded file_contexts
01-01 00:00:14.610 214 214 W installd: Requested default storage /data/data/com.android.inputmethod.latin is not active; migrating from /data/user_de/0/com.android.inputmethod.latin
01-01 00:00:14.655 292 292 V PackageManager: reconcileAppsData finished 18 packages
01-01 00:00:14.656 292 334 D SystemServerInitThreadPool: Started executing prepareAppData
01-01 00:00:14.663 214 214 W installd: Ignoring /data/data/com.android.gallery3d/lib with unexpected GID 0 instead of 10066
01-01 00:00:14.668 214 214 W installd: Ignoring /data/data/com.svox.pico/lib with unexpected GID 0 instead of 10033
01-01 00:00:14.668 214 214 W installd: Ignoring /data/data/com.android.defcontainer/lib with unexpected GID 0 instead of 10017
01-01 00:00:14.673 171 171 I android.hardwar: type=1400 audit(0.0:57): avc: denied { accept } for lport=33452 scontext=u:r:hal_vehicle_default:s0 tcontext=u:r:hal_vehicle_default:s0 tclass=tcp_socket permissive=1
01-01 00:00:14.673 214 214 W installd: Ignoring /data/data/com.android.printspooler/lib with unexpected GID 0 instead of 10031
01-01 00:00:14.723 214 214 W installd: Ignoring /data/data/com.android.nfc/lib with unexpected GID 0 instead of 1027
01-01 00:00:14.732 214 214 W installd: Ignoring /data/data/com.android.camera2/lib with unexpected GID 0 instead of 10036
01-01 00:00:14.737 214 214 W installd: Ignoring /data/data/hr.mireo.arthur/lib with unexpected GID 0 instead of 10067
01-01 00:00:14.738 292 292 E PackageManager: There should probably be a verifier, but, none were found
01-01 00:00:14.772 292 292 D PackageManager: Ephemeral resolver not found with new action; try old one
01-01 00:00:14.772 292 292 D PackageManager: Ephemeral resolver NOT found; no matching intent filters
01-01 00:00:14.772 292 292 D PackageManager: Ephemeral installer not found with new action; try old one
01-01 00:00:14.773 292 292 D PackageManager: Clear ephemeral installer activity
01-01 00:00:14.776 214 214 W installd: Ignoring /data/data/com.android.cts.priv.ctsshim/lib with unexpected GID 0 instead of 10002
01-01 00:00:14.783 214 214 W installd: Ignoring /data/data/com.android.pacprocessor/lib with unexpected GID 0 instead of 10044
01-01 00:00:14.793 214 214 W installd: Ignoring /data/data/com.android.bluetooth/lib with unexpected GID 0 instead of 1002
01-01 00:00:14.809 214 214 W installd: Ignoring /data/data/jp.co.omronsoft.openwnn/lib with unexpected GID 0 instead of 10058
01-01 00:00:14.816 214 214 W installd: Ignoring /data/data/com.android.webview/lib with unexpected GID 0 instead of 10032
01-01 00:00:14.841 214 214 W installd: Ignoring /data/data/com.android.inputmethod.latin/lib with unexpected GID 0 instead of 10040
01-01 00:00:14.842 214 214 W installd: Ignoring /data/data/com.android.bips/lib with unexpected GID 0 instead of 10054
01-01 00:00:14.856 214 214 W installd: Ignoring /data/user_de/0/com.android.defcontainer/lib with unexpected GID 0 instead of 10017
01-01 00:00:14.858 292 292 I zygote : Explicit concurrent copying GC freed 28222(1465KB) AllocSpace objects, 13(500KB) LOS objects, 42% free, 2MB/5MB, paused 63us total 64.544ms
01-01 00:00:14.861 292 292 D FallbackCategoryProvider: Found 1 fallback categories
01-01 00:00:14.863 292 292 D SystemServerTiming: StartPackageManagerService took to complete: 1793ms
01-01 00:00:14.864 292 292 I SystemServer: StartOtaDexOptService
01-01 00:00:14.871 292 292 D OTADexopt: No upgrade, skipping A/B artifacts check.
01-01 00:00:14.871 292 292 D SystemServerTiming: StartOtaDexOptService took to complete: 7ms
01-01 00:00:14.871 292 292 I SystemServer: StartUserManagerService
01-01 00:00:14.871 292 292 I SystemServiceManager: Starting com.android.server.pm.UserManagerService$LifeCycle
01-01 00:00:14.872 292 292 D SystemServerTiming: StartUserManagerService took to complete: 1ms
01-01 00:00:14.873 292 292 I SystemServer: InitAttributerCache
01-01 00:00:14.879 292 292 D SystemServerTiming: InitAttributerCache took to complete: 6ms
01-01 00:00:14.879 292 292 I SystemServer: SetSystemProcess
01-01 00:00:14.920 183 183 I lowmemorykiller: ActivityManager connected
01-01 00:00:14.921 214 214 W installd: Ignoring /data/user_de/0/com.android.bluetooth/lib with unexpected GID 0 instead of 1002
01-01 00:00:14.929 292 292 D SystemServerTiming: SetSystemProcess took to complete: 50ms
01-01 00:00:14.931 292 336 I ServiceThread: Enabled StrictMode logging for android.anim looper.
01-01 00:00:14.931 292 292 I SystemServer: StartOverlayManagerService
01-01 00:00:14.948 292 292 D SystemServerTiming: StartOverlayManagerService took to complete: 16ms
01-01 00:00:14.948 292 292 I SystemServer: StartDropBoxManager
01-01 00:00:14.948 292 337 D SystemServerInitThreadPool: Started executing Init OverlayManagerService
01-01 00:00:14.949 292 292 I SystemServiceManager: Starting com.android.server.DropBoxManagerService
01-01 00:00:14.949 292 338 D SystemServerInitThreadPool: Started executing StartSensorService
01-01 00:00:14.949 292 338 D SensorService: nuSensorService starting...
01-01 00:00:14.950 147 147 W /system/bin/hwservicemanager: getTransport: Cannot find entry android.hardware.sensors@1.0::ISensors/default in either framework or device manifest.
01-01 00:00:14.950 292 338 I SensorService: getService() unsuccessful, try again soon (remaining retry 9).
01-01 00:00:14.963 292 292 D SystemServerTiming: StartDropBoxManager took to complete: 14ms
01-01 00:00:14.963 292 292 I SystemServer: StartBatteryService
01-01 00:00:14.963 292 292 I SystemServiceManager: Starting com.android.server.BatteryService
01-01 00:00:14.994 292 292 D SystemServerTiming: StartBatteryService took to complete: 31ms
01-01 00:00:14.994 292 292 I SystemServer: StartUsageService
01-01 00:00:15.024 292 292 I SystemServiceManager: Starting com.android.server.usage.UsageStatsService
01-01 00:00:15.051 147 147 W /system/bin/hwservicemanager: getTransport: Cannot find entry android.hardware.sensors@1.0::ISensors/default in either framework or device manifest.
01-01 00:00:15.052 292 338 I SensorService: getService() unsuccessful, try again soon (remaining retry 8).
01-01 00:00:15.085 292 337 D SystemServerInitThreadPool: Finished executing Init OverlayManagerService
01-01 00:00:15.088 292 292 D SystemServerTiming: StartUsageService took to complete: 94ms
01-01 00:00:15.088 292 292 I SystemServer: StartWebViewUpdateService
01-01 00:00:15.097 292 292 I SystemServiceManager: Starting com.android.server.webkit.WebViewUpdateService
01-01 00:00:15.132 292 292 D SystemServerTiming: StartWebViewUpdateService took to complete: 44ms
01-01 00:00:15.132 292 292 I SystemServer: StartKeyAttestationApplicationIdProviderService
01-01 00:00:15.133 292 305 D SystemServerInitThreadPool: Started executing SecondaryZygotePreload
01-01 00:00:15.133 292 305 I SystemServer: SecondaryZygotePreload
01-01 00:00:15.144 292 305 I Zygote : Process: zygote socket zygote opened, supported ABIS: armeabi-v7a,armeabi
01-01 00:00:15.152 147 147 W /system/bin/hwservicemanager: getTransport: Cannot find entry android.hardware.sensors@1.0::ISensors/default in either framework or device manifest.
01-01 00:00:15.153 292 338 I SensorService: getService() unsuccessful, try again soon (remaining retry 7).
01-01 00:00:15.154 292 305 E SystemServer: Unable to preload default resources
01-01 00:00:15.154 292 305 D SystemServerTimingAsync: SecondaryZygotePreload took to complete: 21ms
01-01 00:00:15.154 292 305 D SystemServerInitThreadPool: Finished executing SecondaryZygotePreload
01-01 00:00:15.162 292 292 D SystemServerTiming: StartKeyAttestationApplicationIdProviderService took to complete: 30ms
01-01 00:00:15.162 292 292 I SystemServer: StartKeyChainSystemService
01-01 00:00:15.162 292 334 D SystemServerTimingAsync: AppDataFixup took to complete: 506ms
01-01 00:00:15.162 292 292 I SystemServiceManager: Starting com.android.server.security.KeyChainSystemService
01-01 00:00:15.162 292 292 D SystemServerTiming: StartKeyChainSystemService took to complete: 0ms
01-01 00:00:15.162 292 292 I SystemServer: StartSchedulingPolicyService
01-01 00:00:15.163 292 292 D SystemServerTiming: StartSchedulingPolicyService took to complete: 1ms
01-01 00:00:15.163 292 292 I SystemServer: StartTelecomLoaderService
01-01 00:00:15.169 292 292 I SystemServiceManager: Starting com.android.server.telecom.TelecomLoaderService
01-01 00:00:15.169 292 292 D SystemServerTiming: StartTelecomLoaderService took to complete: 6ms
01-01 00:00:15.170 292 292 I SystemServer: StartTelephonyRegistry
01-01 00:00:15.185 292 292 D SystemServerTiming: StartTelephonyRegistry took to complete: 15ms
01-01 00:00:15.185 292 292 I SystemServer: StartEntropyMixer
01-01 00:00:15.193 292 292 I EntropyMixer: Writing entropy...
01-01 00:00:15.200 292 292 D SystemServerTiming: StartEntropyMixer took to complete: 15ms
01-01 00:00:15.200 292 292 I SystemServer: StartAccountManagerService
01-01 00:00:15.207 292 292 I SystemServiceManager: Starting com.android.server.accounts.AccountManagerService$Lifecycle
01-01 00:00:15.254 147 147 W /system/bin/hwservicemanager: getTransport: Cannot find entry android.hardware.sensors@1.0::ISensors/default in either framework or device manifest.
01-01 00:00:15.254 292 292 D SystemServerTiming: StartAccountManagerService took to complete: 54ms
01-01 00:00:15.254 292 292 I SystemServer: StartContentService
01-01 00:00:15.254 292 338 I SensorService: getService() unsuccessful, try again soon (remaining retry 6).
01-01 00:00:15.273 292 292 I SystemServiceManager: Starting com.android.server.content.ContentService$Lifecycle
01-01 00:00:15.282 292 292 D SystemServerTiming: StartContentService took to complete: 28ms
01-01 00:00:15.282 292 292 I SystemServer: InstallSystemProviders
01-01 00:00:15.316 292 292 I zygote : The ClassLoaderContext is a special shared library.
01-01 00:00:15.355 147 147 W /system/bin/hwservicemanager: getTransport: Cannot find entry android.hardware.sensors@1.0::ISensors/default in either framework or device manifest.
01-01 00:00:15.356 292 338 I SensorService: getService() unsuccessful, try again soon (remaining retry 5).
01-01 00:00:15.382 292 292 D SystemServerTiming: InstallSystemProviders took to complete: 100ms
01-01 00:00:15.382 292 292 I SystemServer: StartVibratorService
01-01 00:00:15.383 147 147 W /system/bin/hwservicemanager: getTransport: Cannot find entry android.hardware.vibrator@1.0::IVibrator/default in either framework or device manifest.
01-01 00:00:15.385 147 147 W /system/bin/hwservicemanager: getTransport: Cannot find entry android.hardware.vibrator@1.0::IVibrator/default in either framework or device manifest.
01-01 00:00:15.386 292 292 E VibratorService: vibratorOff command failed (1).
01-01 00:00:15.386 147 147 W /system/bin/hwservicemanager: getTransport: Cannot find entry android.hardware.vibrator@1.0::IVibrator/default in either framework or device manifest.
01-01 00:00:15.389 292 292 D SystemServerTiming: StartVibratorService took to complete: 7ms
01-01 00:00:15.389 292 292 I SystemServer: StartConsumerIrService
01-01 00:00:15.390 147 147 W /system/bin/hwservicemanager: getTransport: Cannot find entry android.hardware.ir@1.0::IConsumerIr/default in either framework or device manifest.
01-01 00:00:15.391 292 292 D SystemServerTiming: StartConsumerIrService took to complete: 2ms
01-01 00:00:15.391 292 292 I SystemServer: StartAlarmManagerService
01-01 00:00:15.391 292 292 I SystemServiceManager: Starting com.android.server.AlarmManagerService
01-01 00:00:15.399 15 15 I kdevtmpfs: type=1400 audit(0.0:58): avc: denied { write } for name="001" dev="devtmpfs" ino=4766 scontext=u:r:kernel:s0 tcontext=u:object_r:device:s0 tclass=dir permissive=1
01-01 00:00:15.399 15 15 I kdevtmpfs: type=1400 audit(0.0:59): avc: denied { add_name } for name="003" scontext=u:r:kernel:s0 tcontext=u:object_r:device:s0 tclass=dir permissive=1
01-01 00:00:15.399 15 15 I kdevtmpfs: type=1400 audit(0.0:60): avc: denied { create } for name="003" scontext=u:r:kernel:s0 tcontext=u:object_r:device:s0 tclass=chr_file permissive=1
01-01 00:00:15.399 15 15 I kdevtmpfs: type=1400 audit(0.0:61): avc: denied { setattr } for name="003" dev="devtmpfs" ino=11505 scontext=u:r:kernel:s0 tcontext=u:object_r:device:s0 tclass=chr_file permissive=1
01-01 00:00:15.402 292 292 W AlarmManagerService: no wall clock RTC found
01-01 00:00:15.402 292 292 D AlarmManagerService: Kernel timezone updated to 0 minutes west of GMT
01-01 00:00:15.402 292 292 I AlarmManager: Current time only 15402, advancing to build time 1583751970000
01-01 00:00:15.402 292 292 D AlarmManagerService: Setting time of day to sec=1583751970
03-09 11:06:10.000 292 292 W AlarmManagerService: Unable to set rtc to 1583751970: No such device
03-09 11:06:10.008 292 292 D SystemServerTiming: StartAlarmManagerService took to complete: 20ms
03-09 11:06:10.008 292 292 I SystemServer: InitWatchdog
03-09 11:06:10.009 292 292 D SystemServerTiming: InitWatchdog took to complete: 0ms
03-09 11:06:10.009 292 292 I SystemServer: StartInputManagerService
03-09 11:06:10.027 292 292 I InputManager: Initializing input manager, mUseDevInputEventForAudioJack=false
03-09 11:06:10.033 292 292 D SystemServerTiming: StartInputManagerService took to complete: 24ms
03-09 11:06:10.033 292 292 I SystemServer: StartWindowManagerService
03-09 11:06:10.054 147 147 W /system/bin/hwservicemanager: getTransport: Cannot find entry android.hardware.sensors@1.0::ISensors/default in either framework or device manifest.
03-09 11:06:10.056 292 338 I SensorService: getService() unsuccessful, try again soon (remaining retry 4).
03-09 11:06:10.157 147 147 W /system/bin/hwservicemanager: getTransport: Cannot find entry android.hardware.sensors@1.0::ISensors/default in either framework or device manifest.
03-09 11:06:10.157 292 338 I SensorService: getService() unsuccessful, try again soon (remaining retry 3).
03-09 11:06:10.179 292 334 D SystemServerTimingAsync: AppDataPrepare took to complete: 419ms
03-09 11:06:10.179 292 334 I PackageManager: Deferred reconcileAppsData finished 73 packages
03-09 11:06:10.179 292 334 D SystemServerInitThreadPool: Finished executing prepareAppData
03-09 11:06:10.258 147 147 W /system/bin/hwservicemanager: getTransport: Cannot find entry android.hardware.sensors@1.0::ISensors/default in either framework or device manifest.
03-09 11:06:10.258 292 338 I SensorService: getService() unsuccessful, try again soon (remaining retry 2).
03-09 11:06:10.359 147 147 W /system/bin/hwservicemanager: getTransport: Cannot find entry android.hardware.sensors@1.0::ISensors/default in either framework or device manifest.
03-09 11:06:10.359 292 338 I SensorService: getService() unsuccessful, try again soon (remaining retry 1).
03-09 11:06:10.460 147 147 W /system/bin/hwservicemanager: getTransport: Cannot find entry android.hardware.sensors@1.0::ISensors/default in either framework or device manifest.
03-09 11:06:10.460 292 338 E SensorService: Cannot connect to ISensors hidl service!
03-09 11:06:10.463 292 338 D SystemServerTimingAsync: StartSensorService took to complete: 916ms
03-09 11:06:10.463 292 338 D SystemServerInitThreadPool: Finished executing StartSensorService
03-09 11:06:10.612 292 315 I WindowManager: No existing display settings /data/system/display_settings.xml; starting empty
03-09 11:06:10.725 292 292 D SystemServerTiming: StartWindowManagerService took to complete: 692ms
03-09 11:06:10.725 292 292 I SystemServer: StartVrManagerService
03-09 11:06:10.725 292 337 D SystemServerInitThreadPool: Started executing StartHidlServices
03-09 11:06:10.725 292 292 I SystemServiceManager: Starting com.android.server.vr.VrManagerService
03-09 11:06:10.729 292 337 D SystemServerTimingAsync: StartHidlServices took to complete: 3ms
03-09 11:06:10.729 292 337 D SystemServerInitThreadPool: Finished executing StartHidlServices
03-09 11:06:10.731 147 147 W /system/bin/hwservicemanager: getTransport: Cannot find entry android.hardware.vr@1.0::IVr/default in either framework or device manifest.
03-09 11:06:10.732 292 292 W VrManagerService: init_native: Could not open IVr interface
03-09 11:06:10.732 292 292 D SystemServerTiming: StartVrManagerService took to complete: 7ms
03-09 11:06:10.733 292 292 I SystemServer: SetWindowManagerService
03-09 11:06:10.750 292 292 D SystemServerTiming: SetWindowManagerService took to complete: 17ms
03-09 11:06:10.750 292 292 I SystemServer: StartInputManager
03-09 11:06:10.750 292 292 I InputManager: Starting input manager
03-09 11:06:10.759 292 292 D SystemServerTiming: StartInputManager took to complete: 9ms
03-09 11:06:10.759 292 292 I SystemServer: DisplayManagerWindowManagerAndInputReady
03-09 11:06:10.759 292 292 D SystemServerTiming: DisplayManagerWindowManagerAndInputReady took to complete: 1ms
03-09 11:06:10.759 292 292 I SystemServer: StartBluetoothService
03-09 11:06:10.760 292 292 I SystemServiceManager: Starting com.android.server.BluetoothService
03-09 11:06:10.760 292 353 D EventHub: No input device configuration file found for device 'cyttsp6_mt_lcd1'.
03-09 11:06:10.760 292 353 I EventHub: wakeMechanism=EPOLLWAKEUP, usingClockIoctl=true
03-09 11:06:10.760 292 353 I EventHub: New device: id=1, fd=93, path='/dev/input/event1', name='cyttsp6_mt_lcd1', classes=0x14, configuration='', keyLayout='', keyCharacterMap='', builtinKeyboard=false,
03-09 11:06:10.761 292 353 D EventHub: No input device configuration file found for device 'fakeinput'.
03-09 11:06:10.782 292 292 D BluetoothManagerService: Loading stored name and address
03-09 11:06:10.782 292 292 D BluetoothManagerService: Stored bluetooth Name=Jacinto6,Address=22:22:67:C6:69:73
03-09 11:06:10.782 292 292 D BluetoothManagerService: Bluetooth persisted state: 1
03-09 11:06:10.782 292 292 D BluetoothManagerService: Startup: Bluetooth persisted state is ON.
03-09 11:06:10.782 292 292 D SystemServerTiming: StartBluetoothService took to complete: 23ms
03-09 11:06:10.782 292 292 I SystemServer: IpConnectivityMetrics
03-09 11:06:10.783 292 292 I SystemServiceManager: Starting com.android.server.connectivity.IpConnectivityMetrics
03-09 11:06:10.789 292 353 W EventHub: Unable to disable kernel key repeat for /dev/input/event0: Function not implemented
03-09 11:06:10.789 292 353 I EventHub: wakeMechanism=EPOLLWAKEUP, usingClockIoctl=true
03-09 11:06:10.789 292 353 I EventHub: New device: id=2, fd=94, path='/dev/input/event0', name='fakeinput', classes=0x1, configuration='', keyLayout='/system/usr/keylayout/Generic.kl', keyCharacterMap='/system/usr/keychars/Generic.kcm', builtinKeyboard=false,
03-09 11:06:10.793 292 292 D SystemServerTiming: IpConnectivityMetrics took to complete: 10ms
03-09 11:06:10.793 292 292 I SystemServer: PinnerService
03-09 11:06:10.793 292 292 I SystemServiceManager: Starting com.android.server.PinnerService
03-09 11:06:10.794 292 292 D SystemServerTiming: PinnerService took to complete: 2ms
03-09 11:06:10.794 292 292 I SystemServer: StartInputMethodManagerLifecycle
03-09 11:06:10.794 292 292 I SystemServiceManager: Starting com.android.server.InputMethodManagerService$Lifecycle
03-09 11:06:10.799 292 353 I InputReader: Device added: id=-1, name='Virtual', sources=0x00000301
03-09 11:06:10.799 292 353 I InputReader: Device added: id=2, name='fakeinput', sources=0x00000101
03-09 11:06:10.799 292 353 I InputReader: Touch device 'cyttsp6_mt_lcd1' could not query the properties of its associated display. The device will be inoperable until the display size becomes available.
03-09 11:06:10.799 292 353 I InputReader: Device added: id=1, name='cyttsp6_mt_lcd1', sources=0x00005002
03-09 11:06:10.880 292 292 D SystemServerTiming: StartInputMethodManagerLifecycle took to complete: 86ms
03-09 11:06:10.880 292 292 I SystemServer: StartAccessibilityManagerService
03-09 11:06:10.900 292 292 D SystemServerTiming: StartAccessibilityManagerService took to complete: 19ms
03-09 11:06:10.900 292 292 I SystemServer: MakeDisplayReady
03-09 11:06:10.901 292 292 I ActivityManager: Config changes=5df8 {1.0 ?mcc?mnc [en_US] ldltr sw800dp w1280dp h800dp 160dpi xlrg land ?uimode ?night -touch -keyb/v/h -nav/h appBounds=Rect(0, 0 - 1280, 800) s.2}
03-09 11:06:10.906 292 292 I ActivityManager: Override config changes=40007dfc {1.0 ?mcc?mnc [en_US] ldltr sw800dp w1280dp h800dp 160dpi xlrg land ?uimode ?night -touch -keyb/v/h -nav/h appBounds=Rect(0, 0 - 1280, 800) s.2} for displayId=0
03-09 11:06:10.937 292 353 I InputReader: Reconfiguring input devices. changes=0x00000004
03-09 11:06:10.937 292 353 I InputReader: Device reconfigured: id=1, name='cyttsp6_mt_lcd1', size 1280x800, orientation 0, mode 1, display id 0
03-09 11:06:10.938 292 353 I InputReader: Reconfiguring input devices. changes=0x00000004
03-09 11:06:10.938 292 353 I chatty : uid=1000(system) InputReader identical 1 line
03-09 11:06:10.939 292 292 I ActivityManager: Config changes=508 {1.0 ?mcc?mnc [en_US] ldltr sw800dp w1280dp h632dp 160dpi lrg land ?uimode ?night finger -keyb/v/h -nav/h appBounds=Rect(0, 0 - 1280, 688) s.3}
03-09 11:06:10.942 292 292 I ActivityManager: Override config changes=508 {1.0 ?mcc?mnc [en_US] ldltr sw800dp w1280dp h632dp 160dpi lrg land ?uimode ?night finger -keyb/v/h -nav/h appBounds=Rect(0, 0 - 1280, 688) s.3} for displayId=0
03-09 11:06:10.945 292 292 D SystemServerTiming: MakeDisplayReady took to complete: 45ms
03-09 11:06:10.945 292 292 I SystemServer: StartStorageManagerService
03-09 11:06:10.946 292 353 I InputReader: Reconfiguring input devices. changes=0x00000004
03-09 11:06:10.946 292 292 I SystemServiceManager: Starting com.android.server.StorageManagerService$Lifecycle
03-09 11:06:10.970 292 292 D SystemServerTiming: StartStorageManagerService took to complete: 25ms
03-09 11:06:10.970 292 292 I SystemServer: StartStorageStatsService
03-09 11:06:10.970 292 292 I SystemServiceManager: Starting com.android.server.usage.StorageStatsService$Lifecycle
03-09 11:06:10.971 292 354 D StorageManagerService: Thinking about init, mSystemReady=false, mDaemonConnected=true
03-09 11:06:10.971 292 354 D StorageManagerService: Thinking about reset, mSystemReady=false, mDaemonConnected=true
03-09 11:06:10.972 214 340 D installd: Found quota mount /dev/block/platform/44000000.ocp/4809c000.mmc/by-name/userdata at /data
03-09 11:06:10.972 214 340 E installd: Failed to enable USRQUOTA on /dev/block/platform/44000000.ocp/4809c000.mmc/by-name/userdata: File exists
03-09 11:06:10.972 214 340 E installd: Failed to enable GRPQUOTA on /dev/block/platform/44000000.ocp/4809c000.mmc/by-name/userdata: File exists
03-09 11:06:10.972 292 354 D StorageManagerService: Thinking about init, mSystemReady=false, mDaemonConnected=true
03-09 11:06:10.972 292 354 D StorageManagerService: Thinking about reset, mSystemReady=false, mDaemonConnected=true
03-09 11:06:10.973 214 333 D installd: Found quota mount /dev/block/platform/44000000.ocp/4809c000.mmc/by-name/userdata at /data
03-09 11:06:10.973 214 333 E installd: Failed to enable USRQUOTA on /dev/block/platform/44000000.ocp/4809c000.mmc/by-name/userdata: File exists
03-09 11:06:10.973 214 333 E installd: Failed to enable GRPQUOTA on /dev/block/platform/44000000.ocp/4809c000.mmc/by-name/userdata: File exists
03-09 11:06:10.976 292 292 D SystemServerTiming: StartStorageStatsService took to complete: 6ms
03-09 11:06:10.976 292 292 I SystemServer: StartUiModeManager
03-09 11:06:10.978 292 292 I SystemServiceManager: Starting com.android.server.UiModeManagerService
03-09 11:06:10.978 292 354 D CryptdConnector: SND -> {1 cryptfs getfield SystemLocale}
03-09 11:06:11.000 292 305 D SystemServerInitThreadPool: Started executing UiModeManager.onStart
03-09 11:06:11.000 292 305 I ActivityManager: Config changes=200 {1.0 ?mcc?mnc [en_US] ldltr sw800dp w1280dp h632dp 160dpi lrg land car finger -keyb/v/h -nav/h appBounds=Rect(0, 0 - 1280, 688) s.4}
03-09 11:06:11.001 292 292 D SystemServerTiming: StartUiModeManager took to complete: 25ms
03-09 11:06:11.001 292 292 I SystemServer: UpdatePackagesIfNeeded
03-09 11:06:11.001 292 292 D SystemServerTiming: UpdatePackagesIfNeeded took to complete: 0ms
03-09 11:06:11.001 292 292 I SystemServer: PerformFstrimIfNeeded
03-09 11:06:11.002 292 292 D SystemServerTiming: PerformFstrimIfNeeded took to complete: 1ms
03-09 11:06:11.003 292 292 I SystemServer: StartLockSettingsService
03-09 11:06:11.005 292 305 I ActivityManager: Override config changes=200 {1.0 ?mcc?mnc [en_US] ldltr sw800dp w1280dp h632dp 160dpi lrg land car finger -keyb/v/h -nav/h appBounds=Rect(0, 0 - 1280, 688) s.4} for displayId=0
03-09 11:06:11.009 292 305 D SystemServerInitThreadPool: Finished executing UiModeManager.onStart
03-09 11:06:11.012 292 292 I SystemServiceManager: Starting com.android.server.locksettings.LockSettingsService$Lifecycle
03-09 11:06:11.016 292 356 D CryptdConnector: RCV <- {200 1 -1}
03-09 11:06:11.017 292 354 W StorageManagerService: No primary storage mounted!
03-09 11:06:11.017 292 354 D VoldConnector: SND -> {1 asec list}
03-09 11:06:11.027 292 355 D VoldConnector: RCV <- {200 1 asec operation succeeded}
03-09 11:06:11.028 292 354 I PackageManager: No secure containers found
03-09 11:06:11.086 292 292 W SystemServiceManager: Service com.android.server.locksettings.LockSettingsService$Lifecycle took 73 ms in onStart
03-09 11:06:11.086 292 292 D SystemServerTiming: StartLockSettingsService took to complete: 83ms
03-09 11:06:11.104 292 292 I system_server: Looking for service android.hardware.oemlock@1.0::IOemLock/default
03-09 11:06:11.105 147 147 W /system/bin/hwservicemanager: getTransport: Cannot find entry android.hardware.oemlock@1.0::IOemLock/default in either framework or device manifest.
03-09 11:06:11.105 292 292 I OemLock : OemLock HAL not present on device
03-09 11:06:11.106 292 292 I SystemServer: StartDeviceIdleController
03-09 11:06:11.111 292 292 I SystemServiceManager: Starting com.android.server.DeviceIdleController
03-09 11:06:11.153 292 354 W StorageManagerService: No primary storage defined yet; hacking together a stub
03-09 11:06:11.154 292 354 W StorageManagerService: No primary storage defined yet; hacking together a stub
03-09 11:06:11.154 292 292 D SystemServerTiming: StartDeviceIdleController took to complete: 48ms
03-09 11:06:11.154 292 292 I SystemServer: StartDevicePolicyManager
03-09 11:06:11.154 292 292 I SystemServiceManager: Starting com.android.server.devicepolicy.DevicePolicyManagerService$Lifecycle
03-09 11:06:11.154 292 354 W StorageManagerService: No primary storage mounted!
03-09 11:06:11.154 292 354 D VoldConnector: SND -> {2 asec list}
03-09 11:06:11.155 292 355 D VoldConnector: RCV <- {200 2 asec operation succeeded}
03-09 11:06:11.213 292 292 D SystemServerTiming: StartDevicePolicyManager took to complete: 58ms
03-09 11:06:11.213 292 292 I SystemServer: StartStatusBarManagerService
03-09 11:06:11.222 292 292 D SystemServerTiming: StartStatusBarManagerService took to complete: 10ms
03-09 11:06:11.222 292 292 I SystemServer: StartClipboardService
03-09 11:06:11.222 292 292 I SystemServiceManager: Starting com.android.server.clipboard.ClipboardService
03-09 11:06:11.225 292 292 D SystemServerTiming: StartClipboardService took to complete: 3ms
03-09 11:06:11.225 292 292 I SystemServer: StartNetworkManagementService
03-09 11:06:11.245 292 357 I NetworkManagement: onDaemonConnected()
03-09 11:06:11.256 292 292 D SystemServerTiming: StartNetworkManagementService took to complete: 30ms
03-09 11:06:11.256 292 292 I SystemServer: StartTextServicesManager
