03-09 11:06:17.665 292 379 I SupplicantP2pIfaceHal: IServiceNotification.onRegistration for: android.hardware.wifi.supplicant@1.0::ISupplicant, default preexisting=true
03-09 11:06:17.665 292 379 I system_server: Looking for service android.hardware.wifi.supplicant@1.0::ISupplicant/default
03-09 11:06:17.666 292 379 I system_server: Starting thread pool.
03-09 11:06:17.667 292 379 D SupplicantP2pIfaceHal: entering getInterface()
03-09 11:06:17.667 292 379 E SupplicantP2pIfaceHal: initSupplicantP2pIface got null iface
03-09 11:06:17.667 292 379 E SupplicantP2pIfaceHal: initalizing ISupplicantIfaces failed.
03-09 11:06:17.704 292 307 W ActivityManager: Slow operation: 64ms so far, now at startProcess: building log message
03-09 11:06:17.704 292 307 I ActivityManager: Start proc 793:com.android.car.hvac/u0a11 for added application com.android.car.hvac
03-09 11:06:17.704 292 307 W ActivityManager: Slow operation: 65ms so far, now at startProcess: starting to update pids map
03-09 11:06:17.704 292 307 W ActivityManager: Slow operation: 65ms so far, now at startProcess: done updating pids map
03-09 11:06:17.706 292 307 I ActivityManager: User 0 state changed from RUNNING_UNLOCKING to RUNNING_UNLOCKED
03-09 11:06:17.707 292 307 I ActivityManager: Sending BOOT_COMPLETE user #0
03-09 11:06:17.721 292 359 I WifiService: getConfiguredNetworks uid=1000
03-09 11:06:17.727 412 432 I zygote : NativeAlloc concurrent copying GC freed 20493(1831KB) AllocSpace objects, 130(2MB) LOS objects, 50% free, 3MB/7MB, paused 563us total 356.758ms
03-09 11:06:17.727 412 500 I zygote : WaitForGcToComplete blocked ProfileSaver on HeapTrim for 184.180ms
03-09 11:06:17.735 591 591 D FallbackHome: User unlocked and real home found; let's go!
03-09 11:06:17.736 388 388 D BluetoothOppFileProvider: Initialized
03-09 11:06:17.740 492 492 D CarrierSvcBindHelper: Received android.intent.action.USER_UNLOCKED
03-09 11:06:17.748 492 492 E PhoneInterfaceManager: [PhoneIntfMgr] getCarrierPackageNamesForIntent: No UICC
03-09 11:06:17.748 492 492 D CarrierSvcBindHelper: No carrier app for: 0
03-09 11:06:17.767 292 517 I ActivityManager: START u0 {act=android.intent.action.MAIN cat=[android.intent.category.HOME] flg=0x10000100 cmp=com.android.support.car.lenspicker/.LensPickerTrampolineActivity} from uid 0
03-09 11:06:17.826 292 770 I BackupManagerService: Found stale backup journal, scheduling
03-09 11:06:17.889 171 171 I android.hardwar: type=1400 audit(0.0:69): avc: denied { accept } for lport=33452 scontext=u:r:hal_vehicle_default:s0 tcontext=u:r:hal_vehicle_default:s0 tclass=tcp_socket permissive=1
03-09 11:06:17.912 146 146 I ServiceManager: service 'media.audio_flinger' died
03-09 11:06:17.913 170 279 I r_submix: adev_close()
03-09 11:06:17.913 212 725 W AudioSystem: AudioFlinger server died!
03-09 11:06:17.913 292 566 W AudioSystem: AudioFlinger server died!
03-09 11:06:17.913 292 566 W AudioSystem: AudioPolicyService server died!
03-09 11:06:17.913 292 468 W SoundTrigger: Sound trigger service died!
03-09 11:06:17.914 433 456 W AudioSystem: AudioPolicyService server died!
03-09 11:06:17.914 146 146 I ServiceManager: service 'media.audio_policy' died
03-09 11:06:17.914 146 146 I ServiceManager: service 'media.sound_trigger_hw' died
03-09 11:06:17.915 292 375 E AudioService: Audioserver died.
03-09 11:06:17.926 292 517 I ActivityManager: Start proc 825:com.android.support.car.lenspicker/u0a38 for activity com.android.support.car.lenspicker/.LensPickerTrampolineActivity
03-09 11:06:17.933 388 388 V PbapClientService: onReceiveandroid.intent.action.USER_UNLOCKED
03-09 11:06:17.988 292 512 W ActivityManager: Slow operation: 55ms so far, now at startProcess: returned from zygote!
03-09 11:06:17.989 292 512 W ActivityManager: Slow operation: 55ms so far, now at startProcess: done updating battery stats
03-09 11:06:17.989 292 512 W ActivityManager: Slow operation: 55ms so far, now at startProcess: building log message
03-09 11:06:17.989 292 512 I ActivityManager: Start proc 841:com.android.smspush/u0a50 for service com.android.smspush/.WapPushManager
03-09 11:06:17.989 292 512 W ActivityManager: Slow operation: 55ms so far, now at startProcess: starting to update pids map
03-09 11:06:17.989 292 512 W ActivityManager: Slow operation: 55ms so far, now at startProcess: done updating pids map
03-09 11:06:17.989 292 512 W ActivityManager: Slow operation: 56ms so far, now at startProcess: done starting proc!
03-09 11:06:17.989 292 304 W zygote : Long monitor contention with owner Binder:292_6 (517) at void com.android.server.am.ActivityManagerService.activityPaused(android.os.IBinder)(ActivityManagerService.java:7438) waiters=1 in int com.android.server.am.ActivityManagerService.bindService(android.app.IApplicationThread, android.os.IBinder, android.content.Intent, java.lang.String, android.app.IServiceConnection, int, java.lang.String, int) for 201ms
03-09 11:06:18.019 292 292 I AccountManagerService: User 0 is unlocked - opening CE database
03-09 11:06:18.035 412 751 W AudioSystem: AudioPolicyService server died!
03-09 11:06:18.143 412 412 I Choreographer: Skipped 33 frames! The application may be doing too much work on its main thread.
03-09 11:06:18.168 771 771 I zygote : The ClassLoaderContext is a special shared library.
03-09 11:06:18.186 292 292 I ServiceManager: Waiting for service media.audio_policy...
03-09 11:06:18.189 841 841 I zygote : The ClassLoaderContext is a special shared library.
03-09 11:06:18.244 826 826 I modprobe: type=1400 audit(0.0:70): avc: denied { search } for name="events" dev="tracefs" ino=13177 scontext=u:r:vendor_modprobe:s0 tcontext=u:object_r:debugfs_wifi_tracing:s0 tclass=dir permissive=1
03-09 11:06:18.394 292 313 I AppWidgetServiceImpl: Async processing of onUserUnlocked u0 took 790 ms
03-09 11:06:18.416 292 375 E AudioService: Audioserver died.
03-09 11:06:18.447 15 15 I kdevtmpfs: type=1400 audit(0.0:71): avc: denied { write } for name="snd" dev="devtmpfs" ino=4832 scontext=u:r:kernel:s0 tcontext=u:object_r:device:s0 tclass=dir permissive=1
03-09 11:06:18.447 15 15 I kdevtmpfs: type=1400 audit(0.0:72): avc: denied { add_name } for name="controlC2" scontext=u:r:kernel:s0 tcontext=u:object_r:device:s0 tclass=dir permissive=1
03-09 11:06:18.447 15 15 I kdevtmpfs: type=1400 audit(0.0:73): avc: denied { create } for name="controlC2" scontext=u:r:kernel:s0 tcontext=u:object_r:device:s0 tclass=chr_file permissive=1
03-09 11:06:18.447 15 15 I kdevtmpfs: type=1400 audit(0.0:74): avc: denied { setattr } for name="controlC2" dev="devtmpfs" ino=14130 scontext=u:r:kernel:s0 tcontext=u:object_r:device:s0 tclass=chr_file permissive=1
03-09 11:06:18.452 292 312 D UsbAlsaManager: Adding ALSA device AlsaDevice: [card: 2, device: 0, type: 1]
03-09 11:06:18.456 292 306 W ActivityManager: Slow operation: 55ms so far, now at startProcess: returned from zygote!
03-09 11:06:18.456 292 306 W ActivityManager: Slow operation: 55ms so far, now at startProcess: done updating battery stats
03-09 11:06:18.456 292 306 W ActivityManager: Slow operation: 55ms so far, now at startProcess: building log message
03-09 11:06:18.456 292 306 I ActivityManager: Start proc 894:com.android.keychain/1000 for service com.android.keychain/.KeyChainService
03-09 11:06:18.456 292 306 W ActivityManager: Slow operation: 55ms so far, now at startProcess: starting to update pids map
03-09 11:06:18.456 292 306 W ActivityManager: Slow operation: 55ms so far, now at startProcess: done updating pids map
03-09 11:06:18.457 292 306 W ActivityManager: Slow operation: 55ms so far, now at startProcess: done starting proc!
03-09 11:06:18.459 292 312 D UsbAlsaManager: Adding ALSA device AlsaDevice: [card: 3, device: 0, type: 2]
03-09 11:06:18.471 825 825 D LensPickerTrampoline: DW4: oncreate
03-09 11:06:18.475 292 312 D UsbAlsaManager: Adding ALSA device AlsaDevice: [card: 4, device: 0, type: 2]
03-09 11:06:18.477 825 825 D LensPickerTrampoline: DW4: face id empty
03-09 11:06:18.489 825 825 D LensPickerTrampoline: DW4: No LAst run
03-09 11:06:18.489 825 825 D LensPickerTrampoline: DW4: Launch default
03-09 11:06:18.490 292 512 I ActivityManager: START u0 {cmp=com.android.car.mapsplaceholder/.MapsPlaceholderActivity} from uid 10038
03-09 11:06:18.513 292 584 D WificondControl: Scan result ready event
03-09 11:06:18.530 292 336 W System : ClassLoader referenced unknown path:
03-09 11:06:18.555 292 362 W WifiConfigManager: Looking up network with invalid networkId -1
03-09 11:06:18.566 292 362 W WifiConfigManager: Looking up network with invalid networkId -1
03-09 11:06:18.567 292 362 D WifiStateMachine: CMD_START_CONNECT sup state UninitializedState my state DisconnectedState nid=0 roam=false
03-09 11:06:18.571 221 221 W wificond: Scan is not started. Ignore abort request
03-09 11:06:18.571 292 362 D SupplicantStaIfaceHal: connectToNetwork "TIM-27454415"WPA_PSK
03-09 11:06:18.573 292 362 I SupplicantStaIfaceHal: addSupplicantStaNetwork via HIDL
03-09 11:06:18.597 292 336 D vndksupport: Loading /vendor/lib/hw/android.hardware.graphics.mapper@2.0-impl.so from current namespace instead of sphal namespace.
03-09 11:06:18.601 292 336 D vndksupport: Loading /vendor/lib/hw/gralloc.jacinto6.so from current namespace instead of sphal namespace.
03-09 11:06:18.614 15 15 I kdevtmpfs: type=1400 audit(0.0:75): avc: denied { create } for name="i2c-0" scontext=u:r:kernel:s0 tcontext=u:object_r:device:s0 tclass=chr_file permissive=1
03-09 11:06:18.614 15 15 I kdevtmpfs: type=1400 audit(0.0:76): avc: denied { setattr } for name="i2c-0" dev="devtmpfs" ino=14175 scontext=u:r:kernel:s0 tcontext=u:object_r:device:s0 tclass=chr_file permissive=1
03-09 11:06:18.641 292 584 W ActivityManager: Slow operation: 75ms so far, now at startProcess: returned from zygote!
03-09 11:06:18.641 292 584 W ActivityManager: Slow operation: 76ms so far, now at startProcess: done updating battery stats
03-09 11:06:18.641 292 584 W ActivityManager: Slow operation: 76ms so far, now at startProcess: building log message
03-09 11:06:18.641 292 584 I ActivityManager: Start proc 912:com.android.car.mapsplaceholder/u0a34 for activity com.android.car.mapsplaceholder/.MapsPlaceholderActivity
03-09 11:06:18.641 292 584 W ActivityManager: Slow operation: 76ms so far, now at startProcess: starting to update pids map
03-09 11:06:18.641 292 584 W ActivityManager: Slow operation: 76ms so far, now at startProcess: done updating pids map
03-09 11:06:18.641 292 584 W ActivityManager: Slow operation: 76ms so far, now at startProcess: done starting proc!
03-09 11:06:18.697 511 511 I wpa_supplicant: wlan0: Trying to associate with SSID 'TIM-27454415'
03-09 11:06:18.745 894 894 I zygote : The ClassLoaderContext is a special shared library.
03-09 11:06:18.759 771 771 I AlarmClock: AlarmInitReceiver android.intent.action.LOCKED_BOOT_COMPLETED
03-09 11:06:18.759 412 412 I Choreographer: Skipped 36 frames! The application may be doing too much work on its main thread.
03-09 11:06:18.795 511 511 I wpa_supplicant: wlan0: Associated with 22:b0:01:a2:eb:d8
03-09 11:06:18.806 292 312 D UsbAlsaManager: Adding ALSA device AlsaDevice: [card: 5, device: 0, type: 2]
03-09 11:06:18.814 292 312 D UsbAlsaManager: Adding ALSA device AlsaDevice: [card: 6, device: 0, type: 1]
03-09 11:06:18.815 292 312 D UsbAlsaManager: Adding ALSA device AlsaDevice: [card: 6, device: 0, type: 2]
03-09 11:06:18.825 292 312 D UsbAlsaManager: Adding ALSA device AlsaDevice: [card: 0, device: 0, type: 1]
03-09 11:06:18.833 771 925 I AlarmClock: Fixing alarm instances
03-09 11:06:18.917 292 375 E AudioService: Audioserver died.
03-09 11:06:18.931 933 934 I adbd : initializing functionfs
03-09 11:06:18.932 933 934 I adbd : opening control endpoint /dev/usb-ffs/adb/ep0
03-09 11:06:18.958 511 511 I wpa_supplicant: wlan0: WPA: Key negotiation completed with 22:b0:01:a2:eb:d8 [PTK=CCMP GTK=CCMP]
03-09 11:06:18.958 511 511 I wpa_supplicant: wlan0: CTRL-EVENT-CONNECTED - Connection to 22:b0:01:a2:eb:d8 completed [id=0 id_str=%7B%22configKey%22%3A%22%5C%22TIM-27454415%5C%22WPA_PSK%22%2C%22creatorUid%22%3A%221000%22%7D]
03-09 11:06:18.980 771 925 V AlarmClock: AlarmInitReceiver finished
03-09 11:06:18.984 292 362 D ConnectivityService: registerNetworkAgent NetworkAgentInfo{ ni{[type: WIFI[], state: CONNECTING/CONNECTING, reason: (unspecified), extra: "TIM-27454415", failover: false, available: true, roaming: false]} network{100} nethandle{429513165534} lp{{LinkAddresses: [] Routes: [] DnsAddresses: [] Domains: null MTU: 0}} nc{[ Transports: WIFI Capabilities: NOT_METERED&INTERNET&NOT_RESTRICTED&TRUSTED&NOT_VPN LinkUpBandwidth>=1048576Kbps LinkDnBandwidth>=1048576Kbps]} Score{20} everValidated{false} lastValidated{false} created{false} lingering{false} explicitlySelected{false} acceptUnvalidated{false} everCaptivePortalDetected{false} lastCaptivePortalDetected{false} clat{null} }
03-09 11:06:18.984 292 367 D ConnectivityService: NetworkAgentInfo [WIFI () - 100] EVENT_NETWORK_INFO_CHANGED, going from null to CONNECTING
03-09 11:06:18.995 292 517 I ActivityManager: Start proc 940:android.process.media/u0a19 for broadcast com.android.providers.downloads/.DownloadReceiver
03-09 11:06:19.007 180 180 D WifiHAL : Getting APF capabilities, halHandle = 0xae019700
03-09 11:06:19.007 180 180 I WifiHAL :
03-09 11:06:19.007 180 180 I WifiHAL : createRequest: APF get capabilities request
03-09 11:06:19.007 180 180 I WifiHAL : Request Response failed for APF, result = -95
03-09 11:06:19.027 292 362 E WifiVendorHal: getApfCapabilities(l.1538) failed {.code = ERROR_NOT_AVAILABLE, .description = }
03-09 11:06:19.041 292 362 E WifiVendorHal: getWifiLinkLayerStats(l.699) failed {.code = ERROR_NOT_AVAILABLE, .description = }
03-09 11:06:19.056 292 362 E WifiVendorHal: getWifiLinkLayerStats(l.699) failed {.code = ERROR_NOT_AVAILABLE, .description = }
03-09 11:06:19.080 292 960 D DhcpClient: Receive thread started
03-09 11:06:19.085 292 362 E WifiVendorHal: configureNeighborDiscoveryOffload(l.2240) failed {.code = ERROR_NOT_AVAILABLE, .description = }
03-09 11:06:19.093 171 171 I android.hardwar: type=1400 audit(0.0:77): avc: denied { accept } for lport=33452 scontext=u:r:hal_vehicle_default:s0 tcontext=u:r:hal_vehicle_default:s0 tclass=tcp_socket permissive=1
03-09 11:06:19.115 912 961 D OpenGLRenderer: HWUI GL Pipeline
03-09 11:06:19.153 912 961 D vndksupport: Loading /vendor/lib/hw/gralloc.jacinto6.so from current namespace instead of sphal namespace.
03-09 11:06:19.166 940 940 I zygote : The ClassLoaderContext is a special shared library.
03-09 11:06:19.175 912 961 D vndksupport: Loading /vendor/lib/hw/gralloc.jacinto6.so from current namespace instead of sphal namespace.
03-09 11:06:19.179 912 961 I com.android.car.mapsplaceholder: android::hardware::configstore::V1_0::ISurfaceFlingerConfigs::hasWideColorDisplay retrieved: 0
03-09 11:06:19.179 912 961 I OpenGLRenderer: Initialized EGL, version 1.4
03-09 11:06:19.179 912 961 D OpenGLRenderer: Swap behavior 1
03-09 11:06:19.186 292 292 I ServiceManager: Waiting for service media.audio_policy...
03-09 11:06:19.206 292 362 E WifiVendorHal: getWifiLinkLayerStats(l.699) failed {.code = ERROR_NOT_AVAILABLE, .description = }
03-09 11:06:19.250 912 961 D vndksupport: Loading /vendor/lib/hw/android.hardware.graphics.mapper@2.0-impl.so from current namespace instead of sphal namespace.
03-09 11:06:19.251 912 961 D vndksupport: Loading /vendor/lib/hw/gralloc.jacinto6.so from current namespace instead of sphal namespace.
03-09 11:06:19.295 292 315 I ActivityManager: Displayed com.android.car.mapsplaceholder/.MapsPlaceholderActivity: +710ms
03-09 11:06:19.301 940 940 I zygote : The ClassLoaderContext is a special shared library.
03-09 11:06:19.317 292 964 D OpenGLRenderer: HWUI GL Pipeline
03-09 11:06:19.321 292 299 W JHwRemoteBinder: BinderProxy is being destroyed but the application did not call unlinkToDeath to unlink all of its death recipients beforehand. Releasing leaked death recipient: com.android.server.wifi.p2p.-$Lambda$gT4KmMIiMXRpxldJVwXfElmESAo$19
03-09 11:06:19.322 292 302 I zygote : Background concurrent copying GC freed 30108(2MB) AllocSpace objects, 26(716KB) LOS objects, 42% free, 6MB/10MB, paused 1.316ms total 800.064ms
03-09 11:06:19.326 292 964 D vndksupport: Loading /vendor/lib/hw/gralloc.jacinto6.so from current namespace instead of sphal namespace.
03-09 11:06:19.333 292 964 D vndksupport: Loading /vendor/lib/hw/gralloc.jacinto6.so from current namespace instead of sphal namespace.
03-09 11:06:19.343 292 964 I system_server: android::hardware::configstore::V1_0::ISurfaceFlingerConfigs::hasWideColorDisplay retrieved: 0
03-09 11:06:19.344 292 964 I OpenGLRenderer: Initialized EGL, version 1.4
03-09 11:06:19.344 292 964 D OpenGLRenderer: Swap behavior 1
03-09 11:06:19.395 292 964 D vndksupport: Loading /vendor/lib/hw/gralloc.jacinto6.so from current namespace instead of sphal namespace.
03-09 11:06:19.398 292 964 D vndksupport: Loading /vendor/lib/hw/gralloc.jacinto6.so from current namespace instead of sphal namespace.
03-09 11:06:19.398 292 964 I system_server: android::hardware::configstore::V1_0::ISurfaceFlingerConfigs::hasWideColorDisplay retrieved: 0
03-09 11:06:19.399 292 964 I OpenGLRenderer: Initialized EGL, version 1.4
03-09 11:06:19.399 292 964 D OpenGLRenderer: Swap behavior 1
03-09 11:06:19.419 292 375 E AudioService: Audioserver died.
03-09 11:06:19.522 940 940 D MediaScannerReceiver: action: android.intent.action.MEDIA_MOUNTED path: /storage/emulated/0
03-09 11:06:19.553 921 921 I FastMixerState: sMaxFastTracks = 8
03-09 11:06:19.557 921 921 I audioserver: ServiceManager: 0xac199500
03-09 11:06:19.561 921 921 I AudioFlinger: Using default 3000 mSec as standby time.
03-09 11:06:19.562 921 921 E APM::Serializer: deserialize: Could not parse /odm/etc/audio_policy_configuration.xml document.
03-09 11:06:19.574 170 279 D vndksupport: Loading /vendor/lib/hw/audio.primary.jacinto6.so from current namespace instead of sphal namespace.
03-09 11:06:19.575 170 279 I audio_hw_primary: adev_open() audio_hw_if
03-09 11:06:19.575 170 279 I audio_hw_primary: ## mixer name: AudioOut
03-09 11:06:19.575 170 279 I audio_hw_primary: Supported card 'AudioOut' found at 2
03-09 11:06:19.575 170 279 I audio_hw_primary: adev_open() media card is hw:2
03-09 11:06:19.575 170 279 I audio_hw_primary: ## mixer name: AudioOut
03-09 11:06:19.576 170 279 I audio_hw_primary: ## mixer name: AudioIn1
03-09 11:06:19.576 170 279 I audio_hw_primary: Supported card 'AudioIn1' found at 3
03-09 11:06:19.576 170 279 I audio_hw_primary: adev_open() media in card is hw:3
03-09 11:06:19.576 170 279 I audio_hw_primary: ## mixer name: AudioOut
03-09 11:06:19.576 170 279 I audio_hw_primary: ## mixer name: AudioIn1
03-09 11:06:19.576 170 279 I audio_hw_primary: ## mixer name: AudioIn2
03-09 11:06:19.576 170 279 I audio_hw_primary: ## mixer name: Radio_Audio_Link
03-09 11:06:19.576 170 279 I audio_hw_primary: Supported card 'Radio_Audio_Link' found at 5
03-09 11:06:19.577 170 279 I audio_hw_primary: adev_open() media radio card is hw:5
03-09 11:06:19.577 170 279 I audio_hw_primary: ## mixer name: AudioOut
03-09 11:06:19.577 170 279 I audio_hw_primary: ## mixer name: AudioIn1
03-09 11:06:19.577 170 279 I audio_hw_primary: ## mixer name: AudioIn2
03-09 11:06:19.577 170 279 I audio_hw_primary: ## mixer name: Radio_Audio_Link
03-09 11:06:19.577 170 279 I audio_hw_primary: ## mixer name: BT_SCO
03-09 11:06:19.577 170 279 I audio_hw_primary: Supported card 'BT_SCO' found at 6
03-09 11:06:19.577 170 279 I audio_hw_primary: adev_open() bluetooth SCO card is hw:6
03-09 11:06:19.577 170 279 I audio_hw_primary: ## mixer name: AudioOut
03-09 11:06:19.578 170 279 I audio_hw_primary: ## mixer name: AudioIn1
03-09 11:06:19.579 170 279 I audio_hw_primary: ## mixer name: AudioIn2
03-09 11:06:19.579 170 279 I audio_hw_primary: ## mixer name: Radio_Audio_Link
03-09 11:06:19.579 170 279 I audio_hw_primary: ## mixer name: BT_SCO
03-09 11:06:19.579 170 279 I audio_hw_primary: ## mixer card num: 7
03-09 11:06:19.579 170 279 W audio_hw_primary: adev_open() JAMR card not found
03-09 11:06:19.591 170 279 E audio_route: Control 'Left Input Mixer IN1L P SE' doesn't exist - skipping
03-09 11:06:19.591 170 279 E audio_route: Control 'Right Input Mixer IN1R M SE' doesn't exist - skipping
03-09 11:06:19.591 170 279 E audio_route: Control 'Left PGA Volume Control' doesn't exist - skipping
03-09 11:06:19.591 170 279 E audio_route: Control 'Right PGA Volume Control' doesn't exist - skipping
03-09 11:06:19.591 170 279 E audio_route: Control 'Left ADC Digital Volume Control' doesn't exist - skipping
03-09 11:06:19.591 170 279 E audio_route: Control 'Right ADC Digital Volume Control' doesn't exist - skipping
03-09 11:06:19.592 170 269 W DeviceHAL: Device 0xb095d000 get_master_volume: Function not implemented
03-09 11:06:19.592 170 269 W DeviceHAL: Device 0xb095d000 get_master_mute: Function not implemented
03-09 11:06:19.592 170 269 W DeviceHAL: Device 0xb095d000 set_master_volume: Function not implemented
03-09 11:06:19.592 170 269 W DeviceHAL: Device 0xb095d000 set_master_mute: Function not implemented
03-09 11:06:19.592 921 921 I AudioFlinger: loadHwModule() Loaded primary audio interface, handle 10
03-09 11:06:19.592 921 921 I AudioFlinger: openOutput() this 0xac1bd000, module 10 Device 2, SamplingRate 44100, Format 0x000001, Channels 3, flags 2
03-09 11:06:19.596 921 921 I AudioFlinger: HAL output buffer size 256 frames, normal sink buffer size 768 frames
03-09 11:06:19.598 170 269 E EffectsConfig: Failed to parse /vendor/etc/audio_effects.xml: Tinyxml2 error (3): /vendor/etc/audio_effects.xml (null)
03-09 11:06:19.598 170 269 E EffectsFactoryConfigLoader: Failed to parse XML configuration file
03-09 11:06:19.598 170 269 W EffectsFactory: Failed to load XML effect configuration, fallback to .conf
03-09 11:06:19.616 921 921 I BufferProvider: found effect "Multichannel Downmix To Stereo" from The Android Open Source Project
03-09 11:06:19.617 921 921 I AudioFlinger: Using module 10 as the primary audio interface
03-09 11:06:19.617 170 269 E audio_hw_primary: adev_set_mode() mode=0x00000000
03-09 11:06:19.617 170 269 E audio_hw_primary: adev_set_mode() already in mode=0x00000000
03-09 11:06:19.617 921 921 W AudioFlinger: moveEffects() bad srcOutput 0
03-09 11:06:19.617 921 979 I AudioFlinger: AudioFlinger's thread 0xaba21140 tid=979 ready to run
03-09 11:06:19.618 921 979 W AudioFlinger: no wake lock to update, system not ready yet
03-09 11:06:19.622 921 979 W AudioFlinger: no wake lock to update, system not ready yet
03-09 11:06:19.623 170 269 I audio_hw_primary: adev_open_input_stream() stream=0xb03831c0 rate=48000 channels=2 format=0x00000001
03-09 11:06:19.631 921 981 I AudioFlinger: AudioFlinger's thread 0xab483340 tid=981 ready to run
03-09 11:06:19.639 921 921 I bt_a2dp_hw: adev_open: adev_open in A2dp_hw module
03-09 11:06:19.639 921 921 I AudioFlinger: loadHwModule() Loaded a2dp audio interface, handle 18
03-09 11:06:19.639 170 269 E DevicesFactoryHAL: loadAudioInterface couldn't load audio hw module audio.usb (No such file or directory)
03-09 11:06:19.639 921 921 E AudioFlinger: loadHwModule() error -22 loading module usb
03-09 11:06:19.639 921 921 W APM_AudioPolicyManager: could not open HW module usb
03-09 11:06:19.639 170 269 D vndksupport: Loading /vendor/lib/hw/audio.r_submix.default.so from current namespace instead of sphal namespace.
03-09 11:06:19.640 170 269 I r_submix: adev_open(name=audio_hw_if)
03-09 11:06:19.640 170 269 I r_submix: adev_init_check()
03-09 11:06:19.641 170 269 W DeviceHAL: Device 0xafd83c80 set_master_mute: Function not implemented
03-09 11:06:19.641 921 921 I AudioFlinger: loadHwModule() Loaded r_submix audio interface, handle 26
03-09 11:06:19.641 170 269 D r_submix: adev_open_input_stream(addr=0)
03-09 11:06:19.641 170 269 D r_submix: submix_audio_device_create_pipe_l(addr=0, idx=9)
03-09 11:06:19.641 170 269 D r_submix: now using address 0 for route 9
03-09 11:06:19.642 921 982 I AudioFlinger: AudioFlinger's thread 0xab483c00 tid=982 ready to run
03-09 11:06:19.642 170 269 D r_submix: adev_close_input_stream()
03-09 11:06:19.643 170 269 D r_submix: submix_audio_device_release_pipe_l(idx=9) addr=0
03-09 11:06:19.643 170 269 D r_submix: submix_audio_device_destroy_pipe_l(): pipe destroyed
03-09 11:06:19.643 921 921 E EffectsConfig: Failed to parse /vendor/etc/audio_effects.xml: Tinyxml2 error (3): /vendor/etc/audio_effects.xml (null)
03-09 11:06:19.643 921 921 W AudioPolicyEffects: Failed to load XML effect configuration, fallback to .conf
03-09 11:06:19.644 147 147 W /system/bin/hwservicemanager: getTransport: Cannot find entry android.hardware.soundtrigger@2.0::ISoundTriggerHw/default in either framework or device manifest.
03-09 11:06:19.645 921 921 I SoundTriggerHalHidl: getProperties res implementor
03-09 11:06:19.645 921 921 I SoundTriggerHalHidl: getProperties ret -19
03-09 11:06:19.645 921 921 E SoundTriggerHwService: could not read implementation properties
03-09 11:06:19.672 940 940 D MediaScannerReceiver: action: android.intent.action.MEDIA_MOUNTED path: /storage/0911-1049
03-09 11:06:19.923 292 375 E AudioService: Audioserver started.
03-09 11:06:19.924 921 921 D PermissionCache: checking android.permission.MODIFY_AUDIO_SETTINGS for uid=1000 => granted (497 us)
03-09 11:06:19.969 933 934 I adbd : functionfs successfully initialized
03-09 11:06:19.969 933 934 I adbd : registering usb transport
03-09 11:06:20.061 166 192 D NetlinkEvent: Unknown ND option type 31
03-09 11:06:20.188 170 269 E audio_hw_primary: adev_set_mode() mode=0x00000000
03-09 11:06:20.188 170 269 E audio_hw_primary: adev_set_mode() already in mode=0x00000000
03-09 11:06:20.188 921 977 W APM::AudioPolicyEngine: setPhoneState() setting same state 0
03-09 11:06:20.188 921 977 W APM_AudioPolicyManager: setPhoneState() invalid or same state 0
03-09 11:06:20.193 292 292 D BackupTransportManager: Bound to transport: android/com.android.internal.backup.LocalTransportService
03-09 11:06:20.200 921 977 D PermissionCache: checking android.permission.MODIFY_AUDIO_ROUTING for uid=1000 => granted (289 us)
03-09 11:06:20.201 921 977 I AudioFlinger: systemReady
03-09 11:06:20.241 292 306 I SyncManager: Loaded persisted syncs: 0 periodic syncs, 0 oneshot syncs, 7 total system server jobs, JobStats: FirstLoad: 0/0/0 LastSave: -1/-1/-1
03-09 11:06:20.268 292 292 I Telecom : WiredHeadsetManager: ACTION_HEADSET_PLUG event, plugged in: false, : WHC.oADA@AAw
03-09 11:06:20.304 292 292 I Telecom : DefaultDialerCache: Refreshing default dialer for user 0: now com.android.car.dialer: DDC.oR@AA0
03-09 11:06:20.308 492 492 D CarrierConfigLoader: mHandler: 13 phoneId: 0
03-09 11:06:20.311 292 1002 I RecoverySystem: No recovery log file
03-09 11:06:20.321 292 1002 I BootReceiver: Copying audit failures to DropBox
03-09 11:06:20.322 292 1002 I BootReceiver: Checking for fsck errors
03-09 11:06:20.323 292 1002 I BootReceiver: fs_stat, partition:cache stat:0x3
03-09 11:06:20.323 292 1002 I BootReceiver: fs_stat, partition:userdata stat:0x3
03-09 11:06:20.333 292 1003 I ActivityManager: Start proc 1004:android.process.acore/u0a1 for content provider com.android.providers.contacts/.CallLogProvider
03-09 11:06:20.377 292 304 I ActivityManager: Start proc 1017:android.car.usb.handler/u0a3 for broadcast android.car.usb.handler/.BootUsbScanner
03-09 11:06:20.435 1004 1004 I zygote : The ClassLoaderContext is a special shared library.
03-09 11:06:20.495 1017 1017 I zygote : The ClassLoaderContext is a special shared library.
03-09 11:06:20.524 292 584 I ActivityManager: START u0 {act=android.hardware.usb.action.USB_DEVICE_ATTACHED flg=0x10000000 cmp=android.car.usb.handler/.UsbHostManagementActivity (has extras)} from uid 10003
03-09 11:06:20.535 1017 1017 D UsbDeviceConnectionJNI: close
03-09 11:06:20.536 1017 1017 D UsbDeviceConnectionJNI: close
03-09 11:06:20.570 292 584 I ActivityManager: Start proc 1037:com.android.calendar/u0a45 for broadcast com.android.calendar/.alerts.AlertReceiver
03-09 11:06:20.625 1017 1017 W UsbSettingsStorage: Usb setting missing for device: UsbDevice[mName=/dev/bus/usb/001/003,mVendorId=7725,mProductId=97,mClass=0,mSubclass=0,mProtocol=0,mManufacturerName=Cinterion,mProductName=LTE Modem,mVersion=2.0,mSerialNumber=null,mConfigurations=[
03-09 11:06:20.625 1017 1017 W UsbSettingsStorage: UsbConfiguration[mId=1,mName=null,mAttributes=224,mMaxPower=10,mInterfaces=[
03-09 11:06:20.625 1017 1017 W UsbSettingsStorage: UsbInterface[mId=0,mAlternateSetting=0,mName=CDC Abstract Control Model (ACM),mClass=2,mSubclass=2,mProtocol=1,mEndpoints=[
03-09 11:06:20.625 1017 1017 W UsbSettingsStorage: UsbEndpoint[mAddress=130,mAttributes=3,mMaxPacketSize=64,mInterval=9]]
03-09 11:06:20.625 1017 1017 W UsbSettingsStorage: UsbInterface[mId=1,mAlternateSetting=0,mName=CDC ACM Data,mClass=10,mSubclass=0,mProtocol=0,mEndpoints=[
03-09 11:06:20.625 1017 1017 W UsbSettingsStorage: UsbEndpoint[mAddress=129,mAttributes=2,mMaxPacketSize=512,mInterval=0]
03-09 11:06:20.625 1017 1017 W UsbSettingsStorage: UsbEndpoint[mAddress=1,mAttributes=2,mMaxPacketSize=512,mInterval=0]]
03-09 11:06:20.625 1017 1017 W UsbSettingsStorage: UsbInterface[mId=2,mAlternateSetting=0,mName=CDC Abstract Control Model (ACM),mClass=2,mSubclass=2,mProtocol=1,mEndpoints=[
03-09 11:06:20.625 1017 1017 W UsbSettingsStorage: UsbEndpoint[mAddress=132,mAttributes=3,mMaxPacketSize=64,mInterval=9]]
03-09 11:06:20.625 1017 1017 W UsbSettingsStorage: UsbInterface[mId=3,mAlternateSetting=0,mName=CDC ACM Data,mClass=10,mSubclass=0,mProtocol=0,mEndpoints=[
03-09 11:06:20.625 1017 1017 W UsbSettingsStorage: UsbEndpoint[mAddress=131,mAttributes=2,mMaxPacketSize=512,mInterval=0]
03-09 11:06:20.625 1017 1017 W UsbSettingsStorage: UsbEndpoint[mAddress=2,mAttributes=2,mMaxPacketSize=512,mInterval=0]]
03-09 11:06:20.625 1017 1017 W UsbSettingsStorage: UsbInterface[mId=4,mAlternateSetting=0,mName=CDC Abstract Control Model (ACM),mClass=2,mSubclass=2,mProtocol=1,mEndpoints=[
03-09 11:06:20.625 1017 1017 W UsbSettingsStorage: UsbEndpoint[mAddress=134,mAttributes=3,mMaxPacketSize=64,mInterval=9]]
03-09 11:06:20.625 1017 1017 W UsbSettingsStorage: UsbInterface[mId=5,mAlternateSetting=0,mName=CDC ACM Data,mClass=10,mSubclass=0,mProtocol=0,mEndpoints=[
03-09 11:06:20.625 1017 1017 W UsbSettingsStorage: UsbEndpoint[mAddress=133,mAttributes=2,mMaxPacketSize=512,mInterval=0]
03-09 11:06:20.625 1017 1017 W UsbSettingsStorage: UsbEndpoint[mAddress=3,mAttributes=2,mMaxPacketSize=512,mInterval=0]]
03-09 11:06:20.625 1017 1017 W UsbSettingsStorage: UsbInterface[mId=6,mAlternateSetting=0,mName=CDC Abstract Control Model (ACM),mClass=2,mSubclass=2,mProtocol=1,mEndpoints=[
03-09 11:06:20.625 1017 1017 W UsbSettingsStorage: UsbEndpoint[mAddress=136,mAttributes=3,mMaxPacketSize=64,mInterval=9]]
03-09 11:06:20.625 1017 1017 W UsbSettingsStorage: UsbInterface[mId=7,mAlternateSetting=0,mName=CDC ACM Data,mClass=10,mSubclass=0,mProtocol=0,mEndpoints=[
03-09 11:06:20.625 1017 1017 W UsbSettingsStorage: UsbEndpoint[mAddress=135,mAttributes=2,mMaxPacketSize=512,mInterval=0]
03-09 11:06:20.625 1017 1017 W UsbSettingsStorage: UsbEndpoint[mAddress=4,mAttributes=2,mMaxPacketSize=512,mInterval=0]]
03-09 11:06:20.625 1017 1017 W UsbSettingsStorage: UsbInterface[mId=8,mAlternateSetting=0,mName=CDC Abstract Control Model (ACM) for DIAG,mClass=2,mSubclass=2,mProtocol=1,mEndpoints=[
03-09 11:06:20.625 1017 1017 W UsbSettingsStorage: UsbEndpoint[mAddress=138,mAttributes=3,mMaxPacketSize=64,mInterval=9]]
03-09 11:06:20.625 1017 1017 W UsbSettingsStorage: UsbInterface[mId=9,mAlternateSetting=0,mName=CDC ACM Data for DIAG,mClass=10,mSubclass=0,mProtocol=0,mEndpoints=[
03-09 11:06:20.625 1017 1017 W UsbSettingsStorage: UsbEndpoint[mAddress=137,mAttributes=2,mMaxPacketSize=512,mInterval=0]
03-09 11:06:20.625 1017 1017 W UsbSettingsStorage: UsbEndpoint[mAddress=5,mAttributes=2,mMaxPacketSize=512,mInterval=0]]
03-09 11:06:20.625 1017 1017 W UsbSettingsStorage: UsbInterface[mId=10,mAlternateSetting=0,mName=CDC Ethernet Control Model (ECM) for RmNet,mClass=2,mSubclass=6,mProtocol=0,mEndpoints=[
03-09 11:06:20.625 1017 1017 W UsbSettingsStorage: UsbEndpoint[mAddress=140,mAttributes=3,mMaxPacketSize=64,mInterval=9]]
03-09 11:06:20.625 1017 1017 W UsbSettingsStorage: UsbInterface[mId=11,mAlternateSetting=0,mName=CDC Ethernet Data for RmNet,mClass=10,mSubclass=0,mProtocol=0,mEndpoints=[]
03-09 11:06:20.625 1017 1017 W UsbSettingsStorage: UsbInterface[mId=11,mAlternateSetting=1,mName=CDC Ethernet Data for RmNet,mClass=10,mSubclass=0,mProtocol=0,mEndpoints=[
03-09 11:06:20.625 1017 1017 W UsbSettingsStorage: UsbEndpoint[mAddress=139,mAttributes=2,mMaxPacketSize=512,mInterval=0]
03-09 11:06:20.625 1017 1017 W UsbSettingsStorage: UsbEndpoint[mAddress=6,mAttributes=2,mMaxPacketSize=512,mInterval=0]]
03-09 11:06:20.625 1017 1017 W UsbSettingsStorage: UsbInterface[mId=12,mAlternateSetting=0,mName=CDC Ethernet Control Model (ECM) for RmNet,mClass=2,mSubclass=6,mProtocol=0,mEndpoints=[
03-09 11:06:20.625 1017 1017 W UsbSettingsStorage: UsbEndpoint[mAddress=142,mAttributes=3,mMaxPacketSize=64,mInterval=9]]
03-09 11:06:20.625 1017 1017 W UsbSettingsStorage: UsbInterface[mId=13,mAlternateSetting=0,mName=CDC Ethernet Data for RmNet,mClass=10,mSubclass=0,mProtocol=0,mEndpoints=[]
03-09 11:06:20.625 1017 1017 W UsbSettingsStorage: UsbInterface[mId=13,mAlternateSetting=1,mName=CDC Ethernet Data for RmNet,mClass=10,mSubclass=0,mProtocol=0,mEndpoints=[
03-09 11:06:20.625 1017 1017 W UsbSettingsStorage: UsbEndpoint[mAddress=141,mAttributes=2,mMaxPacketSize=512,mInterval=0]
03-09 11:06:20.625 1017 1017 W UsbSettingsStorage: UsbEndpoint[mAddress=7,mAttributes=2,mMaxPacketSize=512,mInterval=0]]]]
03-09 11:06:20.630 1017 1051 D UsbDeviceHandlerResolver: doHandleResolveHandlers: UsbDevice[mName=/dev/bus/usb/001/003,mVendorId=7725,mProductId=97,mClass=0,mSubclass=0,mProtocol=0,mManufacturerName=Cinterion,mProductName=LTE Modem,mVersion=2.0,mSerialNumber=null,mConfigurations=[
03-09 11:06:20.630 1017 1051 D UsbDeviceHandlerResolver: UsbConfiguration[mId=1,mName=null,mAttributes=224,mMaxPower=10,mInterfaces=[
03-09 11:06:20.630 1017 1051 D UsbDeviceHandlerResolver: UsbInterface[mId=0,mAlternateSetting=0,mName=CDC Abstract Control Model (ACM),mClass=2,mSubclass=2,mProtocol=1,mEndpoints=[
03-09 11:06:20.630 1017 1051 D UsbDeviceHandlerResolver: UsbEndpoint[mAddress=130,mAttributes=3,mMaxPacketSize=64,mInterval=9]]
03-09 11:06:20.630 1017 1051 D UsbDeviceHandlerResolver: UsbInterface[mId=1,mAlternateSetting=0,mName=CDC ACM Data,mClass=10,mSubclass=0,mProtocol=0,mEndpoints=[
03-09 11:06:20.630 1017 1051 D UsbDeviceHandlerResolver: UsbEndpoint[mAddress=129,mAttributes=2,mMaxPacketSize=512,mInterval=0]
03-09 11:06:20.630 1017 1051 D UsbDeviceHandlerResolver: UsbEndpoint[mAddress=1,mAttributes=2,mMaxPacketSize=512,mInterval=0]]
03-09 11:06:20.630 1017 1051 D UsbDeviceHandlerResolver: UsbInterface[mId=2,mAlternateSetting=0,mName=CDC Abstract Control Model (ACM),mClass=2,mSubclass=2,mProtocol=1,mEndpoints=[
03-09 11:06:20.630 1017 1051 D UsbDeviceHandlerResolver: UsbEndpoint[mAddress=132,mAttributes=3,mMaxPacketSize=64,mInterval=9]]
03-09 11:06:20.630 1017 1051 D UsbDeviceHandlerResolver: UsbInterface[mId=3,mAlternateSetting=0,mName=CDC ACM Data,mClass=10,mSubclass=0,mProtocol=0,mEndpoints=[
03-09 11:06:20.630 1017 1051 D UsbDeviceHandlerResolver: UsbEndpoint[mAddress=131,mAttributes=2,mMaxPacketSize=512,mInterval=0]
03-09 11:06:20.630 1017 1051 D UsbDeviceHandlerResolver: UsbEndpoint[mAddress=2,mAttributes=2,mMaxPacketSize=512,mInterval=0]]
03-09 11:06:20.630 1017 1051 D UsbDeviceHandlerResolver: UsbInterface[mId=4,mAlternateSetting=0,mName=CDC Abstract Control Model (ACM),mClass=2,mSubclass=2,mProtocol=1,mEndpoints=[
03-09 11:06:20.630 1017 1051 D UsbDeviceHandlerResolver: UsbEndpoint[mAddress=134,mAttributes=3,mMaxPacketSize=64,mInterval=9]]
03-09 11:06:20.630 1017 1051 D UsbDeviceHandlerResolver: UsbInterface[mId=5,mAlternateSetting=0,mName=CDC ACM Data,mClass=10,mSubclass=0,mProtocol=0,mEndpoints=[
03-09 11:06:20.630 1017 1051 D UsbDeviceHandlerResolver: UsbEndpoint[mAddress=133,mAttributes=2,mMaxPacketSize=512,mInterval=0]
03-09 11:06:20.630 1017 1051 D UsbDeviceHandlerResolver: UsbEndpoint[mAddress=3,mAttributes=2,mMaxPacketSize=512,mInterval=0]]
03-09 11:06:20.630 1017 1051 D UsbDeviceHandlerResolver: UsbInterface[mId=6,mAlternateSetting=0,mName=CDC Abstract Control Model (ACM),mClass=2,mSubclass=2,mProtocol=1,mEndpoints=[
03-09 11:06:20.630 1017 1051 D UsbDeviceHandlerResolver: UsbEndpoint[mAddress=136,mAttributes=3,mMaxPacketSize=64,mInterval=9]]
03-09 11:06:20.630 1017 1051 D UsbDeviceHandlerResolver: UsbInterface[mId=7,mAlternateSetting=0,mName=CDC ACM Data,mClass=10,mSubclass=0,mProtocol=0,mEndpoints=[
03-09 11:06:20.630 1017 1051 D UsbDeviceHandlerResolver: UsbEndpoint[mAddress=135,mAttributes=2,mMaxPacketSize=512,mInterval=0]
03-09 11:06:20.630 1017 1051 D UsbDeviceHandlerResolver: UsbEndpoint[mAddress=4,mAttributes=2,mMaxPacketSize=512,mInterval=0]]
03-09 11:06:20.630 1017 1051 D UsbDeviceHandlerResolver: UsbInterface[mId=8,mAlternateSetting=0,mName=CDC Abstract Control Model (ACM) for DIAG,mClass=2,mSubclass=2,mProtocol=1,mEndpoints=[
03-09 11:06:20.630 1017 1051 D UsbDeviceHandlerResolver: UsbEndpoint[mAddress=138,mAttributes=3,mMaxPacketSize=64,mInterval=9]]
03-09 11:06:20.630 1017 1051 D UsbDeviceHandlerResolver: UsbInterface[mId=9,mAlternateSetting=0,mName=CDC ACM Data for DIAG,mClass=10,mSubclass=0,mProtocol=0,mEndpoints=[
03-09 11:06:20.630 1017 1051 D UsbDeviceHandlerResolver: UsbEndpoint[mAddress=137,mAttributes=2,mMaxPacketSize=512,mInterval=0]
03-09 11:06:20.630 1017 1051 D UsbDeviceHandlerResolver: UsbEndpoint[mAddress=5,mAttributes=2,mMaxPacketSize=512,mInterval=0]]
03-09 11:06:20.630 1017 1051 D UsbDeviceHandlerResolver: UsbInterface[mId=10,mAlternateSetting=0,mName=CDC Ethernet Control Model (ECM) for RmNet,mClass=2,mSubclass=6,mProtocol=0,mEndpoints=[
03-09 11:06:20.630 1017 1051 D UsbDeviceHandlerResolver: UsbEndpoint[mAddress=140,mAttributes=3,mMaxPacketSize=64,mInterval=9]]
03-09 11:06:20.630 1017 1051 D UsbDeviceHandlerResolver: UsbInterface[mId=11,mAlternateSetting=0,mName=CDC Ethernet Data for RmNet,mClass=10,mSubclass=0,mProtocol=0,mEndpoints=[]
03-09 11:06:20.630 1017 1051 D UsbDeviceHandlerResolver: UsbInterface[mId=11,mAlternateSetting=1,mName=CDC Ethernet Data for RmNet,mClass=10,mSubclass=0,mProtocol=0,mEndpoints=[
03-09 11:06:20.630 1017 1051 D UsbDeviceHandlerResolver: UsbEndpoint[mAddress=139,mAttributes=2,mMaxPacketSize=512,mInterval=0]
03-09 11:06:20.630 1017 1051 D UsbDeviceHandlerResolver: UsbEndpoint[mAddress=6,mAttributes=2,mMaxPacketSize=512,mInterval=0]]
03-09 11:06:20.630 1017 1051 D UsbDeviceHandlerResolver: UsbInterface[mId=12,mAlternateSetting=0,mName=CDC Ethernet Control Model (ECM) for RmNet,mClass=2,mSubclass=6,mProtocol=0,mEndpoints=[
03-09 11:06:20.630 1017 1051 D UsbDeviceHandlerResolver: UsbEndpoint[mAddress=142,mAttributes=3,mMaxPacketSize=64,mInterval=9]]
03-09 11:06:20.630 1017 1051 D UsbDeviceHandlerResolver: UsbInterface[mId=13,mAlternateSetting=0,mName=CDC Ethernet Data for RmNet,mClass=10,mSubclass=0,mProtocol=0,mEndpoints=[]
03-09 11:06:20.630 1017 1051 D UsbDeviceHandlerResolver: UsbInterface[mId=13,mAlternateSetting=1,mName=CDC Ethernet Data for RmNet,mClass=10,mSubclass=0,mProtocol=0,mEndpoints=[
03-09 11:06:20.630 1017 1051 D UsbDeviceHandlerResolver: UsbEndpoint[mAddress=141,mAttributes=2,mMaxPacketSize=512,mInterval=0]
03-09 11:06:20.630 1017 1051 D UsbDeviceHandlerResolver: UsbEndpoint[mAddress=7,mAttributes=2,mMaxPacketSize=512,mInterval=0]]]]
03-09 11:06:20.637 1017 1051 D UsbDeviceHandlerResolver: packageMatches ai: ActivityInfo{f7ca6c5 com.android.car.systemupdater.SystemUpdaterActivity}metaDataName: android.hardware.usb.action.USB_DEVICE_ATTACHED forAoap: false
03-09 11:06:20.637 1017 1051 W UsbDeviceHandlerResolver: no meta-data for ActivityInfo{f7ca6c5 com.android.car.systemupdater.SystemUpdaterActivity}
03-09 11:06:20.637 1017 1051 D UsbDeviceHandlerResolver: packageMatches ai: ActivityInfo{441381a com.android.gallery3d.ingest.IngestActivity}metaDataName: android.hardware.usb.action.USB_DEVICE_ATTACHED forAoap: false
03-09 11:06:20.639 1017 1054 D OpenGLRenderer: HWUI GL Pipeline
03-09 11:06:20.661 1037 1037 I zygote : The ClassLoaderContext is a special shared library.
03-09 11:06:20.665 412 412 I zygote : Deoptimizing void com.android.systemui.statusbar.CommandQueue$H.handleMessage(android.os.Message) due to JIT inline cache
03-09 11:06:20.697 1004 1004 I ContactsPerf: VoicemailContentProvider.onCreate start
03-09 11:06:20.705 1017 1054 D vndksupport: Loading /vendor/lib/hw/gralloc.jacinto6.so from current namespace instead of sphal namespace.
03-09 11:06:20.712 1017 1051 D UsbDeviceHandlerResolver: packageMatches ai: ActivityInfo{2cfbd28 com.android.mtp.ReceiverActivity}metaDataName: android.hardware.usb.action.USB_DEVICE_ATTACHED forAoap: false
03-09 11:06:20.717 1004 1004 I ContactsPerf: VoicemailContentProvider.onCreate finish
03-09 11:06:20.730 1017 1051 D UsbDeviceHandlerResolver: matches size: 0
03-09 11:06:20.732 1017 1054 D vndksupport: Loading /vendor/lib/hw/gralloc.jacinto6.so from current namespace instead of sphal namespace.
03-09 11:06:20.737 1017 1054 I android.car.usb.handler: android::hardware::configstore::V1_0::ISurfaceFlingerConfigs::hasWideColorDisplay retrieved: 0
03-09 11:06:20.737 1017 1054 I OpenGLRenderer: Initialized EGL, version 1.4
03-09 11:06:20.737 1017 1054 D OpenGLRenderer: Swap behavior 1
03-09 11:06:20.741 1004 1004 I zygote : The ClassLoaderContext is a special shared library.
03-09 11:06:20.743 1017 1051 D UsbDeviceHandlerResolver: packageMatches ai: ActivityInfo{62abbe6 com.android.car.systemupdater.SystemUpdaterActivity}metaDataName: android.hardware.usb.action.USB_DEVICE_ATTACHED forAoap: true
03-09 11:06:20.743 1017 1051 W UsbDeviceHandlerResolver: no meta-data for ActivityInfo{62abbe6 com.android.car.systemupdater.SystemUpdaterActivity}
03-09 11:06:20.745 1017 1051 D UsbDeviceHandlerResolver: packageMatches ai: ActivityInfo{f564527 com.android.gallery3d.ingest.IngestActivity}metaDataName: android.hardware.usb.action.USB_DEVICE_ATTACHED forAoap: true
03-09 11:06:20.746 1017 1051 D UsbDeviceHandlerResolver: packageMatches ai: ActivityInfo{3f783d4 com.android.mtp.ReceiverActivity}metaDataName: android.hardware.usb.action.USB_DEVICE_ATTACHED forAoap: true
03-09 11:06:20.746 1017 1051 W UsbDeviceHandlerResolver: No more options left.
03-09 11:06:20.746 1017 1051 D UsbDeviceHandlerResolver: deviceProbingComplete
03-09 11:06:20.759 1017 1051 D UsbHostController: onHandlersResolveComplete: UsbDevice[mName=/dev/bus/usb/001/003,mVendorId=7725,mProductId=97,mClass=0,mSubclass=0,mProtocol=0,mManufacturerName=Cinterion,mProductName=LTE Modem,mVersion=2.0,mSerialNumber=null,mConfigurations=[
03-09 11:06:20.759 1017 1051 D UsbHostController: UsbConfiguration[mId=1,mName=null,mAttributes=224,mMaxPower=10,mInterfaces=[
03-09 11:06:20.759 1017 1051 D UsbHostController: UsbInterface[mId=0,mAlternateSetting=0,mName=CDC Abstract Control Model (ACM),mClass=2,mSubclass=2,mProtocol=1,mEndpoints=[
03-09 11:06:20.759 1017 1051 D UsbHostController: UsbEndpoint[mAddress=130,mAttributes=3,mMaxPacketSize=64,mInterval=9]]
03-09 11:06:20.759 1017 1051 D UsbHostController: UsbInterface[mId=1,mAlternateSetting=0,mName=CDC ACM Data,mClass=10,mSubclass=0,mProtocol=0,mEndpoints=[
03-09 11:06:20.759 1017 1051 D UsbHostController: UsbEndpoint[mAddress=129,mAttributes=2,mMaxPacketSize=512,mInterval=0]
03-09 11:06:20.759 1017 1051 D UsbHostController: UsbEndpoint[mAddress=1,mAttributes=2,mMaxPacketSize=512,mInterval=0]]
03-09 11:06:20.759 1017 1051 D UsbHostController: UsbInterface[mId=2,mAlternateSetting=0,mName=CDC Abstract Control Model (ACM),mClass=2,mSubclass=2,mProtocol=1,mEndpoints=[
03-09 11:06:20.759 1017 1051 D UsbHostController: UsbEndpoint[mAddress=132,mAttributes=3,mMaxPacketSize=64,mInterval=9]]
03-09 11:06:20.759 1017 1051 D UsbHostController: UsbInterface[mId=3,mAlternateSetting=0,mName=CDC ACM Data,mClass=10,mSubclass=0,mProtocol=0,mEndpoints=[
03-09 11:06:20.759 1017 1051 D UsbHostController: UsbEndpoint[mAddress=131,mAttributes=2,mMaxPacketSize=512,mInterval=0]
03-09 11:06:20.759 1017 1051 D UsbHostController: UsbEndpoint[mAddress=2,mAttributes=2,mMaxPacketSize=512,mInterval=0]]
03-09 11:06:20.759 1017 1051 D UsbHostController: UsbInterface[mId=4,mAlternateSetting=0,mName=CDC Abstract Control Model (ACM),mClass=2,mSubclass=2,mProtocol=1,mEndpoints=[
03-09 11:06:20.759 1017 1051 D UsbHostController: UsbEndpoint[mAddress=134,mAttributes=3,mMaxPacketSize=64,mInterval=9]]
03-09 11:06:20.759 1017 1051 D UsbHostController: UsbInterface[mId=5,mAlternateSetting=0,mName=CDC ACM Data,mClass=10,mSubclass=0,mProtocol=0,mEndpoints=[
03-09 11:06:20.759 1017 1051 D UsbHostController: UsbEndpoint[mAddress=133,mAttributes=2,mMaxPacketSize=512,mInterval=0]
03-09 11:06:20.759 1017 1051 D UsbHostController: UsbEndpoint[mAddress=3,mAttributes=2,mMaxPacketSize=512,mInterval=0]]
03-09 11:06:20.759 1017 1051 D UsbHostController: UsbInterface[mId=6,mAlternateSetting=0,mName=CDC Abstract Control Model (ACM),mClass=2,mSubclass=2,mProtocol=1,mEndpoints=[
03-09 11:06:20.759 1017 1051 D UsbHostController: UsbEndpoint[mAddress=136,mAttributes=3,mMaxPacketSize=64,mInterval=9]]
03-09 11:06:20.759 1017 1051 D UsbHostController: UsbInterface[mId=7,mAlternateSetting=0,mName=CDC ACM Data,mClass=10,mSubclass=0,mProtocol=0,mEndpoints=[
03-09 11:06:20.759 1017 1051 D UsbHostController: UsbEndpoint[mAddress=135,mAttributes=2,mMaxPacketSize=512,mInterval=0]
03-09 11:06:20.759 1017 1051 D UsbHostController: UsbEndpoint[mAddress=4,mAttributes=2,mMaxPacketSize=512,mInterval=0]]
03-09 11:06:20.759 1017 1051 D UsbHostController: UsbInterface[mId=8,mAlternateSetting=0,mName=CDC Abstract Control Model (ACM) for DIAG,mClass=2,mSubclass=2,mProtocol=1,mEndpoints=[
03-09 11:06:20.759 1017 1051 D UsbHostController: UsbEndpoint[mAddress=138,mAttributes=3,mMaxPacketSize=64,mInterval=9]]
03-09 11:06:20.759 1017 1051 D UsbHostController: UsbInterface[mId=9,mAlternateSetting=0,mName=CDC ACM Data for DIAG,mClass=10,mSubclass=0,mProtocol=0,mEndpoints=[
03-09 11:06:20.759 1017 1051 D UsbHostController: UsbEndpoint[mAddress=137,mAttributes=2,mMaxPacketSize=512,mInterval=0]
03-09 11:06:20.759 1017 1051 D UsbHostController: UsbEndpoint[mAddress=5,mAttributes=2,mMaxPacketSize=512,mInterval=0]]
03-09 11:06:20.759 1017 1051 D UsbHostController: UsbInterface[mId=10,mAlternateSetting=0,mName=CDC Ethernet Control Model (ECM) for RmNet,mClass=2,mSubclass=6,mProtocol=0,mEndpoints=[
03-09 11:06:20.759 1017 1051 D UsbHostController: UsbEndpoint[mAddress=140,mAttributes=3,mMaxPacketSize=64,mInterval=9]]
03-09 11:06:20.759 1017 1051 D UsbHostController: UsbInterface[mId=11,mAlternateSetting=0,mName=CDC Ethernet Data for RmNet,mClass=10,mSubclass=0,mProtocol=0,mEndpoints=[]
03-09 11:06:20.759 1017 1051 D UsbHostController: UsbInterface[mId=11,mAlternateSetting=1,mName=CDC Ethernet Data for RmNet,mClass=10,mSubclass=0,mProtocol=0,mEndpoints=[
03-09 11:06:20.759 1017 1051 D UsbHostController: UsbEndpoint[mAddress=139,mAttributes=2,mMaxPacketSize=512,mInterval=0]
03-09 11:06:20.759 1017 1051 D UsbHostController: UsbEndpoint[mAddress=6,mAttributes=2,mMaxPacketSize=512,mInterval=0]]
03-09 11:06:20.759 1017 1051 D UsbHostController: UsbInterface[mId=12,mAlternateSetting=0,mName=CDC Ethernet Control Model (ECM) for RmNet,mClass=2,mSubclass=6,mProtocol=0,mEndpoints=[
03-09 11:06:20.759 1017 1051 D UsbHostController: UsbEndpoint[mAddress=142,mAttributes=3,mMaxPacketSize=64,mInterval=9]]
03-09 11:06:20.759 1017 1051 D UsbHostController: UsbInterface[mId=13,mAlternateSetting=0,mName=CDC Ethernet Data for RmNet,mClass=10,mSubclass=0,mProtocol=0,mEndpoints=[]
03-09 11:06:20.759 1017 1051 D UsbHostController: UsbInterface[mId=13,mAlternateSetting=1,mName=CDC Ethernet Data for RmNet,mClass=10,mSubclass=0,mProtocol=0,mEndpoints=[
03-09 11:06:20.759 1017 1051 D UsbHostController: UsbEndpoint[mAddress=141,mAttributes=2,mMaxPacketSize=512,mInterval=0]
03-09 11:06:20.759 1017 1051 D UsbHostController: UsbEndpoint[mAddress=7,mAttributes=2,mMaxPacketSize=512,mInterval=0]]]]
03-09 11:06:20.778 1017 1054 D vndksupport: Loading /vendor/lib/hw/android.hardware.graphics.mapper@2.0-impl.so from current namespace instead of sphal namespace.
03-09 11:06:20.779 1017 1054 D vndksupport: Loading /vendor/lib/hw/gralloc.jacinto6.so from current namespace instead of sphal namespace.
03-09 11:06:20.796 171 171 I android.hardwar: type=1400 audit(0.0:78): avc: denied { accept } for lport=33452 scontext=u:r:hal_vehicle_default:s0 tcontext=u:r:hal_vehicle_default:s0 tclass=tcp_socket permissive=1
03-09 11:06:20.799 1004 1004 I zygote : The ClassLoaderContext is a special shared library.
03-09 11:06:20.835 1037 1037 D ExtensionsFactory: No custom extensions.
03-09 11:06:20.844 1004 1053 D ContactsDatabaseHelper: WAL enabled for contacts2.db: true
03-09 11:06:20.939 184 242 D PermissionCache: checking android.permission.READ_FRAME_BUFFER for uid=1000 => granted (1126 us)
03-09 11:06:21.006 433 466 D vndksupport: Loading /vendor/lib/hw/android.hardware.graphics.mapper@2.0-impl.so from current namespace instead of sphal namespace.
03-09 11:06:21.009 433 466 D vndksupport: Loading /vendor/lib/hw/gralloc.jacinto6.so from current namespace instead of sphal namespace.
03-09 11:06:21.023 1037 1037 D AlertReceiver: onReceive: a=android.intent.action.BOOT_COMPLETED Intent { act=android.intent.action.BOOT_COMPLETED flg=0x9000010 cmp=com.android.calendar/.alerts.AlertReceiver (has extras) }
