03-09 11:06:15.806 412 412 W StatusBar: at java.lang.reflect.Method.invoke(Native Method)
03-09 11:06:15.806 412 412 W StatusBar: at com.android.internal.os.RuntimeInit$MethodAndArgsCaller.run(RuntimeInit.java:438)
03-09 11:06:15.806 412 412 W StatusBar: at com.android.internal.os.ZygoteInit.main(ZygoteInit.java:807)
03-09 11:06:15.849 172 711 I chatty : uid=1002 bluetooth@1.0-s identical 181 lines
03-09 11:06:15.850 172 711 I bt_hwcfg: hw_config_cback [fc4c]
03-09 11:06:15.850 412 662 W Tile.WifiTile: Error in handleSetListening
03-09 11:06:15.850 412 662 W Tile.WifiTile: java.lang.NullPointerException: Attempt to invoke interface method 'void com.android.systemui.statusbar.policy.NetworkController.addCallback(com.android.systemui.statusbar.policy.NetworkController$SignalCallback)' on a null object reference
03-09 11:06:15.850 412 662 W Tile.WifiTile: at com.android.systemui.qs.tiles.WifiTile.handleSetListening(WifiTile.java:80)
03-09 11:06:15.850 412 662 W Tile.WifiTile: at com.android.systemui.qs.tileimpl.QSTileImpl$H.handleMessage(QSTileImpl.java:461)
03-09 11:06:15.850 412 662 W Tile.WifiTile: at android.os.Handler.dispatchMessage(Handler.java:106)
03-09 11:06:15.850 412 662 W Tile.WifiTile: at android.os.Looper.loop(Looper.java:164)
03-09 11:06:15.850 412 662 W Tile.WifiTile: at android.os.HandlerThread.run(HandlerThread.java:65)
03-09 11:06:15.851 172 711 I bt_hwcfg: hw_config_cback [fc4c]
03-09 11:06:15.851 412 662 W Tile.BluetoothTile: Error in handleSetListening
03-09 11:06:15.851 412 662 W Tile.BluetoothTile: java.lang.NullPointerException: Attempt to invoke interface method 'void com.android.systemui.statusbar.policy.BluetoothController.addCallback(java.lang.Object)' on a null object reference
03-09 11:06:15.851 412 662 W Tile.BluetoothTile: at com.android.systemui.qs.tiles.BluetoothTile.handleSetListening(BluetoothTile.java:80)
03-09 11:06:15.851 412 662 W Tile.BluetoothTile: at com.android.systemui.qs.tileimpl.QSTileImpl$H.handleMessage(QSTileImpl.java:461)
03-09 11:06:15.851 412 662 W Tile.BluetoothTile: at android.os.Handler.dispatchMessage(Handler.java:106)
03-09 11:06:15.851 412 662 W Tile.BluetoothTile: at android.os.Looper.loop(Looper.java:164)
03-09 11:06:15.851 412 662 W Tile.BluetoothTile: at android.os.HandlerThread.run(HandlerThread.java:65)
03-09 11:06:15.852 172 711 I bt_hwcfg: hw_config_cback [fc4c]
03-09 11:06:15.852 412 662 W Tile.BluetoothTile: Error in handleRefreshState
03-09 11:06:15.852 412 662 W Tile.BluetoothTile: java.lang.NullPointerException: Attempt to invoke interface method 'boolean com.android.systemui.statusbar.policy.BluetoothController.isBluetoothEnabled()' on a null object reference
03-09 11:06:15.852 412 662 W Tile.BluetoothTile: at com.android.systemui.qs.tiles.BluetoothTile.handleUpdateState(BluetoothTile.java:118)
03-09 11:06:15.852 412 662 W Tile.BluetoothTile: at com.android.systemui.qs.tiles.BluetoothTile.handleUpdateState(BluetoothTile.java:116)
03-09 11:06:15.852 412 662 W Tile.BluetoothTile: at com.android.systemui.qs.tileimpl.QSTileImpl.handleRefreshState(QSTileImpl.java:287)
03-09 11:06:15.852 412 662 W Tile.BluetoothTile: at com.android.systemui.qs.tileimpl.QSTileImpl$H.handleMessage(QSTileImpl.java:440)
03-09 11:06:15.852 412 662 W Tile.BluetoothTile: at android.os.Handler.dispatchMessage(Handler.java:106)
03-09 11:06:15.852 412 662 W Tile.BluetoothTile: at android.os.Looper.loop(Looper.java:164)
03-09 11:06:15.852 412 662 W Tile.BluetoothTile: at android.os.HandlerThread.run(HandlerThread.java:65)
03-09 11:06:15.852 172 711 I bt_hwcfg: hw_config_cback [fc4c]
03-09 11:06:15.853 172 711 I chatty : uid=1002 bluetooth@1.0-s identical 1 line
03-09 11:06:15.854 172 711 I bt_hwcfg: hw_config_cback [fc4c]
03-09 11:06:15.854 412 412 E BluetoothInputDevice: Could not bind to Bluetooth HID Service with Intent { act=android.bluetooth.IBluetoothInputDevice }
03-09 11:06:15.855 172 711 I bt_hwcfg: hw_config_cback [fc4c]
03-09 11:06:15.856 172 711 I bt_hwcfg: hw_config_cback [fc4c]
03-09 11:06:15.856 412 412 D LocalBluetoothProfileManager: Adding local MAP profile
03-09 11:06:15.857 172 711 I bt_hwcfg: hw_config_cback [fc4c]
03-09 11:06:15.859 172 711 I chatty : uid=1002 bluetooth@1.0-s identical 2 lines
03-09 11:06:15.860 172 711 I bt_hwcfg: hw_config_cback [fc4c]
03-09 11:06:15.860 412 412 E BluetoothPbap: Could not bind to Bluetooth Pbap Service with Intent { act=android.bluetooth.IBluetoothPbap }
03-09 11:06:15.860 412 412 D LocalBluetoothProfileManager: LocalBluetoothProfileManager construction complete
03-09 11:06:15.860 172 711 I bt_hwcfg: hw_config_cback [fc4c]
03-09 11:06:15.861 172 711 I chatty : uid=1002 bluetooth@1.0-s identical 1 line
03-09 11:06:15.862 172 711 I bt_hwcfg: hw_config_cback [fc4c]
03-09 11:06:15.863 412 662 W Tile.DndTile: Error in handleSetListening
03-09 11:06:15.863 412 662 W Tile.DndTile: java.lang.NullPointerException: Attempt to invoke interface method 'void com.android.systemui.statusbar.policy.ZenModeController.addCallback(java.lang.Object)' on a null object reference
03-09 11:06:15.863 412 662 W Tile.DndTile: at com.android.systemui.qs.tiles.DndTile.handleSetListening(DndTile.java:239)
03-09 11:06:15.863 412 662 W Tile.DndTile: at com.android.systemui.qs.tileimpl.QSTileImpl$H.handleMessage(QSTileImpl.java:461)
03-09 11:06:15.863 412 662 W Tile.DndTile: at android.os.Handler.dispatchMessage(Handler.java:106)
03-09 11:06:15.863 412 662 W Tile.DndTile: at android.os.Looper.loop(Looper.java:164)
03-09 11:06:15.863 412 662 W Tile.DndTile: at android.os.HandlerThread.run(HandlerThread.java:65)
03-09 11:06:15.863 172 711 I bt_hwcfg: hw_config_cback [fc4c]
03-09 11:06:15.866 172 711 I chatty : uid=1002 bluetooth@1.0-s identical 3 lines
03-09 11:06:15.867 172 711 I bt_hwcfg: hw_config_cback [fc4c]
03-09 11:06:15.867 412 662 W LegacyMetadataMapper: No AWB modes supported (HAL bug); defaulting to AWB_MODE_AUTO only
03-09 11:06:15.868 172 711 I bt_hwcfg: hw_config_cback [fc4c]
03-09 11:06:15.878 412 412 I StatusBar: isKeyguardShowing() called before startKeyguard(), returning true
03-09 11:06:15.879 412 412 W StatusBar: isKeyguardSecure() called before startKeyguard(), returning false
03-09 11:06:15.879 412 412 W StatusBar: java.lang.Throwable
03-09 11:06:15.879 412 412 W StatusBar: at com.android.systemui.statusbar.phone.StatusBar.isKeyguardSecure(StatusBar.java:7551)
03-09 11:06:15.879 412 412 W StatusBar: at com.android.systemui.statusbar.phone.StatusBar.isCameraAllowedByAdmin(StatusBar.java:5436)
03-09 11:06:15.879 412 412 W StatusBar: at com.android.systemui.statusbar.phone.KeyguardBottomAreaView$DefaultRightButton.getIcon(KeyguardBottomAreaView.java:856)
03-09 11:06:15.879 412 412 W StatusBar: at com.android.systemui.statusbar.phone.KeyguardBottomAreaView.updateCameraVisibility(KeyguardBottomAreaView.java:382)
03-09 11:06:15.879 412 412 W StatusBar: at com.android.systemui.statusbar.phone.KeyguardBottomAreaView.setUserSetupComplete(KeyguardBottomAreaView.java:360)
03-09 11:06:15.879 412 412 W StatusBar: at com.android.systemui.statusbar.phone.NotificationPanelView.setUserSetupComplete(NotificationPanelView.java:2655)
03-09 11:06:15.879 412 412 W StatusBar: at com.android.systemui.statusbar.phone.StatusBar$1.onUserSetupChanged(StatusBar.java:524)
03-09 11:06:15.879 412 412 W StatusBar: at com.android.systemui.statusbar.policy.DeviceProvisionedControllerImpl.addCallback(DeviceProvisionedControllerImpl.java:69)
03-09 11:06:15.879 412 412 W StatusBar: at com.android.systemui.statusbar.policy.DeviceProvisionedControllerImpl.addCallback(DeviceProvisionedControllerImpl.java:63)
03-09 11:06:15.879 412 412 W StatusBar: at com.android.systemui.statusbar.phone.StatusBar.makeStatusBarView(StatusBar.java:1252)
03-09 11:06:15.879 412 412 W StatusBar: at com.android.systemui.statusbar.car.CarStatusBar.makeStatusBarView(CarStatusBar.java:111)
03-09 11:06:15.879 412 412 W StatusBar: at com.android.systemui.statusbar.phone.StatusBar.addStatusBarWindow(StatusBar.java:3664)
03-09 11:06:15.879 412 412 W StatusBar: at com.android.systemui.statusbar.phone.StatusBar.createAndAddWindows(StatusBar.java:3660)
03-09 11:06:15.879 412 412 W StatusBar: at com.android.systemui.statusbar.phone.StatusBar.start(StatusBar.java:889)
03-09 11:06:15.879 412 412 W StatusBar: at com.android.systemui.statusbar.car.CarStatusBar.start(CarStatusBar.java:85)
03-09 11:06:15.879 412 412 W StatusBar: at com.android.systemui.SystemBars.createStatusBarFromConfig(SystemBars.java:71)
03-09 11:06:15.879 412 412 W StatusBar: at com.android.systemui.SystemBars.start(SystemBars.java:42)
03-09 11:06:15.879 412 412 W StatusBar: at com.android.systemui.SystemUIApplication.startServicesIfNeeded(SystemUIApplication.java:215)
03-09 11:06:15.879 412 412 W StatusBar: at com.android.systemui.SystemUIApplication.startServicesIfNeeded(SystemUIApplication.java:164)
03-09 11:06:15.879 412 412 W StatusBar: at com.android.systemui.SystemUIService.onCreate(SystemUIService.java:33)
03-09 11:06:15.879 412 412 W StatusBar: at android.app.ActivityThread.handleCreateService(ActivityThread.java:3339)
03-09 11:06:15.879 412 412 W StatusBar: at android.app.ActivityThread.-wrap4(Unknown Source:0)
03-09 11:06:15.879 412 412 W StatusBar: at android.app.ActivityThread$H.handleMessage(ActivityThread.java:1677)
03-09 11:06:15.879 412 412 W StatusBar: at android.os.Handler.dispatchMessage(Handler.java:106)
03-09 11:06:15.879 412 412 W StatusBar: at android.os.Looper.loop(Looper.java:164)
03-09 11:06:15.879 412 412 W StatusBar: at android.app.ActivityThread.main(ActivityThread.java:6494)
03-09 11:06:15.879 412 412 W StatusBar: at java.lang.reflect.Method.invoke(Native Method)
03-09 11:06:15.879 412 412 W StatusBar: at com.android.internal.os.RuntimeInit$MethodAndArgsCaller.run(RuntimeInit.java:438)
03-09 11:06:15.879 412 412 W StatusBar: at com.android.internal.os.ZygoteInit.main(ZygoteInit.java:807)
03-09 11:06:15.886 172 711 I chatty : uid=1002 bluetooth@1.0-s identical 20 lines
03-09 11:06:15.887 172 711 I bt_hwcfg: hw_config_cback [fc4c]
03-09 11:06:15.888 412 684 D OpenGLRenderer: profile bars disabled
03-09 11:06:15.888 172 711 I bt_hwcfg: hw_config_cback [fc4c]
03-09 11:06:15.888 412 684 D OpenGLRenderer: ambientRatio = 1.50
03-09 11:06:15.889 172 711 I bt_hwcfg: hw_config_cback [fc4c]
03-09 11:06:15.940 172 711 I chatty : uid=1002 bluetooth@1.0-s identical 58 lines
03-09 11:06:15.940 172 711 I bt_hwcfg: hw_config_cback [fc4c]
03-09 11:06:15.940 172 711 I bt_hwcfg: hw_config_cback [fc4e]
03-09 11:06:15.940 172 711 I bt_hwcfg: bt vendor lib: set UART baud 115200
03-09 11:06:15.940 172 711 D bt_hwcfg: Settlement delay -- 100 ms
03-09 11:06:15.940 172 711 I bt_hwcfg: Setting fw settlement delay to 100
03-09 11:06:16.038 412 412 D StatusBar: disable
03-09 11:06:16.065 412 412 D StatusBar: heads up is enabled
03-09 11:06:16.084 412 691 E ActivityThread: Failed to find provider info for com.android.contacts
03-09 11:06:16.086 172 711 I bt_hwcfg: hw_config_cback [0c03]
03-09 11:06:16.088 172 711 I bt_hwcfg: hw_config_cback [fc18]
03-09 11:06:16.088 172 711 I bt_hwcfg: bt vendor lib: set UART baud 3000000
03-09 11:06:16.088 172 711 I bt_hwcfg: Setting local bd addr to 22:22:67:C6:69:73
03-09 11:06:16.089 172 711 I bt_hwcfg: hw_config_cback [fc01]
03-09 11:06:16.089 172 711 I bt_hwcfg: hw_sco_config: sco_bus_interface = 0
03-09 11:06:16.089 172 711 I bt_hwcfg: hw_sco_i2spcm_config: codec = 1
03-09 11:06:16.089 172 711 I bt_hwcfg: I2SPCM config {0x0, 0x1, 0x0, 0x1}
03-09 11:06:16.089 172 711 I bt_hwcfg: SCO PCM configure {0x0, 0x1, 0x0, 0x1, 0x1}
03-09 11:06:16.090 172 711 I bt_hwcfg: SCO PCM data format {0x0, 0x0, 0x3, 0x0, 0x0}
03-09 11:06:16.091 172 711 I bt_hwcfg: sco I2S/PCM config result 0 [0-Success, 1-Fail]
03-09 11:06:16.091 172 711 I android.hardware.bluetooth@1.0-impl: Firmware configured in 0.654s
03-09 11:06:16.091 388 707 I bt_hci : event_finish_startup
03-09 11:06:16.091 388 628 I bt_core_module: module_start_up Started module "hci_module"
03-09 11:06:16.094 412 412 D SystemUIBootTiming: StartServicesSystemBars took to complete: 844ms
03-09 11:06:16.101 388 734 I bt_osi_thread: run_thread: thread id 734, thread name bt_workqueue started
03-09 11:06:16.101 388 734 I : [0309/110616:INFO:btu_task.cc(107)] Bluetooth chip preload is complete
03-09 11:06:16.101 412 412 D StorageNotification: Notifying about private volume: VolumeInfo{private}:
03-09 11:06:16.101 412 412 D StorageNotification: type=PRIVATE diskId=null partGuid=null mountFlags=0 mountUserId=-1
03-09 11:06:16.101 412 412 D StorageNotification: state=MOUNTED
03-09 11:06:16.101 412 412 D StorageNotification: fsType=null fsUuid=null fsLabel=null
03-09 11:06:16.101 412 412 D StorageNotification: path=/data internalPath=null
03-09 11:06:16.103 412 412 D StorageNotification: Notifying about public volume: VolumeInfo{public:8,1}:
03-09 11:06:16.103 412 412 D StorageNotification: type=PUBLIC diskId=disk:8,0 partGuid=null mountFlags=VISIBLE mountUserId=0
03-09 11:06:16.103 412 412 D StorageNotification: state=MOUNTED
03-09 11:06:16.103 412 412 D StorageNotification: fsType=vfat fsUuid=0911-1049 fsLabel=VERBATIM
03-09 11:06:16.103 412 412 D StorageNotification: path=/storage/0911-1049 internalPath=/mnt/media_rw/0911-1049
03-09 11:06:16.115 388 734 I : [0309/110616:INFO:gatt_api.cc(1004)] GATT_Register
03-09 11:06:16.117 388 734 I : [0309/110616:INFO:gatt_api.cc(1027)] allocated gatt_if=1
03-09 11:06:16.117 388 734 I : [0309/110616:INFO:gatt_api.cc(207)] GATTS_AddService
03-09 11:06:16.117 388 734 I : [0309/110616:INFO:gatt_api.cc(317)] GATTS_AddService: service parsed correctly, now starting
03-09 11:06:16.117 388 734 E : [0309/110616:ERROR:gatt_attr.cc(301)] gatt_profile_db_init: gatt_if=1
03-09 11:06:16.120 388 734 I : [0309/110616:INFO:gatt_api.cc(1004)] GATT_Register
03-09 11:06:16.120 388 734 I : [0309/110616:INFO:gatt_api.cc(1027)] allocated gatt_if=2
03-09 11:06:16.120 388 734 I : [0309/110616:INFO:gatt_api.cc(207)] GATTS_AddService
03-09 11:06:16.120 388 734 I : [0309/110616:INFO:gatt_api.cc(317)] GATTS_AddService: service parsed correctly, now starting
03-09 11:06:16.121 388 735 I bt_osi_thread: run_thread: thread id 735, thread name btu message loop started
03-09 11:06:16.121 388 736 I bt_osi_thread: run_thread: thread id 736, thread name module_wrapper started
03-09 11:06:16.122 388 736 I bt_core_module: module_start_up Starting module "controller_module"
03-09 11:06:16.136 412 412 D SystemUIBootTiming: StartServicesStorageNotification took to complete: 42ms
03-09 11:06:16.144 412 412 D SystemUIBootTiming: StartServicesPowerUI took to complete: 8ms
03-09 11:06:16.145 412 412 D SystemUIBootTiming: StartServicesRingtonePlayer took to complete: 1ms
03-09 11:06:16.146 412 412 D SystemUIBootTiming: StartServicesKeyboardUI took to complete: 1ms
03-09 11:06:16.146 412 412 D SystemUIBootTiming: StartServicesPipUI took to complete: 0ms
03-09 11:06:16.148 412 412 D SystemUIBootTiming: StartServicesShortcutKeyDispatcher took to complete: 1ms
03-09 11:06:16.148 412 412 D SystemUIBootTiming: StartServicesVendorServices took to complete: 0ms
03-09 11:06:16.148 412 412 D SystemUIBootTiming: StartServicesService took to complete: 1ms
03-09 11:06:16.149 412 412 D SystemUIBootTiming: StartServicesLatencyTester took to complete: 1ms
03-09 11:06:16.151 412 412 D SystemUIBootTiming: StartServicesGlobalActionsComponent took to complete: 1ms
03-09 11:06:16.152 292 371 D NotificationSQLiteLog: Pruned event entries: 0
03-09 11:06:16.153 412 412 D SystemUIBootTiming: StartServicesRoundedCorners took to complete: 3ms
03-09 11:06:16.153 412 412 D SystemUIBootTiming: StartServices took to complete: 2030ms
03-09 11:06:16.164 412 659 I vol.Events: writeEvent level_changed STREAM_VOICE_CALL 4
03-09 11:06:16.172 412 659 I vol.Events: writeEvent level_changed STREAM_RING 1
03-09 11:06:16.174 412 659 I vol.Events: writeEvent level_changed STREAM_MUSIC 5
03-09 11:06:16.176 412 659 I vol.Events: writeEvent level_changed STREAM_ALARM 2
03-09 11:06:16.180 412 659 I vol.Events: writeEvent level_changed STREAM_BLUETOOTH_SCO 7
03-09 11:06:16.202 388 736 I bt_core_module: module_start_up Started module "controller_module"
03-09 11:06:16.202 388 736 W bt_osi_thread: run_thread: thread id 736, thread name module_wrapper exited
03-09 11:06:16.203 388 734 W bt_btm : btm_decode_ext_features_page: feature page 1 ignored
03-09 11:06:16.203 388 734 W bt_btm : btm_decode_ext_features_page: feature page 2 ignored
03-09 11:06:16.203 388 735 I bt_btm_sec: BTM_SecRegister p_cb_info->p_le_callback == 0x0x9a3f0d21
03-09 11:06:16.203 388 735 I bt_btm_sec: BTM_SecRegister btm_cb.api.p_le_callback = 0x0x9a3f0d21
03-09 11:06:16.204 388 735 I bt_stack: [INFO:gatt_api.cc(1004)] GATT_Register
03-09 11:06:16.204 388 735 I bt_stack: [INFO:gatt_api.cc(1027)] allocated gatt_if=3
03-09 11:06:16.209 388 735 I bt_stack: [INFO:ble_advertiser_hci_interface.cc(713)] Legacy advertising will be in use
03-09 11:06:16.209 388 735 E bt_btif : bta_dm_ctrl_features_rd_cmpl_cback Ctrl BLE feature read failed: status :12
03-09 11:06:16.212 388 639 E bt_btif_storage: btif_storage_get_adapter_property: Controller ready!
03-09 11:06:16.212 388 639 I bt_btif_storage: btif_storage_get_adapter_property service_mask:0x20000000
03-09 11:06:16.213 388 639 D BluetoothAdapterProperties: Address is:22:22:67:C6:69:73
03-09 11:06:16.215 292 292 D BluetoothManagerService: Bluetooth Adapter address changed to 22:22:67:C6:69:73
03-09 11:06:16.215 292 292 D BluetoothManagerService: Stored Bluetoothaddress: 22:22:67:C6:69:73
03-09 11:06:16.217 292 292 D BluetoothManagerService: Bluetooth Adapter name changed to Jacinto6
03-09 11:06:16.217 292 292 D BluetoothManagerService: Stored Bluetooth name: Jacinto6
03-09 11:06:16.217 388 639 D BluetoothAdapterProperties: Name is: Jacinto6
03-09 11:06:16.218 388 639 D BluetoothAdapterProperties: Scan Mode:20
03-09 11:06:16.218 388 639 D BluetoothAdapterProperties: Discoverable Timeout:120
03-09 11:06:16.218 388 639 I bt_btif_core: btif_enable_bluetooth_evt entered: status 0
03-09 11:06:16.223 292 315 W WindowManager: App freeze timeout expired.
03-09 11:06:16.227 388 739 I bt_osi_thread: run_thread: thread id 739, thread name btif_sock started
03-09 11:06:16.228 412 412 I Choreographer: Skipped 58 frames! The application may be doing too much work on its main thread.
03-09 11:06:16.228 388 639 D bt_bte_conf: Device ID record 1 : primary
03-09 11:06:16.229 388 639 D bt_bte_conf: vendorId = 000f
03-09 11:06:16.229 388 639 D bt_bte_conf: vendorIdSource = 0001
03-09 11:06:16.229 388 639 D bt_bte_conf: product = 1200
03-09 11:06:16.229 388 639 D bt_bte_conf: version = 1436
03-09 11:06:16.229 388 639 D bt_bte_conf: clientExecutableURL =
03-09 11:06:16.229 388 639 D bt_bte_conf: serviceDescription =
03-09 11:06:16.229 388 639 D bt_bte_conf: documentationURL =
03-09 11:06:16.229 388 639 D bt_bte_conf: bte_load_did_conf no section named DID2.
03-09 11:06:16.229 388 639 I bt_btif_core: btif_enable_bluetooth_evt finished
03-09 11:06:16.230 388 628 I bt_stack_manager: event_start_up_stack finished
03-09 11:06:16.230 388 627 V BluetoothAdapterState: PendingCommand - transient state(s): isBleTurningOn
03-09 11:06:16.231 388 627 D BluetoothAdapterState: Current state: PENDING_COMMAND, message: 3
03-09 11:06:16.231 388 627 D BluetoothAdapterProperties: Setting state to 15
03-09 11:06:16.231 388 627 I BluetoothAdapterState: Bluetooth adapter state changed: 14-> 15
03-09 11:06:16.231 388 627 D BluetoothAdapterService: updateAdapterState() - Broadcasting state to 1 receivers.
03-09 11:06:16.232 292 314 D BluetoothManagerService: MESSAGE_BLUETOOTH_STATE_CHANGE: BLE_TURNING_ON > BLE_ON
03-09 11:06:16.232 292 314 D BluetoothManagerService: Bluetooth is in LE only mode
03-09 11:06:16.232 292 314 D BluetoothManagerService: Binding Bluetooth GATT service
03-09 11:06:16.234 292 314 D BluetoothManagerService: Sending BLE State Change: BLE_TURNING_ON > BLE_ON
03-09 11:06:16.234 388 627 I BluetoothAdapterState: Entering BleOnState
03-09 11:06:16.234 292 292 D BluetoothManagerService: BluetoothServiceConnection: com.android.bluetooth.gatt.GattService
03-09 11:06:16.235 292 314 D BluetoothManagerService: MESSAGE_BLUETOOTH_SERVICE_CONNECTED: 2
03-09 11:06:16.236 292 314 D BluetoothManagerService: BluetoothGatt Service is Up
03-09 11:06:16.237 292 314 D BluetoothManagerService: Persisting Bluetooth Setting: 1
03-09 11:06:16.237 388 627 D BluetoothAdapterState: Current state: BLE ON, message: 1
03-09 11:06:16.238 388 627 D BluetoothAdapterProperties: Setting state to 11
03-09 11:06:16.238 388 627 I BluetoothAdapterState: Bluetooth adapter state changed: 15-> 11
03-09 11:06:16.238 388 627 D BluetoothAdapterService: updateAdapterState() - Broadcasting state to 1 receivers.
03-09 11:06:16.239 388 627 D BluetoothAdapterService: startCoreServices()
03-09 11:06:16.239 388 627 D BluetoothAdapterService: setProfileServiceState() - Starting service com.android.bluetooth.a2dpsink.A2dpSinkService
03-09 11:06:16.241 388 627 D BluetoothAdapterService: setProfileServiceState() - Starting service com.android.bluetooth.pan.PanService
03-09 11:06:16.244 292 314 D BluetoothManagerService: MESSAGE_BLUETOOTH_STATE_CHANGE: BLE_ON > TURNING_ON
03-09 11:06:16.244 292 314 D BluetoothManagerService: Sending BLE State Change: BLE_ON > TURNING_ON
03-09 11:06:16.245 433 433 D BluetoothA2dpSink: Proxy object connected
03-09 11:06:16.245 388 627 D BluetoothAdapterService: setProfileServiceState() - Starting service com.android.bluetooth.hfpclient.HeadsetClientService
03-09 11:06:16.245 433 433 D CarBluetoothUsrSvc: OnServiceConnected profile: 11
03-09 11:06:16.245 388 388 D BluetoothAdapterService: getAdapterService() - returning com.android.bluetooth.btservice.AdapterService@6d71c29
03-09 11:06:16.246 388 388 D A2dpSinkService: Received start request. Starting profile...
03-09 11:06:16.246 388 388 D A2dpSinkService: start()
03-09 11:06:16.246 388 627 D BluetoothAdapterService: setProfileServiceState() - Starting service com.android.bluetooth.avrcpcontroller.AvrcpControllerService
03-09 11:06:16.248 388 627 D BluetoothAdapterService: setProfileServiceState() - Starting service com.android.bluetooth.pbapclient.PbapClientService
03-09 11:06:16.250 388 388 I BluetoothA2dpSinkServiceJni: classInitNative: succeeds
03-09 11:06:16.250 388 388 D A2dpSinkStateMachine: make
03-09 11:06:16.251 388 627 D BluetoothAdapterService: setProfileServiceState() - Starting service com.android.bluetooth.mapclient.MapClientService
03-09 11:06:16.251 388 388 I bt_btif : get_profile_interface: id = a2dp_sink
03-09 11:06:16.252 388 743 I bt_osi_thread: run_thread: thread id 743, thread name btif_a2dp_sink_w started
03-09 11:06:16.252 388 388 D a2dp_codec: init
03-09 11:06:16.252 388 388 D a2dp_codec: createCodec: codec SBC
03-09 11:06:16.252 388 388 D a2dp_codec: createCodec: codec AAC
03-09 11:06:16.252 388 388 D a2dp_codec: createCodec: codec aptX
03-09 11:06:16.253 388 627 I BluetoothAdapterState: Entering PendingCommandState
03-09 11:06:16.254 388 735 I bt_bta_av: AVRCP version used for sdp: "avrcp14"
03-09 11:06:16.255 388 388 E a2dp_vendor_aptx_encoder: A2DP_VendorLoadEncoderAptx: cannot open aptX encoder library libaptX_encoder.so: dlopen failed: library "libaptX_encoder.so" not found
03-09 11:06:16.255 388 388 E a2dp_vendor_aptx: init: cannot load the encoder
03-09 11:06:16.255 388 388 D a2dp_codec: createCodec: codec aptX-HD
03-09 11:06:16.255 388 639 I bt_btif_storage: btif_storage_get_adapter_property service_mask:0x20040000
03-09 11:06:16.256 388 639 E bt_btif : btif_sm_dispatch : Invalid handle
03-09 11:06:16.256 388 639 E bt_btif : btif_sm_dispatch : Invalid handle
03-09 11:06:16.258 388 388 E a2dp_vendor_aptx_hd_encoder: A2DP_VendorLoadEncoderAptxHd: cannot open aptX-HD encoder library libaptXHD_encoder.so: dlopen failed: library "libaptXHD_encoder.so" not found
03-09 11:06:16.258 388 388 E a2dp_vendor_aptx_hd: init: cannot load the encoder
03-09 11:06:16.258 388 388 D a2dp_codec: createCodec: codec LDAC
03-09 11:06:16.278 388 388 D a2dp_codec: createCodec: codec SBC SINK
03-09 11:06:16.278 388 388 I a2dp_codec: init: initialized Source codec LDAC
03-09 11:06:16.279 388 388 I a2dp_codec: init: initialized Source codec AAC
03-09 11:06:16.279 388 388 I a2dp_codec: init: initialized Source codec SBC
03-09 11:06:16.279 388 388 I a2dp_codec: init: initialized Sink codec SBC(Sink)
03-09 11:06:16.279 388 639 E bt_btif : btif_sm_dispatch : Invalid handle
03-09 11:06:16.279 388 388 W bt_btif : btif_sm_dispatch : Invalid handle
03-09 11:06:16.279 388 388 D bt_btif_avrcp_audio_track: BtifAvrcpAudioTrackPause handle is null.
03-09 11:06:16.279 388 743 D bt_btif_avrcp_audio_track: BtifAvrcpAudioTrackStop handle is null.
03-09 11:06:16.279 388 743 D bt_btif_avrcp_audio_track: BtifAvrcpAudioTrackDelete handle is null.
03-09 11:06:16.282 388 741 D A2dpSinkStateMachine: Enter Disconnected: -2
03-09 11:06:16.282 388 388 D A2dpSinkService: setA2dpSinkService(): set to: null
03-09 11:06:16.282 388 388 D BluetoothAdapterService: getAdapterService() - returning com.android.bluetooth.btservice.AdapterService@6d71c29
03-09 11:06:16.284 388 388 I BluetoothPanServiceJni: classInitNative(L111): succeeds
03-09 11:06:16.287 388 388 D BluetoothAdapterService: getAdapterService() - returning com.android.bluetooth.btservice.AdapterService@6d71c29
03-09 11:06:16.288 388 388 D PanService: Received start request. Starting profile...
03-09 11:06:16.288 388 388 D BluetoothPanServiceJni: initializeNative(L116): pan
03-09 11:06:16.288 388 388 I bt_btif : get_profile_interface: id = pan
03-09 11:06:16.288 388 639 D BluetoothPanServiceJni: control_state_callback(L63): state:0, local_role:3, ifname:bt-pan
03-09 11:06:16.288 412 684 D vndksupport: Loading /vendor/lib/hw/gralloc.jacinto6.so from current namespace instead of sphal namespace.
03-09 11:06:16.290 388 388 D BluetoothAdapterService: getAdapterService() - returning com.android.bluetooth.btservice.AdapterService@6d71c29
03-09 11:06:16.313 412 412 D ViewRootImpl[StatusBar]: changeCanvasOpacity: opaque=true
03-09 11:06:16.315 412 684 D vndksupport: Loading /vendor/lib/hw/gralloc.jacinto6.so from current namespace instead of sphal namespace.
03-09 11:06:16.318 388 388 I BluetoothHeadsetClientServiceJni: classInitNative succeeds
03-09 11:06:16.318 412 684 I com.android.systemui: android::hardware::configstore::V1_0::ISurfaceFlingerConfigs::hasWideColorDisplay retrieved: 0
03-09 11:06:16.319 412 684 I OpenGLRenderer: Initialized EGL, version 1.4
03-09 11:06:16.319 412 684 D OpenGLRenderer: Swap behavior 1
03-09 11:06:16.322 433 433 D BluetoothHeadsetClient: Proxy object connected
03-09 11:06:16.323 433 433 D CarBluetoothUsrSvc: OnServiceConnected profile: 16
03-09 11:06:16.324 388 388 D BluetoothAdapterService: getAdapterService() - returning com.android.bluetooth.btservice.AdapterService@6d71c29
03-09 11:06:16.324 388 388 D HeadsetClientService: Received start request. Starting profile...
03-09 11:06:16.324 388 388 D BluetoothHeadsetClientServiceJni: initializeNative: HfpClient
03-09 11:06:16.324 388 388 I bt_btif : get_profile_interface: id = handsfree_client
03-09 11:06:16.328 388 639 I bt_stack: [INFO:port_api.cc(123)] RFCOMM_CreateConnection BDA: ff:ff:ff:ff:ff:ff
03-09 11:06:16.328 388 639 I bt_btif_storage: btif_storage_get_adapter_property service_mask:0x21040000
03-09 11:06:16.339 388 388 D BluetoothHeadsetClientServiceJni: initializeNative: HfpClient
03-09 11:06:16.339 388 388 W BluetoothHeadsetClientServiceJni: Cleaning up Bluetooth HFP Client Interface before initializing
03-09 11:06:16.339 388 388 W BluetoothHeadsetClientServiceJni: Cleaning up Bluetooth HFP Client callback object
03-09 11:06:16.339 388 388 I bt_btif : get_profile_interface: id = handsfree_client
03-09 11:06:16.339 388 639 I bt_btif_queue: queue_int_cleanup: UUID=111E
03-09 11:06:16.339 388 639 I bt_btif_storage: btif_storage_get_adapter_property service_mask:0x20040000
03-09 11:06:16.340 388 388 D BluetoothAdapterService: getAdapterService() - returning com.android.bluetooth.btservice.AdapterService@6d71c29
03-09 11:06:16.340 388 639 I bt_stack: [INFO:port_api.cc(123)] RFCOMM_CreateConnection BDA: ff:ff:ff:ff:ff:ff
03-09 11:06:16.340 388 639 I bt_btif_storage: btif_storage_get_adapter_property service_mask:0x21040000
03-09 11:06:16.348 388 388 I BluetoothAvrcpControllerJni: classInitNative: succeeds
03-09 11:06:16.349 388 388 I bt_btif : get_profile_interface: id = avrcp_ctrl
03-09 11:06:16.350 388 388 D BluetoothAdapterService: getAdapterService() - returning com.android.bluetooth.btservice.AdapterService@6d71c29
03-09 11:06:16.351 388 388 D AvrcpControllerService: Received start request. Starting profile...
03-09 11:06:16.357 388 388 D AvrcpControllerService: setAvrcpControllerService(): set to: null
03-09 11:06:16.357 388 388 D BluetoothAdapterService: getAdapterService() - returning com.android.bluetooth.btservice.AdapterService@6d71c29
03-09 11:06:16.358 388 388 D A2dpMediaBrowserService: onCreate
03-09 11:06:16.365 388 388 D A2dpMediaBrowserService: device null
03-09 11:06:16.369 388 388 D BluetoothAdapterService: getAdapterService() - returning com.android.bluetooth.btservice.AdapterService@6d71c29
03-09 11:06:16.369 388 388 D PbapClientService: Received start request. Starting profile...
03-09 11:06:16.370 433 433 D CarBluetoothUsrSvc: OnServiceConnected profile: 17
03-09 11:06:16.416 388 388 W PbapClientService: Found 0 unclean accounts
03-09 11:06:16.417 388 388 E ActivityThread: Failed to find provider info for call_log
03-09 11:06:16.417 388 388 W PbapClientService: Call Logs could not be deleted, they may not exist yet.
03-09 11:06:16.418 388 388 D BluetoothAdapterService: getAdapterService() - returning com.android.bluetooth.btservice.AdapterService@6d71c29
03-09 11:06:16.422 388 388 D BluetoothAdapterService: getAdapterService() - returning com.android.bluetooth.btservice.AdapterService@6d71c29
03-09 11:06:16.422 433 433 D CarBluetoothUsrSvc: OnServiceConnected profile: 18
03-09 11:06:16.423 388 388 D MapClientService: Received start request. Starting profile...
03-09 11:06:16.425 388 388 D ObexServerSockets: create(rfcomm = -2, l2capPsm = -2)
03-09 11:06:16.426 388 388 W BluetoothAdapter: getBluetoothService() called with no BluetoothManagerCallback
03-09 11:06:16.428 388 735 I bt_stack: [INFO:port_api.cc(123)] RFCOMM_CreateConnection BDA: ff:ff:ff:ff:ff:ff
03-09 11:06:16.429 388 388 W BluetoothAdapter: getBluetoothService() called with no BluetoothManagerCallback
03-09 11:06:16.430 388 388 D ObexServerSockets: Succeed to create listening sockets
03-09 11:06:16.430 388 388 D ObexServerSockets0: startAccept()
03-09 11:06:16.430 388 388 D ObexServerSockets0: prepareForNewConnect()
03-09 11:06:16.432 388 388 D BluetoothSdpJni: sdpCreateMapMnsRecordNative
03-09 11:06:16.433 388 388 D BluetoothSdpJni: SDP Create record success - handle: 0
03-09 11:06:16.438 388 748 D ObexServerSockets0: Accepting socket connection...
03-09 11:06:16.438 388 388 D BluetoothAdapterService: getAdapterService() - returning com.android.bluetooth.btservice.AdapterService@6d71c29
03-09 11:06:16.439 388 747 D ObexServerSockets0: Accepting socket connection...
03-09 11:06:16.439 388 388 D BluetoothAdapterService: handleMessage() - Message: 1
03-09 11:06:16.439 388 388 D BluetoothAdapterService: handleMessage() - MESSAGE_PROFILE_SERVICE_STATE_CHANGED
03-09 11:06:16.439 388 388 D BluetoothAdapterService: processProfileServiceStateChanged() - serviceName=com.android.bluetooth.a2dpsink.A2dpSinkService isTurningOn=true isTurningOff=false isBleTurningOn=false isBleTurningOff=false
03-09 11:06:16.440 388 388 D BluetoothAdapterService: onProfileServiceStateChange() - Profile still not running:com.android.bluetooth.pan.PanService
03-09 11:06:16.440 388 388 D BluetoothAdapterService: handleMessage() - Message: 1
03-09 11:06:16.440 388 388 D BluetoothAdapterService: handleMessage() - MESSAGE_PROFILE_SERVICE_STATE_CHANGED
03-09 11:06:16.440 388 388 D BluetoothAdapterService: processProfileServiceStateChanged() - serviceName=com.android.bluetooth.pan.PanService isTurningOn=true isTurningOff=false isBleTurningOn=false isBleTurningOff=false
03-09 11:06:16.440 388 388 D BluetoothAdapterService: onProfileServiceStateChange() - Profile still not running:com.android.bluetooth.avrcpcontroller.AvrcpControllerService
03-09 11:06:16.443 388 388 D HfpClientConnService: onCreate
03-09 11:06:16.447 388 388 D HfpClientConnService: onStartCommand Intent { cmp=com.android.bluetooth/.hfpclient.connserv.HfpClientConnectionService }
03-09 11:06:16.448 388 388 D BluetoothAdapterService: handleMessage() - Message: 1
03-09 11:06:16.448 388 388 D BluetoothAdapterService: handleMessage() - MESSAGE_PROFILE_SERVICE_STATE_CHANGED
03-09 11:06:16.448 388 388 D BluetoothAdapterService: processProfileServiceStateChanged() - serviceName=com.android.bluetooth.hfpclient.HeadsetClientService isTurningOn=true isTurningOff=false isBleTurningOn=false isBleTurningOff=false
03-09 11:06:16.448 388 388 D BluetoothAdapterService: onProfileServiceStateChange() - Profile still not running:com.android.bluetooth.avrcpcontroller.AvrcpControllerService
03-09 11:06:16.449 388 388 D BluetoothAdapterService: handleMessage() - Message: 1
03-09 11:06:16.449 388 388 D BluetoothAdapterService: handleMessage() - MESSAGE_PROFILE_SERVICE_STATE_CHANGED
03-09 11:06:16.449 388 388 D BluetoothAdapterService: processProfileServiceStateChanged() - serviceName=com.android.bluetooth.avrcpcontroller.AvrcpControllerService isTurningOn=true isTurningOff=false isBleTurningOn=false isBleTurningOff=false
03-09 11:06:16.449 388 388 D BluetoothAdapterService: onProfileServiceStateChange() - Profile still not running:com.android.bluetooth.pbapclient.PbapClientService
03-09 11:06:16.449 388 388 D BluetoothAdapterService: handleMessage() - Message: 1
03-09 11:06:16.449 388 388 D BluetoothAdapterService: handleMessage() - MESSAGE_PROFILE_SERVICE_STATE_CHANGED
03-09 11:06:16.449 388 388 D BluetoothAdapterService: processProfileServiceStateChanged() - serviceName=com.android.bluetooth.pbapclient.PbapClientService isTurningOn=true isTurningOff=false isBleTurningOn=false isBleTurningOff=false
03-09 11:06:16.449 388 388 D BluetoothAdapterService: onProfileServiceStateChange() - Profile still not running:com.android.bluetooth.mapclient.MapClientService
03-09 11:06:16.449 388 388 D BluetoothAdapterService: handleMessage() - Message: 1
03-09 11:06:16.449 388 388 D BluetoothAdapterService: handleMessage() - MESSAGE_PROFILE_SERVICE_STATE_CHANGED
03-09 11:06:16.449 388 388 D BluetoothAdapterService: processProfileServiceStateChanged() - serviceName=com.android.bluetooth.mapclient.MapClientService isTurningOn=true isTurningOff=false isBleTurningOn=false isBleTurningOff=false
03-09 11:06:16.449 388 388 D BluetoothAdapterService: onProfileServiceStateChange() - All profile services started.
03-09 11:06:16.450 388 627 V BluetoothAdapterState: PendingCommand - transient state(s): isTurningOn
03-09 11:06:16.450 388 627 D BluetoothAdapterState: Current state: PENDING_COMMAND, message: 2
03-09 11:06:16.451 388 627 D BluetoothAdapterProperties: onBluetoothReady, state=11, ScanMode=20
03-09 11:06:16.451 388 627 D BluetoothAdapterProperties: Setting state to 12
03-09 11:06:16.451 388 627 I BluetoothAdapterState: Bluetooth adapter state changed: 11-> 12
03-09 11:06:16.451 388 627 D BluetoothAdapterService: updateAdapterState() - Broadcasting state to 1 receivers.
03-09 11:06:16.454 292 314 D BluetoothManagerService: MESSAGE_BLUETOOTH_STATE_CHANGE: TURNING_ON > ON
03-09 11:06:16.454 388 627 I BluetoothAdapterState: Entering OnState
03-09 11:06:16.454 292 314 D BluetoothManagerService: Broadcasting onBluetoothStateChange(true) to 15 receivers.
03-09 11:06:16.454 388 627 D BluetoothAdapterService: updateUuids() - Updating UUIDs for bonded devices
03-09 11:06:16.454 292 314 D BluetoothA2dp: onBluetoothStateChange: up=true
03-09 11:06:16.455 292 314 E BluetoothA2dp: Could not bind to Bluetooth A2DP Service with Intent { act=android.bluetooth.IBluetoothA2dp }
03-09 11:06:16.455 292 314 D BluetoothHeadset: onBluetoothStateChange: up=true
03-09 11:06:16.455 292 314 D BluetoothManagerService: Creating new ProfileServiceConnections object for profile: 1
03-09 11:06:16.455 292 314 E BluetoothManagerService: Fail to bind to: Intent { act=android.bluetooth.IBluetoothHeadset }
03-09 11:06:16.455 292 314 W BluetoothManagerService: Unable to bind with intent: Intent { act=android.bluetooth.IBluetoothHeadset }
03-09 11:06:16.455 292 314 D BluetoothHeadset: onBluetoothStateChange: up=true
03-09 11:06:16.455 433 456 D BluetoothA2dpSink: onBluetoothStateChange: up=true
03-09 11:06:16.455 292 314 D BluetoothManagerService: Creating new ProfileServiceConnections object for profile: 1
03-09 11:06:16.455 292 314 E BluetoothManagerService: Fail to bind to: Intent { act=android.bluetooth.IBluetoothHeadset }
03-09 11:06:16.455 292 314 W BluetoothManagerService: Unable to bind with intent: Intent { act=android.bluetooth.IBluetoothHeadset }
03-09 11:06:16.455 492 721 D BluetoothHeadset: onBluetoothStateChange: up=true
03-09 11:06:16.455 292 314 D BluetoothHeadset: onBluetoothStateChange: up=true
03-09 11:06:16.455 292 314 D BluetoothManagerService: Creating new ProfileServiceConnections object for profile: 1
03-09 11:06:16.455 292 314 E BluetoothManagerService: Fail to bind to: Intent { act=android.bluetooth.IBluetoothHeadset }
03-09 11:06:16.455 292 314 W BluetoothManagerService: Unable to bind with intent: Intent { act=android.bluetooth.IBluetoothHeadset }
03-09 11:06:16.455 388 401 D BluetoothHeadsetClient: onBluetoothStateChange: up=true
03-09 11:06:16.456 412 687 D BluetoothInputDevice: onBluetoothStateChange: up=true
03-09 11:06:16.456 292 314 D BluetoothManagerService: Sending BLE State Change: TURNING_ON > ON
03-09 11:06:16.456 433 689 D BluetoothHeadsetClient: onBluetoothStateChange: up=true
03-09 11:06:16.456 412 434 D BluetoothPan: onBluetoothStateChange on: true
03-09 11:06:16.456 412 654 D BluetoothPbap: onBluetoothStateChange: up=true
03-09 11:06:16.457 412 461 D BluetoothHeadsetClient: onBluetoothStateChange: up=true
03-09 11:06:16.458 292 517 D BluetoothManagerService: Creating new ProfileServiceConnections object for profile: 1
03-09 11:06:16.458 292 517 E BluetoothManagerService: Fail to bind to: Intent { act=android.bluetooth.IBluetoothHeadset }
03-09 11:06:16.458 292 517 W BluetoothManagerService: Unable to bind with intent: Intent { act=android.bluetooth.IBluetoothHeadset }
03-09 11:06:16.458 412 654 E BluetoothPbap: Could not bind to Bluetooth Pbap Service with Intent { act=android.bluetooth.IBluetoothPbap }
03-09 11:06:16.458 412 687 E BluetoothInputDevice: Could not bind to Bluetooth HID Service with Intent { act=android.bluetooth.IBluetoothInputDevice }
03-09 11:06:16.462 292 292 I Telecom : BluetoothPhoneService: queryPhoneState: BPSI.qPS@AAo
03-09 11:06:16.463 388 388 D BluetoothHeadsetClient: Proxy object connected
03-09 11:06:16.463 388 388 D HfpClientConnService: onServiceConnected
03-09 11:06:16.464 388 639 D BluetoothAdapterProperties: Scan Mode:21
03-09 11:06:16.464 388 639 D BluetoothAdapterProperties: Discoverable Timeout:120
03-09 11:06:16.468 412 662 D LocalBluetoothProfileManager: Adding local A2DP Sink profile
03-09 11:06:16.497 412 662 D LocalBluetoothProfileManager: Adding local HfpClient profile
03-09 11:06:16.509 412 662 W LocalBluetoothProfileManager: Warning: MAP Client profile was previously added but the UUID is now missing.
03-09 11:06:16.509 412 662 D LocalBluetoothProfileManager: Adding local PBAP Client profile
03-09 11:06:16.514 412 432 I zygote : Background concurrent copying GC freed 21876(2MB) AllocSpace objects, 0(0B) LOS objects, 49% free, 6MB/12MB, paused 142us total 136.566ms
03-09 11:06:16.521 412 692 E ActivityThread: Failed to find provider info for com.android.contacts
03-09 11:06:16.544 412 691 E ActivityThread: Failed to find provider info for com.android.contacts
03-09 11:06:16.592 292 353 I InputReader: Reconfiguring input devices. changes=0x00000004
03-09 11:06:16.597 292 353 I InputReader: Reconfiguring input devices. changes=0x00000004
03-09 11:06:16.598 292 361 D WifiService: New client listening to asynchronous messages
03-09 11:06:16.672 412 426 I zygote : Do partial code cache collection, code=31KB, data=27KB
03-09 11:06:16.675 412 426 I zygote : After code cache collection, code=31KB, data=27KB
03-09 11:06:16.675 412 426 I zygote : Increasing code cache capacity to 128KB
03-09 11:06:16.727 292 584 I ActivityManager: user 0 is still locked. Cannot load recents
03-09 11:06:16.744 412 684 D vndksupport: Loading /vendor/lib/hw/android.hardware.graphics.mapper@2.0-impl.so from current namespace instead of sphal namespace.
03-09 11:06:16.760 412 684 D vndksupport: Loading /vendor/lib/hw/gralloc.jacinto6.so from current namespace instead of sphal namespace.
03-09 11:06:16.939 412 412 D BluetoothPan: BluetoothPAN Proxy object connected
03-09 11:06:16.940 412 412 D PanProfile: Bluetooth service connected
03-09 11:06:16.940 412 412 D BluetoothHeadsetClient: Proxy object connected
03-09 11:06:16.946 388 401 D MapClientService: getDevicesMatchingConnectionStates[2]
03-09 11:06:16.947 388 401 D MapClientService: []
03-09 11:06:16.947 412 412 D BluetoothA2dpSink: Proxy object connected
03-09 11:06:16.948 412 412 D A2dpSinkProfile: Bluetooth service connected
03-09 11:06:16.949 412 412 D BluetoothHeadsetClient: Proxy object connected
03-09 11:06:16.965 412 412 W KeyguardUpdateMonitor: invalid subId in handleServiceStateChange()
03-09 11:06:16.965 412 412 D BluetoothHeadsetClient: Proxy object connected
03-09 11:06:17.213 412 426 I zygote : Do partial code cache collection, code=51KB, data=43KB
03-09 11:06:17.214 412 426 I zygote : After code cache collection, code=51KB, data=43KB
03-09 11:06:17.214 412 426 I zygote : Increasing code cache capacity to 256KB
03-09 11:06:17.230 292 315 I WindowManager: ******* TELLING SURFACE FLINGER WE ARE BOOTED!
03-09 11:06:17.231 184 241 I SurfaceFlinger: Boot is finished (17791 ms)
03-09 11:06:17.242 292 315 I SystemServiceManager: Starting phase 1000
03-09 11:06:17.254 292 315 D ActivityManager: Finishing user boot 0
03-09 11:06:17.254 292 315 I ActivityManager: User 0 state changed from BOOTING to RUNNING_LOCKED
03-09 11:06:17.260 292 315 D StorageManagerService: Setting property: sys.user.0.ce_available=true
03-09 11:06:17.261 292 315 I ActivityManager: User 0 state changed from RUNNING_LOCKED to RUNNING_UNLOCKING
03-09 11:06:17.261 292 315 D CryptdConnector: SND -> {3 cryptfs prepare_user_storage ! 0 0 2}
03-09 11:06:17.262 151 163 D vold : e4crypt_prepare_user_storage for volume null, user 0, serial 0, flags 2
03-09 11:06:17.262 151 163 D vold : Preparing: /data/system_ce/0
03-09 11:06:17.262 151 163 D vold : Preparing: /data/misc_ce/0
03-09 11:06:17.262 151 163 D vold : Preparing: /data/media/0
03-09 11:06:17.262 151 163 D vold : Preparing: /data/data
03-09 11:06:17.263 292 356 D CryptdConnector: RCV <- {200 3 Command succeeded}
03-09 11:06:17.265 292 315 V UserDataPreparer: Found /data/user/0 with serial number 0
03-09 11:06:17.265 292 315 V UserDataPreparer: Found /data/system_ce/0 with serial number 0
03-09 11:06:17.266 292 315 V PackageManager: reconcileAppsData for null u0 0x2 migrateAppData=false
03-09 11:06:17.343 763 763 I bootstat: Service started: /system/bin/bootstat --record_boot_complete
03-09 11:06:17.346 763 763 E bootstat: Failed to read /data/misc/bootstat/post_decrypt_time_elapsed: No such file or directory
03-09 11:06:17.346 763 763 E bootstat: Failed to parse boot time record: /data/misc/bootstat/post_decrypt_time_elapsed
03-09 11:06:17.397 767 767 I bootstat: Service started: /system/bin/bootstat --record_boot_reason
03-09 11:06:17.399 767 767 I bootstat: Unknown boot reason:
03-09 11:06:17.432 768 768 I bootstat: Service started: /system/bin/bootstat --record_time_since_factory_reset
03-09 11:06:17.472 292 315 V PackageManager: reconcileAppsData finished 91 packages
03-09 11:06:17.472 292 307 W zygote : Long monitor contention with owner android.display (315) at void com.android.server.am.ActivityManagerService.finishBooting()(ActivityManagerService.java:7347) waiters=0 in void com.android.server.am.BroadcastQueue.processNextBroadcast(boolean) for 217ms
03-09 11:06:17.473 292 307 I SystemServiceManager: Calling onUnlockUser u0
03-09 11:06:17.476 292 307 D BluetoothManagerService: User 0 unlocked
03-09 11:06:17.479 292 314 D BluetoothManagerService: MESSAGE_USER_UNLOCKED
03-09 11:06:17.479 292 307 D StorageManagerService: onUnlockUser 0
03-09 11:06:17.479 292 307 D VoldConnector: SND -> {7 volume user_started 0}
03-09 11:06:17.483 292 362 D WifiConfigStore: Reading from stores completed in 3 ms.
03-09 11:06:17.485 151 162 D vold : Linking /storage/emulated/0 to /mnt/user/0/primary
03-09 11:06:17.488 292 355 D VoldConnector: RCV <- {200 7 Command succeeded}
03-09 11:06:17.490 292 354 D StorageManagerService: Volume emulated broadcasting mounted to UserHandle{0}
03-09 11:06:17.491 292 307 W TextServicesManagerService: no available spell checker services found
03-09 11:06:17.493 292 307 I BackupManagerService: Instantiating BackupManagerService
03-09 11:06:17.504 769 769 I bootstat: Service started: /system/bin/bootstat -l
03-09 11:06:17.517 292 292 I ActivityManager: Start proc 771:com.android.deskclock/u0a46 for broadcast com.android.deskclock/.AlarmInitReceiver
03-09 11:06:17.520 292 354 D StorageManagerService: Volume public:8,1 broadcasting mounted to UserHandle{0}
03-09 11:06:17.524 292 307 I SELinux : SELinux: Loaded file_contexts
03-09 11:06:17.527 292 362 D WIFI : Registering NetworkFactory
03-09 11:06:17.528 292 362 D WIFI_UT : Registering NetworkFactory
03-09 11:06:17.528 292 367 D ConnectivityService: Got NetworkFactory Messenger for WIFI
03-09 11:06:17.528 292 367 D ConnectivityService: Got NetworkFactory Messenger for WIFI_UT
03-09 11:06:17.531 292 307 V BackupManagerService: No ancestral data
03-09 11:06:17.536 292 362 D WifiConfigStore: Reading from user store completed in 3 ms.
03-09 11:06:17.543 412 500 I zygote : Waiting for a blocking GC ProfileSaver
03-09 11:06:17.563 292 307 I BackupManagerService: Package com.android.systemui.theme.dark not installed; dropping from full backup
03-09 11:06:17.571 292 362 D WifiConfigStore: Writing to stores completed in 33 ms.
03-09 11:06:17.571 292 362 D WIFI : got request NetworkRequest [ REQUEST id=1, [ Capabilities: INTERNET&NOT_RESTRICTED&TRUSTED&NOT_VPN] ] with score 0
03-09 11:06:17.575 292 307 V BackupManagerService: Starting with transport android/com.android.internal.backup.LocalTransport
03-09 11:06:17.578 292 307 D BackupTransportManager: Binding to transport: android/com.android.internal.backup.LocalTransportService
03-09 11:06:17.578 180 180 E WifiHAL : Failed to register debug response; result = -23
03-09 11:06:17.579 292 362 E WifiVendorHal: getSupportedFeatureSet(l.891) failed {.code = ERROR_NOT_AVAILABLE, .description = }
03-09 11:06:17.581 180 180 E WifiHAL : Failed to register debug response; result = -23
03-09 11:06:17.583 292 307 I BackupManagerService: Backup enabled => false
03-09 11:06:17.588 292 362 D WifiConnectivityHelper: Firmware supported feature set: 41f
03-09 11:06:17.588 292 362 D WifiConnectivityHelper: Firmware roaming is not supported
03-09 11:06:17.589 292 362 D WIFI : got request NetworkRequest [ BACKGROUND_REQUEST id=2, [ Transports: CELLULAR Capabilities: INTERNET&NOT_RESTRICTED&TRUSTED&NOT_VPN] ] with score 0
03-09 11:06:17.589 292 362 D WIFI : got request NetworkRequest [ TRACK_DEFAULT id=5, [ Capabilities: INTERNET&NOT_RESTRICTED&TRUSTED&NOT_VPN] ] with score 0
03-09 11:06:17.589 292 362 D WIFI : got request NetworkRequest [ TRACK_DEFAULT id=3, [ Capabilities: INTERNET&NOT_RESTRICTED&TRUSTED&NOT_VPN] ] with score 0
03-09 11:06:17.589 292 362 D WIFI_UT : got request NetworkRequest [ REQUEST id=1, [ Capabilities: INTERNET&NOT_RESTRICTED&TRUSTED&NOT_VPN] ] with score 0
03-09 11:06:17.590 292 362 D WIFI_UT : got request NetworkRequest [ BACKGROUND_REQUEST id=2, [ Transports: CELLULAR Capabilities: INTERNET&NOT_RESTRICTED&TRUSTED&NOT_VPN] ] with score 0
03-09 11:06:17.590 292 362 D WIFI_UT : got request NetworkRequest [ TRACK_DEFAULT id=5, [ Capabilities: INTERNET&NOT_RESTRICTED&TRUSTED&NOT_VPN] ] with score 0
03-09 11:06:17.590 292 362 D WIFI_UT : got request NetworkRequest [ TRACK_DEFAULT id=3, [ Capabilities: INTERNET&NOT_RESTRICTED&TRUSTED&NOT_VPN] ] with score 0
03-09 11:06:17.598 292 770 V KeyValueBackupJob: Scheduling k/v pass in 247 minutes
03-09 11:06:17.604 292 307 W SystemServiceManager: Service com.android.server.backup.BackupManagerService$Lifecycle took 113 ms in onUnlockUser
03-09 11:06:17.605 292 307 W VoiceInteractionManagerService: no available voice interaction services found for user 0
03-09 11:06:17.605 292 307 W VoiceInteractionManagerService: no available voice recognition services found for user 0
03-09 11:06:17.606 292 307 I ActivityManager: Loading recents for user 0 into memory.
03-09 11:06:17.619 292 292 W InputMethodManagerService: Default IME is uninstalled. Choose new default IME.
03-09 11:06:17.621 292 770 V KeyValueBackupJob: Scheduling k/v pass in 246 minutes
03-09 11:06:17.650 166 201 W CommandListener: Failed to retrieve HW addr for p2p0 (No such device)
03-09 11:06:17.654 166 201 D CommandListener: Setting iface cfg
03-09 11:06:17.658 292 366 E WifiP2pService: Unable to change interface settings: java.lang.IllegalStateException: command '28 interface setcfg p2p0 0.0.0.0 0 up' failed with '400 28 Failed to clear address (No such device)'
03-09 11:06:17.659 292 366 I SupplicantP2pIfaceHal: Registering ISupplicant service ready callback.
03-09 11:06:17.659 292 366 I system_server: Looking for service android.hidl.manager@1.0::IServiceManager/default
03-09 11:06:17.663 292 366 I system_server: Starting thread pool.
