2023-05-18 17:24:16.478 503-503 WindowManager system_process W removeWindowToken: Attempted to remove non-existing token: android.os.Binder@857bfbb
2023-05-18 17:24:17.206 1018-1018 ROTAUpdateManager com.skyla.qbi D onStatusUpdate status = 4; percent = 0.720019
2023-05-18 17:24:18.705 503-815 InputManager-JNI system_process W Input channel object 'bdb1ae Toast (client)' was disposed without first being removed with the input manager!
2023-05-18 17:24:18.721 503-815 NotificationService system_process W Toast already killed. pkg=com.skyla.qbi token=android.os.BinderProxy@88e4886
2023-05-18 17:24:19.071 503-503 WindowManager system_process W removeWindowToken: Attempted to remove non-existing token: android.os.Binder@3863831
2023-05-18 17:24:19.674 1018-1018 ROTAUpdateManager com.skyla.qbi D onStatusUpdate status = 4; percent = 0.73002005
2023-05-18 17:24:21.287 503-1131 InputManager-JNI system_process W Input channel object 'ea47174 Toast (client)' was disposed without first being removed with the input manager!
2023-05-18 17:24:21.304 503-553 NotificationService system_process W Toast already killed. pkg=com.skyla.qbi token=android.os.BinderProxy@c487b0c
2023-05-18 17:24:21.662 503-503 WindowManager system_process W removeWindowToken: Attempted to remove non-existing token: android.os.Binder@4b89c97
2023-05-18 17:24:22.315 1018-1018 ROTAUpdateManager com.skyla.qbi D onStatusUpdate status = 4; percent = 0.7400212
2023-05-18 17:24:23.874 503-815 InputManager-JNI system_process W Input channel object 'd33c66a Toast (client)' was disposed without first being removed with the input manager!
2023-05-18 17:24:23.885 503-815 NotificationService system_process W Toast already killed. pkg=com.skyla.qbi token=android.os.BinderProxy@a22b8c2
2023-05-18 17:24:24.252 503-503 WindowManager system_process W removeWindowToken: Attempted to remove non-existing token: android.os.Binder@7e48fa1
2023-05-18 17:24:24.619 439-439 update_engine pid-439 I [INFO:filesystem_verifier_action.cc(436)] Hash of system: JIkVhicERS4Qkc6l5xAw+8wTX3HB9KszG7Ue1l85CoI=
2023-05-18 17:24:24.844 439-439 update_engine pid-439 I [INFO:filesystem_verifier_action.cc(330)] Hashing partition 3 (vendor) on device /dev/block/mapper/vendor_b
2023-05-18 17:24:25.230 439-439 update_engine pid-439 I Successfully unmapped snapshot system_b
2023-05-18 17:24:25.398 439-439 update_engine pid-439 I Successfully unmapped snapshot vendor_b
2023-05-18 17:24:25.402 439-439 update_engine pid-439 I Shutdown snapuserd daemon
2023-05-18 17:24:25.408 439-439 update_engine pid-439 I Successfully unmapped snapshot system_b
2023-05-18 17:24:25.419 154-161 vold pid-154 D Disk at 252:15 changed
2023-05-18 17:24:25.439 439-439 update_engine pid-439 I [libfs_mgr]Created logical partition system_b-base on device /dev/block/dm-15
2023-05-18 17:24:25.448 154-161 vold pid-154 D Disk at 252:16 changed
2023-05-18 17:24:25.468 439-439 update_engine pid-439 I Mapped COW device for system_b at /dev/block/dm-16
2023-05-18 17:24:25.479 154-161 vold pid-154 D Disk at 252:17 changed
2023-05-18 17:24:25.482 154-161 vold pid-154 D Disk at 252:17 changed
2023-05-18 17:24:25.504 439-439 update_engine pid-439 I [libfs_mgr]Created logical partition system_b-src on device /dev/block/dm-17
2023-05-18 17:24:26.266 154-161 vold pid-154 D Disk at 252:18 changed
2023-05-18 17:24:26.478 503-877 InputManager-JNI system_process W Input channel object 'e029210 Toast (client)' was disposed without first being removed with the input manager!
2023-05-18 17:24:26.488 503-877 NotificationService system_process W Toast already killed. pkg=com.skyla.qbi token=android.os.BinderProxy@8029e1a
2023-05-18 17:24:26.515 154-161 vold pid-154 D Disk at 252:19 changed
2023-05-18 17:24:26.518 439-439 update_engine pid-439 I Mapped system_b as snapshot device at /dev/block/dm-19
2023-05-18 17:24:26.530 439-439 update_engine pid-439 I Successfully unmapped snapshot vendor_b
2023-05-18 17:24:26.545 154-161 vold pid-154 D Disk at 252:20 changed
2023-05-18 17:24:26.566 439-439 update_engine pid-439 I [libfs_mgr]Created logical partition vendor_b-base on device /dev/block/dm-20
2023-05-18 17:24:26.584 154-161 vold pid-154 D Disk at 252:21 changed
2023-05-18 17:24:26.605 439-439 update_engine pid-439 I Mapped COW device for vendor_b at /dev/block/dm-21
2023-05-18 17:24:26.618 154-161 vold pid-154 D Disk at 252:22 changed
2023-05-18 17:24:26.618 154-161 vold pid-154 D Disk at 252:22 changed
2023-05-18 17:24:26.639 439-439 update_engine pid-439 I [libfs_mgr]Created logical partition vendor_b-src on device /dev/block/dm-22
2023-05-18 17:24:26.816 154-161 vold pid-154 D Disk at 252:23 changed
2023-05-18 17:24:26.843 503-503 WindowManager system_process W removeWindowToken: Attempted to remove non-existing token: android.os.Binder@b84727f
2023-05-18 17:24:26.902 154-161 vold pid-154 D Disk at 252:24 changed
2023-05-18 17:24:26.903 439-439 update_engine pid-439 I Mapped vendor_b as snapshot device at /dev/block/dm-24
2023-05-18 17:24:26.909 439-439 update_engine pid-439 I MapAllSnapshots succeeded.
2023-05-18 17:24:26.915 439-439 update_engine pid-439 I [INFO:filesystem_verifier_action.cc(380)] Verity writes disabled on partition vendor
2023-05-18 17:24:26.924 1018-1018 ROTAUpdateManager com.skyla.qbi D onStatusUpdate status = 4; percent = 0.90006834
2023-05-18 17:24:27.225 1018-1018 ROTAUpdateManager com.skyla.qbi D onStatusUpdate status = 4; percent = 0.9101125
2023-05-18 17:24:27.551 1018-1018 ROTAUpdateManager com.skyla.qbi D onStatusUpdate status = 4; percent = 0.9201567
2023-05-18 17:24:27.556 503-709 NotificationService system_process E Package has already queued 5 toasts. Not showing more. Package=com.skyla.qbi
2023-05-18 17:24:27.871 1018-1018 ROTAUpdateManager com.skyla.qbi D onStatusUpdate status = 4; percent = 0.93020093
2023-05-18 17:24:27.875 503-709 NotificationService system_process E Package has already queued 5 toasts. Not showing more. Package=com.skyla.qbi
2023-05-18 17:24:28.166 1018-1018 ROTAUpdateManager com.skyla.qbi D onStatusUpdate status = 4; percent = 0.94024515
2023-05-18 17:24:28.171 503-709 NotificationService system_process E Package has already queued 5 toasts. Not showing more. Package=com.skyla.qbi
2023-05-18 17:24:28.441 1018-1018 ROTAUpdateManager com.skyla.qbi D onStatusUpdate status = 4; percent = 0.95028937
2023-05-18 17:24:28.446 503-709 NotificationService system_process E Package has already queued 5 toasts. Not showing more. Package=com.skyla.qbi
2023-05-18 17:24:28.722 1018-1018 ROTAUpdateManager com.skyla.qbi D onStatusUpdate status = 4; percent = 0.9603335
2023-05-18 17:24:28.726 503-709 NotificationService system_process E Package has already queued 5 toasts. Not showing more. Package=com.skyla.qbi
2023-05-18 17:24:29.058 1018-1018 ROTAUpdateManager com.skyla.qbi D onStatusUpdate status = 4; percent = 0.97037774
2023-05-18 17:24:29.068 503-709 InputManager-JNI system_process W Input channel object '7e9328 Toast (client)' was disposed without first being removed with the input manager!
2023-05-18 17:24:29.085 503-709 NotificationService system_process W Toast already killed. pkg=com.skyla.qbi token=android.os.BinderProxy@e766f6c
2023-05-18 17:24:29.434 503-503 WindowManager system_process W removeWindowToken: Attempted to remove non-existing token: android.os.Binder@3aa5f4d
2023-05-18 17:24:29.538 1018-1018 ROTAUpdateManager com.skyla.qbi D onStatusUpdate status = 4; percent = 0.9804219
2023-05-18 17:24:29.542 503-815 NotificationService system_process E Package has already queued 5 toasts. Not showing more. Package=com.skyla.qbi
2023-05-18 17:24:29.834 1018-1018 ROTAUpdateManager com.skyla.qbi D onStatusUpdate status = 4; percent = 0.9904661
2023-05-18 17:24:29.838 503-815 NotificationService system_process E Package has already queued 5 toasts. Not showing more. Package=com.skyla.qbi
2023-05-18 17:24:30.113 439-439 update_engine pid-439 I [INFO:filesystem_verifier_action.cc(436)] Hash of vendor: Ge24dWJXAPuFr7a7sPZTIlqdxIHsSQFkeQpqrttcCaQ=
2023-05-18 17:24:30.114 1018-1018 ROTAUpdateManager com.skyla.qbi D onStatusUpdate status = 4; percent = 1.0
2023-05-18 17:24:30.120 503-815 NotificationService system_process E Package has already queued 5 toasts. Not showing more. Package=com.skyla.qbi
2023-05-18 17:24:30.214 1018-1018 ROTAUpdateManager com.skyla.qbi D onStatusUpdate status = 4; percent = 1.0
2023-05-18 17:24:30.215 439-439 update_engine pid-439 I [INFO:action_processor.cc(116)] ActionProcessor: finished FilesystemVerifierAction with code ErrorCode::kSuccess
2023-05-18 17:24:30.218 503-815 NotificationService system_process E Package has already queued 5 toasts. Not showing more. Package=com.skyla.qbi
2023-05-18 17:24:30.219 1018-1018 ROTAUpdateManager com.skyla.qbi D onStatusUpdate status = 5; percent = 0.0
2023-05-18 17:24:30.222 439-439 update_engine pid-439 I [INFO:action_processor.cc(143)] ActionProcessor: starting PostinstallRunnerAction
2023-05-18 17:24:30.378 439-439 update_engine pid-439 I Successfully unmapped snapshot system_b
2023-05-18 17:24:30.582 439-439 update_engine pid-439 I Successfully unmapped snapshot vendor_b
2023-05-18 17:24:30.587 439-439 update_engine pid-439 I Shutdown snapuserd daemon
2023-05-18 17:24:30.591 439-439 update_engine pid-439 I Successfully unmapped snapshot system_b
2023-05-18 17:24:30.599 154-161 vold pid-154 D Disk at 252:15 changed
2023-05-18 17:24:30.620 439-439 update_engine pid-439 I [libfs_mgr]Created logical partition system_b-base on device /dev/block/dm-15
2023-05-18 17:24:30.628 154-161 vold pid-154 D Disk at 252:16 changed
2023-05-18 17:24:30.649 439-439 update_engine pid-439 I Mapped COW device for system_b at /dev/block/dm-16
2023-05-18 17:24:30.656 154-161 vold pid-154 D Disk at 252:17 changed
2023-05-18 17:24:30.657 154-161 vold pid-154 D Disk at 252:17 changed
2023-05-18 17:24:30.678 439-439 update_engine pid-439 I [libfs_mgr]Created logical partition system_b-src on device /dev/block/dm-17
2023-05-18 17:24:31.433 154-161 vold pid-154 D Disk at 252:18 changed
2023-05-18 17:24:31.653 503-709 InputManager-JNI system_process W Input channel object 'bcec1ca Toast (client)' was disposed without first being removed with the input manager!
2023-05-18 17:24:31.665 503-815 NotificationService system_process W Toast already killed. pkg=com.skyla.qbi token=android.os.BinderProxy@9ad4004
2023-05-18 17:24:31.677 154-161 vold pid-154 D Disk at 252:19 changed
2023-05-18 17:24:31.679 439-439 update_engine pid-439 I Mapped system_b as snapshot device at /dev/block/dm-19
2023-05-18 17:24:31.686 439-439 update_engine pid-439 I Successfully unmapped snapshot vendor_b
2023-05-18 17:24:31.704 154-161 vold pid-154 D Disk at 252:20 changed
2023-05-18 17:24:31.725 439-439 update_engine pid-439 I [libfs_mgr]Created logical partition vendor_b-base on device /dev/block/dm-20
2023-05-18 17:24:31.737 154-161 vold pid-154 D Disk at 252:21 changed
2023-05-18 17:24:31.757 439-439 update_engine pid-439 I Mapped COW device for vendor_b at /dev/block/dm-21
2023-05-18 17:24:31.770 154-161 vold pid-154 D Disk at 252:22 changed
2023-05-18 17:24:31.772 154-161 vold pid-154 D Disk at 252:22 changed
2023-05-18 17:24:31.795 439-439 update_engine pid-439 I [libfs_mgr]Created logical partition vendor_b-src on device /dev/block/dm-22
2023-05-18 17:24:31.954 720-748 ndroid.systemu com.android.systemui I Background concurrent copying GC freed 10947(510KB) AllocSpace objects, 0(0B) LOS objects, 10% free, 8216KB/9129KB, paused 344us total 261.261ms
2023-05-18 17:24:32.005 154-161 vold pid-154 D Disk at 252:23 changed
2023-05-18 17:24:32.026 503-503 WindowManager system_process W removeWindowToken: Attempted to remove non-existing token: android.os.Binder@571bd8b
2023-05-18 17:24:32.080 154-161 vold pid-154 D Disk at 252:24 changed
2023-05-18 17:24:32.080 439-439 update_engine pid-439 I Mapped vendor_b as snapshot device at /dev/block/dm-24
2023-05-18 17:24:32.092 439-439 update_engine pid-439 I MapAllSnapshots succeeded.
2023-05-18 17:24:32.096 439-439 update_engine pid-439 I [INFO:dynamic_partition_control_android.cc(1053)] Snapshot writes are done.
2023-05-18 17:24:32.099 1018-1018 ROTAUpdateManager com.skyla.qbi D onStatusUpdate status = 5; percent = 1.0
2023-05-18 17:24:32.106 439-439 update_engine pid-439 I Wipe is not scheduled. Deleting forward merge indicator.
2023-05-18 17:24:32.123 439-439 update_engine pid-439 I [INFO:hardware_android.cc(291)] Device doesn't use avb, skipping setting vbmeta digest
2023-05-18 17:24:32.242 439-439 update_engine pid-439 I Successfully unmapped snapshot system_b
2023-05-18 17:24:32.378 439-439 update_engine pid-439 I Successfully unmapped snapshot vendor_b
2023-05-18 17:24:32.383 439-439 update_engine pid-439 I Shutdown snapuserd daemon
2023-05-18 17:24:32.386 439-439 update_engine pid-439 I [INFO:postinstall_runner_action.cc(389)] Unmapped all partitions.
2023-05-18 17:24:32.389 439-439 update_engine pid-439 I [INFO:postinstall_runner_action.cc(405)] All post-install commands succeeded
2023-05-18 17:24:32.394 439-439 update_engine pid-439 I [INFO:action_processor.cc(116)] ActionProcessor: finished last action PostinstallRunnerAction with code ErrorCode::kSuccess
2023-05-18 17:24:32.396 439-439 update_engine pid-439 I [INFO:update_attempter_android.cc(546)] Processing Done.
2023-05-18 17:24:32.400 439-439 update_engine pid-439 I [INFO:update_attempter_android.cc(559)] Update successfully applied, waiting to reboot.
2023-05-18 17:24:32.403 439-439 update_engine pid-439 I Successfully unmapped snapshot system_b
2023-05-18 17:24:32.408 439-439 update_engine pid-439 I Successfully unmapped snapshot vendor_b
2023-05-18 17:24:32.412 1018-1018 ROTAUpdateManager com.skyla.qbi D onStatusUpdate status = 6; percent = 0.0
2023-05-18 17:24:32.421 1018-1018 ROTAUpdateManager com.skyla.qbi E onPayloadApplicationComplete errorCode = 0
2023-05-18 17:24:32.426 439-439 update_engine pid-439 I [INFO:metrics_reporter_android.cc(159)] Current update attempt downloads 493 bytes data
2023-05-18 17:24:32.433 439-439 update_engine pid-439 I [INFO:metrics_utils.cc(335)] Updated Marker = 1/1/1970 0:10:46 GMT
2023-05-18 17:24:34.254 503-709 InputManager-JNI system_process W Input channel object 'ef5c022 Toast (client)' was disposed without first being removed with the input manager!
2023-05-18 17:24:34.272 503-709 NotificationService system_process W Toast already killed. pkg=com.skyla.qbi token=android.os.BinderProxy@6aa8b9c
2023-05-18 17:24:34.455 503-709 ShutdownCheckPoints system_process V Binder shutdown checkpoint recorded with pid=1018
2023-05-18 17:24:34.480 503-556 ShutdownCheckPoints system_process V System server shutdown checkpoint recorded
2023-05-18 17:24:34.482 503-556 ShutdownThread system_process D Notifying thread to start shutdown longPressBehavior=5
2023-05-18 17:24:34.506 503-556 ShutdownThread system_process D Attempting to use SysUI shutdown UI
2023-05-18 17:24:34.511 503-556 ShutdownThread system_process D SysUI handling shutdown UI
2023-05-18 17:24:34.530 503-1931 ShutdownThread system_process I Logging pre-reboot information...
2023-05-18 17:24:34.540 503-1931 PreRebootLogger system_process D Wiping pre-reboot information...
2023-05-18 17:24:34.542 503-1931 ShutdownTiming system_process D DumpPreRebootInfo took to complete: 11ms
2023-05-18 17:24:34.542 503-1931 ShutdownThread system_process I Sending shutdown broadcast...
2023-05-18 17:24:34.576 503-503 SyncManager system_process W Writing sync state before shutdown...
2023-05-18 17:24:34.608 503-557 EntropyMixer system_process I Writing entropy...
2023-05-18 17:24:34.617 503-503 WindowManager system_process W removeWindowToken: Attempted to remove non-existing token: android.os.Binder@e85f0b9
2023-05-18 17:24:34.662 503-503 BestClock system_process W java.time.DateTimeException: Missing NTP fix
2023-05-18 17:24:34.717 503-669 WifiMemoryStoreImpl system_process I Disconnecting from IpMemoryStore service
2023-05-18 17:24:34.719 503-1931 ShutdownTiming system_process D SendShutdownBroadcast took to complete: 176ms
2023-05-18 17:24:34.719 503-1931 ShutdownThread system_process I Shutting down activity manager...
2023-05-18 17:24:34.758 503-1545 TaskPersister system_process E File error accessing recents directory (directory doesn't exist?).
2023-05-18 17:24:34.759 503-1545 TaskPersister system_process E File error accessing recents directory (directory doesn't exist?).
2023-05-18 17:24:35.276 503-558 ActivityTaskManager system_process W Activity top resumed state loss timeout for ActivityRecord{bcfc3bb u0 com.skyla.qbi/.Activities.WorkList.HomeActivity t4}
2023-05-18 17:24:35.278 503-558 ActivityTaskManager system_process W Activity pause timeout for ActivityRecord{bcfc3bb u0 com.skyla.qbi/.Activities.WorkList.HomeActivity t4}
2023-05-18 17:24:35.324 503-513 system_server system_process I Background concurrent copying GC freed 22029(1427KB) AllocSpace objects, 1(20KB) LOS objects, 9% free, 10126KB/10MB, paused 588us total 564.179ms
2023-05-18 17:24:35.349 503-1931 AppOps system_process W Writing app ops before shutdown...
2023-05-18 17:24:35.358 503-558 ActivityManager system_process I Killing 1573:com.android.calendar/u0a50 (adj 985): empty #17
2023-05-18 17:24:35.362 503-558 ActivityManager system_process I Killing 1472:android.process.acore/u0a17 (adj 985): empty #18
2023-05-18 17:24:35.389 503-1931 UsageStatsService system_process I User[0] Flushing usage stats to disk
2023-05-18 17:24:35.443 503-566 libprocessgroup system_process I Successfully killed process cgroup uid 10050 pid 1573 in 76ms
2023-05-18 17:24:35.460 503-1931 UsageStatsService system_process E Failed to write /data/system_de/usagestats/globalcomponentusage
2023-05-18 17:24:35.491 351-351 Zygote pid-351 I Process 1573 exited due to signal 9 (Killed)
2023-05-18 17:24:35.509 503-1931 BatteryStats system_process W Writing battery stats before shutdown...
2023-05-18 17:24:35.560 503-571 BluetoothAdapter system_process E Bluetooth binder is null
2023-05-18 17:24:35.579 503-785 CountryDetector system_process D No listener is left
2023-05-18 17:24:35.583 351-351 Zygote pid-351 I Process 1472 exited due to signal 9 (Killed)
2023-05-18 17:24:35.588 503-566 libprocessgroup system_process I Successfully killed process cgroup uid 10017 pid 1472 in 0ms
2023-05-18 17:24:35.640 945-945 PhoneInterfaceManager com.android.phone E [PhoneIntfMgr] queryModemActivityInfo: Empty response
2023-05-18 17:24:35.652 503-877 BatteryExt...tatsWorker system_process W error reading modem stats:ERROR_INVALID_INFO_RECEIVED
2023-05-18 17:24:35.672 166-166 Binder:166_2 pid-166 I type=1400 audit(0.0:317): avc: denied { read } for name="wakeup4" dev="sysfs" ino=22781 scontext=u:r:system_suspend:s0 tcontext=u:object_r:sysfs:s0 tclass=dir permissive=1
2023-05-18 17:24:35.672 166-166 Binder:166_2 pid-166 I type=1400 audit(0.0:318): avc: denied { open } for path="/sys/devices/platform/bus@f0000/bus@f0000:bus@b00000/2b1f0000.rtc/rtc/rtc1/alarmtimer.0.auto/wakeup/wakeup4" dev="sysfs" ino=22781 scontext=u:r:system_suspend:s0 tcontext=u:object_r:sysfs:s0 tclass=dir permissive=1
2023-05-18 17:24:35.736 503-571 KernelCpuU...TimeReader system_process D Removing uids 1037-1037
2023-05-18 17:24:35.755 503-1931 ProcessStatsService system_process W Writing process stats before shutdown...
2023-05-18 17:24:35.672 166-166 Binder:166_2 pid-166 I type=1400 audit(0.0:319): avc: denied { read } for name="event_count" dev="sysfs" ino=22788 scontext=u:r:system_suspend:s0 tcontext=u:object_r:sysfs:s0 tclass=file permissive=1
2023-05-18 17:24:35.672 166-166 Binder:166_2 pid-166 I type=1400 audit(0.0:320): avc: denied { open } for path="/sys/devices/platform/bus@f0000/bus@f0000:bus@b00000/2b1f0000.rtc/rtc/rtc1/alarmtimer.0.auto/wakeup/wakeup4/event_count" dev="sysfs" ino=22788 scontext=u:r:system_suspend:s0 tcontext=u:object_r:sysfs:s0 tclass=file permissive=1
2023-05-18 17:24:35.672 166-166 Binder:166_2 pid-166 I type=1400 audit(0.0:321): avc: denied { getattr } for path="/sys/devices/platform/bus@f0000/bus@f0000:bus@b00000/2b1f0000.rtc/rtc/rtc1/alarmtimer.0.auto/wakeup/wakeup4/event_count" dev="sysfs" ino=22788 scontext=u:r:system_suspend:s0 tcontext=u:object_r:sysfs:s0 tclass=file permissive=1
2023-05-18 17:24:35.826 503-1931 ShutdownTiming system_process D ShutdownActivityManager took to complete: 1107ms
2023-05-18 17:24:35.826 503-1931 ShutdownThread system_process I Shutting down package manager...
2023-05-18 17:24:35.853 503-1931 PackageWatchdog system_process I Not pruning observers, elapsed time: 0ms
2023-05-18 17:24:35.854 503-1931 PackageWatchdog system_process I Saving observer state to file
2023-05-18 17:24:35.858 503-1931 PackageWatchdog system_process I Last write to update package durations
2023-05-18 17:24:35.866 503-1931 FileUtils system_process W Failed to chmod(/data/system/package-usage.list): android.system.ErrnoException: chmod failed: ENOENT (No such file or directory)
2023-05-18 17:24:35.870 503-1931 ShutdownTiming system_process D ShutdownPackageManager took to complete: 43ms
2023-05-18 17:24:35.882 945-1121 PhoneInterfaceManager com.android.phone V [PhoneIntfMgr] 1 Phones are shutdown.
2023-05-18 17:24:35.887 503-1944 ShutdownThread system_process I Waiting for Radio...
2023-05-18 17:24:35.887 503-1944 ShutdownThread system_process I Radio shutdown complete.
2023-05-18 17:24:35.889 503-1931 ShutdownTiming system_process D ShutdownRadios took to complete: 18ms
2023-05-18 17:24:35.889 503-1931 ShutdownTiming system_process D ShutdownCheckPointsDumpWait took to complete: 0ms
2023-05-18 17:24:35.889 503-1931 ShutdownTiming system_process D SystemServerShutdown took to complete: 1364ms
2023-05-18 17:24:35.892 503-1931 ShutdownThread system_process I Rebooting, reason: reboot-ab-update
2023-05-18 17:24:36.053 439-439 update_engine pid-439 I [INFO:main.cc(72)] A/B Update Engine terminating with exit code 0
2023-05-18 17:24:36.069 439-439 update_engine pid-439 E virtual bool android::fiemap::ImageManagerBinder::IsImageMapped(const std::string &) binder returned:
2023-05-18 17:24:36.104 720-1010 BufferPoolAccessor2.0 com.android.systemui D bufferpool2 0xb400e626b2fa9578 : 0(0 size) total buffers - 0(0 size) used buffers - 2/7 (recycle/alloc) - 5/36 (fetch/transfer)
2023-05-18 17:24:36.104 503-580 BufferPoolAccessor2.0 system_process D bufferpool2 0xb400e626b2fbf2a8 : 0(0 size) total buffers - 0(0 size) used buffers - 2/7 (recycle/alloc) - 5/18 (fetch/transfer)
2023-05-18 17:24:36.104 720-1010 BufferPoolConnection com.android.systemui D connection 3094060854374 closed on death
2023-05-18 17:24:36.104 503-580 BufferPoolConnection system_process D connection 2162052951142 closed on death
2023-05-18 17:24:36.104 720-1010 BufferPoolAccessor2.0 com.android.systemui D bufferpool2 0xb400e626b2f9c308 : 0(0 size) total buffers - 0(0 size) used buffers - 2/7 (recycle/alloc) - 5/38 (fetch/transfer)
2023-05-18 17:24:36.104 720-1010 BufferPoolConnection com.android.systemui D connection 3094060854375 closed on death
2023-05-18 17:24:36.104 503-580 BufferPoolAccessor2.0 system_process D bufferpool2 0xb400e626b2fbb8d8 : 0(0 size) total buffers - 0(0 size) used buffers - 2/7 (recycle/alloc) - 5/24 (fetch/transfer)
2023-05-18 17:24:36.104 503-580 BufferPoolConnection system_process D connection 2162052951143 closed on death
2023-05-18 17:24:36.104 720-1010 BufferPoolAccessor2.0 com.android.systemui D bufferpool2 0xb400e626b2fa7e58 : 0(0 size) total buffers - 0(0 size) used buffers - 2/7 (recycle/alloc) - 5/18 (fetch/transfer)
2023-05-18 17:24:36.104 503-580 BufferPoolAccessor2.0 system_process D bufferpool2 0xb400e626b2fbe278 : 0(0 size) total buffers - 0(0 size) used buffers - 2/7 (recycle/alloc) - 6/26 (fetch/transfer)
2023-05-18 17:24:36.104 720-1010 BufferPoolConnection com.android.systemui D connection 3094060854377 closed on death
2023-05-18 17:24:36.104 503-580 BufferPoolConnection system_process D connection 2162052951145 closed on death
2023-05-18 17:24:36.105 503-580 BufferPoolAccessor2.0 system_process D bufferpool2 0xb400e626b2fbb1e8 : 0(0 size) total buffers - 0(0 size) used buffers - 2/7 (recycle/alloc) - 5/24 (fetch/transfer)
2023-05-18 17:24:36.105 503-580 BufferPoolConnection system_process D connection 2162052951147 closed on death
2023-05-18 17:24:36.105 720-1010 BufferPoolAccessor2.0 com.android.systemui D Destruction - bufferpool2 0xb400e626b2fa9578 cached: 0/0M, 0/0% in use; allocs: 7, 29% recycled; transfers: 36, 86% unfetched
2023-05-18 17:24:36.105 503-580 BufferPoolAccessor2.0 system_process D bufferpool2 0xb400e626b2fbad48 : 0(0 size) total buffers - 0(0 size) used buffers - 1/7 (recycle/alloc) - 6/34 (fetch/transfer)
2023-05-18 17:24:36.105 503-580 BufferPoolConnection system_process D connection 2162052951149 closed on death
2023-05-18 17:24:36.105 503-580 BufferPoolAccessor2.0 system_process D bufferpool2 0xb400e626b2fbbb28 : 0(0 size) total buffers - 0(0 size) used buffers - 2/7 (recycle/alloc) - 5/34 (fetch/transfer)
2023-05-18 17:24:36.105 503-580 BufferPoolConnection system_process D connection 2162052951151 closed on death
2023-05-18 17:24:36.105 503-580 BufferPoolAccessor2.0 system_process D Destruction - bufferpool2 0xb400e626b2fbbb28 cached: 0/0M, 0/0% in use; allocs: 7, 29% recycled; transfers: 34, 85% unfetched
2023-05-18 17:24:36.105 503-694 BufferPoolAccessor2.0 system_process D Destruction - bufferpool2 0xb400e626b2fbe278 cached: 0/0M, 0/0% in use; allocs: 7, 29% recycled; transfers: 26, 77% unfetched
2023-05-18 17:24:36.106 503-810 BufferPoolAccessor2.0 system_process D Destruction - bufferpool2 0xb400e626b2fbf2a8 cached: 0/0M, 0/0% in use; allocs: 7, 29% recycled; transfers: 18, 72% unfetched
2023-05-18 17:24:36.108 720-1010 BufferPoolAccessor2.0 com.android.systemui D Destruction - bufferpool2 0xb400e626b2f9c308 cached: 0/0M, 0/0% in use; allocs: 7, 29% recycled; transfers: 38, 87% unfetched
2023-05-18 17:24:36.108 720-1010 BufferPoolAccessor2.0 com.android.systemui D Destruction - bufferpool2 0xb400e626b2fa7e58 cached: 0/0M, 0/0% in use; allocs: 7, 29% recycled; transfers: 18, 72% unfetched
2023-05-18 17:24:36.108 431-431 wificond pid-431 I wificond is about to exit
2023-05-18 17:24:36.111 439-439 update_engine pid-439 I Successfully unmapped snapshot system_b
2023-05-18 17:24:36.114 503-694 BufferPoolAccessor2.0 system_process D Destruction - bufferpool2 0xb400e626b2fbb1e8 cached: 0/0M, 0/0% in use; allocs: 7, 29% recycled; transfers: 24, 79% unfetched
2023-05-18 17:24:36.114 503-694 BufferPoolAccessor2.0 system_process D Destruction - bufferpool2 0xb400e626b2fbad48 cached: 0/0M, 0/0% in use; allocs: 7, 14% recycled; transfers: 34, 82% unfetched
2023-05-18 17:24:36.117 503-810 BufferPoolAccessor2.0 system_process D Destruction - bufferpool2 0xb400e626b2fbb8d8 cached: 0/0M, 0/0% in use; allocs: 7, 29% recycled; transfers: 24, 79% unfetched
2023-05-18 17:24:36.129 439-439 update_engine pid-439 E virtual bool android::fiemap::ImageManagerBinder::IsImageMapped(const std::string &) binder returned:
2023-05-18 17:24:36.133 503-877 StorageManagerService system_process W storaged died; reconnecting
2023-05-18 17:24:36.134 503-877 StorageManagerService system_process W storaged not found; trying again
2023-05-18 17:24:36.137 439-439 update_engine pid-439 I Successfully unmapped snapshot vendor_b
2023-05-18 17:24:36.177 503-503 WifiNl80211Manager system_process E Wificond died!
2023-05-18 17:24:36.178 503-503 WifiNative system_process I wificond died. Cleaning up internal state.
2023-05-18 17:24:36.194 146-146 servicemanager pid-146 E Could not find android.hardware.light.ILights/default in the VINTF manifest.
2023-05-18 17:24:36.197 151-151 hwservicemanager pid-151 I getTransport: Cannot find entry android.hardware.light@2.0::ILight/default in either framework or device VINTF manifest.
2023-05-18 17:24:36.200 720-1016 mediametrics::Item com.android.systemui W Reacquire service connection on next request
2023-05-18 17:24:36.200 388-445 mediametrics::Item pid-388 W Reacquire service connection on next request
2023-05-18 17:24:36.201 419-1825 mediametrics::Item pid-419 W Reacquire service connection on next request
2023-05-18 17:24:36.201 503-816 mediametrics::Item system_process W Reacquire service connection on next request
2023-05-18 17:24:36.200 1946-1946 blank_screen pid-1946 E Could not retrieve light service.
2023-05-18 17:24:36.207 1281-1300 MediaMetadataRetriever com.android.providers.media.module W MediaMetadataRetriever server died!
2023-05-18 17:24:36.238 503-816 Installer system_process W installd died; reconnecting
2023-05-18 17:24:36.239 503-816 Installer system_process W installd not found; trying again
2023-05-18 17:24:36.240 503-816 Installer system_process W installd died; reconnecting
2023-05-18 17:24:36.241 503-816 Installer system_process W installd not found; trying again
2023-05-18 17:24:36.241 503-816 Installer system_process W installd died; reconnecting
2023-05-18 17:24:36.242 503-816 Installer system_process W installd not found; trying again
2023-05-18 17:24:36.242 503-816 Installer system_process W installd died; reconnecting
2023-05-18 17:24:36.243 503-816 Installer system_process W installd not found; trying again
2023-05-18 17:24:36.284 1679-1800 CameraBase com.android.gallery3d W Camera service died!
2023-05-18 17:24:36.292 1594-1611 CameraBase com.android.camera2 W Camera service died!
2023-05-18 17:24:36.324 346-879 IPCThreadState pid-346 E attemptIncStrongHandle(98): Not supported
2023-05-18 17:24:36.325 346-879 IPCThreadState pid-346 E attemptIncStrongHandle(97): Not supported
2023-05-18 17:24:36.367 503-599 AudioSystem system_process W AudioPolicyService server died!
2023-05-18 17:24:36.369 372-372 tiny_hal_config pid-372 W Control 'HP Playback Switch' not found
2023-05-18 17:24:36.372 372-372 r_submix pid-372 I adev_close()
2023-05-18 17:24:36.380 503-599 CaptureStateTracker system_process W Audio policy service died
2023-05-18 17:24:36.382 503-690 ServiceManager system_process I Waiting for service 'media.audio_policy' on '/dev/binder'...
2023-05-18 17:24:36.389 503-580 HardwarePr...ervice-JNI system_process E ThermalHAL just died
2023-05-18 17:24:36.391 503-1131 AudioSystem-JNI system_process E Command failed for android_media_AudioSystem_error_callback: -32
2023-05-18 17:24:36.391 503-1131 AudioSystem system_process W AudioFlinger server died!
2023-05-18 17:24:36.391 151-151 hwservicemanager pid-151 I Since android.hardware.thermal@1.0::IThermal/default is not registered, trying to start it as a lazy HAL.
2023-05-18 17:24:36.399 503-686 AudioSystem-JNI system_process E Command failed for android_media_AudioSystem_checkAudioFlinger: -32
2023-05-18 17:24:36.399 503-686 AS.AudioService system_process E Audioserver died.
2023-05-18 17:24:36.402 503-694 UsbPortManager system_process E Usb hal service died cookie: 1000
2023-05-18 17:24:36.403 503-694 UsbDeviceManager system_process E Usb Gadget hal service died cookie: 2000
2023-05-18 17:24:36.406 151-1951 libc pid-151 W Unable to set property "ctl.interface_start" to "android.hardware.thermal@1.0::IThermal/default": error code: 0x20
2023-05-18 17:24:36.406 151-1951 hwservicemanager pid-151 I Tried to start android.hardware.thermal@1.0::IThermal/default as a lazy service, but was unable to. Usually this happens when a service is not installed, but if the service is intended to be used as a lazy service, then it may be configured incorrectly.
2023-05-18 17:24:36.412 151-151 hwservicemanager pid-151 I Since android.hardware.thermal@1.0::IThermal/default is not registered, trying to start it as a lazy HAL.
2023-05-18 17:24:36.413 503-580 HidlServiceManagement system_process I getService: Trying again for android.hardware.thermal@1.0::IThermal/default...
2023-05-18 17:24:36.428 151-1952 libc pid-151 W Unable to set property "ctl.interface_start" to "android.hardware.thermal@1.0::IThermal/default": error code: 0x20
2023-05-18 17:24:36.428 151-1952 hwservicemanager pid-151 I Tried to start android.hardware.thermal@1.0::IThermal/default as a lazy service, but was unable to. Usually this happens when a service is not installed, but if the service is intended to be used as a lazy service, then it may be configured incorrectly.
2023-05-18 17:24:36.571 346-346 statsd pid-346 I StatsService::Terminating
2023-05-18 17:24:36.572 346-346 statsd pid-346 I Statsd skipping writing data to disk. Already wrote data in last 15 seconds
2023-05-18 17:24:36.572 346-346 statsd pid-346 I Statsd skipping writing active metrics to disk. Already wrote data in last 15 seconds
2023-05-18 17:24:36.572 346-346 statsd pid-346 I Statsd skipping writing metadata to disk. Already wrote data in last 15 seconds
2023-05-18 17:24:36.572 346-346 statsd pid-346 W statsd terminated on receiving signal 15.
2023-05-18 17:24:36.572 346-346 BpBinder pid-346 I onLastStrongRef automatically unlinking death recipients: android.os.IPendingIntentRef
2023-05-18 17:24:36.572 346-346 RefBase pid-346 D RefBase: Explicit destruction, weak count = 0 (in 0xb940aee06df8)
2023-05-18 17:24:36.572 346-346 RefBase pid-346 W CallStack::getCurrentInternal not linked, returning null
2023-05-18 17:24:36.572 346-346 RefBase pid-346 W CallStack::logStackInternal not linked ---------------------------- PROCESS ENDED (1018) for package com.skyla.qbi ----------------------------
2023-05-18 17:24:37.192 453-458 adbd pid-453 I adbd_auth: hit EOF on framework fd
2023-05-18 17:24:37.195 453-458 adbd pid-453 I adbd_auth: received new framework fd -1 (current = 39)
2023-05-18 17:24:38.166 154-330 vold pid-154 D Aborting fuse connection entry /sys/fs/fuse/connections/73/abort
2023-05-18 17:24:38.166 154-330 vold pid-154 W Skip fsync /sys/fs/fuse/connections/73/abort on a file system does not support synchronization: Invalid argument
2023-05-18 17:24:38.166 154-330 vold pid-154 D Aborting fuse connection entry /sys/fs/fuse/connections/47/abort
2023-05-18 17:24:38.166 154-330 vold pid-154 W Skip fsync /sys/fs/fuse/connections/47/abort on a file system does not support synchronization: Invalid argument
2023-05-18 17:24:38.213 154-330 vold pid-154 I Killing all processes referencing /storage/emulated/0
2023-05-18 17:24:38.276 154-330 vold pid-154 I Unmounting /mnt/user/0/emulated/0/Android/data
2023-05-18 17:24:38.276 154-330 vold pid-154 I Unmounted /mnt/user/0/emulated/0/Android/data
2023-05-18 17:24:38.276 154-330 vold pid-154 I Unmounting /mnt/user/0/emulated/0/Android/obb
2023-05-18 17:24:38.277 154-330 vold pid-154 I Unmounted /mnt/user/0/emulated/0/Android/obb
2023-05-18 17:24:38.277 154-330 vold pid-154 I Unmounting fuse path /mnt/user/0/emulated
2023-05-18 17:24:38.279 154-330 vold pid-154 I Unmounting pass_through_path /mnt/pass_through/0/emulated
2023-05-18 17:24:38.332 154-330 vold pid-154 I Unmounting fuse path /mnt/user/0/AD29-FF8E
2023-05-18 17:24:38.378 154-330 vold pid-154 I Unmounting pass_through_path /mnt/pass_through/0/AD29-FF8E