2023-05-18 17:15:16.772 1281-1548 ModernMediaScanner com.android.providers.media.module W
at com.android.providers.media.scan.ModernMediaScanner.scanDirectory(ModernMediaScanner.java:248)
at com.android.providers.media.MediaProvider.scanDirectory(MediaProvider.java:1271)
at com.android.providers.media.MediaService.onScanVolume(MediaService.java:194)
at com.android.providers.media.MediaService.onScanVolume(MediaService.java:162)
at com.android.providers.media.MediaService.onHandleWork(MediaService.java:95)
at androidx.core.app.JobIntentService$CommandProcessor.doInBackground(JobIntentService.java:396)
at androidx.core.app.JobIntentService$CommandProcessor.doInBackground(JobIntentService.java:387)
at android.os.AsyncTask$3.call(AsyncTask.java:394)
at java.util.concurrent.FutureTask.run(FutureTask.java:266)
at java.util.concurrent.ThreadPoolExecutor.runWorker(ThreadPoolExecutor.java:1167)
at java.util.concurrent.ThreadPoolExecutor$Worker.run(ThreadPoolExecutor.java:641)
at java.lang.Thread.run(Thread.java:920)
2023-05-18 17:15:17.521 426-1616 mediaserver pid-426 D Time zone APEX ICU file found: /apex/com.android.tzdata/etc/icu/icu_tzdata.dat
2023-05-18 17:15:17.521 426-1616 mediaserver pid-426 D I18n APEX ICU file found: /apex/com.android.i18n/etc/icu/icudt68l.dat
2023-05-18 17:15:17.646 503-877 Compatibil...geReporter system_process D Compat change id reported: 149924527; UID 10026; state: ENABLED
2023-05-18 17:15:17.653 503-877 Compatibil...geReporter system_process D Compat change id reported: 132649864; UID 10026; state: DISABLED
2023-05-18 17:15:17.655 388-595 AF::TrackHandle pid-388 D OpPlayAudio: track:55 usage:13 not muted
2023-05-18 17:15:17.663 503-684 AudioTrack system_process I createTrack_l(8): AUDIO_OUTPUT_FLAG_FAST successful; frameCount 0 -> 4512
2023-05-18 17:15:18.161 1281-1333 MediaProvider com.android.providers.media.module W getVolumePath for unknown volume: internal
2023-05-18 17:15:18.415 1018-1018 ROTAUpdateManager com.skyla.qbi D Entry META-INF/com/android/metadata
2023-05-18 17:15:18.417 1018-1018 ROTAUpdateManager com.skyla.qbi D Entry META-INF/com/android/metadata.pb
2023-05-18 17:15:18.418 1018-1018 ROTAUpdateManager com.skyla.qbi D Entry apex_info.pb
2023-05-18 17:15:18.419 1018-1018 ROTAUpdateManager com.skyla.qbi D Entry payload.bin
2023-05-18 17:15:18.429 1018-1018 ROTAUpdateManager com.skyla.qbi D Entry payload_properties.txt
2023-05-18 17:15:18.432 1018-1018 ROTAUpdateManager com.skyla.qbi D Entry META-INF/com/android/otacert
2023-05-18 17:15:18.449 439-439 update_engine pid-439 I [INFO:update_attempter_android.cc(282)] Using this install plan:
2023-05-18 17:15:18.454 439-439 update_engine pid-439 I [INFO:install_plan.cc(79)] InstallPlan: type: new_update version: source_slot: A target_slot: B initial url: file:///storage/AD29-FF8E/Download/ota_update.zip hash_checks_mandatory: true powerwash_required: false switch_slot_on_reboot: true run_post_install: true is_rollback: false rollback_data_save_requested: false write_verity: true Payload: 0 urls: () size: 517245846 metadata_size: 38906 metadata_signature: hash: 883B691B9EB89485F6623C7F78338298C26D9C9A25D2121B38BAFA5A9FF16F88 type: unknown fingerprint: app_id: already_applied: false
2023-05-18 17:15:18.459 439-439 update_engine pid-439 I [INFO:postinstall_runner_action.cc(67)] postinstall mount point: /postinstall
2023-05-18 17:15:18.465 439-439 update_engine pid-439 I [INFO:metrics_utils.cc(318)] Number of Reboots during current update attempt = 0
2023-05-18 17:15:18.471 439-439 update_engine pid-439 I [INFO:metrics_utils.cc(326)] Payload Attempt Number = 1
2023-05-18 17:15:18.480 439-439 update_engine pid-439 I [INFO:metrics_utils.cc(343)] Update Monotonic Timestamp Start = 1/1/1970 0:01:32 GMT
2023-05-18 17:15:18.487 439-439 update_engine pid-439 I [INFO:metrics_utils.cc(352)] Update Boot Timestamp Start = 1/1/1970 0:01:32 GMT
2023-05-18 17:15:18.492 439-439 update_engine pid-439 I [INFO:update_attempter_android.cc(680)] Scheduling an action processor start.
2023-05-18 17:15:18.498 439-439 update_engine pid-439 I [INFO:action_processor.cc(51)] ActionProcessor: starting UpdateBootFlagsAction
2023-05-18 17:15:18.501 1018-1018 Choreographer com.skyla.qbi I Skipped 52 frames! The application may be doing too much work on its main thread.
2023-05-18 17:15:18.505 439-439 update_engine pid-439 I [INFO:update_boot_flags_action.cc(45)] Marking booted slot as good.
2023-05-18 17:15:18.510 1018-1018 ROTAUpdateManager com.skyla.qbi D onStatusUpdate status = 0; percent = 0.0
2023-05-18 17:15:18.511 1018-1018 ROTAUpdateManager com.skyla.qbi D onStatusUpdate status = 2; percent = 0.0
2023-05-18 17:15:18.516 1018-1018 ROTAUpdateManager com.skyla.qbi D onStatusUpdate status = 11; percent = 0.0
2023-05-18 17:15:18.517 439-439 update_engine pid-439 I [INFO:action_processor.cc(116)] ActionProcessor: finished UpdateBootFlagsAction with code ErrorCode::kSuccess
2023-05-18 17:15:18.522 439-439 update_engine pid-439 I [INFO:action_processor.cc(143)] ActionProcessor: starting CleanupPreviousUpdateAction
2023-05-18 17:15:18.525 439-439 update_engine pid-439 I [INFO:cleanup_previous_update_action.cc(149)] Starting/resuming CleanupPreviousUpdateAction
2023-05-18 17:15:18.527 1018-1039 OpenGLRenderer com.skyla.qbi I Davey! duration=904ms; Flags=0, FrameTimelineVsyncId=924, IntendedVsync=91997200319, Vsync=92870424515, InputEventId=304277089, HandleInputStart=92883220265, AnimationStart=92888527255, PerformTraversalsStart=92888535210, DrawStart=92889388090, FrameDeadline=92013993092, FrameInterval=92882023970, FrameStartTime=16792773, SyncQueued=92890460200, SyncStart=92890712520, IssueDrawCommandsStart=92891149860, SwapBuffers=92894598380, FrameCompleted=92902358155, DequeueBufferDuration=59830, QueueBufferDuration=2692005, GpuCompleted=92902358155, SwapBuffersCompleted=92899168165, DisplayPresentTime=0,
2023-05-18 17:15:18.530 439-439 update_engine pid-439 I [INFO:cleanup_previous_update_action.cc(189)] Boot completed, waiting on markBootSuccessful()
2023-05-18 17:15:18.536 439-439 update_engine pid-439 I EnsureMetadataMounted does nothing in Android mode.
2023-05-18 17:15:18.541 439-439 update_engine pid-439 I Read merge statistics file failed: No such file or directory
2023-05-18 17:15:18.549 439-439 update_engine pid-439 I [INFO:cleanup_previous_update_action.cc(261)] Waiting for any previous merge request to complete. This can take up to several minutes.
2023-05-18 17:15:18.553 439-439 update_engine pid-439 E Read state file failed: No such file or directory
2023-05-18 17:15:18.559 439-439 update_engine pid-439 E Read state file failed: No such file or directory
2023-05-18 17:15:18.565 439-439 update_engine pid-439 I CheckMergeState for snapshots returned: 0
2023-05-18 17:15:18.569 439-439 update_engine pid-439 I ProcessUpdateState handling state: 0
2023-05-18 17:15:18.576 439-439 update_engine pid-439 I [INFO:cleanup_previous_update_action.cc(287)] Can't find any snapshot to merge.
2023-05-18 17:15:18.581 439-439 update_engine pid-439 E Read state file failed: No such file or directory
2023-05-18 17:15:18.586 439-439 update_engine pid-439 I [INFO:cleanup_previous_update_action.cc(130)] Stopping/suspending/completing CleanupPreviousUpdateAction
2023-05-18 17:15:18.592 439-439 update_engine pid-439 I [INFO:cleanup_previous_update_action.cc(469)] Not reporting merge stats because state is None
2023-05-18 17:15:18.599 439-439 update_engine pid-439 I [INFO:cleanup_previous_update_action.cc(130)] Stopping/suspending/completing CleanupPreviousUpdateAction
2023-05-18 17:15:18.607 439-439 update_engine pid-439 I [INFO:action_processor.cc(116)] ActionProcessor: finished CleanupPreviousUpdateAction with code ErrorCode::kSuccess
2023-05-18 17:15:18.614 503-555 CompanionD...gerService system_process D onPackageModified(packageName = com.android.camera2)
2023-05-18 17:15:18.617 439-439 update_engine pid-439 I [INFO:action_processor.cc(143)] ActionProcessor: starting InstallPlanAction
2023-05-18 17:15:18.620 503-611 RoleService system_process I Granting default roles...
2023-05-18 17:15:18.620 503-503 Telecom system_process I DefaultDialerCache: Refreshing default dialer for user 0: now null: DDC.oR@ABo
2023-05-18 17:15:18.625 439-439 update_engine pid-439 I [INFO:action_processor.cc(116)] ActionProcessor: finished InstallPlanAction with code ErrorCode::kSuccess
2023-05-18 17:15:18.626 503-616 InputReader system_process I Reconfiguring input devices, changes=KEYBOARD_LAYOUTS |
2023-05-18 17:15:18.630 439-439 update_engine pid-439 I [INFO:action_processor.cc(143)] ActionProcessor: starting DownloadAction
2023-05-18 17:15:18.642 439-439 update_engine pid-439 I [INFO:install_plan.cc(79)] InstallPlan: type: new_update version: source_slot: A target_slot: B initial url: file:///storage/AD29-FF8E/Download/ota_update.zip hash_checks_mandatory: true powerwash_required: false switch_slot_on_reboot: true run_post_install: true is_rollback: false rollback_data_save_requested: false write_verity: true Payload: 0 urls: () size: 517245846 metadata_size: 38906 metadata_signature: hash: 883B691B9EB89485F6623C7F78338298C26D9C9A25D2121B38BAFA5A9FF16F88 type: unknown fingerprint: app_id: already_applied: false
2023-05-18 17:15:18.647 503-555 CompanionD...gerService system_process D onPackageModified(packageName = com.android.statementservice)
2023-05-18 17:15:18.650 723-917 Role com.android.permissioncontroller W Cannot get ApplicationInfo for default holder: com.android.messaging
2023-05-18 17:15:18.652 503-616 InputReader system_process I Reconfiguring input devices, changes=KEYBOARD_LAYOUTS |
2023-05-18 17:15:18.663 439-439 update_engine pid-439 I [INFO:download_action.cc(84)] Marking new slot as unbootable
2023-05-18 17:15:18.671 503-503 Telecom system_process I DefaultDialerCache: Refreshing default dialer for user 0: now null: DDC.oR@ABs
2023-05-18 17:15:18.675 503-555 CompanionD...gerService system_process D onPackageModified(packageName = com.android.calendar)
2023-05-18 17:15:18.679 503-616 InputReader system_process I Reconfiguring input devices, changes=KEYBOARD_LAYOUTS |
2023-05-18 17:15:18.683 503-503 Telecom system_process I DefaultDialerCache: Refreshing default dialer for user 0: now null: DDC.oR@ABw
2023-05-18 17:15:18.706 439-439 update_engine pid-439 I [INFO:multi_range_http_fetcher.cc(45)] starting first transfer
2023-05-18 17:15:18.721 439-439 update_engine pid-439 I [INFO:multi_range_http_fetcher.cc(74)] starting transfer of range 2025+517245846
2023-05-18 17:15:18.740 1018-1018 ROTAUpdateManager com.skyla.qbi D onStatusUpdate status = 3; percent = 3.5590427E-5
2023-05-18 17:15:18.740 439-439 update_engine pid-439 I [INFO:delta_performer.cc(115)] Completed 0/? operations, 16384/517245846 bytes downloaded (0%), overall progress 0%
2023-05-18 17:15:18.749 439-439 update_engine pid-439 I [INFO:delta_performer.cc(346)] Manifest size in payload matches expected value from Omaha
2023-05-18 17:15:18.760 439-439 update_engine pid-439 I [INFO:delta_performer.cc(1009)] Verifying using certificates: /system/etc/security/otacerts.zip
2023-05-18 17:15:18.778 439-439 update_engine pid-439 I [INFO:payload_verifier.cc(102)] signature blob size = 267
2023-05-18 17:15:18.792 439-439 update_engine pid-439 I [INFO:payload_verifier.cc(118)] Truncating the signature to its unpadded size: 256.
2023-05-18 17:15:18.802 439-439 update_engine pid-439 I [INFO:payload_verifier.cc(129)] Verified correct signature 1 out of 1 signatures.
2023-05-18 17:15:18.813 439-439 update_engine pid-439 I [INFO:payload_metadata.cc(221)] Metadata hash signature matches value in Omaha response.
2023-05-18 17:15:18.823 439-439 update_engine pid-439 I [INFO:delta_performer.cc(1046)] Detected a 'full' payload.
2023-05-18 17:15:18.834 503-555 CompanionD...gerService system_process D onPackageModified(packageName = com.android.gallery3d)
2023-05-18 17:15:18.840 503-616 InputReader system_process I Reconfiguring input devices, changes=KEYBOARD_LAYOUTS |
2023-05-18 17:15:18.847 503-503 Telecom system_process I DefaultDialerCache: Refreshing default dialer for user 0: now null: DDC.oR@AB0
2023-05-18 17:15:18.852 439-439 update_engine pid-439 I [INFO:delta_performer.cc(1117)] dtbo does't have version, skipping downgrade check.
2023-05-18 17:15:18.861 503-555 CompanionD...gerService system_process D onPackageModified(packageName = com.android.inputmethod.latin)
2023-05-18 17:15:18.862 503-616 InputReader system_process I Reconfiguring input devices, changes=KEYBOARD_LAYOUTS |
2023-05-18 17:15:18.866 503-503 Telecom system_process I DefaultDialerCache: Refreshing default dialer for user 0: now null: DDC.oR@AB4
2023-05-18 17:15:18.880 503-555 CompanionD...gerService system_process D onPackageModified(packageName = com.android.settings)
2023-05-18 17:15:18.883 503-616 InputReader system_process I Reconfiguring input devices, changes=KEYBOARD_LAYOUTS |
2023-05-18 17:15:18.885 503-503 Telecom system_process I DefaultDialerCache: Refreshing default dialer for user 0: now null: DDC.oR@AB8
2023-05-18 17:15:18.885 503-555 CompanionD...gerService system_process D onPackageModified(packageName = com.android.traceur)
2023-05-18 17:15:18.890 503-616 InputReader system_process I Reconfiguring input devices, changes=KEYBOARD_LAYOUTS |
2023-05-18 17:15:18.895 1281-1294 FuseDaemon com.android.providers.media.module I Background young concurrent copying GC freed 2354(249KB) AllocSpace objects, 9(180KB) LOS objects, 16% free, 2415KB/2888KB, paused 199us total 127.996ms
2023-05-18 17:15:18.896 503-503 Telecom system_process I DefaultDialerCache: Refreshing default dialer for user 0: now null: DDC.oR@ACA
2023-05-18 17:15:18.963 439-439 update_engine pid-439 I [INFO:delta_performer.cc(808)] Preparing partitions for new update. last hash = , new hash = iDtpG564lIX2Yjx/eDOCmMJtnJol0hIbOLr6Wp/xb4g=9L/GApR9MQuSR2dsv0ejnogB1WXEbBJfDQiR72CcmAI=
2023-05-18 17:15:18.983 503-513 system_server system_process I Background young concurrent copying GC freed 14516(1030KB) AllocSpace objects, 10(568KB) LOS objects, 3% free, 10MB/11MB, paused 3.240ms total 358.630ms
2023-05-18 17:15:18.993 439-439 update_engine pid-439 I [INFO:delta_performer.cc(1389)] Resetting recorded hash for prepared partitions.
2023-05-18 17:15:19.026 503-563 VoiceInteractionManager system_process W no available voice recognition services found for user 0
2023-05-18 17:15:19.054 503-563 VoiceInteractionManager system_process W no available voice recognition services found for user 0
2023-05-18 17:15:19.093 503-563 VoiceInteractionManager system_process W no available voice recognition services found for user 0
2023-05-18 17:15:19.110 439-439 update_engine pid-439 I EnsureMetadataMounted does nothing in Android mode.
2023-05-18 17:15:19.113 503-563 VoiceInteractionManager system_process W no available voice recognition services found for user 0
2023-05-18 17:15:19.119 439-439 update_engine pid-439 I [INFO:dynamic_partition_control_android.cc(762)] Erasing AVB footer of system_other partition before update.
2023-05-18 17:15:19.133 439-439 update_engine pid-439 I [INFO:dynamic_partition_control_android.cc(663)] AVB is not enabled on system_other. Skip erasing.
2023-05-18 17:15:19.143 439-439 update_engine pid-439 I [INFO:dynamic_partition_control_android.cc(331)] Loaded metadata from slot A in /dev/block/platform/bus@f0000/fa10000.mmc/by-name/super
2023-05-18 17:15:19.147 439-439 update_engine pid-439 E Read state file failed: No such file or directory
2023-05-18 17:15:19.152 146-146 servicemanager pid-146 I Since 'gsiservice' could not be found, trying to start it as a lazy AIDL service
2023-05-18 17:15:19.179 503-563 VoiceInteractionManager system_process W no available voice recognition services found for user 0
2023-05-18 17:15:19.220 503-563 system_server system_process E No package ID 7f found for ID 0x7f0802bb.
2023-05-18 17:15:19.220 503-563 system_server system_process E No package ID 7f found for ID 0x7f121598.
2023-05-18 17:15:19.223 503-563 system_server system_process E No package ID 7f found for ID 0x7f0802ba.
2023-05-18 17:15:19.223 503-563 system_server system_process E No package ID 7f found for ID 0x7f120676.
2023-05-18 17:15:19.224 503-563 system_server system_process E No package ID 7f found for ID 0x7f0802b9.
2023-05-18 17:15:19.224 503-563 system_server system_process E No package ID 7f found for ID 0x7f120e12.
2023-05-18 17:15:19.258 503-563 VoiceInteractionManager system_process W no available voice recognition services found for user 0
2023-05-18 17:15:19.277 503-563 VoiceInteractionManager system_process W no available voice recognition services found for user 0
2023-05-18 17:15:19.296 1219-1219 InputAttributes com.android.inputmethod.latin I InputType.TYPE_NULL is specified
2023-05-18 17:15:19.299 1820-1820 AidlLazySe...eRegistrar pid-1820 I Registering service gsiservice
2023-05-18 17:15:19.349 503-513 system_server system_process I Background concurrent copying GC freed 20497(1111KB) AllocSpace objects, 13(320KB) LOS objects, 9% free, 10MB/11MB, paused 452us total 358.728ms
2023-05-18 17:15:19.516 146-146 servicemanager pid-146 I Notifying gsiservice they have clients: 1
2023-05-18 17:15:19.517 1820-1822 AidlLazySe...eRegistrar pid-1820 I Process has 1 (of 1 available) client(s) in use after notification gsiservice has clients: 1
2023-05-18 17:15:20.105 1281-1333 MediaProvider com.android.providers.media.module W getVolumePath for unknown volume: internal
2023-05-18 17:15:20.109 1281-1333 MediaProvider com.android.providers.media.module W getVolumePath for unknown volume: internal
2023-05-18 17:15:20.158 439-439 ServiceManager pid-439 W Waited one second for gsiservice (is service started? are binder threads started and available?)
2023-05-18 17:15:20.190 146-146 BpBinder pid-146 I onLastStrongRef automatically unlinking death recipients:
2023-05-18 17:15:20.193 439-439 update_engine pid-439 E Read state file failed: No such file or directory
2023-05-18 17:15:20.206 503-513 system_server system_process I Background young concurrent copying GC freed 3612(377KB) AllocSpace objects, 7(476KB) LOS objects, 10% free, 10MB/11MB, paused 965us total 112.347ms
2023-05-18 17:15:20.249 439-439 update_engine pid-439 I [liblp]Partition system_b will resize from 1232224256 bytes to 1191309312 bytes
2023-05-18 17:15:20.254 439-439 update_engine pid-439 I dap_metadata.cow_version(): 2 writer.GetCowVersion(): 2
2023-05-18 17:15:20.258 439-439 update_engine pid-439 I Remaining free space for COW: 3406737408 bytes
2023-05-18 17:15:20.262 439-439 update_engine pid-439 I For partition system_b, device size = 1191309312, snapshot size = 1191309312, cow partition size = 638558208, cow file size = 0
2023-05-18 17:15:20.270 439-439 update_engine pid-439 I [liblp]Partition system_b-cow will resize from 0 bytes to 638558208 bytes
2023-05-18 17:15:20.275 439-439 update_engine pid-439 I Successfully created snapshot partition for system_b
2023-05-18 17:15:20.289 439-439 update_engine pid-439 I Remaining free space for COW: 2768179200 bytes
2023-05-18 17:15:20.295 439-439 update_engine pid-439 I For partition vendor_b, device size = 191827968, snapshot size = 191827968, cow partition size = 93954048, cow file size = 0
2023-05-18 17:15:20.302 439-439 update_engine pid-439 I [liblp]Partition vendor_b-cow will resize from 0 bytes to 93954048 bytes
2023-05-18 17:15:20.307 439-439 update_engine pid-439 I Successfully created snapshot partition for vendor_b
2023-05-18 17:15:20.311 439-439 update_engine pid-439 I Allocating CoW images.
2023-05-18 17:15:20.316 439-439 update_engine pid-439 I Successfully created snapshot for system_b
2023-05-18 17:15:20.321 439-439 update_engine pid-439 I Successfully created snapshot for vendor_b
2023-05-18 17:15:20.326 439-439 update_engine pid-439 I Successfully unmapped snapshot system_b
2023-05-18 17:15:20.339 154-161 vold pid-154 D Disk at 252:15 changed
2023-05-18 17:15:20.360 439-439 update_engine pid-439 I Mapped COW device for system_b at /dev/block/dm-15
2023-05-18 17:15:20.408 1281-1548 MediaProvider com.android.providers.media.module I Scanned internal due to REASON_MOUNTED, found 230 items in 10970ms, 225 inserts 5 updates 0 deletes
2023-05-18 17:15:20.464 439-439 update_engine pid-439 I Successfully unmapped snapshot vendor_b
2023-05-18 17:15:20.472 1281-1548 MediaProvider com.android.providers.media.module W Didn't find any volume for getVolume(/system/product/media/audio/ringtones/Ring_Synth_04.ogg)
2023-05-18 17:15:20.479 1281-1548 MediaProvider com.android.providers.media.module I Open with lower FS for /system/product/media/audio/ringtones/Ring_Synth_04.ogg. Uid: 10066
2023-05-18 17:15:20.500 154-161 vold pid-154 D Disk at 252:15 changed
2023-05-18 17:15:20.520 439-439 update_engine pid-439 I Mapped COW device for vendor_b at /dev/block/dm-15
2023-05-18 17:15:20.534 1281-1548 MediaProvider com.android.providers.media.module W Didn't find any volume for getVolume(/system/product/media/audio/notifications/OnTheHunt.ogg)
2023-05-18 17:15:20.540 1281-1548 MediaProvider com.android.providers.media.module I Open with lower FS for /system/product/media/audio/notifications/OnTheHunt.ogg. Uid: 10066
2023-05-18 17:15:20.577 1281-1548 MediaProvider com.android.providers.media.module W Didn't find any volume for getVolume(/system/product/media/audio/alarms/Alarm_Classic.ogg)
2023-05-18 17:15:20.584 1281-1548 MediaProvider com.android.providers.media.module I Open with lower FS for /system/product/media/audio/alarms/Alarm_Classic.ogg. Uid: 10066
2023-05-18 17:15:20.627 439-439 update_engine pid-439 I [liblp]Updated logical partition table at slot 1 on device super
2023-05-18 17:15:20.641 1281-1548 MediaProvider com.android.providers.media.module W isAppCloneUserPair for user 0: false
2023-05-18 17:15:20.641 439-439 update_engine pid-439 I Successfully created all snapshots for target slot _b
2023-05-18 17:15:20.649 439-439 update_engine pid-439 I [INFO:delta_performer.cc(826)] PreparePartitionsForUpdate done.
2023-05-18 17:15:20.652 1281-1548 MediaProvider com.android.providers.media.module W isAppCloneUserPair for user 0: false
2023-05-18 17:15:20.660 439-439 update_engine pid-439 I [INFO:dynamic_partition_control_android.cc(331)] Loaded metadata from slot B in /dev/block/platform/bus@f0000/fa10000.mmc/by-name/super
2023-05-18 17:15:20.677 439-439 update_engine pid-439 I [INFO:dynamic_partition_control_android.cc(331)] Loaded metadata from slot B in /dev/block/platform/bus@f0000/fa10000.mmc/by-name/super
2023-05-18 17:15:20.689 439-439 update_engine pid-439 I [INFO:dynamic_partition_control_android.cc(1190)] boot_b is not in super partition metadata.
2023-05-18 17:15:20.695 439-439 update_engine pid-439 I [INFO:dynamic_partition_control_android.cc(331)] Loaded metadata from slot A in /dev/block/platform/bus@f0000/fa10000.mmc/by-name/super
2023-05-18 17:15:20.707 1281-1548 MediaProvider com.android.providers.media.module W isAppCloneUserPair for user 0: false
2023-05-18 17:15:20.708 1281-1333 StorageManager com.android.providers.media.module E Failed to set extended attributes for /storage/emulated/0/Android to set project id.: Permission denied
2023-05-18 17:15:20.708 1281-1333 MediaProvider com.android.providers.media.module W Failed to update quota type for /storage/emulated/0/Android java.io.IOException: Failed to update quota type for /storage/emulated/0/Android
at android.os.storage.StorageManager.updateExternalStorageFileQuotaType(StorageManager.java:2596)
at com.android.providers.media.MediaProvider.updateQuotaTypeForFileInternal(MediaProvider.java:647)
at com.android.providers.media.MediaProvider.updateQuotaTypeForUri(MediaProvider.java:621)
at com.android.providers.media.MediaProvider.access$1000(MediaProvider.java:257)
at com.android.providers.media.MediaProvider$3.lambda$onInsert$0(MediaProvider.java:673)
at com.android.providers.media.MediaProvider$3.$r8$lambda$tVGVTcDpunhoNiUjwQEahD_I1Jc(Unknown Source:0)
at com.android.providers.media.MediaProvider$3$$ExternalSyntheticLambda2.run(Unknown Source:10)
at android.os.Handler.handleCallback(Handler.java:938)
at android.os.Handler.dispatchMessage(Handler.java:99)
at android.os.Looper.loopOnce(Looper.java:201)
at android.os.Looper.loop(Looper.java:288)
at android.os.HandlerThread.run(HandlerThread.java:67)
2023-05-18 17:15:20.709 439-439 update_engine pid-439 I [INFO:dynamic_partition_control_android.cc(331)] Loaded metadata from slot B in /dev/block/platform/bus@f0000/fa10000.mmc/by-name/super
2023-05-18 17:15:20.717 1281-1333 StorageManager com.android.providers.media.module E Failed to set extended attributes for /storage/emulated/0/Android/media to set project id.: Permission denied
2023-05-18 17:15:20.721 1281-1333 MediaProvider com.android.providers.media.module W Failed to update quota type for /storage/emulated/0/Android/media java.io.IOException: Failed to update quota type for /storage/emulated/0/Android/media
at android.os.storage.StorageManager.updateExternalStorageFileQuotaType(StorageManager.java:2596)
at com.android.providers.media.MediaProvider.updateQuotaTypeForFileInternal(MediaProvider.java:647)
at com.android.providers.media.MediaProvider.updateQuotaTypeForUri(MediaProvider.java:621)
at com.android.providers.media.MediaProvider.access$1000(MediaProvider.java:257)
at com.android.providers.media.MediaProvider$3.lambda$onInsert$0(MediaProvider.java:673)
at com.android.providers.media.MediaProvider$3.$r8$lambda$tVGVTcDpunhoNiUjwQEahD_I1Jc(Unknown Source:0)
at com.android.providers.media.MediaProvider$3$$ExternalSyntheticLambda2.run(Unknown Source:10)
at android.os.Handler.handleCallback(Handler.java:938)
at android.os.Handler.dispatchMessage(Handler.java:99)
at android.os.Looper.loopOnce(Looper.java:201)
at android.os.Looper.loop(Looper.java:288)
at android.os.HandlerThread.run(HandlerThread.java:67)
2023-05-18 17:15:20.727 439-439 update_engine pid-439 I [INFO:dynamic_partition_control_android.cc(1190)] dtbo_b is not in super partition metadata.
2023-05-18 17:15:20.735 439-439 update_engine pid-439 I [INFO:dynamic_partition_control_android.cc(331)] Loaded metadata from slot A in /dev/block/platform/bus@f0000/fa10000.mmc/by-name/super
2023-05-18 17:15:20.743 439-439 update_engine pid-439 I [INFO:delta_performer.cc(271)] PartitionInfo new boot sha256: ywxCaeLHddmXKgy0bd8bFfCTmfaVsX18bA2S6+ztIwU= size: 26075136
2023-05-18 17:15:20.748 439-439 update_engine pid-439 I [INFO:delta_performer.cc(271)] PartitionInfo new dtbo sha256: hgNtic9CRg6J/etmQjZDR/H4i4PCnp+rduuQEIWNw6E= size: 8192
2023-05-18 17:15:20.753 439-439 update_engine pid-439 I [INFO:delta_performer.cc(271)] PartitionInfo new system sha256: JIkVhicERS4Qkc6l5xAw+8wTX3HB9KszG7Ue1l85CoI= size: 1191309312
2023-05-18 17:15:20.757 439-439 update_engine pid-439 I [INFO:delta_performer.cc(271)] PartitionInfo new vendor sha256: Ge24dWJXAPuFr7a7sPZTIlqdxIHsSQFkeQpqrttcCaQ= size: 191827968
2023-05-18 17:15:20.763 439-439 update_engine pid-439 I [INFO:partition_writer_factory_android.cc(44)] Virtual AB Compression disabled, using Partition Writer for `boot`
2023-05-18 17:15:20.767 439-439 update_engine pid-439 I [INFO:partition_writer.cc(295)] Opening /dev/block/platform/bus@f0000/fa10000.mmc/by-name/boot_b partition without O_DSYNC
2023-05-18 17:15:20.774 439-439 update_engine pid-439 I [INFO:partition_writer.cc(100)] Caching writes.
2023-05-18 17:15:20.778 439-439 update_engine pid-439 I [INFO:partition_writer.cc(307)] Applying 13 operations to partition "boot"
2023-05-18 17:15:20.797 439-439 update_engine pid-439 I [INFO:delta_performer.cc(488)] Starting to apply update payload operations
2023-05-18 17:15:20.808 1281-1548 MediaProvider com.android.providers.media.module I Scanned external_primary due to REASON_MOUNTED, found 15 items in 200ms, 3 inserts 0 updates 0 deletes
2023-05-18 17:15:20.816 1281-1548 MediaProvider com.android.providers.media.module I End Intent { act=com.android.providers.media.action.SCAN_VOLUME (has extras) }
2023-05-18 17:15:20.819 1281-1548 MediaProvider com.android.providers.media.module I Begin Intent { act=com.android.providers.media.action.SCAN_VOLUME (has extras) }
2023-05-18 17:15:20.876 1281-1333 MediaProvider com.android.providers.media.module W getVolumePath for unknown volume: internal
2023-05-18 17:15:20.880 1281-1548 MediaProvider com.android.providers.media.module I Scanned internal due to REASON_MOUNTED, found 2 items in 52ms, 0 inserts 1 updates 0 deletes
2023-05-18 17:15:20.887 1281-1548 ModernMediaScanner com.android.providers.media.module W Failed to visit /oem/media: java.nio.file.NoSuchFileException: /oem/media
2023-05-18 17:15:20.894 1281-1548 MediaProvider com.android.providers.media.module I Scanned internal due to REASON_MOUNTED, found 0 items in 9ms, 0 inserts 0 updates 0 deletes
2023-05-18 17:15:21.342 1219-1219 LatinIME com.android.inputmethod.latin I Timeout waiting for dictionary load
2023-05-18 17:15:21.830 1281-1333 MediaProvider com.android.providers.media.module W getVolumePath for unknown volume: internal
2023-05-18 17:15:21.837 1281-1333 MediaProvider com.android.providers.media.module W getVolumePath for unknown volume: internal
2023-05-18 17:15:21.840 1281-1333 MediaProvider com.android.providers.media.module W getVolumePath for unknown volume: internal
2023-05-18 17:15:21.845 1281-1333 MediaProvider com.android.providers.media.module W getVolumePath for unknown volume: internal
2023-05-18 17:15:21.853 1281-1333 MediaProvider com.android.providers.media.module W getVolumePath for unknown volume: internal
2023-05-18 17:15:21.856 1281-1333 MediaProvider com.android.providers.media.module W getVolumePath for unknown volume: internal
2023-05-18 17:15:21.862 1281-1333 MediaProvider com.android.providers.media.module W getVolumePath for unknown volume: internal
2023-05-18 17:15:21.868 1281-1333 MediaProvider com.android.providers.media.module W getVolumePath for unknown volume: internal
2023-05-18 17:15:21.874 1281-1333 MediaProvider com.android.providers.media.module W getVolumePath for unknown volume: internal
2023-05-18 17:15:21.876 1281-1333 MediaProvider com.android.providers.media.module W getVolumePath for unknown volume: internal
2023-05-18 17:15:21.879 1281-1333 MediaProvider com.android.providers.media.module W getVolumePath for unknown volume: internal
2023-05-18 17:15:21.885 1281-1333 MediaProvider com.android.providers.media.module W getVolumePath for unknown volume: internal
2023-05-18 17:15:21.891 1281-1333 MediaProvider com.android.providers.media.module W getVolumePath for unknown volume: internal
2023-05-18 17:15:21.895 1281-1333 MediaProvider com.android.providers.media.module W getVolumePath for unknown volume: internal
2023-05-18 17:15:21.898 1281-1333 MediaProvider com.android.providers.media.module W getVolumePath for unknown volume: internal
2023-05-18 17:15:21.904 1281-1333 MediaProvider com.android.providers.media.module W getVolumePath for unknown volume: internal
2023-05-18 17:15:21.907 1281-1333 MediaProvider com.android.providers.media.module W getVolumePath for unknown volume: internal
2023-05-18 17:15:21.911 1281-1333 MediaProvider com.android.providers.media.module W getVolumePath for unknown volume: internal
2023-05-18 17:15:21.917 1281-1333 MediaProvider com.android.providers.media.module W getVolumePath for unknown volume: internal
2023-05-18 17:15:21.922 1281-1333 MediaProvider com.android.providers.media.module W getVolumePath for unknown volume: internal
2023-05-18 17:15:21.927 1281-1333 MediaProvider com.android.providers.media.module W getVolumePath for unknown volume: internal
2023-05-18 17:15:21.932 1281-1333 MediaProvider com.android.providers.media.module W getVolumePath for unknown volume: internal
2023-05-18 17:15:21.935 1281-1333 MediaProvider com.android.providers.media.module W getVolumePath for unknown volume: internal
2023-05-18 17:15:22.033 1018-1018 ROTAUpdateManager com.skyla.qbi D onStatusUpdate status = 3; percent = 0.010045036
2023-05-18 17:15:22.748 1281-1333 MediaProvider com.android.providers.media.module W getVolumePath for unknown volume: internal
2023-05-18 17:15:22.758 1281-1333 MediaProvider com.android.providers.media.module W getVolumePath for unknown volume: internal
2023-05-18 17:15:22.763 1281-1333 MediaProvider com.android.providers.media.module W getVolumePath for unknown volume: internal
2023-05-18 17:15:22.767 1281-1333 MediaProvider com.android.providers.media.module W getVolumePath for unknown volume: internal
2023-05-18 17:15:22.772 1281-1333 MediaProvider com.android.providers.media.module W getVolumePath for unknown volume: internal
2023-05-18 17:15:22.776 1281-1333 MediaProvider com.android.providers.media.module W getVolumePath for unknown volume: internal
2023-05-18 17:15:22.781 1281-1333 MediaProvider com.android.providers.media.module W getVolumePath for unknown volume: internal
2023-05-18 17:15:22.785 1281-1333 MediaProvider com.android.providers.media.module W getVolumePath for unknown volume: internal
2023-05-18 17:15:22.790 1281-1333 MediaProvider com.android.providers.media.module W getVolumePath for unknown volume: internal
2023-05-18 17:15:22.796 1281-1333 MediaProvider com.android.providers.media.module W getVolumePath for unknown volume: internal
2023-05-18 17:15:22.802 1281-1333 MediaProvider com.android.providers.media.module W getVolumePath for unknown volume: internal
2023-05-18 17:15:22.807 1281-1333 MediaProvider com.android.providers.media.module W getVolumePath for unknown volume: internal
2023-05-18 17:15:22.810 1281-1333 MediaProvider com.android.providers.media.module W getVolumePath for unknown volume: internal
2023-05-18 17:15:22.812 1281-1333 MediaProvider com.android.providers.media.module W getVolumePath for unknown volume: internal
2023-05-18 17:15:22.816 1281-1333 MediaProvider com.android.providers.media.module W getVolumePath for unknown volume: internal
2023-05-18 17:15:22.821 1281-1333 MediaProvider com.android.providers.media.module W getVolumePath for unknown volume: internal
2023-05-18 17:15:22.823 1281-1333 MediaProvider com.android.providers.media.module W getVolumePath for unknown volume: internal
2023-05-18 17:15:22.826 1281-1333 MediaProvider com.android.providers.media.module W getVolumePath for unknown volume: internal
2023-05-18 17:15:22.830 1281-1333 MediaProvider com.android.providers.media.module W getVolumePath for unknown volume: internal
2023-05-18 17:15:22.833 1281-1333 MediaProvider com.android.providers.media.module W getVolumePath for unknown volume: internal
2023-05-18 17:15:22.837 1281-1333 MediaProvider com.android.providers.media.module W getVolumePath for unknown volume: internal
2023-05-18 17:15:22.840 1281-1333 MediaProvider com.android.providers.media.module W getVolumePath for unknown volume: internal
2023-05-18 17:15:22.846 1281-1333 MediaProvider com.android.providers.media.module W getVolumePath for unknown volume: internal
2023-05-18 17:15:22.851 1281-1333 MediaProvider com.android.providers.media.module W getVolumePath for unknown volume: internal
2023-05-18 17:15:24.007 1281-1333 MediaProvider com.android.providers.media.module W getVolumePath for unknown volume: internal
2023-05-18 17:15:24.015 1281-1333 MediaProvider com.android.providers.media.module W getVolumePath for unknown volume: internal
2023-05-18 17:15:24.020 1281-1333 MediaProvider com.android.providers.media.module W getVolumePath for unknown volume: internal
2023-05-18 17:15:24.025 1281-1333 MediaProvider com.android.providers.media.module W getVolumePath for unknown volume: internal
2023-05-18 17:15:24.031 1281-1333 MediaProvider com.android.providers.media.module W getVolumePath for unknown volume: internal
2023-05-18 17:15:24.036 1281-1333 MediaProvider com.android.providers.media.module W getVolumePath for unknown volume: internal
2023-05-18 17:15:24.041 1281-1333 MediaProvider com.android.providers.media.module W getVolumePath for unknown volume: internal
2023-05-18 17:15:24.046 1281-1333 MediaProvider com.android.providers.media.module W getVolumePath for unknown volume: internal
2023-05-18 17:15:24.052 1281-1333 MediaProvider com.android.providers.media.module W getVolumePath for unknown volume: internal
2023-05-18 17:15:24.058 1281-1333 MediaProvider com.android.providers.media.module W getVolumePath for unknown volume: internal
2023-05-18 17:15:24.064 1281-1333 MediaProvider com.android.providers.media.module W getVolumePath for unknown volume: internal
2023-05-18 17:15:24.069 1281-1333 MediaProvider com.android.providers.media.module W getVolumePath for unknown volume: internal
2023-05-18 17:15:24.074 1281-1333 MediaProvider com.android.providers.media.module W getVolumePath for unknown volume: internal
2023-05-18 17:15:24.079 1281-1333 MediaProvider com.android.providers.media.module W getVolumePath for unknown volume: internal
2023-05-18 17:15:24.084 1281-1333 MediaProvider com.android.providers.media.module W getVolumePath for unknown volume: internal
2023-05-18 17:15:24.089 1281-1333 MediaProvider com.android.providers.media.module W getVolumePath for unknown volume: internal
2023-05-18 17:15:24.095 1281-1333 MediaProvider com.android.providers.media.module W getVolumePath for unknown volume: internal
2023-05-18 17:15:24.111 1281-1333 MediaProvider com.android.providers.media.module W getVolumePath for unknown volume: internal
2023-05-18 17:15:24.114 1281-1333 MediaProvider com.android.providers.media.module W getVolumePath for unknown volume: internal
2023-05-18 17:15:24.118 1281-1333 MediaProvider com.android.providers.media.module W getVolumePath for unknown volume: internal
2023-05-18 17:15:24.120 1281-1333 MediaProvider com.android.providers.media.module W getVolumePath for unknown volume: internal
2023-05-18 17:15:24.124 1281-1333 MediaProvider com.android.providers.media.module W getVolumePath for unknown volume: internal
2023-05-18 17:15:24.128 1281-1333 MediaProvider com.android.providers.media.module W getVolumePath for unknown volume: internal
2023-05-18 17:15:24.132 1281-1333 MediaProvider com.android.providers.media.module W getVolumePath for unknown volume: internal
2023-05-18 17:15:24.137 1281-1333 MediaProvider com.android.providers.media.module W getVolumePath for unknown volume: internal
2023-05-18 17:15:24.139 1281-1333 MediaProvider com.android.providers.media.module W getVolumePath for unknown volume: internal
2023-05-18 17:15:24.141 1281-1333 MediaProvider com.android.providers.media.module W getVolumePath for unknown volume: internal
2023-05-18 17:15:24.143 1281-1333 MediaProvider com.android.providers.media.module W getVolumePath for unknown volume: internal
2023-05-18 17:15:24.145 1281-1333 MediaProvider com.android.providers.media.module W getVolumePath for unknown volume: internal
2023-05-18 17:15:24.149 1281-1333 MediaProvider com.android.providers.media.module W getVolumePath for unknown volume: internal
2023-05-18 17:15:24.153 1281-1333 MediaProvider com.android.providers.media.module W getVolumePath for unknown volume: internal
2023-05-18 17:15:24.157 1281-1333 MediaProvider com.android.providers.media.module W getVolumePath for unknown volume: internal
2023-05-18 17:15:24.161 1281-1333 MediaProvider com.android.providers.media.module W getVolumePath for unknown volume: internal
2023-05-18 17:15:24.264 1018-1018 ROTAUpdateManager com.skyla.qbi D onStatusUpdate status = 3; percent = 0.020054482
2023-05-18 17:15:25.073 1018-1018 ROTAUpdateManager com.skyla.qbi D onStatusUpdate status = 3; percent = 0.030063927
2023-05-18 17:15:25.342 1281-1333 MediaProvider com.android.providers.media.module W getVolumePath for unknown volume: internal
2023-05-18 17:15:25.348 1281-1333 MediaProvider com.android.providers.media.module W getVolumePath for unknown volume: internal
2023-05-18 17:15:25.351 1281-1333 MediaProvider com.android.providers.media.module W getVolumePath for unknown volume: internal
2023-05-18 17:15:25.354 1281-1333 MediaProvider com.android.providers.media.module W getVolumePath for unknown volume: internal
2023-05-18 17:15:25.359 1281-1333 MediaProvider com.android.providers.media.module W getVolumePath for unknown volume: internal
2023-05-18 17:15:25.362 1281-1333 MediaProvider com.android.providers.media.module W getVolumePath for unknown volume: internal
2023-05-18 17:15:25.365 1281-1333 MediaProvider com.android.providers.media.module W getVolumePath for unknown volume: internal
2023-05-18 17:15:25.368 1281-1333 MediaProvider com.android.providers.media.module W getVolumePath for unknown volume: internal
2023-05-18 17:15:25.371 1281-1333 MediaProvider com.android.providers.media.module W getVolumePath for unknown volume: internal
2023-05-18 17:15:25.375 1281-1333 MediaProvider com.android.providers.media.module W getVolumePath for unknown volume: internal
2023-05-18 17:15:25.380 1281-1333 MediaProvider com.android.providers.media.module W getVolumePath for unknown volume: internal
2023-05-18 17:15:25.386 1281-1333 MediaProvider com.android.providers.media.module W getVolumePath for unknown volume: internal
2023-05-18 17:15:25.392 1281-1333 MediaProvider com.android.providers.media.module W getVolumePath for unknown volume: internal
2023-05-18 17:15:25.398 1281-1333 MediaProvider com.android.providers.media.module W getVolumePath for unknown volume: internal
2023-05-18 17:15:25.403 1281-1333 MediaProvider com.android.providers.media.module W getVolumePath for unknown volume: internal
2023-05-18 17:15:25.409 1281-1333 MediaProvider com.android.providers.media.module W getVolumePath for unknown volume: internal
2023-05-18 17:15:25.415 1281-1333 MediaProvider com.android.providers.media.module W getVolumePath for unknown volume: internal
2023-05-18 17:15:25.418 1281-1333 MediaProvider com.android.providers.media.module W getVolumePath for unknown volume: internal
2023-05-18 17:15:25.423 1281-1333 MediaProvider com.android.providers.media.module W getVolumePath for unknown volume: internal
2023-05-18 17:15:25.427 1281-1333 MediaProvider com.android.providers.media.module W getVolumePath for unknown volume: internal
2023-05-18 17:15:25.430 1281-1333 MediaProvider com.android.providers.media.module W getVolumePath for unknown volume: internal
2023-05-18 17:15:25.433 1281-1333 MediaProvider com.android.providers.media.module W getVolumePath for unknown volume: internal
2023-05-18 17:15:25.435 1281-1333 MediaProvider com.android.providers.media.module W getVolumePath for unknown volume: internal
2023-05-18 17:15:25.439 1281-1333 MediaProvider com.android.providers.media.module W getVolumePath for unknown volume: internal
2023-05-18 17:15:25.441 1281-1333 MediaProvider com.android.providers.media.module W getVolumePath for unknown volume: internal
2023-05-18 17:15:25.444 1281-1333 MediaProvider com.android.providers.media.module W getVolumePath for unknown volume: internal
2023-05-18 17:15:25.448 1281-1333 MediaProvider com.android.providers.media.module W getVolumePath for unknown volume: internal
2023-05-18 17:15:25.450 1281-1333 MediaProvider com.android.providers.media.module W getVolumePath for unknown volume: internal
2023-05-18 17:15:25.453 1281-1333 MediaProvider com.android.providers.media.module W getVolumePath for unknown volume: internal
2023-05-18 17:15:25.456 1281-1333 MediaProvider com.android.providers.media.module W getVolumePath for unknown volume: internal
2023-05-18 17:15:25.459 1281-1333 MediaProvider com.android.providers.media.module W getVolumePath for unknown volume: internal
2023-05-18 17:15:25.465 1281-1333 MediaProvider com.android.providers.media.module W getVolumePath for unknown volume: internal
2023-05-18 17:15:25.470 1281-1333 MediaProvider com.android.providers.media.module W getVolumePath for unknown volume: internal
2023-05-18 17:15:25.719 1018-1018 ROTAUpdateManager com.skyla.qbi D onStatusUpdate status = 3; percent = 0.040073372
2023-05-18 17:15:25.829 1281-1333 MediaProvider com.android.providers.media.module W getVolumePath for unknown volume: internal
2023-05-18 17:15:25.835 1281-1333 MediaProvider com.android.providers.media.module W getVolumePath for unknown volume: internal
2023-05-18 17:15:25.837 1281-1333 MediaProvider com.android.providers.media.module W getVolumePath for unknown volume: internal
2023-05-18 17:15:25.839 1281-1333 MediaProvider com.android.providers.media.module W getVolumePath for unknown volume: internal
2023-05-18 17:15:25.841 1281-1333 MediaProvider com.android.providers.media.module W getVolumePath for unknown volume: internal
2023-05-18 17:15:25.843 1281-1333 MediaProvider com.android.providers.media.module W getVolumePath for unknown volume: internal
2023-05-18 17:15:25.848 1281-1333 MediaProvider com.android.providers.media.module W getVolumePath for unknown volume: internal
2023-05-18 17:15:25.853 1281-1333 MediaProvider com.android.providers.media.module W getVolumePath for unknown volume: internal
2023-05-18 17:15:25.856 1281-1333 MediaProvider com.android.providers.media.module W getVolumePath for unknown volume: internal
2023-05-18 17:15:26.663 439-439 update_engine pid-439 I [INFO:partition_writer_factory_android.cc(44)] Virtual AB Compression disabled, using Partition Writer for `dtbo`
2023-05-18 17:15:26.669 439-439 update_engine pid-439 I [INFO:partition_writer.cc(295)] Opening /dev/block/platform/bus@f0000/fa10000.mmc/by-name/dtbo_b partition without O_DSYNC
2023-05-18 17:15:26.676 439-439 update_engine pid-439 I [INFO:partition_writer.cc(100)] Caching writes.
2023-05-18 17:15:26.682 439-439 update_engine pid-439 I [INFO:partition_writer.cc(307)] Applying 1 operations to partition "dtbo"
2023-05-18 17:15:26.698 439-439 update_engine pid-439 I [INFO:partition_writer_factory_android.cc(35)] Virtual AB Compression Enabled, using VABC Partition Writer for `system`
2023-05-18 17:15:26.705 439-439 update_engine pid-439 I Successfully unmapped snapshot system_b
2023-05-18 17:15:26.715 154-161 vold pid-154 D Disk at 252:15 changed
2023-05-18 17:15:26.736 439-439 update_engine pid-439 I [libfs_mgr]Created logical partition system_b-base on device /dev/block/dm-15
2023-05-18 17:15:26.745 154-161 vold pid-154 D Disk at 252:16 changed
2023-05-18 17:15:26.765 439-439 update_engine pid-439 I Mapped COW device for system_b at /dev/block/dm-16
2023-05-18 17:15:27.287 1281-1333 MediaProvider com.android.providers.media.module W getVolumePath for unknown volume: internal
2023-05-18 17:15:27.301 1281-1333 MediaProvider com.android.providers.media.module W getVolumePath for unknown volume: internal
2023-05-18 17:15:27.304 1281-1333 MediaProvider com.android.providers.media.module W getVolumePath for unknown volume: internal
2023-05-18 17:15:27.308 1281-1333 MediaProvider com.android.providers.media.module W getVolumePath for unknown volume: internal
2023-05-18 17:15:27.312 1281-1333 MediaProvider com.android.providers.media.module W getVolumePath for unknown volume: internal
2023-05-18 17:15:27.317 1281-1333 MediaProvider com.android.providers.media.module W getVolumePath for unknown volume: internal
2023-05-18 17:15:27.322 1281-1333 MediaProvider com.android.providers.media.module W getVolumePath for unknown volume: internal
2023-05-18 17:15:27.326 1281-1333 MediaProvider com.android.providers.media.module W getVolumePath for unknown volume: internal
2023-05-18 17:15:27.330 1281-1333 MediaProvider com.android.providers.media.module W getVolumePath for unknown volume: internal
2023-05-18 17:15:27.334 1281-1333 MediaProvider com.android.providers.media.module W getVolumePath for unknown volume: internal
2023-05-18 17:15:27.338 1281-1333 MediaProvider com.android.providers.media.module W getVolumePath for unknown volume: internal
2023-05-18 17:15:27.343 1281-1333 MediaProvider com.android.providers.media.module W getVolumePath for unknown volume: internal
2023-05-18 17:15:27.347 1281-1333 MediaProvider com.android.providers.media.module W getVolumePath for unknown volume: internal
2023-05-18 17:15:27.351 1281-1333 MediaProvider com.android.providers.media.module W getVolumePath for unknown volume: internal
2023-05-18 17:15:27.355 1281-1333 MediaProvider com.android.providers.media.module W getVolumePath for unknown volume: internal
2023-05-18 17:15:27.359 1281-1333 MediaProvider com.android.providers.media.module W getVolumePath for unknown volume: internal
2023-05-18 17:15:27.364 1281-1333 MediaProvider com.android.providers.media.module W getVolumePath for unknown volume: internal
2023-05-18 17:15:27.369 1281-1333 MediaProvider com.android.providers.media.module W getVolumePath for unknown volume: internal
2023-05-18 17:15:27.374 1281-1333 MediaProvider com.android.providers.media.module W getVolumePath for unknown volume: internal
2023-05-18 17:15:27.379 1281-1333 MediaProvider com.android.providers.media.module W getVolumePath for unknown volume: internal
2023-05-18 17:15:27.384 1281-1333 MediaProvider com.android.providers.media.module W getVolumePath for unknown volume: internal
2023-05-18 17:15:27.389 1281-1333 MediaProvider com.android.providers.media.module W getVolumePath for unknown volume: internal
2023-05-18 17:15:27.394 1281-1333 MediaProvider com.android.providers.media.module W getVolumePath for unknown volume: internal
2023-05-18 17:15:27.400 1281-1333 MediaProvider com.android.providers.media.module W getVolumePath for unknown volume: internal
2023-05-18 17:15:27.405 1281-1333 MediaProvider com.android.providers.media.module W getVolumePath for unknown volume: internal
2023-05-18 17:15:27.416 1281-1333 MediaProvider com.android.providers.media.module W getVolumePath for unknown volume: internal
2023-05-18 17:15:27.429 1281-1333 MediaProvider com.android.providers.media.module W getVolumePath for unknown volume: internal
2023-05-18 17:15:27.437 1281-1333 MediaProvider com.android.providers.media.module W getVolumePath for unknown volume: internal
2023-05-18 17:15:27.443 1281-1333 MediaProvider com.android.providers.media.module W getVolumePath for unknown volume: internal
