2023-05-18 17:15:27.445 1281-1333 MediaProvider com.android.providers.media.module W getVolumePath for unknown volume: internal
2023-05-18 17:15:27.449 1281-1333 MediaProvider com.android.providers.media.module W getVolumePath for unknown volume: internal
2023-05-18 17:15:27.454 1281-1333 MediaProvider com.android.providers.media.module W getVolumePath for unknown volume: internal
2023-05-18 17:15:27.457 1281-1333 MediaProvider com.android.providers.media.module W getVolumePath for unknown volume: internal
2023-05-18 17:15:27.622 503-513 system_server system_process I Background concurrent copying GC freed 21266(926KB) AllocSpace objects, 8(288KB) LOS objects, 9% free, 10MB/11MB, paused 663us total 338.006ms
2023-05-18 17:15:27.996 1018-1018 ROTAUpdateManager com.skyla.qbi D onStatusUpdate status = 3; percent = 0.050082818
2023-05-18 17:15:28.847 1281-1333 MediaProvider com.android.providers.media.module W getVolumePath for unknown volume: internal
2023-05-18 17:15:28.854 1281-1333 MediaProvider com.android.providers.media.module W getVolumePath for unknown volume: internal
2023-05-18 17:15:28.857 1281-1333 MediaProvider com.android.providers.media.module W getVolumePath for unknown volume: internal
2023-05-18 17:15:28.865 1281-1333 MediaProvider com.android.providers.media.module W getVolumePath for unknown volume: internal
2023-05-18 17:15:28.868 1281-1333 MediaProvider com.android.providers.media.module W getVolumePath for unknown volume: internal
2023-05-18 17:15:28.871 1281-1333 MediaProvider com.android.providers.media.module W getVolumePath for unknown volume: internal
2023-05-18 17:15:28.873 1281-1333 MediaProvider com.android.providers.media.module W getVolumePath for unknown volume: internal
2023-05-18 17:15:28.878 1281-1333 MediaProvider com.android.providers.media.module W getVolumePath for unknown volume: internal
2023-05-18 17:15:28.881 1281-1333 MediaProvider com.android.providers.media.module W getVolumePath for unknown volume: internal
2023-05-18 17:15:28.897 1281-1333 MediaProvider com.android.providers.media.module W getVolumePath for unknown volume: internal
2023-05-18 17:15:28.902 1281-1333 MediaProvider com.android.providers.media.module W getVolumePath for unknown volume: internal
2023-05-18 17:15:28.907 1281-1333 MediaProvider com.android.providers.media.module W getVolumePath for unknown volume: internal
2023-05-18 17:15:28.912 1281-1333 MediaProvider com.android.providers.media.module W getVolumePath for unknown volume: internal
2023-05-18 17:15:28.918 1281-1333 MediaProvider com.android.providers.media.module W getVolumePath for unknown volume: internal
2023-05-18 17:15:28.925 1281-1333 MediaProvider com.android.providers.media.module W getVolumePath for unknown volume: internal
2023-05-18 17:15:28.929 1281-1333 MediaProvider com.android.providers.media.module W getVolumePath for unknown volume: internal
2023-05-18 17:15:28.934 1281-1333 MediaProvider com.android.providers.media.module W getVolumePath for unknown volume: internal
2023-05-18 17:15:28.938 1281-1333 MediaProvider com.android.providers.media.module W getVolumePath for unknown volume: internal
2023-05-18 17:15:28.943 1281-1333 MediaProvider com.android.providers.media.module W getVolumePath for unknown volume: internal
2023-05-18 17:15:28.948 1281-1333 MediaProvider com.android.providers.media.module W getVolumePath for unknown volume: internal
2023-05-18 17:15:28.953 1281-1333 MediaProvider com.android.providers.media.module W getVolumePath for unknown volume: internal
2023-05-18 17:15:28.957 1281-1333 MediaProvider com.android.providers.media.module W getVolumePath for unknown volume: internal
2023-05-18 17:15:28.961 1281-1333 MediaProvider com.android.providers.media.module W getVolumePath for unknown volume: internal
2023-05-18 17:15:28.964 1281-1333 MediaProvider com.android.providers.media.module W getVolumePath for unknown volume: internal
2023-05-18 17:15:28.968 1281-1333 MediaProvider com.android.providers.media.module W getVolumePath for unknown volume: internal
2023-05-18 17:15:28.974 1281-1333 MediaProvider com.android.providers.media.module W getVolumePath for unknown volume: internal
2023-05-18 17:15:28.978 1281-1333 MediaProvider com.android.providers.media.module W getVolumePath for unknown volume: internal
2023-05-18 17:15:28.981 1281-1333 MediaProvider com.android.providers.media.module W getVolumePath for unknown volume: internal
2023-05-18 17:15:28.985 1281-1333 MediaProvider com.android.providers.media.module W getVolumePath for unknown volume: internal
2023-05-18 17:15:28.989 1281-1333 MediaProvider com.android.providers.media.module W getVolumePath for unknown volume: internal
2023-05-18 17:15:28.993 1281-1333 MediaProvider com.android.providers.media.module W getVolumePath for unknown volume: internal
2023-05-18 17:15:28.999 1281-1333 MediaProvider com.android.providers.media.module W getVolumePath for unknown volume: internal
2023-05-18 17:15:29.004 1281-1333 MediaProvider com.android.providers.media.module W getVolumePath for unknown volume: internal
2023-05-18 17:15:30.362 1281-1333 MediaProvider com.android.providers.media.module W getVolumePath for unknown volume: internal
2023-05-18 17:15:30.370 1281-1333 MediaProvider com.android.providers.media.module W getVolumePath for unknown volume: internal
2023-05-18 17:15:30.375 1281-1333 MediaProvider com.android.providers.media.module W getVolumePath for unknown volume: internal
2023-05-18 17:15:30.380 1281-1333 MediaProvider com.android.providers.media.module W getVolumePath for unknown volume: internal
2023-05-18 17:15:30.385 1281-1333 MediaProvider com.android.providers.media.module W getVolumePath for unknown volume: internal
2023-05-18 17:15:30.390 1281-1333 MediaProvider com.android.providers.media.module W getVolumePath for unknown volume: internal
2023-05-18 17:15:30.395 1281-1333 MediaProvider com.android.providers.media.module W getVolumePath for unknown volume: internal
2023-05-18 17:15:30.400 1281-1333 MediaProvider com.android.providers.media.module W getVolumePath for unknown volume: internal
2023-05-18 17:15:30.410 1281-1333 MediaProvider com.android.providers.media.module W getVolumePath for unknown volume: internal
2023-05-18 17:15:30.429 1281-1333 MediaProvider com.android.providers.media.module W getVolumePath for unknown volume: internal
2023-05-18 17:15:30.440 1281-1333 MediaProvider com.android.providers.media.module W getVolumePath for unknown volume: internal
2023-05-18 17:15:30.443 1281-1333 MediaProvider com.android.providers.media.module W getVolumePath for unknown volume: internal
2023-05-18 17:15:30.445 1281-1333 MediaProvider com.android.providers.media.module W getVolumePath for unknown volume: internal
2023-05-18 17:15:30.448 1281-1333 MediaProvider com.android.providers.media.module W getVolumePath for unknown volume: internal
2023-05-18 17:15:30.451 1281-1333 MediaProvider com.android.providers.media.module W getVolumePath for unknown volume: internal
2023-05-18 17:15:30.454 1281-1333 MediaProvider com.android.providers.media.module W getVolumePath for unknown volume: internal
2023-05-18 17:15:30.460 1281-1333 MediaProvider com.android.providers.media.module W getVolumePath for unknown volume: internal
2023-05-18 17:15:30.464 1281-1333 MediaProvider com.android.providers.media.module W getVolumePath for unknown volume: internal
2023-05-18 17:15:30.467 1281-1333 MediaProvider com.android.providers.media.module W getVolumePath for unknown volume: internal
2023-05-18 17:15:30.473 1281-1333 MediaProvider com.android.providers.media.module W getVolumePath for unknown volume: internal
2023-05-18 17:15:30.480 1281-1333 MediaProvider com.android.providers.media.module W getVolumePath for unknown volume: internal
2023-05-18 17:15:30.485 1281-1333 MediaProvider com.android.providers.media.module W getVolumePath for unknown volume: internal
2023-05-18 17:15:30.489 1281-1333 MediaProvider com.android.providers.media.module W getVolumePath for unknown volume: internal
2023-05-18 17:15:30.494 1281-1333 MediaProvider com.android.providers.media.module W getVolumePath for unknown volume: internal
2023-05-18 17:15:30.497 1281-1333 MediaProvider com.android.providers.media.module W getVolumePath for unknown volume: internal
2023-05-18 17:15:30.502 1281-1333 MediaProvider com.android.providers.media.module W getVolumePath for unknown volume: internal
2023-05-18 17:15:30.507 1281-1333 MediaProvider com.android.providers.media.module W getVolumePath for unknown volume: internal
2023-05-18 17:15:30.513 1281-1333 MediaProvider com.android.providers.media.module W getVolumePath for unknown volume: internal
2023-05-18 17:15:30.546 1281-1333 MediaProvider com.android.providers.media.module W getVolumePath for unknown volume: internal
2023-05-18 17:15:30.551 1281-1333 MediaProvider com.android.providers.media.module W getVolumePath for unknown volume: internal
2023-05-18 17:15:30.553 1281-1548 MediaProvider com.android.providers.media.module I Scanned internal due to REASON_MOUNTED, found 230 items in 9654ms, 0 inserts 224 updates 0 deletes
2023-05-18 17:15:30.556 1281-1333 MediaProvider com.android.providers.media.module W getVolumePath for unknown volume: internal
2023-05-18 17:15:30.560 1281-1333 MediaProvider com.android.providers.media.module W getVolumePath for unknown volume: internal
2023-05-18 17:15:30.576 1193-1193 Compatibil...geReporter com.android.deskclock D Compat change id reported: 150939131; UID 10054; state: DISABLED
2023-05-18 17:15:30.583 1281-1333 MediaProvider com.android.providers.media.module W getVolumePath for unknown volume: internal
2023-05-18 17:15:30.586 1281-1333 MediaProvider com.android.providers.media.module W getVolumePath for unknown volume: internal
2023-05-18 17:15:30.588 1281-1333 MediaProvider com.android.providers.media.module W getVolumePath for unknown volume: internal
2023-05-18 17:15:30.591 1281-1333 MediaProvider com.android.providers.media.module W getVolumePath for unknown volume: internal
2023-05-18 17:15:30.629 1281-1548 MediaProvider com.android.providers.media.module W isAppCloneUserPair for user -1: false
2023-05-18 17:15:30.639 1281-1548 MediaProvider com.android.providers.media.module W isAppCloneUserPair for user -1: false
2023-05-18 17:15:30.652 1281-1548 MediaProvider com.android.providers.media.module W isAppCloneUserPair for user -1: false
2023-05-18 17:15:30.665 1281-1548 MediaProvider com.android.providers.media.module W isAppCloneUserPair for user -1: false
2023-05-18 17:15:30.675 1281-1548 MediaProvider com.android.providers.media.module W isAppCloneUserPair for user -1: false
2023-05-18 17:15:30.684 1281-1548 MediaProvider com.android.providers.media.module W isAppCloneUserPair for user -1: false
2023-05-18 17:15:30.693 1281-1548 MediaProvider com.android.providers.media.module W isAppCloneUserPair for user -1: false
2023-05-18 17:15:30.703 1281-1548 MediaProvider com.android.providers.media.module W isAppCloneUserPair for user -1: false
2023-05-18 17:15:30.737 1281-1548 MediaProvider com.android.providers.media.module W isAppCloneUserPair for user -1: false
2023-05-18 17:15:30.826 1281-1548 MediaProvider com.android.providers.media.module W isAppCloneUserPair for user -1: false
2023-05-18 17:15:30.861 1281-1548 MediaProvider com.android.providers.media.module W isAppCloneUserPair for user -1: false
2023-05-18 17:15:30.885 1281-1548 MediaProvider com.android.providers.media.module W isAppCloneUserPair for user -1: false
2023-05-18 17:15:30.926 1281-1548 MediaProvider com.android.providers.media.module W isAppCloneUserPair for user -1: false
2023-05-18 17:15:30.948 1281-1548 MediaProvider com.android.providers.media.module W isAppCloneUserPair for user -1: false
2023-05-18 17:15:30.979 1281-1548 MediaProvider com.android.providers.media.module W isAppCloneUserPair for user -1: false
2023-05-18 17:15:31.002 1281-1548 MediaProvider com.android.providers.media.module W isAppCloneUserPair for user -1: false
2023-05-18 17:15:31.021 1281-1548 MediaProvider com.android.providers.media.module W isAppCloneUserPair for user -1: false
2023-05-18 17:15:31.030 1281-1548 MediaProvider com.android.providers.media.module W isAppCloneUserPair for user -1: false
2023-05-18 17:15:31.049 1281-1548 MediaProvider com.android.providers.media.module W isAppCloneUserPair for user -1: false
2023-05-18 17:15:31.067 1281-1548 MediaProvider com.android.providers.media.module W isAppCloneUserPair for user -1: false
2023-05-18 17:15:31.101 1281-1548 MediaProvider com.android.providers.media.module W isAppCloneUserPair for user -1: false
2023-05-18 17:15:31.122 1281-1548 MediaProvider com.android.providers.media.module W isAppCloneUserPair for user -1: false
2023-05-18 17:15:31.141 1281-1548 MediaProvider com.android.providers.media.module I Scanned ad29-ff8e due to REASON_MOUNTED, found 22 items in 553ms, 22 inserts 0 updates 0 deletes
2023-05-18 17:15:31.148 1281-1548 MediaProvider com.android.providers.media.module I End Intent { act=com.android.providers.media.action.SCAN_VOLUME (has extras) }
2023-05-18 17:15:31.152 1281-1548 MediaProvider com.android.providers.media.module I Begin Intent { act=android.intent.action.MEDIA_MOUNTED dat=file:///storage/emulated/0 flg=0x5000010 cmp=com.android.providers.media.module/com.android.providers.media.MediaService (has extras) }
2023-05-18 17:15:31.154 1281-1548 MediaProvider com.android.providers.media.module I Volume MediaVolume name: [external_primary] id: [emulated;0] user: [UserHandle{0}] path: [/storage/emulated/0] already attached
2023-05-18 17:15:31.154 1281-1548 MediaProvider com.android.providers.media.module I End Intent { act=android.intent.action.MEDIA_MOUNTED dat=file:///storage/emulated/0 flg=0x5000010 cmp=com.android.providers.media.module/com.android.providers.media.MediaService (has extras) }
2023-05-18 17:15:31.157 1281-1548 MediaProvider com.android.providers.media.module I Begin Intent { act=android.intent.action.MEDIA_MOUNTED dat=file:///storage/AD29-FF8E flg=0x5000010 cmp=com.android.providers.media.module/com.android.providers.media.MediaService (has extras) }
2023-05-18 17:15:31.158 1281-1548 MediaProvider com.android.providers.media.module I Volume MediaVolume name: [ad29-ff8e] id: [public:179,97] user: [UserHandle{0}] path: [/storage/AD29-FF8E] already attached
2023-05-18 17:15:31.158 1281-1548 MediaProvider com.android.providers.media.module I End Intent { act=android.intent.action.MEDIA_MOUNTED dat=file:///storage/AD29-FF8E flg=0x5000010 cmp=com.android.providers.media.module/com.android.providers.media.MediaService (has extras) }
2023-05-18 17:15:31.161 1281-1548 MediaProvider com.android.providers.media.module I Begin Intent { act=android.intent.action.MEDIA_MOUNTED dat=file:///storage/emulated/0 flg=0x5000010 cmp=com.android.providers.media.module/com.android.providers.media.MediaService (has extras) }
2023-05-18 17:15:31.161 1281-1548 MediaProvider com.android.providers.media.module I Volume MediaVolume name: [external_primary] id: [emulated;0] user: [UserHandle{0}] path: [/storage/emulated/0] already attached
2023-05-18 17:15:31.161 1281-1548 MediaProvider com.android.providers.media.module I End Intent { act=android.intent.action.MEDIA_MOUNTED dat=file:///storage/emulated/0 flg=0x5000010 cmp=com.android.providers.media.module/com.android.providers.media.MediaService (has extras) }
2023-05-18 17:15:31.164 1281-1548 MediaProvider com.android.providers.media.module I Begin Intent { act=android.intent.action.MEDIA_MOUNTED dat=file:///storage/AD29-FF8E flg=0x5000010 cmp=com.android.providers.media.module/com.android.providers.media.MediaService (has extras) }
2023-05-18 17:15:31.165 1281-1548 MediaProvider com.android.providers.media.module I Volume MediaVolume name: [ad29-ff8e] id: [public:179,97] user: [UserHandle{0}] path: [/storage/AD29-FF8E] already attached
2023-05-18 17:15:31.165 1281-1548 MediaProvider com.android.providers.media.module I End Intent { act=android.intent.action.MEDIA_MOUNTED dat=file:///storage/AD29-FF8E flg=0x5000010 cmp=com.android.providers.media.module/com.android.providers.media.MediaService (has extras) }
2023-05-18 17:15:31.490 1018-1018 ROTAUpdateManager com.skyla.qbi D onStatusUpdate status = 3; percent = 0.060092263
2023-05-18 17:15:33.532 1018-1018 ROTAUpdateManager com.skyla.qbi D onStatusUpdate status = 3; percent = 0.07010171
2023-05-18 17:15:34.084 503-1131 ActivityManager system_process I Killing 1547:com.android.traceur/u0a19 (adj 975): empty #17
2023-05-18 17:15:34.136 351-351 Zygote pid-351 I Process 1547 exited due to signal 9 (Killed)
2023-05-18 17:15:34.138 503-566 libprocessgroup system_process I Successfully killed process cgroup uid 10019 pid 1547 in 52ms
2023-05-18 17:15:35.079 1018-1018 ROTAUpdateManager com.skyla.qbi D onStatusUpdate status = 3; percent = 0.08011115
2023-05-18 17:15:36.590 1018-1018 ROTAUpdateManager com.skyla.qbi D onStatusUpdate status = 3; percent = 0.0901206
2023-05-18 17:15:37.869 503-513 system_server system_process I Background concurrent copying GC freed 14703(668KB) AllocSpace objects, 0(0B) LOS objects, 9% free, 10MB/11MB, paused 405us total 269.184ms
2023-05-18 17:15:38.864 1018-1018 ROTAUpdateManager com.skyla.qbi D onStatusUpdate status = 3; percent = 0.100130044
2023-05-18 17:15:41.980 503-665 BestClock system_process W java.time.DateTimeException: Missing NTP fix
2023-05-18 17:15:41.998 1018-1018 ROTAUpdateManager com.skyla.qbi D onStatusUpdate status = 3; percent = 0.11013949
2023-05-18 17:15:42.018 347-371 netd pid-347 I trafficSwapActiveStatsMap() <37.52ms>
2023-05-18 17:15:42.024 347-371 netd pid-347 I tetherGetStats() -> {[]} <2.78ms>
2023-05-18 17:15:42.028 503-665 BestClock system_process W java.time.DateTimeException: Missing NTP fix
2023-05-18 17:15:42.033 347-347 netd pid-347 I bandwidthSetGlobalAlert(2097152) <0.85ms>
2023-05-18 17:15:42.039 503-666 BestClock system_process W java.time.DateTimeException: Missing NTP fix
2023-05-18 17:15:42.042 503-666 BestClock system_process W java.time.DateTimeException: Missing NTP fix
2023-05-18 17:15:45.153 1018-1018 ROTAUpdateManager com.skyla.qbi D onStatusUpdate status = 3; percent = 0.120148934
2023-05-18 17:15:45.958 723-770 Permission...erviceImpl com.android.permissioncontroller I Updating user sensitive for user 0
2023-05-18 17:15:46.162 723-744 ssioncontrolle com.android.permissioncontroller I Background concurrent copying GC freed 6268(353KB) AllocSpace objects, 0(0B) LOS objects, 17% free, 2455KB/2967KB, paused 1.074ms total 112.656ms
2023-05-18 17:15:49.140 439-439 update_engine pid-439 I [INFO:delta_performer.cc(115)] Completed 41/675 operations (6%), 64143360/517245846 bytes downloaded (12%), overall progress 9%
2023-05-18 17:15:52.596 1281-1427 FuseDaemon com.android.providers.media.module I Threshold exceeded - fadvising 67248128
2023-05-18 17:15:52.631 1281-1427 FuseDaemon com.android.providers.media.module I Threshold now 0
2023-05-18 17:15:53.353 1018-1018 ROTAUpdateManager com.skyla.qbi D onStatusUpdate status = 3; percent = 0.13015838
2023-05-18 17:15:57.375 439-439 update_engine pid-439 I [INFO:delta_performer.cc(115)] Completed 52/675 operations (7%), 72417280/517245846 bytes downloaded (14%), overall progress 10%
2023-05-18 17:15:57.383 1018-1018 ROTAUpdateManager com.skyla.qbi D onStatusUpdate status = 3; percent = 0.14016782
2023-05-18 17:15:59.867 1018-1018 ROTAUpdateManager com.skyla.qbi D onStatusUpdate status = 3; percent = 0.15017727
2023-05-18 17:16:01.598 1018-1018 ROTAUpdateManager com.skyla.qbi D onStatusUpdate status = 3; percent = 0.16018671
2023-05-18 17:16:03.798 1018-1018 ROTAUpdateManager com.skyla.qbi D onStatusUpdate status = 3; percent = 0.17019616
2023-05-18 17:16:05.880 1018-1018 ROTAUpdateManager com.skyla.qbi D onStatusUpdate status = 3; percent = 0.1802056
2023-05-18 17:16:07.179 1018-1018 ROTAUpdateManager com.skyla.qbi D onStatusUpdate status = 3; percent = 0.19021505
2023-05-18 17:16:11.694 1018-1018 ROTAUpdateManager com.skyla.qbi D onStatusUpdate status = 3; percent = 0.20022449
2023-05-18 17:16:16.815 1018-1018 ROTAUpdateManager com.skyla.qbi D onStatusUpdate status = 3; percent = 0.21023394
2023-05-18 17:16:23.561 1018-1018 ROTAUpdateManager com.skyla.qbi D onStatusUpdate status = 3; percent = 0.2202434
2023-05-18 17:16:27.514 439-439 update_engine pid-439 I [INFO:delta_performer.cc(115)] Completed 92/675 operations (13%), 116785152/517245846 bytes downloaded (22%), overall progress 17%
2023-05-18 17:16:28.332 1018-1018 ROTAUpdateManager com.skyla.qbi D onStatusUpdate status = 3; percent = 0.23025283
2023-05-18 17:16:34.652 1018-1018 ROTAUpdateManager com.skyla.qbi D onStatusUpdate status = 3; percent = 0.24026228
2023-05-18 17:16:39.022 439-439 update_engine pid-439 I [INFO:delta_performer.cc(115)] Completed 108/675 operations (16%), 128483328/517245846 bytes downloaded (24%), overall progress 20%
2023-05-18 17:16:39.815 1018-1018 ROTAUpdateManager com.skyla.qbi D onStatusUpdate status = 3; percent = 0.25027174
2023-05-18 17:16:45.127 1281-1427 FuseDaemon com.android.providers.media.module I Threshold exceeded - fadvising 67108864
2023-05-18 17:16:45.161 1281-1427 FuseDaemon com.android.providers.media.module I Threshold now 0
2023-05-18 17:16:46.039 1018-1018 ROTAUpdateManager com.skyla.qbi D onStatusUpdate status = 3; percent = 0.26028118
2023-05-18 17:16:52.083 1018-1018 ROTAUpdateManager com.skyla.qbi D onStatusUpdate status = 3; percent = 0.2702906
2023-05-18 17:16:58.760 1018-1018 ROTAUpdateManager com.skyla.qbi D onStatusUpdate status = 3; percent = 0.28030005
2023-05-18 17:17:03.090 1018-1018 ROTAUpdateManager com.skyla.qbi D onStatusUpdate status = 3; percent = 0.29030952
2023-05-18 17:17:05.303 1018-1018 ROTAUpdateManager com.skyla.qbi D onStatusUpdate status = 3; percent = 0.30031896
2023-05-18 17:17:09.048 439-439 update_engine pid-439 I [INFO:delta_performer.cc(115)] Completed 145/675 operations (21%), 159727616/517245846 bytes downloaded (30%), overall progress 25%
2023-05-18 17:17:09.119 1018-1018 ROTAUpdateManager com.skyla.qbi D onStatusUpdate status = 3; percent = 0.3103284
2023-05-18 17:17:12.124 1018-1018 ROTAUpdateManager com.skyla.qbi D onStatusUpdate status = 3; percent = 0.32033783
2023-05-18 17:17:18.431 1018-1018 ROTAUpdateManager com.skyla.qbi D onStatusUpdate status = 3; percent = 0.3303473
2023-05-18 17:17:22.683 1018-1018 ROTAUpdateManager com.skyla.qbi D onStatusUpdate status = 3; percent = 0.34035674
2023-05-18 17:17:25.689 1018-1018 ROTAUpdateManager com.skyla.qbi D onStatusUpdate status = 3; percent = 0.35036618
2023-05-18 17:17:29.449 439-439 update_engine pid-439 I [INFO:delta_performer.cc(115)] Completed 167/675 operations (24%), 186220544/517245846 bytes downloaded (36%), overall progress 30%
2023-05-18 17:17:29.460 1018-1018 ROTAUpdateManager com.skyla.qbi D onStatusUpdate status = 3; percent = 0.3603756
2023-05-18 17:17:34.731 1018-1018 ROTAUpdateManager com.skyla.qbi D onStatusUpdate status = 3; percent = 0.37038508
2023-05-18 17:17:39.657 1018-1018 ROTAUpdateManager com.skyla.qbi D onStatusUpdate status = 3; percent = 0.38039452
2023-05-18 17:17:42.058 1281-1427 FuseDaemon com.android.providers.media.module I Threshold exceeded - fadvising 67108864
2023-05-18 17:17:42.093 1281-1427 FuseDaemon com.android.providers.media.module I Threshold now 0
2023-05-18 17:17:43.029 1018-1018 ROTAUpdateManager com.skyla.qbi D onStatusUpdate status = 3; percent = 0.39040396
2023-05-18 17:17:47.511 1018-1018 ROTAUpdateManager com.skyla.qbi D onStatusUpdate status = 3; percent = 0.4004134
2023-05-18 17:17:50.187 1018-1018 ROTAUpdateManager com.skyla.qbi D onStatusUpdate status = 3; percent = 0.41042286
2023-05-18 17:17:52.898 1018-1018 ROTAUpdateManager com.skyla.qbi D onStatusUpdate status = 3; percent = 0.4204323
2023-05-18 17:17:59.535 439-439 update_engine pid-439 I [INFO:delta_performer.cc(115)] Completed 205/675 operations (30%), 220004352/517245846 bytes downloaded (42%), overall progress 36%
2023-05-18 17:18:03.565 1018-1018 ROTAUpdateManager com.skyla.qbi D onStatusUpdate status = 3; percent = 0.4292064
2023-05-18 17:18:09.789 1018-1018 ROTAUpdateManager com.skyla.qbi D onStatusUpdate status = 3; percent = 0.43921584
2023-05-18 17:18:15.292 1018-1018 ROTAUpdateManager com.skyla.qbi D onStatusUpdate status = 3; percent = 0.44922528
2023-05-18 17:18:19.659 1018-1018 ROTAUpdateManager com.skyla.qbi D onStatusUpdate status = 3; percent = 0.45923474
2023-05-18 17:18:19.673 439-439 update_engine pid-439 I [INFO:delta_performer.cc(115)] Completed 237/675 operations (35%), 237944832/517245846 bytes downloaded (46%), overall progress 40%
2023-05-18 17:18:24.829 1018-1018 ROTAUpdateManager com.skyla.qbi D onStatusUpdate status = 3; percent = 0.46924418
2023-05-18 17:18:30.620 1018-1018 ROTAUpdateManager com.skyla.qbi D onStatusUpdate status = 3; percent = 0.47925362
2023-05-18 17:18:36.797 1018-1018 ROTAUpdateManager com.skyla.qbi D onStatusUpdate status = 3; percent = 0.48926306
2023-05-18 17:18:41.340 1018-1018 ROTAUpdateManager com.skyla.qbi D onStatusUpdate status = 3; percent = 0.49927253
2023-05-18 17:18:46.325 1018-1018 ROTAUpdateManager com.skyla.qbi D onStatusUpdate status = 3; percent = 0.50928193
2023-05-18 17:18:50.173 439-439 update_engine pid-439 I [INFO:delta_performer.cc(115)] Completed 280/675 operations (41%), 267288576/517245846 bytes downloaded (51%), overall progress 45%
2023-05-18 17:18:50.949 1281-1427 FuseDaemon com.android.providers.media.module I Threshold exceeded - fadvising 67108864
2023-05-18 17:18:50.972 1018-1018 ROTAUpdateManager com.skyla.qbi D onStatusUpdate status = 3; percent = 0.5192914
2023-05-18 17:18:50.986 1281-1427 FuseDaemon com.android.providers.media.module I Threshold now 0
2023-05-18 17:18:55.542 1018-1018 ROTAUpdateManager com.skyla.qbi D onStatusUpdate status = 3; percent = 0.52930087
2023-05-18 17:19:00.207 720-748 ndroid.systemu com.android.systemui I Background concurrent copying GC freed 19446(866KB) AllocSpace objects, 0(0B) LOS objects, 9% free, 7943KB/8826KB, paused 1.417ms total 201.095ms
2023-05-18 17:19:04.248 1018-1018 ROTAUpdateManager com.skyla.qbi D onStatusUpdate status = 3; percent = 0.5393103
2023-05-18 17:19:12.088 439-439 update_engine pid-439 I [INFO:delta_performer.cc(115)] Completed 311/675 operations (46%), 282689536/517245846 bytes downloaded (54%), overall progress 50%
2023-05-18 17:19:13.662 1018-1018 ROTAUpdateManager com.skyla.qbi D onStatusUpdate status = 3; percent = 0.54931974
2023-05-18 17:19:19.473 1018-1018 ROTAUpdateManager com.skyla.qbi D onStatusUpdate status = 3; percent = 0.5593292
2023-05-18 17:19:25.953 1018-1018 ROTAUpdateManager com.skyla.qbi D onStatusUpdate status = 3; percent = 0.5693386
2023-05-18 17:19:33.455 1018-1018 ROTAUpdateManager com.skyla.qbi D onStatusUpdate status = 3; percent = 0.5793481
2023-05-18 17:19:39.564 1018-1018 ROTAUpdateManager com.skyla.qbi D onStatusUpdate status = 3; percent = 0.5893575
2023-05-18 17:19:42.576 439-439 update_engine pid-439 I [INFO:delta_performer.cc(115)] Completed 352/675 operations (52%), 306872320/517245846 bytes downloaded (59%), overall progress 55%
2023-05-18 17:19:45.801 1018-1018 ROTAUpdateManager com.skyla.qbi D onStatusUpdate status = 3; percent = 0.59936696
2023-05-18 17:19:46.528 503-557 DropBoxManagerService system_process I add tag=system_server_strictmode isTagEnabled=true flags=0x2
2023-05-18 17:19:46.533 503-557 DropBoxManagerService system_process I add tag=system_server_strictmode isTagEnabled=true flags=0x2
2023-05-18 17:19:46.535 503-557 DropBoxManagerService system_process I add tag=system_server_strictmode isTagEnabled=true flags=0x2
2023-05-18 17:19:46.537 503-557 DropBoxManagerService system_process I add tag=system_server_strictmode isTagEnabled=true flags=0x2
2023-05-18 17:19:52.812 1018-1018 ROTAUpdateManager com.skyla.qbi D onStatusUpdate status = 3; percent = 0.60937643
2023-05-18 17:19:58.679 1018-1018 ROTAUpdateManager com.skyla.qbi D onStatusUpdate status = 3; percent = 0.61938584
2023-05-18 17:20:04.727 1018-1018 ROTAUpdateManager com.skyla.qbi D onStatusUpdate status = 3; percent = 0.6293953
2023-05-18 17:20:11.781 1018-1018 ROTAUpdateManager com.skyla.qbi D onStatusUpdate status = 3; percent = 0.6394048
2023-05-18 17:20:11.795 439-439 update_engine pid-439 I [INFO:delta_performer.cc(115)] Completed 390/675 operations (57%), 331038720/517245846 bytes downloaded (64%), overall progress 60%
2023-05-18 17:20:16.990 1281-1427 FuseDaemon com.android.providers.media.module I Threshold exceeded - fadvising 67108864
2023-05-18 17:20:17.027 1281-1427 FuseDaemon com.android.providers.media.module I Threshold now 0
2023-05-18 17:20:17.597 1018-1018 ROTAUpdateManager com.skyla.qbi D onStatusUpdate status = 3; percent = 0.6494142
2023-05-18 17:20:23.862 1018-1018 ROTAUpdateManager com.skyla.qbi D onStatusUpdate status = 3; percent = 0.65942365
2023-05-18 17:20:26.597 1018-1018 ROTAUpdateManager com.skyla.qbi D onStatusUpdate status = 3; percent = 0.66943306
2023-05-18 17:20:31.518 1018-1018 ROTAUpdateManager com.skyla.qbi D onStatusUpdate status = 3; percent = 0.6794425
2023-05-18 17:20:36.304 1018-1018 ROTAUpdateManager com.skyla.qbi D onStatusUpdate status = 3; percent = 0.689452
2023-05-18 17:20:42.249 439-439 update_engine pid-439 I [INFO:delta_performer.cc(115)] Completed 426/675 operations (63%), 360005632/517245846 bytes downloaded (69%), overall progress 65%
2023-05-18 17:20:43.102 1018-1018 ROTAUpdateManager com.skyla.qbi D onStatusUpdate status = 3; percent = 0.6994614
2023-05-18 17:20:51.773 1018-1018 ROTAUpdateManager com.skyla.qbi D onStatusUpdate status = 3; percent = 0.70947087
2023-05-18 17:20:56.291 1018-1018 ROTAUpdateManager com.skyla.qbi D onStatusUpdate status = 3; percent = 0.71948034
2023-05-18 17:21:01.952 1018-1018 ROTAUpdateManager com.skyla.qbi D onStatusUpdate status = 3; percent = 0.72948974
2023-05-18 17:21:06.519 439-439 update_engine pid-439 I [INFO:delta_performer.cc(115)] Completed 459/675 operations (68%), 381747200/517245846 bytes downloaded (73%), overall progress 70%
2023-05-18 17:21:06.554 1018-1018 ROTAUpdateManager com.skyla.qbi D onStatusUpdate status = 3; percent = 0.7394992
2023-05-18 17:21:11.808 1018-1018 ROTAUpdateManager com.skyla.qbi D onStatusUpdate status = 3; percent = 0.7495086
2023-05-18 17:21:20.867 1018-1018 ROTAUpdateManager com.skyla.qbi D onStatusUpdate status = 3; percent = 0.7595181
2023-05-18 17:21:24.858 1018-1018 ROTAUpdateManager com.skyla.qbi D onStatusUpdate status = 3; percent = 0.76952755
2023-05-18 17:21:28.938 1281-1427 FuseDaemon com.android.providers.media.module I Threshold exceeded - fadvising 67108864
2023-05-18 17:21:28.976 1018-1018 ROTAUpdateManager com.skyla.qbi D onStatusUpdate status = 3; percent = 0.77953696
2023-05-18 17:21:28.978 1281-1427 FuseDaemon com.android.providers.media.module I Threshold now 0
2023-05-18 17:21:33.411 1018-1018 ROTAUpdateManager com.skyla.qbi D onStatusUpdate status = 3; percent = 0.78954643
2023-05-18 17:21:36.860 439-439 update_engine pid-439 I [INFO:delta_performer.cc(115)] Completed 497/675 operations (73%), 412909568/517245846 bytes downloaded (79%), overall progress 75%
2023-05-18 17:21:36.956 1018-1018 ROTAUpdateManager com.skyla.qbi D onStatusUpdate status = 3; percent = 0.7995559
2023-05-18 17:21:41.785 1018-1018 ROTAUpdateManager com.skyla.qbi D onStatusUpdate status = 3; percent = 0.8095653
2023-05-18 17:21:46.682 1018-1018 ROTAUpdateManager com.skyla.qbi D onStatusUpdate status = 3; percent = 0.8195748
2023-05-18 17:21:49.554 1018-1018 ROTAUpdateManager com.skyla.qbi D onStatusUpdate status = 3; percent = 0.8295842
2023-05-18 17:21:55.231 1018-1018 ROTAUpdateManager com.skyla.qbi D onStatusUpdate status = 3; percent = 0.83959365
2023-05-18 17:21:55.236 439-439 update_engine pid-439 I [INFO:delta_performer.cc(115)] Completed 519/675 operations (76%), 434487296/517245846 bytes downloaded (84%), overall progress 80%
2023-05-18 17:22:01.170 1018-1018 ROTAUpdateManager com.skyla.qbi D onStatusUpdate status = 3; percent = 0.8496031
2023-05-18 17:22:04.854 1018-1018 ROTAUpdateManager com.skyla.qbi D onStatusUpdate status = 3; percent = 0.8596125
2023-05-18 17:22:15.564 1018-1018 ROTAUpdateManager com.skyla.qbi D onStatusUpdate status = 3; percent = 0.8687351
2023-05-18 17:22:25.650 439-439 update_engine pid-439 I [INFO:delta_performer.cc(115)] Completed 557/675 operations (82%), 452624384/517245846 bytes downloaded (87%), overall progress 84%
2023-05-18 17:22:25.655 1018-1018 ROTAUpdateManager com.skyla.qbi D onStatusUpdate status = 3; percent = 0.87510186
2023-05-18 17:22:31.136 1018-1018 ROTAUpdateManager com.skyla.qbi D onStatusUpdate status = 3; percent = 0.8851113
2023-05-18 17:22:37.599 1018-1018 ROTAUpdateManager com.skyla.qbi D onStatusUpdate status = 3; percent = 0.89512074
2023-05-18 17:22:43.894 439-439 update_engine pid-439 I [INFO:partition_writer_factory_android.cc(35)] Virtual AB Compression Enabled, using VABC Partition Writer for `vendor`
2023-05-18 17:22:43.901 439-439 update_engine pid-439 I Successfully unmapped snapshot vendor_b
2023-05-18 17:22:43.916 154-161 vold pid-154 D Disk at 252:17 changed
2023-05-18 17:22:43.936 439-439 update_engine pid-439 I [libfs_mgr]Created logical partition vendor_b-base on device /dev/block/dm-17
2023-05-18 17:22:43.944 154-161 vold pid-154 D Disk at 252:18 changed
2023-05-18 17:22:43.964 439-439 update_engine pid-439 I Mapped COW device for vendor_b at /dev/block/dm-18
2023-05-18 17:22:46.285 1018-1018 ROTAUpdateManager com.skyla.qbi D onStatusUpdate status = 3; percent = 0.9051302
2023-05-18 17:22:47.605 1281-1427 FuseDaemon com.android.providers.media.module I Threshold exceeded - fadvising 67108864
2023-05-18 17:22:47.642 1281-1427 FuseDaemon com.android.providers.media.module I Threshold now 0
2023-05-18 17:22:53.163 1018-1018 ROTAUpdateManager com.skyla.qbi D onStatusUpdate status = 3; percent = 0.9151396
2023-05-18 17:22:55.518 439-439 update_engine pid-439 I [INFO:delta_performer.cc(115)] Completed 599/675 operations (88%), 475873280/517245846 bytes downloaded (92%), overall progress 90%
2023-05-18 17:22:57.163 1018-1018 ROTAUpdateManager com.skyla.qbi D onStatusUpdate status = 3; percent = 0.9251491
2023-05-18 17:23:01.879 1018-1018 ROTAUpdateManager com.skyla.qbi D onStatusUpdate status = 3; percent = 0.9351585
2023-05-18 17:23:06.638 1018-1018 ROTAUpdateManager com.skyla.qbi D onStatusUpdate status = 3; percent = 0.94516796
2023-05-18 17:23:17.003 1018-1018 ROTAUpdateManager com.skyla.qbi D onStatusUpdate status = 3; percent = 0.9513764
2023-05-18 17:23:26.791 439-439 update_engine pid-439 I [INFO:delta_performer.cc(115)] Completed 630/675 operations (93%), 495124480/517245846 bytes downloaded (95%), overall progress 93%
2023-05-18 17:23:27.822 1018-1018 ROTAUpdateManager com.skyla.qbi D onStatusUpdate status = 3; percent = 0.95780647
2023-05-18 17:23:36.136 1018-1018 ROTAUpdateManager com.skyla.qbi D onStatusUpdate status = 3; percent = 0.96781594
2023-05-18 17:23:43.130 1018-1018 ROTAUpdateManager com.skyla.qbi D onStatusUpdate status = 3; percent = 0.97782534
2023-05-18 17:23:49.602 1018-1018 ROTAUpdateManager com.skyla.qbi D onStatusUpdate status = 3; percent = 0.9878348
2023-05-18 17:23:55.997 1018-1018 ROTAUpdateManager com.skyla.qbi D onStatusUpdate status = 3; percent = 0.9978443
2023-05-18 17:23:57.521 439-439 update_engine pid-439 I [INFO:delta_performer.cc(115)] Completed 674/675 operations (99%), 517160960/517245846 bytes downloaded (99%), overall progress 98%
2023-05-18 17:23:57.709 439-439 update_engine pid-439 I [INFO:delta_performer.cc(115)] Completed 675/675 operations (100%), 517245846/517245846 bytes downloaded (100%), overall progress 100%
2023-05-18 17:23:57.809 439-439 update_engine pid-439 I [INFO:delta_performer.cc(981)] Extracted signature data of size 267 at 517206406
2023-05-18 17:23:57.815 439-439 update_engine pid-439 I [INFO:multi_range_http_fetcher.cc(115)] Terminating transfer.
2023-05-18 17:23:57.819 439-439 update_engine pid-439 I [INFO:multi_range_http_fetcher.cc(177)] Received transfer terminated.
2023-05-18 17:23:57.822 439-439 update_engine pid-439 I [INFO:multi_range_http_fetcher.cc(129)] TransferEnded w/ code 200
2023-05-18 17:23:57.826 439-439 update_engine pid-439 I [INFO:multi_range_http_fetcher.cc(163)] Done w/ all transfers
2023-05-18 17:23:57.829 439-439 update_engine pid-439 I [INFO:delta_performer.cc(1009)] Verifying using certificates: /system/etc/security/otacerts.zip
2023-05-18 17:23:57.835 439-439 update_engine pid-439 I [INFO:payload_verifier.cc(102)] signature blob size = 267
2023-05-18 17:23:57.839 439-439 update_engine pid-439 I [INFO:payload_verifier.cc(118)] Truncating the signature to its unpadded size: 256.
2023-05-18 17:23:57.843 439-439 update_engine pid-439 I [INFO:payload_verifier.cc(129)] Verified correct signature 1 out of 1 signatures.
2023-05-18 17:23:57.846 439-439 update_engine pid-439 I [INFO:delta_performer.cc(1307)] Payload hash matches value in payload.
2023-05-18 17:23:57.850 439-439 update_engine pid-439 I [INFO:download_action.cc(258)] Collections of histograms for UpdateEngine.DownloadAction. Histogram: UpdateEngine.DownloadAction.InstallOperation::REPLACE.Duration recorded 675 samples, mean = 710.7 0 O (1 = 0.1%) 10 O (1 = 0.1%) {0.1%} 18 ... 57 O (1 = 0.1%) {0.3%} 101 O (2 = 0.3%) {0.4%} 179 --O (16 = 2.4%) {0.7%} 317 -----O (37 = 5.5%) {3.1%} 561 ------------------------------------------------------------------------O (589 = 87.3%) {8.6%} 993 ---O (28 = 4.1%) {95.9%} 1758 ...
2023-05-18 17:23:57.854 1018-1018 ROTAUpdateManager com.skyla.qbi D onStatusUpdate status = 4; percent = 0.0
2023-05-18 17:23:57.860 439-439 update_engine pid-439 I [INFO:action_processor.cc(116)] ActionProcessor: finished DownloadAction with code ErrorCode::kSuccess
2023-05-18 17:23:57.866 439-439 update_engine pid-439 I [INFO:action_processor.cc(143)] ActionProcessor: starting FilesystemVerifierAction
2023-05-18 17:23:57.874 439-439 update_engine pid-439 I [INFO:install_plan.cc(79)] InstallPlan: type: new_update version: source_slot: A target_slot: B initial url: file:///storage/AD29-FF8E/Download/ota_update.zip hash_checks_mandatory: true powerwash_required: false switch_slot_on_reboot: true run_post_install: true is_rollback: false rollback_data_save_requested: false write_verity: true Partition: boot source_size: 0 source_path: source_hash: target_size: 26075136 target_path: /dev/block/platform/bus@f0000/fa10000.mmc/by-name/boot_b target_hash: CB0C4269E2C775D9972A0CB46DDF1B15F09399F695B17D7C6C0D92EBECED2305 run_postinstall: false postinstall_path: readonly_target_path: /dev/block/platform/bus@f0000/fa10000.mmc/by-name/boot_b filesystem_type: Partition: dtbo source_size: 0 source_path: source_hash: target_size: 8192 target_path: /dev/block/platform/bus@f0000/fa10000.mmc/by-name/dtbo_b target_hash: 86036D89CF42460E89FDEB6642364347F1F88B83C29E9FAB76EB9010858DC3A1 run_postinstall: false postinstall_path: readonly_target_path: /dev/block/platform/bus@f0000/fa10000.mmc/by-name/dtbo_b filesystem_type: Partition: system source_size: 0 source_path: source_hash: target_size: 1191309312 target_path: target_hash: 248915862704452E1091CEA5E71030FBCC135F71C1F4AB331BB51ED65F390A82 run_postinstall: false postinstall_path: readonly_target_path: /dev/block/mapper/system_b filesystem_type: Partition: vendor source_size: 0 source_path: source_hash: target_size: 191827968 target_path: target_hash: 19EDB875625700FB85AFB6BBB0F653225A9DC481EC490164790A6AAEDB5C09A4 run_postinstall: false postinstall_path: readonly_target_path: /dev/block/mapper/vendor_b filesystem_type: Payload: 0 urls: () size: 517245846 metadata_size: 38906 metadata_signature: hash: 883B691B9EB89485F6623C7F78338298C26D9C9A25D2121B38BAFA5A9FF16F88 type: full fingerprint: app_id: already_applied: false
2023-05-18 17:23:57.875 1018-1018 Compatibil...geReporter com.skyla.qbi D Compat change id reported: 147798919; UID 10026; state: ENABLED
2023-05-18 17:23:57.882 439-439 update_engine pid-439 I [INFO:filesystem_verifier_action.cc(330)] Hashing partition 0 (boot) on device /dev/block/platform/bus@f0000/fa10000.mmc/by-name/boot_b
2023-05-18 17:23:57.891 439-439 update_engine pid-439 I [INFO:filesystem_verifier_action.cc(380)] Verity writes disabled on partition boot
2023-05-18 17:23:57.954 1018-1018 ROTAUpdateManager com.skyla.qbi D onStatusUpdate status = 4; percent = 0.15050268
2023-05-18 17:23:57.964 1018-1018 ROTAUpdateManager com.skyla.qbi D onStatusUpdate status = 4; percent = 0.16055608
2023-05-18 17:23:57.979 1018-1018 ROTAUpdateManager com.skyla.qbi D onStatusUpdate status = 4; percent = 0.17060949
2023-05-18 17:23:57.993 1018-1018 ROTAUpdateManager com.skyla.qbi D onStatusUpdate status = 4; percent = 0.1806629
2023-05-18 17:23:58.009 1018-1018 ROTAUpdateManager com.skyla.qbi D onStatusUpdate status = 4; percent = 0.19071631
2023-05-18 17:23:58.018 503-785 NotificationService system_process E Package has already queued 5 toasts. Not showing more. Package=com.skyla.qbi
2023-05-18 17:23:58.028 1018-1018 ROTAUpdateManager com.skyla.qbi D onStatusUpdate status = 4; percent = 0.20076972
2023-05-18 17:23:58.033 503-785 NotificationService system_process E Package has already queued 5 toasts. Not showing more. Package=com.skyla.qbi
2023-05-18 17:23:58.045 1018-1018 ROTAUpdateManager com.skyla.qbi D onStatusUpdate status = 4; percent = 0.21082312
2023-05-18 17:23:58.052 503-1131 NotificationService system_process E Package has already queued 5 toasts. Not showing more. Package=com.skyla.qbi
2023-05-18 17:23:58.069 1018-1018 ROTAUpdateManager com.skyla.qbi D onStatusUpdate status = 4; percent = 0.22087654
2023-05-18 17:23:58.076 503-785 NotificationService system_process E Package has already queued 5 toasts. Not showing more. Package=com.skyla.qbi
2023-05-18 17:23:58.098 1018-1018 ROTAUpdateManager com.skyla.qbi D onStatusUpdate status = 4; percent = 0.23092994
2023-05-18 17:23:58.105 503-785 Compatibil...geReporter system_process D Compat change id reported: 168419799; UID 10062; state: DISABLED
2023-05-18 17:23:58.106 503-1131 NotificationService system_process E Package has already queued 5 toasts. Not showing more. Package=com.skyla.qbi
2023-05-18 17:23:58.128 1018-1018 ROTAUpdateManager com.skyla.qbi D onStatusUpdate status = 4; percent = 0.24098335
2023-05-18 17:23:58.146 503-785 NotificationService system_process E Package has already queued 5 toasts. Not showing more. Package=com.skyla.qbi
2023-05-18 17:23:58.177 439-439 update_engine pid-439 I [INFO:filesystem_verifier_action.cc(436)] Hash of boot: ywxCaeLHddmXKgy0bd8bFfCTmfaVsX18bA2S6+ztIwU=
2023-05-18 17:23:58.218 439-439 update_engine pid-439 I [INFO:filesystem_verifier_action.cc(330)] Hashing partition 1 (dtbo) on device /dev/block/platform/bus@f0000/fa10000.mmc/by-name/dtbo_b
2023-05-18 17:23:58.246 439-439 update_engine pid-439 I [INFO:filesystem_verifier_action.cc(380)] Verity writes disabled on partition dtbo
2023-05-18 17:23:58.254 1018-1018 ROTAUpdateManager com.skyla.qbi D onStatusUpdate status = 4; percent = 0.5
2023-05-18 17:23:58.254 439-439 update_engine pid-439 I [INFO:filesystem_verifier_action.cc(436)] Hash of dtbo: hgNtic9CRg6J/etmQjZDR/H4i4PCnp+rduuQEIWNw6E=
2023-05-18 17:23:58.257 503-513 system_server system_process I Background young concurrent copying GC freed 7800(906KB) AllocSpace objects, 0(0B) LOS objects, 7% free, 10MB/11MB, paused 2.266ms total 149.104ms
2023-05-18 17:23:58.260 503-877 NotificationService system_process E Package has already queued 5 toasts. Not showing more. Package=com.skyla.qbi
2023-05-18 17:23:58.261 439-439 update_engine pid-439 I [INFO:filesystem_verifier_action.cc(330)] Hashing partition 2 (system) on device /dev/block/mapper/system_b
2023-05-18 17:23:58.306 439-439 update_engine pid-439 I Successfully unmapped snapshot system_b
2023-05-18 17:23:58.362 439-439 update_engine pid-439 I Successfully unmapped snapshot vendor_b
2023-05-18 17:23:58.369 439-439 update_engine pid-439 I Successfully unmapped snapshot system_b
2023-05-18 17:23:58.379 154-161 vold pid-154 D Disk at 252:15 changed
2023-05-18 17:23:58.401 439-439 update_engine pid-439 I [libfs_mgr]Created logical partition system_b-base on device /dev/block/dm-15
2023-05-18 17:23:58.411 154-161 vold pid-154 D Disk at 252:16 changed
2023-05-18 17:23:58.431 439-439 update_engine pid-439 I Mapped COW device for system_b at /dev/block/dm-16
2023-05-18 17:23:58.445 154-161 vold pid-154 D Disk at 252:17 changed
2023-05-18 17:23:58.446 154-161 vold pid-154 D Disk at 252:17 changed
2023-05-18 17:23:58.467 439-439 update_engine pid-439 I [libfs_mgr]Created logical partition system_b-src on device /dev/block/dm-17
2023-05-18 17:23:59.224 154-161 vold pid-154 D Disk at 252:18 changed
2023-05-18 17:23:59.447 154-161 vold pid-154 D Disk at 252:19 changed
2023-05-18 17:23:59.448 439-439 update_engine pid-439 I Mapped system_b as snapshot device at /dev/block/dm-19
2023-05-18 17:23:59.454 439-439 update_engine pid-439 I Successfully unmapped snapshot vendor_b
2023-05-18 17:23:59.461 154-161 vold pid-154 D Disk at 252:20 changed
2023-05-18 17:23:59.483 439-439 update_engine pid-439 I [libfs_mgr]Created logical partition vendor_b-base on device /dev/block/dm-20
2023-05-18 17:23:59.491 154-161 vold pid-154 D Disk at 252:21 changed
2023-05-18 17:23:59.511 439-439 update_engine pid-439 I Mapped COW device for vendor_b at /dev/block/dm-21
2023-05-18 17:23:59.520 154-161 vold pid-154 D Disk at 252:22 changed
2023-05-18 17:23:59.520 154-161 vold pid-154 D Disk at 252:22 changed
2023-05-18 17:23:59.542 439-439 update_engine pid-439 I [libfs_mgr]Created logical partition vendor_b-src on device /dev/block/dm-22
2023-05-18 17:23:59.680 154-161 vold pid-154 D Disk at 252:23 changed
2023-05-18 17:23:59.745 154-161 vold pid-154 D Disk at 252:24 changed
2023-05-18 17:23:59.745 439-439 update_engine pid-439 I Mapped vendor_b as snapshot device at /dev/block/dm-24
2023-05-18 17:23:59.751 439-439 update_engine pid-439 I MapAllSnapshots succeeded.
2023-05-18 17:23:59.756 439-439 update_engine pid-439 I [INFO:filesystem_verifier_action.cc(380)] Verity writes disabled on partition system
2023-05-18 17:23:59.764 1018-1018 ROTAUpdateManager com.skyla.qbi D onStatusUpdate status = 4; percent = 0.650011
2023-05-18 17:23:59.769 503-877 NotificationService system_process E Package has already queued 5 toasts. Not showing more. Package=com.skyla.qbi
2023-05-18 17:24:00.580 503-815 InputManager-JNI system_process W Input channel object '644c2a2 Toast (client)' was disposed without first being removed with the input manager!
2023-05-18 17:24:00.598 503-785 NotificationService system_process W Toast already killed. pkg=com.skyla.qbi token=android.os.BinderProxy@25d7a1c
2023-05-18 17:24:01.960 1018-1018 ROTAUpdateManager com.skyla.qbi D onStatusUpdate status = 4; percent = 0.6600121
2023-05-18 17:24:03.150 503-815 InputManager-JNI system_process W Input channel object '56003fa Toast (client)' was disposed without first being removed with the input manager!
2023-05-18 17:24:03.165 503-1131 NotificationService system_process W Toast already killed. pkg=com.skyla.qbi token=android.os.BinderProxy@6c71852
2023-05-18 17:24:04.560 1018-1018 ROTAUpdateManager com.skyla.qbi D onStatusUpdate status = 4; percent = 0.6700133
2023-05-18 17:24:05.738 503-877 InputManager-JNI system_process W Input channel object '80a6420 Toast (client)' was disposed without first being removed with the input manager!
2023-05-18 17:24:05.753 503-1131 NotificationService system_process W Toast already killed. pkg=com.skyla.qbi token=android.os.BinderProxy@34c9738
2023-05-18 17:24:07.345 1018-1018 ROTAUpdateManager com.skyla.qbi D onStatusUpdate status = 4; percent = 0.68001443
2023-05-18 17:24:08.340 503-877 InputManager-JNI system_process W Input channel object '2adcc76 Toast (client)' was disposed without first being removed with the input manager!
2023-05-18 17:24:08.362 503-1131 NotificationService system_process W Toast already killed. pkg=com.skyla.qbi token=android.os.BinderProxy@67df44e
2023-05-18 17:24:08.507 720-748 ndroid.systemu com.android.systemui I Background young concurrent copying GC freed 11765(565KB) AllocSpace objects, 0(0B) LOS objects, 7% free, 8180KB/8826KB, paused 364us total 116.475ms
2023-05-18 17:24:09.969 1018-1018 ROTAUpdateManager com.skyla.qbi D onStatusUpdate status = 4; percent = 0.69001555
2023-05-18 17:24:10.926 503-1131 InputManager-JNI system_process W Input channel object '7d8367c Toast (client)' was disposed without first being removed with the input manager!
2023-05-18 17:24:10.938 503-877 NotificationService system_process W Toast already killed. pkg=com.skyla.qbi token=android.os.BinderProxy@47ed914
2023-05-18 17:24:11.292 503-503 WindowManager system_process W removeWindowToken: Attempted to remove non-existing token: android.os.Binder@a3e389f
2023-05-18 17:24:12.265 1018-1018 ROTAUpdateManager com.skyla.qbi D onStatusUpdate status = 4; percent = 0.7000167
2023-05-18 17:24:13.513 503-816 InputManager-JNI system_process W Input channel object '12127b2 Toast (client)' was disposed without first being removed with the input manager!
2023-05-18 17:24:13.527 503-816 NotificationService system_process W Toast already killed. pkg=com.skyla.qbi token=android.os.BinderProxy@6a1fb0a
2023-05-18 17:24:13.882 503-503 WindowManager system_process W removeWindowToken: Attempted to remove non-existing token: android.os.Binder@80ef5b5
2023-05-18 17:24:14.695 1018-1018 ROTAUpdateManager com.skyla.qbi D onStatusUpdate status = 4; percent = 0.7100178
2023-05-18 17:24:16.116 503-1131 InputManager-JNI system_process W Input channel object 'da41198 Toast (client)' was disposed without first being removed with the input manager!
2023-05-18 17:24:16.129 503-816 NotificationService system_process W Toast already killed. pkg=com.skyla.qbi token=android.os.BinderProxy@2cf7bb0
