D/dalvikvm( 397): DexOpt: not verifying/optimizing 'Lcom/android/ex/editstyledtext/EditStyledText$EditModeActions$TelopAction;': multiple definitions
D/dalvikvm( 397): DexOpt: not verifying/optimizing 'Lcom/android/ex/editstyledtext/EditStyledText$EditModeActions$TextViewAction;': multiple definitions
D/dalvikvm( 397): DexOpt: not verifying/optimizing 'Lcom/android/ex/editstyledtext/EditStyledText$EditModeActions;': multiple definitions
D/dalvikvm( 397): DexOpt: not verifying/optimizing 'Lcom/android/ex/editstyledtext/EditStyledText$EditStyledTextNotifier;': multiple definitions
D/dalvikvm( 397): DexOpt: not verifying/optimizing 'Lcom/android/ex/editstyledtext/EditStyledText$EditStyledTextSpans$HorizontalLineDrawable;': multiple definitions
D/dalvikvm( 397): DexOpt: not verifying/optimizing 'Lcom/android/ex/editstyledtext/EditStyledText$EditStyledTextSpans$HorizontalLineSpan;': multiple definitions
D/dalvikvm( 397): DexOpt: not verifying/optimizing 'Lcom/android/ex/editstyledtext/EditStyledText$EditStyledTextSpans$MarqueeSpan;': multiple definitions
D/dalvikvm( 397): DexOpt: not verifying/optimizing 'Lcom/android/ex/editstyledtext/EditStyledText$EditStyledTextSpans$RescalableImageSpan;': multiple definitions
D/dalvikvm( 397): DexOpt: not verifying/optimizing 'Lcom/android/ex/editstyledtext/EditStyledText$EditStyledTextSpans;': multiple definitions
D/dalvikvm( 397): DexOpt: not verifying/optimizing 'Lcom/android/ex/editstyledtext/EditStyledText$EditorManager;': multiple definitions
D/dalvikvm( 397): DexOpt: not verifying/optimizing 'Lcom/android/ex/editstyledtext/EditStyledText$MenuHandler;': multiple definitions
D/dalvikvm( 397): DexOpt: not verifying/optimizing 'Lcom/android/ex/editstyledtext/EditStyledText$SavedStyledTextState;': multiple definitions
D/dalvikvm( 397): DexOpt: not verifying/optimizing 'Lcom/android/ex/editstyledtext/EditStyledText$SoftKeyReceiver;': multiple definitions
D/dalvikvm( 397): DexOpt: not verifying/optimizing 'Lcom/android/ex/editstyledtext/EditStyledText$StyledTextArrowKeyMethod;': multiple definitions
D/dalvikvm( 397): DexOpt: not verifying/optimizing 'Lcom/android/ex/editstyledtext/EditStyledText$StyledTextConverter$1;': multiple definitions
D/dalvikvm( 397): DexOpt: not verifying/optimizing 'Lcom/android/ex/editstyledtext/EditStyledText$StyledTextConverter;': multiple definitions
D/dalvikvm( 397): DexOpt: not verifying/optimizing 'Lcom/android/ex/editstyledtext/EditStyledText$StyledTextDialog$10;': multiple definitions
D/dalvikvm( 397): DexOpt: not verifying/optimizing 'Lcom/android/ex/editstyledtext/EditStyledText$StyledTextDialog$11;': multiple definitions
D/dalvikvm( 397): DexOpt: not verifying/optimizing 'Lcom/android/ex/editstyledtext/EditStyledText$StyledTextDialog$1;': multiple definitions
D/dalvikvm( 397): DexOpt: not verifying/optimizing 'Lcom/android/ex/editstyledtext/EditStyledText$StyledTextDialog$2;': multiple definitions
D/dalvikvm( 397): DexOpt: not verifying/optimizing 'Lcom/android/ex/editstyledtext/EditStyledText$StyledTextDialog$3;': multiple definitions
D/dalvikvm( 397): DexOpt: not verifying/optimizing 'Lcom/android/ex/editstyledtext/EditStyledText$StyledTextDialog$4;': multiple definitions
D/dalvikvm( 397): DexOpt: not verifying/optimizing 'Lcom/android/ex/editstyledtext/EditStyledText$StyledTextDialog$5;': multiple definitions
D/dalvikvm( 397): DexOpt: not verifying/optimizing 'Lcom/android/ex/editstyledtext/EditStyledText$StyledTextDialog$6;': multiple definitions
D/dalvikvm( 397): DexOpt: not verifying/optimizing 'Lcom/android/ex/editstyledtext/EditStyledText$StyledTextDialog$7;': multiple definitions
D/dalvikvm( 397): DexOpt: not verifying/optimizing 'Lcom/android/ex/editstyledtext/EditStyledText$StyledTextDialog$8;': multiple definitions
D/dalvikvm( 397): DexOpt: not verifying/optimizing 'Lcom/android/ex/editstyledtext/EditStyledText$StyledTextDialog$9;': multiple definitions
D/dalvikvm( 397): DexOpt: not verifying/optimizing 'Lcom/android/ex/editstyledtext/EditStyledText$StyledTextDialog;': multiple definitions
D/dalvikvm( 397): DexOpt: not verifying/optimizing 'Lcom/android/ex/editstyledtext/EditStyledText$StyledTextHtmlConverter;': multiple definitions
D/dalvikvm( 397): DexOpt: not verifying/optimizing 'Lcom/android/ex/editstyledtext/EditStyledText$StyledTextHtmlStandard;': multiple definitions
D/dalvikvm( 397): DexOpt: not verifying/optimizing 'Lcom/android/ex/editstyledtext/EditStyledText$StyledTextInputConnection;': multiple definitions
D/dalvikvm( 397): DexOpt: not verifying/optimizing 'Lcom/android/ex/editstyledtext/EditStyledText;': multiple definitions
D/dalvikvm( 397): DexOpt: load 55ms, verify+opt 364ms, 1609724 bytes
I/PackageManager( 295): Running dexopt on: com.motorola.asds.isign.fetchconfigurator
D/dalvikvm( 398): DexOpt: load 5ms, verify+opt 34ms, 350396 bytes
I/PackageManager( 295): Running dexopt on: com.motorola.asds.isign.provider.fetchprovider
D/dalvikvm( 399): DexOpt: load 2ms, verify+opt 4ms, 145492 bytes
I/PackageManager( 295): Running dexopt on: com.motorola.asds.isign.service.fetchservice
D/dalvikvm( 400): DexOpt: load 5ms, verify+opt 46ms, 287524 bytes
I/PackageManager( 295): Running dexopt on: com.ti.fmrxapp
D/dalvikvm( 401): DexOpt: load 6ms, verify+opt 25ms, 321468 bytes
I/PackageManager( 295): Running dexopt on: com.ti.server
D/dalvikvm( 402): DexOpt: load 3ms, verify+opt 1ms, 137236 bytes
I/PackageManager( 295): Running dexopt on: com.ti.fmtxapp
D/dalvikvm( 403): DexOpt: load 5ms, verify+opt 23ms, 295308 bytes
I/PackageManager( 295): Running dexopt on: com.android.galaxy4
D/dalvikvm( 404): DexOpt: load 7ms, verify+opt 5ms, 235444 bytes
I/PackageManager( 295): Running dexopt on: com.android.gallery3d
D/dalvikvm( 405): DexOpt: load 63ms, verify+opt 287ms, 1654204 bytes
I/PackageManager( 295): Running dexopt on: com.android.htmlviewer
D/dalvikvm( 406): DexOpt: load 5ms, verify+opt 12ms, 242564 bytes
I/PackageManager( 295): Running dexopt on: com.android.wallpaper.holospiral
D/dalvikvm( 407): DexOpt: load 8ms, verify+opt 5ms, 248140 bytes
I/PackageManager( 295): Running dexopt on: com.android.inputdevices
D/dalvikvm( 408): DexOpt: load 2ms, verify+opt 0ms, 93540 bytes
I/PackageManager( 295): Running dexopt on: com.android.keychain
D/dalvikvm( 409): DexOpt: load 6ms, verify+opt 32ms, 372476 bytes
I/PackageManager( 295): Running dexopt on: com.android.inputmethod.latin
D/dalvikvm( 410): DexOpt: load 24ms, verify+opt 123ms, 859484 bytes
I/PackageManager( 295): Running dexopt on: com.android.launcher
D/dalvikvm( 411): DexOpt: load 60ms, verify+opt 159ms, 945324 bytes
I/PackageManager( 295): Running dexopt on: com.android.wallpaper
D/dalvikvm( 412): DexOpt: load 9ms, verify+opt 16ms, 389884 bytes
I/PackageManager( 295): Running dexopt on: com.android.wallpaper.livepicker
D/dalvikvm( 413): DexOpt: load 6ms, verify+opt 24ms, 348356 bytes
I/PackageManager( 295): Running dexopt on: com.motorola.asds.isign.analytics
D/dalvikvm( 414): DexOpt: load 3ms, verify+opt 2ms, 121700 bytes
I/PackageManager( 295): Running dexopt on: com.android.magicsmoke
D/dalvikvm( 415): DexOpt: load 6ms, verify+opt 8ms, 267476 bytes
I/PackageManager( 295): Running dexopt on: com.android.providers.media
D/dalvikvm( 416): DexOpt: load 6ms, verify+opt 59ms, 482916 bytes
I/PackageManager( 295): Running dexopt on: com.microphone
D/dalvikvm( 417): DexOpt: 'Landroid/annotation/SuppressLint;' has an earlier definition; blocking out
D/dalvikvm( 417): DexOpt: 'Landroid/annotation/TargetApi;' has an earlier definition; blocking out
D/dalvikvm( 417): DexOpt: not verifying/optimizing 'Landroid/annotation/SuppressLint;': multiple definitions
D/dalvikvm( 417): DexOpt: not verifying/optimizing 'Landroid/annotation/TargetApi;': multiple definitions
D/dalvikvm( 417): DexOpt: load 5ms, verify+opt 31ms, 313460 bytes
I/PackageManager( 295): Running dexopt on: com.android.mms
D/dalvikvm( 418): DexOpt: 'Lcom/android/common/contacts/DataUsageStatUpdater$DataUsageFeedback;' has an earlier definition; blocking out
D/dalvikvm( 418): DexOpt: 'Lcom/android/common/contacts/DataUsageStatUpdater;' has an earlier definition; blocking out
D/dalvikvm( 418): DexOpt: 'Lcom/android/common/userhappiness/UserHappinessSignals;' has an earlier definition; blocking out
D/dalvikvm( 418): DexOpt: not verifying/optimizing 'Lcom/android/common/contacts/DataUsageStatUpdater$DataUsageFeedback;': multiple definitions
D/dalvikvm( 418): DexOpt: not verifying/optimizing 'Lcom/android/common/contacts/DataUsageStatUpdater;': multiple definitions
D/dalvikvm( 418): DexOpt: not verifying/optimizing 'Lcom/android/common/userhappiness/UserHappinessSignals;': multiple definitions
I/dalvikvm( 418): DexOpt: not resolving ambiguous class 'Lcom/android/common/userhappiness/UserHappinessSignals;'
D/dalvikvm( 418): DexOpt: load 62ms, verify+opt 189ms, 1260228 bytes
I/PackageManager( 295): Running dexopt on: com.motorola.asds.isign.mobile
D/dalvikvm( 419): DexOpt: load 11ms, verify+opt 76ms, 642276 bytes
I/PackageManager( 295): Running dexopt on: com.motorolasolutions.server
D/dalvikvm( 420): DexOpt: load 2ms, verify+opt 2ms, 112260 bytes
I/InputDispatcher( 295): Dropped event because input dispatch is disabled.
I/PackageManager( 295): Running dexopt on: com.android.music
I/InputDispatcher( 295): Dropped event because input dispatch is disabled.
D/dalvikvm( 295): GC_CONCURRENT freed 343K, 21% free 9829K/12423K, paused 11ms+2ms, total 31ms
D/dalvikvm( 421): DexOpt: load 29ms, verify+opt 82ms, 715204 bytes
I/PackageManager( 295): Running dexopt on: com.android.musicfx
D/dalvikvm( 422): DexOpt: load 8ms, verify+opt 59ms, 512972 bytes
I/PackageManager( 295): Running dexopt on: com.android.noisefield
D/dalvikvm( 423): DexOpt: load 7ms, verify+opt 6ms, 255036 bytes
I/PackageManager( 295): Running dexopt on: com.android.packageinstaller
D/dalvikvm( 424): DexOpt: load 5ms, verify+opt 27ms, 331676 bytes
I/PackageManager( 295): Running dexopt on: com.android.phasebeam
D/dalvikvm( 425): DexOpt: load 7ms, verify+opt 5ms, 243300 bytes
I/PackageManager( 295): Running dexopt on: com.android.phone
D/dalvikvm( 426): DexOpt: load 27ms, verify+opt 186ms, 1135068 bytes
I/PackageManager( 295): Running dexopt on: com.svox.pico
D/dalvikvm( 427): DexOpt: load 6ms, verify+opt 5ms, 213260 bytes
I/PackageManager( 295): Running dexopt on: com.motorola.asds.isign.printing
D/dalvikvm( 428): DexOpt: load 6ms, verify+opt 24ms, 306716 bytes
I/PackageManager( 295): Running dexopt on: com.android.provision
D/dalvikvm( 429): DexOpt: load 4ms, verify+opt 1ms, 127044 bytes
I/PackageManager( 295): Running dexopt on: com.android.quicksearchbox
D/dalvikvm( 430): DexOpt: 'Lcom/android/common/SharedPreferencesCompat;' has an earlier definition; blocking out
D/dalvikvm( 430): DexOpt: not verifying/optimizing 'Lcom/android/common/SharedPreferencesCompat;': multiple definitions
I/dalvikvm( 430): DexOpt: not resolving ambiguous class 'Lcom/android/common/SharedPreferencesCompat;'
I/InputDispatcher( 295): Dropped event because input dispatch is disabled.
I/InputDispatcher( 295): Dropped event because input dispatch is disabled.
D/dalvikvm( 430): DexOpt: load 49ms, verify+opt 91ms, 932636 bytes
I/InputDispatcher( 295): Dropped event because input dispatch is disabled.
I/PackageManager( 295): Running dexopt on: com.askey.serialport
I/InputDispatcher( 295): Dropped event because input dispatch is disabled.
D/dalvikvm( 431): DexOpt: load 5ms, verify+opt 12ms, 222964 bytes
I/PackageManager( 295): Running dexopt on: com.android.settings
I/InputDispatcher( 295): Dropped event because input dispatch is disabled.
I/InputDispatcher( 295): Dropped event because input dispatch is disabled.
I/InputDispatcher( 295): Dropped event because input dispatch is disabled.
D/dalvikvm( 432): DexOpt: load 60ms, verify+opt 345ms, 2044044 bytes
I/InputDispatcher( 295): Dropped event because input dispatch is disabled.
I/InputDispatcher( 295): Dropped event because input dispatch is disabled.
I/InputDispatcher( 295): Dropped event because input dispatch is disabled.
I/InputDispatcher( 295): Dropped event because input dispatch is disabled.
I/InputDispatcher( 295): Dropped event because input dispatch is disabled.
I/PackageManager( 295): Running dexopt on: com.android.sharedstoragebackup
D/dalvikvm( 433): DexOpt: load 3ms, verify+opt 1ms, 115532 bytes
I/PackageManager( 295): Running dexopt on: com.android.soundrecorder
I/InputDispatcher( 295): Dropped event because input dispatch is disabled.
I/InputDispatcher( 295): Dropped event because input dispatch is disabled.
D/dalvikvm( 434): DexOpt: load 7ms, verify+opt 27ms, 385796 bytes
I/InputDispatcher( 295): Dropped event because input dispatch is disabled.
I/InputDispatcher( 295): Dropped event because input dispatch is disabled.
I/InputDispatcher( 295): Dropped event because input dispatch is disabled.
I/InputDispatcher( 295): Dropped event because input dispatch is disabled.
I/PackageManager( 295): Running dexopt on: com.android.systemui
I/InputDispatcher( 295): Dropped event because input dispatch is disabled.
I/InputDispatcher( 295): Dropped event because input dispatch is disabled.
I/InputDispatcher( 295): Dropped event because input dispatch is disabled.
I/InputDispatcher( 295): Dropped event because input dispatch is disabled.
I/InputDispatcher( 295): Dropped event because input dispatch is disabled.
I/InputDispatcher( 295): Dropped event because input dispatch is disabled.
I/InputDispatcher( 295): Dropped event because input dispatch is disabled.
I/InputDispatcher( 295): Dropped event because input dispatch is disabled.
D/dalvikvm( 435): DexOpt: load 44ms, verify+opt 129ms, 1149236 bytes
I/PackageManager( 295): Running dexopt on: com.android.providers.telephony
I/InputDispatcher( 295): Dropped event because input dispatch is disabled.
I/InputDispatcher( 295): Dropped event because input dispatch is disabled.
D/dalvikvm( 436): DexOpt: load 4ms, verify+opt 24ms, 250980 bytes
I/InputDispatcher( 295): Dropped event because input dispatch is disabled.
I/PackageManager( 295): Running dexopt on: com.android.providers.userdictionary
I/InputDispatcher( 295): Dropped event because input dispatch is disabled.
D/dalvikvm( 437): DexOpt: load 3ms, verify+opt 5ms, 160580 bytes
I/PackageManager( 295): Running dexopt on: com.android.videoeditor
I/InputDispatcher( 295): Dropped event because input dispatch is disabled.
D/dalvikvm( 438): DexOpt: load 28ms, verify+opt 123ms, 727500 bytes
I/PackageManager( 295): Running dexopt on: com.android.musicvis
D/dalvikvm( 439): DexOpt: load 4ms, verify+opt 8ms, 181988 bytes
I/PackageManager( 295): Running dexopt on: com.android.vpndialogs
D/dalvikvm( 440): DexOpt: load 5ms, verify+opt 19ms, 271324 bytes
I/PackageManager( 295): Running dexopt on: com.android.smspush
D/dalvikvm( 441): DexOpt: load 3ms, verify+opt 3ms, 135684 bytes
I/PackageManager( 295): Running dexopt on: sensor.test
D/dalvikvm( 442): DexOpt: load 5ms, verify+opt 17ms, 232948 bytes
I/PackageManager( 295): Running dexopt on: com.tch.android.reboot
D/dalvikvm( 443): DexOpt: load 5ms, verify+opt 1ms, 135148 bytes
I/PackageManager( 295): Running dexopt on: com.tch.android.shutdown
D/dalvikvm( 444): DexOpt: load 4ms, verify+opt 1ms, 135148 bytes
I/SystemServer( 295): Mount Service
D/MountService( 295): got storage path: /storage/sdcard0 description: Internal storage fstype: null primary: true removable: false emulated: true mtpReserve: 0 allowMassStorage: false maxFileSize: 0
D/MountService( 295): got storage path: /storage/sdcard_secure description: Internal SD Card fstype: ext4 primary: true removable: false emulated: false mtpReserve: 0 allowMassStorage: false maxFileSize: 0
E/MountService( 295): multiple primary volumes in storage list
D/MountService( 295): got storage path: /storage/sdcard_ext description: External SD Card fstype: null primary: true removable: true emulated: false mtpReserve: 0 allowMassStorage: false maxFileSize: 0
E/MountService( 295): multiple primary volumes in storage list
D/MountService( 295): got storage path: /storage/ext_HSusb1 description: USB storage fstype: null primary: false removable: true emulated: false mtpReserve: 0 allowMassStorage: false maxFileSize: 0
D/MountService( 295): got storage path: /storage/ext_HSusb2 description: USB storage fstype: null primary: false removable: true emulated: false mtpReserve: 0 allowMassStorage: false maxFileSize: 0
D/MountService( 295): got storage path: /storage/ext_HSusb3 description: USB storage fstype: null primary: false removable: true emulated: false mtpReserve: 0 allowMassStorage: false maxFileSize: 0
D/MountService( 295): got storage path: /storage/ext_HSusb4 description: USB storage fstype: null primary: false removable: true emulated: false mtpReserve: 0 allowMassStorage: false maxFileSize: 0
D/MountService( 295): got storage path: /storage/ext_HSusb5 description: USB storage fstype: null primary: false removable: true emulated: false mtpReserve: 0 allowMassStorage: false maxFileSize: 0
D/MountService( 295): got storage path: /storage/ext_HSusb6 description: USB storage fstype: null primary: false removable: true emulated: false mtpReserve: 0 allowMassStorage: false maxFileSize: 0
D/MountService( 295): got storage path: /storage/ext_OTGusb description: USB storage fstype: null primary: false removable: true emulated: false mtpReserve: 0 allowMassStorage: false maxFileSize: 0
D/MountService( 295): using emulated external storage
I/SystemServer( 295): LockSettingsService
I/SystemServer( 295): Device Policy
I/PackageManager( 295): No secure containers on sdcard
I/SystemServer( 295): Status Bar
I/SystemServer( 295): Clipboard Service
I/SystemServer( 295): NetworkManagement Service
D/VoldCmdListener( 107): volume list
D/MountService( 295): volume state changed for /storage/sdcard_ext (null -> removed)
D/MountService( 295): volume state changed for /storage/sdcard_secure (null -> removed)
D/MountService( 295): volume state changed for /storage/ext_HSusb1 (null -> removed)
D/MountService( 295): volume state changed for /storage/ext_HSusb2 (null -> removed)
D/MountService( 295): volume state changed for /storage/ext_HSusb3 (null -> removed)
D/MountService( 295): volume state changed for /storage/ext_HSusb4 (null -> removed)
D/MountService( 295): volume state changed for /storage/ext_HSusb5 (null -> removed)
D/MountService( 295): volume state changed for /storage/ext_HSusb6 (null -> removed)
D/MountService( 295): volume state changed for /storage/ext_OTGusb (null -> removed)
D/VoldCmdListener( 107): asec list
I/PackageManager( 295): Platform changed from 0 to 16; regranting permissions for external storage
W/PackageManager( 295): Unknown permission com.google.android.googleapps.permission.GOOGLE_AUTH.mail in package com.android.contacts
W/PackageManager( 295): Unknown permission android.permission.ADD_SYSTEM_SERVICE in package com.android.phone
W/PackageManager( 295): Unknown permission com.google.android.googleapps.permission.GOOGLE_AUTH in package com.android.providers.calendar
W/PackageManager( 295): Unknown permission com.google.android.googleapps.permission.GOOGLE_AUTH.cl in package com.android.providers.calendar
W/PackageManager( 295): Unknown permission com.google.android.googleapps.permission.GOOGLE_AUTH.mail in package com.android.calendar
W/PackageManager( 295): Not granting permission android.permission.SEND_DOWNLOAD_COMPLETED_INTENTS to package com.android.browser (protectionLevel=2 flags=0x9be45)
W/PackageManager( 295): Unknown permission com.google.android.googleapps.permission.GOOGLE_AUTH in package com.android.settings
W/PackageManager( 295): Unknown permission concierge.permission.READ_USERS in package com.android.settings
W/PackageManager( 295): Unknown permission concierge.permission.WRITE_USERS in package com.android.settings
W/PackageManager( 295): Unknown permission com.google.android.googleapps.permission.GOOGLE_AUTH in package com.android.providers.contacts
W/PackageManager( 295): Unknown permission com.google.android.googleapps.permission.GOOGLE_AUTH.cp in package com.android.providers.contacts
I/SystemServer( 295): Text Service Manager Service
W/PackageManager( 295): Not granting permission android.permission.DEVICE_POWER to package com.askey.ammitest2300 (protectionLevel=2 flags=0x8be47)
W/PackageManager( 295): Not granting permission android.permission.DIAGNOSTIC to package com.askey.ammitest2300 (protectionLevel=2 flags=0x8be47)
W/PackageManager( 295): Not granting permission android.permission.FACTORY_TEST to package com.askey.ammitest2300 (protectionLevel=2 flags=0x8be47)
W/PackageManager( 295): Not granting permission android.permission.HARDWARE_TEST to package com.askey.ammitest2300 (protectionLevel=2 flags=0x8be47)
W/PackageManager( 295): Not granting permission android.permission.INJECT_EVENTS to package com.askey.ammitest2300 (protectionLevel=2 flags=0x8be47)
W/PackageManager( 295): Not granting permission android.permission.INTERNAL_SYSTEM_WINDOW to package com.askey.ammitest2300 (protectionLevel=2 flags=0x8be47)
W/PackageManager( 295): Not granting permission android.permission.READ_INPUT_STATE to package com.askey.ammitest2300 (protectionLevel=2 flags=0x8be47)
W/PackageManager( 295): Unknown permission android.permission.WRITE_OWNER_DATA in package com.askey.ammitest2300
W/PackageManager( 295): Unknown permission android.permission.READ_OWNER_DATA in package com.askey.ammitest2300
W/PackageManager( 295): Not granting permission android.permission.DEVICE_POWER to package com.android.deskclock (protectionLevel=2 flags=0x8be45)
W/PackageManager( 295): Not granting permission android.permission.DEVICE_POWER to package com.askey.testing (protectionLevel=2 flags=0x8be47)
W/PackageManager( 295): Not granting permission android.permission.DIAGNOSTIC to package com.askey.testing (protectionLevel=2 flags=0x8be47)
W/PackageManager( 295): Not granting permission android.permission.FACTORY_TEST to package com.askey.testing (protectionLevel=2 flags=0x8be47)
W/PackageManager( 295): Not granting permission android.permission.HARDWARE_TEST to package com.askey.testing (protectionLevel=2 flags=0x8be47)
W/PackageManager( 295): Not granting permission android.permission.INJECT_EVENTS to package com.askey.testing (protectionLevel=2 flags=0x8be47)
W/PackageManager( 295): Not granting permission android.permission.INTERNAL_SYSTEM_WINDOW to package com.askey.testing (protectionLevel=2 flags=0x8be47)
W/PackageManager( 295): Not granting permission android.permission.READ_INPUT_STATE to package com.askey.testing (protectionLevel=2 flags=0x8be47)
W/PackageManager( 295): Unknown permission android.permission.WRITE_OWNER_DATA in package com.askey.testing
W/PackageManager( 295): Unknown permission android.permission.READ_OWNER_DATA in package com.askey.testing
W/PackageManager( 295): Unknown permission com.motorola.asds.isign.provider.inventory.permission.WRITE_INVENTORY in package com.motorola.asds.isign.service.fetchservice
W/PackageManager( 295): Unknown permission com.motosln.concierge.oemoverlay.permission.UPDATE_OEM_OVERLAY in package com.motorola.asds.isign.service.fetchservice
D/dalvikvm( 295): GC_CONCURRENT freed 352K, 21% free 9921K/12423K, paused 12ms+18ms, total 56ms
I/SystemServer( 295): NetworkStats Service
I/SystemServer( 295): NetworkPolicy Service
I/SystemServer( 295): Wi-Fi P2pService
I/SystemServer( 295): Wi-Fi Service
E/CommandListener( 111): Failed to open /proc/sys/net/ipv6/conf/wlan0/disable_ipv6: No such file or directory
E/WifiStateMachine( 295): Failed to disable IPv6: java.lang.IllegalStateException: command '1 interface ipv6 wlan0 disable' failed with '400 1 Failed to change IPv6 state (No such file or directory)'
I/SystemServer( 295): Connectivity Service
D/ConnectivityService( 295): ConnectivityService starting up
I/ethernet( 295): ==>android_net_ethernet_initEthernetNative
I/ethernet( 295): interface eth0:6 found
E/ethernet( 295): android_net_ethernet_initEthernetNative exited with success
I/ethernet( 295): User ask for device name on 0, list:5ADCADE0, total:1
I/ethernet( 295): User ask for device name on 0, list:5ADCADE0, total:1
D/ConnectivityService( 295): Starting Ethernet Service.
V/EthernetStateTracker( 295): Starts...5
V/EthernetStateTracker( 295): Successed
I/EthernetService( 295): Ethernet dev enabled 0
V/EthernetService( 295): device 0 name eth0
V/EthernetStateTracker( 295): start to monitor the ethernet devices
I/EthernetManager( 295): Init Ethernet Manager, service: com.android.server.EthernetService@418318f0
V/EthernetService( 295): device 0 name eth0
D/NetUtils( 295): android_net_utils_resetConnections in env=0x5c4ff818 clazz=0x96300001 iface=eth0 mask=0x3
I/EthernetStateTracker( 295): reset device eth0
I/InputDispatcher( 295): Dropped event because input dispatch is disabled.
I/InputDispatcher( 295): Dropped event because input dispatch is disabled.
I/EthernetStateTracker( 295): trigger dhcp for device eth0
D/EthernetStateTracker( 295): DhcpHandler: DHCP request started
E/MobileDataStateTracker( 295): default: Ignoring feature request because could not acquire PhoneService
E/MobileDataStateTracker( 295): default: Could not enable APN type "default"
I/WifiService( 295): WifiService starting up with Wi-Fi disabled
I/InputDispatcher( 295): Dropped event because input dispatch is disabled.
D/PowerManagerService( 295): Hardbg: updateWakeLockLocked mStayOnConditions,mStayOnConditions:1isPowered:false
I/SystemServer( 295): Network Service Discovery Service
D/NsdService( 295): Network service discovery enabled true
I/SystemServer( 295): Throttle Service
I/SystemServer( 295): UpdateLock Service
I/SystemServer( 295): Notification Manager
I/SystemServer( 295): Device Storage Monitor
I/SystemServer( 295): starting SUPL Service (SystemServer)
I/SystemServer( 295): Location Manager
I/SystemServer( 295): Country Detector
I/SystemServer( 295): Search Service
I/SystemServer( 295): DropBox Service
I/SystemServer( 295): Wallpaper Service
W/WallpaperService( 295): failed parsing /data/system/users/0/wallpaper_info.xml java.io.FileNotFoundException: /data/system/users/0/wallpaper_info.xml: open failed: ENOENT (No such file or directory)
I/SystemServer( 295): Audio Service
D/dalvikvm( 295): GC_CONCURRENT freed 270K, 19% free 10066K/12423K, paused 4ms+12ms, total 36ms
I/SystemServer( 295): Dock Observer
W/DockObserver( 295): This kernel does not have dock station support
I/SystemServer( 295): Wired Accessory Observer
I/SystemServer( 295): USB Service
I/SystemServer( 295): Serial Service
I/SystemServer( 295): UI Mode Manager Service
I/SystemServer( 295): Backup Service
V/BackupManagerService( 295): Initializing package tracking
V/BackupManagerService( 295): No ancestral data
V/BackupManagerService( 295): addPackageParticipantsLocked: all
I/BackupManagerService( 295): New app android never backed up; scheduling
D/BackupManagerService( 295): Now staging backup of android
I/BackupManagerService( 295): New app com.android.browser never backed up; scheduling
D/BackupManagerService( 295): Now staging backup of com.android.browser
I/BackupManagerService( 295): New app com.android.calendar never backed up; scheduling
D/BackupManagerService( 295): Now staging backup of com.android.calendar
D/dalvikvm( 295): GC_CONCURRENT freed 281K, 18% free 10198K/12423K, paused 2ms+2ms, total 24ms
I/BackupManagerService( 295): New app com.android.inputmethod.latin never backed up; scheduling
D/BackupManagerService( 295): Now staging backup of com.android.inputmethod.latin
I/BackupManagerService( 295): New app com.android.providers.settings never backed up; scheduling
D/BackupManagerService( 295): Now staging backup of com.android.providers.settings
I/BackupManagerService( 295): New app com.android.providers.userdictionary never backed up; scheduling
D/BackupManagerService( 295): Now staging backup of com.android.providers.userdictionary
I/BackupManagerService( 295): New app com.android.sharedstoragebackup never backed up; scheduling
D/BackupManagerService( 295): Now staging backup of com.android.sharedstoragebackup
V/BackupManagerService( 295): Registering transport android/com.android.internal.backup.LocalTransport = com.android.internal.backup.LocalTransport@416d3ac8
V/BackupManagerService( 295): Starting with transport android/com.android.internal.backup.LocalTransport
V/BackupManagerService( 295): Google transport not present
I/BackupManagerService( 295): Backup enabled => false
I/BackupManagerService( 295): Opting out of backup
I/SystemServer( 295): AppWidget Service
I/SystemServer( 295): Recognition Service
I/SystemServer( 295): DiskStats Service
I/SystemServer( 295): SamplingProfiler Service
I/SystemServer( 295): NetworkTimeUpdateService
I/SystemServer( 295): CommonTimeManagementService
I/WindowManager( 295): SAFE MODE not enabled
D/dalvikvm( 295): JIT started for system_server
I/SystemServer( 295): CertBlacklister
E/SQLiteLog( 295): (1) no such table: locksettings
D/PowerManagerService( 295): system ready!
I/InputDispatcher( 295): Dropped event because input dispatch is disabled.
I/Zygote ( 295): Process: zygote socket opened
I/LockSettingsService( 295): Migrated lock settings to new location
I/ActivityManager( 295): Sending system update to: ComponentInfo{com.android.providers.calendar/com.android.providers.calendar.CalendarUpgradeReceiver}
I/ActivityManager( 295): Sending system update to: ComponentInfo{com.android.providers.contacts/com.android.providers.contacts.ContactsUpgradeReceiver}
I/ActivityManager( 295): Sending system update to: ComponentInfo{com.android.providers.media/com.android.providers.media.MediaUpgradeReceiver}
I/InputDispatcher( 295): Dropped event because input dispatch is disabled.
I/SystemServer( 295): Enabled StrictMode for system server main thread.
I/InputDispatcher( 295): Dropped event because input dispatch is disabled.
I/ActivityManager( 295): Start proc com.android.providers.calendar for broadcast com.android.providers.calendar/.CalendarUpgradeReceiver: pid=471 uid=10020 gids={3003, 1015, 1023, 1028}
I/InputDispatcher( 295): Dropped event because input dispatch is disabled.
I/ActivityManager( 295): Launching preboot mode app: ProcessRecord{4176a368 471:com.android.providers.calendar/u0a20}
I/InputDispatcher( 295): Dropped event because input dispatch is disabled.
I/InputDispatcher( 295): Dropped event because input dispatch is disabled.
I/InputDispatcher( 295): Dropped event because input dispatch is disabled.
I/InputDispatcher( 295): Dropped event because input dispatch is disabled.
I/InputDispatcher( 295): Dropped event because input dispatch is disabled.
I/InputDispatcher( 295): Dropped event because input dispatch is disabled.
I/InputDispatcher( 295): Dropped event because input dispatch is disabled.
I/ActivityManager( 295): Start proc android.process.acore for broadcast com.android.providers.contacts/.ContactsUpgradeReceiver: pid=485 uid=10002 gids={3003, 1015, 1023, 1028}
I/InputDispatcher( 295): Dropped event because input dispatch is disabled.
I/InputDispatcher( 295): Dropped event because input dispatch is disabled.
I/ActivityManager( 295): Launching preboot mode app: ProcessRecord{4168dc00 485:android.process.acore/u0a2}
I/InputDispatcher( 295): Dropped event because input dispatch is disabled.
I/InputDispatcher( 295): Dropped event because input dispatch is disabled.
I/InputDispatcher( 295): Dropped event because input dispatch is disabled.
I/InputDispatcher( 295): Dropped event because input dispatch is disabled.
I/InputDispatcher( 295): Dropped event because input dispatch is disabled.
I/InputDispatcher( 295): Dropped event because input dispatch is disabled.
I/InputDispatcher( 295): Dropped event because input dispatch is disabled.
I/InputDispatcher( 295): Dropped event because input dispatch is disabled.
I/InputDispatcher( 295): Dropped event because input dispatch is disabled.
I/InputDispatcher( 295): Dropped event because input dispatch is disabled.
I/InputDispatcher( 295): Dropped event because input dispatch is disabled.
D/dalvikvm( 485): GC_CONCURRENT freed 360K, 5% free 8346K/8775K, paused 4ms+12ms, total 30ms
D/dalvikvm( 485): WAIT_FOR_CONCURRENT_GC blocked 1ms
I/InputDispatcher( 295): Dropped event because input dispatch is disabled.
I/InputDispatcher( 295): Dropped event because input dispatch is disabled.
I/InputDispatcher( 295): Dropped event because input dispatch is disabled.
I/ContactsDatabaseHelper( 485): Bootstrapping database version: 704
I/InputDispatcher( 295): Dropped event because input dispatch is disabled.
I/ContactsProviderV1( 485): Bootstrapping database legacy support
I/ActivityManager( 295): Start proc android.process.media for broadcast com.android.providers.media/.MediaUpgradeReceiver: pid=500 uid=10025 gids={1015, 1023, 1024, 1028, 2001, 3003, 3007}
I/ActivityManager( 295): Launching preboot mode app: ProcessRecord{4174c448 500:android.process.media/u0a25}
D/dalvikvm( 295): GC_CONCURRENT freed 321K, 18% free 10303K/12423K, paused 12ms+2ms, total 44ms
I/ActivityManager( 295): Writing new set of last done pre-boot receivers...
I/ActivityManager( 295): Removing system update proc: ProcessRecord{4176a368 471:com.android.providers.calendar/u0a20}
I/ActivityManager( 295): Killing proc 471:com.android.providers.calendar/u0a20: system update done
I/ActivityManager( 295): Removing system update proc: ProcessRecord{4168dc00 485:android.process.acore/u0a2}
I/ActivityManager( 295): Killing proc 485:android.process.acore/u0a2: system update done
I/ActivityManager( 295): Removing system update proc: ProcessRecord{4174c448 500:android.process.media/u0a25}
I/ActivityManager( 295): Killing proc 500:android.process.media/u0a25: system update done
I/ActivityManager( 295): System now ready
I/SystemServer( 295): Making services ready
D/SystemServer( 295): Starting service: Intent { cmp=com.android.systemui/.SystemUIService }
I/ActivityManager( 295): Start proc com.android.systemui for service com.android.systemui/.SystemUIService: pid=514 uid=10057 gids={1028, 1015, 1023, 3002, 3001}
D/NetworkManagementService( 295): enabling bandwidth control
D/SystemUIService( 514): loading: class com.android.systemui.statusbar.tablet.TabletStatusBar
D/SystemUIService( 514): running: com.android.systemui.statusbar.tablet.TabletStatusBar@4152d688
I/StatusBarManagerService( 295): registerStatusBar bar=com.android.internal.statusbar.IStatusBar$Stub$Proxy@41740ff0
D/dalvikvm( 514): GC_CONCURRENT freed 109K, 3% free 8562K/8775K, paused 12ms+5ms, total 37ms
D/dalvikvm( 514): WAIT_FOR_CONCURRENT_GC blocked 6ms
I/ActivityManager( 295): Config changed: {1.0 0mcc0mnc hd_US sw720dp w1280dp h672dp lrg long land -touch -keyb/h/h -nav/h s.3}
W/RecognitionManagerService( 295): no available voice recognition services found
D/dalvikvm( 514): GC_CONCURRENT freed 49K, 3% free 8974K/9159K, paused 11ms+13ms, total 38ms
I/EthernetManager( 514): Init Ethernet Manager, service: android.net.ethernet.IEthernetManager$Stub$Proxy@41519d30
W/AppWidgetServiceImpl( 295): Failed to read state: java.io.FileNotFoundException: /data/system/users/0/appwidgets.xml: open failed: ENOENT (No such file or directory)
W/InputMethodManagerService( 295): Ignoring setImeWindowStatus of uid 1000 token: null
D/dalvikvm( 295): GC_CONCURRENT freed 365K, 17% free 10421K/12423K, paused 11ms+3ms, total 41ms
W/InputMethodManagerService( 295): Reset the default IME as "Resource" is ready here.
I/InputMethodManagerService( 295): No default found, using com.android.inputmethod.latin/.LatinIME
I/ActivityManager( 295): Config changed: {1.0 0mcc0mnc hd_US sw720dp w1280dp h672dp lrg long land -touch -keyb/v/h -nav/h s.4}
I/ActivityManager( 295): Start proc com.android.inputmethod.latin for service com.android.inputmethod.latin/.LatinIME: pid=565 uid=10037 gids={1028}
W/InputMethodManagerService( 295): Illegal subtype state: old subtype = null, new subtype = android.view.inputmethod.InputMethodSubtype@c9194f98
I/CommonTimeManagementService( 295): No common time service detected on this platform. Common time services will be unavailable.
I/InputReader( 295): Reconfiguring input devices. changes=0x00000020
E/ThrottleService( 295): Error reading data file
I/InputReader( 295): Reconfiguring input devices. changes=0x00000010
I/ActivityManager( 295): Start proc com.android.phone for added application com.android.phone: pid=582 uid=1001 gids={3002, 3001, 3003, 1015, 1023, 1028}
I/ActivityManager( 295): START {act=android.intent.action.MAIN cat=[android.intent.category.HOME] flg=0x10000000 cmp=com.android.settings/.CryptKeeper u=0} from pid 0
W/ThrottleService( 295): unable to find stats for iface rmnet0
I/ActivityManager( 295): Start proc com.android.settings for activity com.android.settings/.CryptKeeper: pid=589 uid=1000 gids={1015, 1023, 3002, 3001, 3003, 1028}
D/dalvikvm( 565): GC_CONCURRENT freed 159K, 4% free 8430K/8711K, paused 2ms+2ms, total 30ms
D/dalvikvm( 514): GC_FOR_ALLOC freed 25K, 2% free 9211K/9351K, paused 23ms, total 27ms
I/ActivityThread( 582): Pub mms: com.android.providers.telephony.MmsProvider
I/ActivityThread( 582): Pub sms: com.android.providers.telephony.SmsProvider
I/ActivityThread( 582): Pub telephony: com.android.providers.telephony.TelephonyProvider
W/InputAttributes( 565): No editor info for this field. Bug?
W/TelephonyProvider( 582): onCreate: confFile=/system/etc/apns-conf.xml oldCheckSum=-1
D/dalvikvm( 514): GC_FOR_ALLOC freed 4K, 2% free 9486K/9671K, paused 21ms, total 23ms
I/ActivityThread( 582): Pub icc: com.android.phone.IccProvider
I/ActivityThread( 582): Pub mms-sms: com.android.providers.telephony.MmsSmsProvider
I/ActivityManager( 295): Start proc android.process.media for broadcast com.android.providers.media/.UsbReceiver: pid=626 uid=10025 gids={1015, 1023, 1024, 1028, 2001, 3003, 3007}
E/ActivityThread( 565): Failed to find provider info for com.android.inputmethod.latin.dictionarypack
E/BinaryDictionaryGetter( 565): Could not find a dictionary pack
D/dalvikvm( 115): WAIT_FOR_CONCURRENT_GC blocked 0ms
I/ActivityManager( 295): Start proc android.process.acore for content provider com.android.providers.userdictionary/.UserDictionaryProvider: pid=639 uid=10002 gids={3003, 1015, 1023, 1028}
D/dalvikvm( 115): GC_EXPLICIT freed 35K, 4% free 8202K/8515K, paused 1ms+2ms, total 16ms
D/dalvikvm( 115): WAIT_FOR_CONCURRENT_GC blocked 0ms
I/ActivityManager( 295): START {act=android.intent.action.MAIN cat=[android.intent.category.HOME] flg=0x10000000 cmp=com.android.provision/.DefaultActivity u=0} from pid 0
D/dalvikvm( 115): GC_EXPLICIT freed <1K, 4% free 8202K/8515K, paused 1ms+1ms, total 15ms
D/dalvikvm( 115): WAIT_FOR_CONCURRENT_GC blocked 0ms
I/ActivityThread( 626): Pub media: com.android.providers.media.MediaProvider
D/dalvikvm( 115): GC_EXPLICIT freed <1K, 4% free 8202K/8515K, paused 1ms+1ms, total 14ms
V/EthernetStateTracker( 295): report interface is up for eth0
I/ActivityManager( 295): Start proc com.android.provision for activity com.android.provision/.DefaultActivity: pid=650 uid=10052 gids={1028}
D/dalvikvm( 514): GC_CONCURRENT freed 16K, 2% free 9942K/10055K, paused 12ms+1ms, total 33ms
D/dalvikvm( 514): WAIT_FOR_CONCURRENT_GC blocked 12ms
D/dalvikvm( 295): GC_CONCURRENT freed 480K, 16% free 10500K/12423K, paused 12ms+11ms, total 147ms
D/dalvikvm( 295): WAIT_FOR_CONCURRENT_GC blocked 38ms
D/dalvikvm( 295): WAIT_FOR_CONCURRENT_GC blocked 77ms
D/dalvikvm( 295): WAIT_FOR_CONCURRENT_GC blocked 41ms
D/dalvikvm( 295): WAIT_FOR_CONCURRENT_GC blocked 5ms
D/dalvikvm( 295): WAIT_FOR_CONCURRENT_GC blocked 33ms
D/dalvikvm( 295): WAIT_FOR_CONCURRENT_GC blocked 6ms
D/dalvikvm( 295): WAIT_FOR_CONCURRENT_GC blocked 18ms
D/CAT ( 582): CatService: Running CAT service. STK app installed:false
D/CAT ( 582): CatService: NEW sInstance
W/ThrottleService( 295): unable to find stats for iface rmnet0
I/EthernetStateTracker( 295): interface up event, kick off connection request
I/ActivityThread( 639): Pub com.android.voicemail: com.android.providers.contacts.VoicemailContentProvider
I/ActivityManager( 295): Start proc com.android.smspush for service com.android.smspush/.WapPushManager: pid=693 uid=10061 gids={1028}
D/ ( 582): [ApnContext:default] set reason as dataEnabled,current state IDLE
D/ ( 582): [ApnContext:default] setRetryCount: 0
D/ ( 582): [ApnContext:mms] set reason as dataEnabled,current state IDLE
D/ ( 582): [ApnContext:mms] setRetryCount: 0
D/ ( 582): [ApnContext:supl] set reason as dataEnabled,current state IDLE
D/ ( 582): [ApnContext:supl] setRetryCount: 0
D/ ( 582): [ApnContext:hipri] set reason as dataEnabled,current state IDLE
D/ ( 582): [ApnContext:hipri] setRetryCount: 0
D/ ( 582): [ApnContext:fota] set reason as dataEnabled,current state IDLE
D/ ( 582): [ApnContext:fota] setRetryCount: 0
D/ ( 582): [ApnContext:ims] set reason as dataEnabled,current state IDLE
D/ ( 582): [ApnContext:ims] setRetryCount: 0
I/ActivityThread( 639): Pub applications: com.android.providers.applications.ApplicationsProvider
D/ ( 582): [ApnContext:cbs] set reason as dataEnabled,current state IDLE
D/ ( 582): [ApnContext:cbs] setRetryCount: 0
W/BackupManagerService( 295): dataChanged but no participant pkg='com.android.providers.settings' uid=10052
D/dalvikvm( 514): GC_CONCURRENT freed 25K, 2% free 10435K/10567K, paused 14ms+1ms, total 72ms
D/dalvikvm( 514): WAIT_FOR_CONCURRENT_GC blocked 38ms
D/dalvikvm( 582): GC_CONCURRENT freed 169K, 4% free 8417K/8711K, paused 12ms+2ms, total 32ms
D/CallManager( 582): registerPhone(GSM Handler (com.android.internal.telephony.PhoneProxy) {41538338})
I/ActivityThread( 639): Pub contacts;com.android.contacts: com.android.providers.contacts.ContactsProvider2
I/ActivityManager( 295): START {act=android.intent.action.MAIN cat=[android.intent.category.HOME] flg=0x10000000 cmp=com.android.launcher/com.android.launcher2.Launcher u=0} from pid 0
I/MediaProvider( 626): Upgrading media database from version 0 to 509, which will destroy all old data
I/ActivityManager( 295): Start proc com.android.launcher for activity com.android.launcher/com.android.launcher2.Launcher: pid=719 uid=10038 gids={1028}
D/dalvikvm( 295): GC_CONCURRENT freed 451K, 15% free 10561K/12423K, paused 1ms+2ms, total 59ms
D/AudioSpeexSRC( 117): AudioResamplerSpeex::init() mChannelCount=2, mInSampleRate=44100, mSampleRate=44100, mQuality=2
D/AudioResampler( 117): static resampler for checkRate() allocated
W/ActivityManager( 295): Unable to start service Intent { act=com.android.ussd.IExtendedNetworkService }: not found
D/StorageNotification( 514): Startup with UMS connection false (media state mounted)
I/StorageNotification( 514): UMS connection changed to false (media state mounted)
D/SystemUIService( 514): loading: class com.android.systemui.power.PowerUI
D/SystemUIService( 514): running: com.android.systemui.power.PowerUI@4177bd48
D/SystemUIService( 514): loading: class com.android.systemui.media.RingtonePlayer
D/SystemUIService( 514): running: com.android.systemui.media.RingtonePlayer@4177c980
I/ActivityThread( 719): Pub com.android.launcher2.settings: com.android.launcher2.LauncherProvider
D/WifiService( 295): New client listening to asynchronous messages
I/Choreographer( 514): Skipped 37 frames! The application may be doing too much work on its main thread.
D/DebugService( 582): DebugService DebugService:
D/TelephonyDebugService( 582): TelephonyDebugService()
I/libEGL ( 514): Processor type: omap4470
I/libEGL ( 514): egl.cfg: entry POWERVR_SGX540_120 omap4430
I/libEGL ( 514): egl.cfg: entry POWERVR_SGX540_120 omap4460
I/libEGL ( 514): egl.cfg: entry POWERVR_SGX544_112 omap4470
I/libEGL ( 514): Picked EGL type 'POWERVR_SGX544_112' for processor 'omap4470'
D/libEGL ( 514): loaded /vendor/lib/egl/libEGL_POWERVR_SGX544_112.so
D/libEGL ( 514): loaded /vendor/lib/egl/libGLESv1_CM_POWERVR_SGX544_112.so
D/libEGL ( 514): loaded /vendor/lib/egl/libGLESv2_POWERVR_SGX544_112.so
D/Bluetooth HSHFP( 582): Starting BluetoothHeadsetService
W/CallNotifier( 582): Got onMwiChanged() on non-voice-capable device! Ignoring...
I/ActivityThread( 639): Pub call_log: com.android.providers.contacts.CallLogProvider
I/ActivityThread( 639): Pub user_dictionary: com.android.providers.userdictionary.UserDictionaryProvider
D/dalvikvm( 295): WAIT_FOR_CONCURRENT_GC blocked 0ms
D/OpenGLRenderer( 514): Enabling debug mode 0
D/dalvikvm( 639): GC_CONCURRENT freed 236K, 4% free 8435K/8775K, paused 7ms+72ms, total 114ms
D/dalvikvm( 295): GC_EXPLICIT freed 300K, 15% free 10624K/12423K, paused 2ms+3ms, total 58ms
D/dalvikvm( 719): GC_CONCURRENT freed 185K, 4% free 8488K/8775K, paused 2ms+2ms, total 28ms
D/dalvikvm( 719): WAIT_FOR_CONCURRENT_GC blocked 20ms
I/ContactsDatabaseHelper( 639): Bootstrapping database version: 704
D/dalvikvm( 514): GC_FOR_ALLOC freed 87K, 2% free 10862K/11015K, paused 27ms, total 35ms
I/dalvikvm-heap( 514): Grow heap (frag case) to 20.045MB for 9830416-byte allocation
I/ContactsProviderV1( 639): Bootstrapping database legacy support
D/dalvikvm( 514): GC_CONCURRENT freed 13K, 2% free 20448K/20679K, paused 11ms+2ms, total 37ms
D/dalvikvm( 719): GC_FOR_ALLOC freed 61K, 3% free 8785K/8967K, paused 11ms, total 12ms
I/dalvikvm-heap( 719): Grow heap (frag case) to 10.018MB for 1440016-byte allocation
D/dalvikvm( 719): GC_FOR_ALLOC freed 9K, 2% free 10181K/10375K, paused 39ms, total 39ms
D/dalvikvm( 719): GC_CONCURRENT freed <1K, 2% free 10182K/10375K, paused 11ms+2ms, total 22ms
E/SQLiteLog( 626): (1) no such table: album_info
W/Resources( 719): Converting to int: TypedValue{t=0x3/d=0x11 "4" a=-1}
W/Resources( 719): Converting to int: TypedValue{t=0x3/d=0xe "1" a=-1}
I/SearchManagerService( 295): Building list of searchable activities
I/ActivityThread( 626): Pub downloads: com.android.providers.downloads.DownloadProvider
D/dalvikvm( 626): GC_CONCURRENT freed 228K, 4% free 8373K/8711K, paused 2ms+11ms, total 27ms
I/ActivityThread( 626): Pub drm: com.android.providers.drm.DrmProvider
I/DownloadManager( 626): in removeSpuriousFiles
V/SipBroadcastReceiver( 582): SIP VOIP not supported: android.net.sip.SIP_SERVICE_UP
D/dalvikvm( 582): GC_CONCURRENT freed 305K, 5% free 8533K/8967K, paused 1ms+1ms, total 21ms
I/libEGL ( 719): Processor type: omap4470
I/libEGL ( 719): egl.cfg: entry POWERVR_SGX540_120 omap4430
I/libEGL ( 719): egl.cfg: entry POWERVR_SGX540_120 omap4460
I/libEGL ( 719): egl.cfg: entry POWERVR_SGX544_112 omap4470
I/libEGL ( 719): Picked EGL type 'POWERVR_SGX544_112' for processor 'omap4470'
D/libEGL ( 719): loaded /vendor/lib/egl/libEGL_POWERVR_SGX544_112.so
D/libEGL ( 719): loaded /vendor/lib/egl/libGLESv1_CM_POWERVR_SGX544_112.so
D/libEGL ( 719): loaded /vendor/lib/egl/libGLESv2_POWERVR_SGX544_112.so
W/Resources( 719): Converting to int: TypedValue{t=0x3/d=0x14 "2" a=-1}
W/Resources( 719): Converting to int: TypedValue{t=0x3/d=0x14 "2" a=-1}
D/dalvikvm( 589): GC_CONCURRENT freed 233K, 4% free 8366K/8711K, paused 1ms+4ms, total 30ms
D/dalvikvm( 295): GC_CONCURRENT freed 345K, 13% free 10889K/12423K, paused 14ms+7ms, total 83ms
D/dalvikvm( 295): WAIT_FOR_CONCURRENT_GC blocked 54ms
D/dalvikvm( 295): WAIT_FOR_CONCURRENT_GC blocked 46ms
D/dalvikvm( 295): WAIT_FOR_CONCURRENT_GC blocked 13ms
D/dalvikvm( 295): WAIT_FOR_CONCURRENT_GC blocked 23ms
D/OpenGLRenderer( 719): Enabling debug mode 0
D/SettingsAttProfile( 589): Att server connected
D/LocalBluetoothProfileManager( 589): LocalBluetoothProfileManager construction complete
I/ActivityManager( 295): Start proc com.android.deskclock for broadcast com.android.deskclock/com.android.alarmclock.AnalogAppWidgetProvider: pid=763 uid=10024 gids={1028}
D/dalvikvm( 514): GC_FOR_ALLOC freed 0K, 2% free 20448K/20679K, paused 40ms, total 40ms
I/DownloadManager( 626): Upgrading downloads database from version 0 to version 108, which will destroy all old data
W/Launcher.LauncherProvider( 719): Unable to add favorite: com.android.camera/com.android.camera.Camera
W/Launcher.LauncherProvider( 719): android.content.pm.PackageManager$NameNotFoundException: ComponentInfo{com.android.camera/com.android.camera.Camera}
W/Launcher.LauncherProvider( 719): at android.app.ApplicationPackageManager.getActivityInfo(ApplicationPackageManager.java:225)
W/Launcher.LauncherProvider( 719): at com.android.launcher2.LauncherProvider$DatabaseHelper.addAppShortcut(LauncherProvider.java:924)
W/Launcher.LauncherProvider( 719): at com.android.launcher2.LauncherProvider$DatabaseHelper.loadFavorites(LauncherProvider.java:828)
W/Launcher.LauncherProvider( 719): at com.android.launcher2.LauncherProvider$DatabaseHelper.access$000(LauncherProvider.java:218)
W/Launcher.LauncherProvider( 719): at com.android.launcher2.LauncherProvider.loadDefaultFavoritesIfNecessary(LauncherProvider.java:213)
W/Launcher.LauncherProvider( 719): at com.android.launcher2.LauncherModel$LoaderTask.loadWorkspace(LauncherModel.java:1009)
W/Launcher.LauncherProvider( 719): at com.android.launcher2.LauncherModel$LoaderTask.loadAndBindWorkspace(LauncherModel.java:795)
W/Launcher.LauncherProvider( 719): at com.android.launcher2.LauncherModel$LoaderTask.run(LauncherModel.java:860)
W/Launcher.LauncherProvider( 719): at android.os.Handler.handleCallback(Handler.java:615)
W/Launcher.LauncherProvider( 719): at android.os.Handler.dispatchMessage(Handler.java:92)
W/Launcher.LauncherProvider( 719): at android.os.Looper.loop(Looper.java:137)
W/Launcher.LauncherProvider( 719): at android.os.HandlerThread.run(HandlerThread.java:60)
I/dalvikvm-heap( 514): Grow heap (frag case) to 34.094MB for 14745616-byte allocation
D/dalvikvm( 719): GC_FOR_ALLOC freed 82K, 2% free 10400K/10567K, paused 12ms, total 12ms
I/ActivityThread( 763): Pub com.android.deskclock: com.android.deskclock.AlarmProvider
I/dalvikvm-heap( 719): Grow heap (frag case) to 17.605MB for 7741456-byte allocation
D/dalvikvm( 719): GC_FOR_ALLOC freed 4K, 2% free 17955K/18183K, paused 25ms, total 25ms
D/dalvikvm( 514): GC_CONCURRENT freed <1K, 1% free 34848K/35143K, paused 12ms+2ms, total 40ms
D/dalvikvm( 514): WAIT_FOR_CONCURRENT_GC blocked 25ms
D/dalvikvm( 719): GC_CONCURRENT freed 3K, 2% free 18054K/18311K, paused 11ms+4ms, total 30ms
