D/dalvikvm( 295): WAIT_FOR_CONCURRENT_GC blocked 0ms
D/dalvikvm( 295): GC_EXPLICIT freed 114K, 15% free 10620K/12423K, paused 1ms+2ms, total 31ms
E/ASFDummyExtractor( 117): isASFParserAvailable
W/ASFDummyExtractor( 117): ASF parser is not available
E/WVMExtractor( 117): Failed to open libwvm.so
E/ASFDummyExtractor( 117): isASFParserAvailable
W/ASFDummyExtractor( 117): ASF parser is not available
E/WVMExtractor( 117): Failed to open libwvm.so
E/ASFDummyExtractor( 117): isASFParserAvailable
W/ASFDummyExtractor( 117): ASF parser is not available
E/WVMExtractor( 117): Failed to open libwvm.so
E/ASFDummyExtractor( 117): isASFParserAvailable
W/ASFDummyExtractor( 117): ASF parser is not available
E/WVMExtractor( 117): Failed to open libwvm.so
E/ASFDummyExtractor( 117): isASFParserAvailable
W/ASFDummyExtractor( 117): ASF parser is not available
E/WVMExtractor( 117): Failed to open libwvm.so
E/ASFDummyExtractor( 117): isASFParserAvailable
W/ASFDummyExtractor( 117): ASF parser is not available
E/WVMExtractor( 117): Failed to open libwvm.so
E/ASFDummyExtractor( 117): isASFParserAvailable
W/ASFDummyExtractor( 117): ASF parser is not available
E/WVMExtractor( 117): Failed to open libwvm.so
E/ASFDummyExtractor( 117): isASFParserAvailable
W/ASFDummyExtractor( 117): ASF parser is not available
E/WVMExtractor( 117): Failed to open libwvm.so
D/dalvikvm( 626): GC_CONCURRENT freed 364K, 6% free 8726K/9223K, paused 12ms+2ms, total 23ms
E/ASFDummyExtractor( 117): isASFParserAvailable
W/ASFDummyExtractor( 117): ASF parser is not available
E/WVMExtractor( 117): Failed to open libwvm.so
E/MetadataRetrieverClient( 117): failed to extract an album art
D/dalvikvm( 626): GC_CONCURRENT freed 449K, 7% free 8705K/9287K, paused 11ms+2ms, total 22ms
D/dalvikvm( 626): GC_CONCURRENT freed 401K, 7% free 8688K/9287K, paused 11ms+1ms, total 22ms
E/ASFDummyExtractor( 117): isASFParserAvailable
W/ASFDummyExtractor( 117): ASF parser is not available
E/WVMExtractor( 117): Failed to open libwvm.so
E/MetadataRetrieverClient( 117): failed to extract an album art
E/ASFDummyExtractor( 117): isASFParserAvailable
W/ASFDummyExtractor( 117): ASF parser is not available
E/WVMExtractor( 117): Failed to open libwvm.so
E/MetadataRetrieverClient( 117): failed to extract an album art
D/dalvikvm( 626): GC_CONCURRENT freed 381K, 7% free 8690K/9287K, paused 11ms+1ms, total 22ms
W/MediaScanner( 626): Error opening directory '/storage/sdcard_secure/', skipping: Permission denied.
W/MediaScanner( 626): Error opening directory '/storage/sdcard_ext/', skipping: Permission denied.
W/MediaScanner( 626): Error opening directory '/storage/ext_HSusb1/', skipping: Permission denied.
W/MediaScanner( 626): Error opening directory '/storage/ext_HSusb2/', skipping: Permission denied.
W/MediaScanner( 626): Error opening directory '/storage/ext_HSusb3/', skipping: Permission denied.
W/MediaScanner( 626): Error opening directory '/storage/ext_HSusb4/', skipping: Permission denied.
W/MediaScanner( 626): Error opening directory '/storage/ext_HSusb5/', skipping: Permission denied.
W/MediaScanner( 626): Error opening directory '/storage/ext_HSusb6/', skipping: Permission denied.
W/MediaScanner( 626): Error opening directory '/storage/ext_OTGusb/', skipping: Permission denied.
V/MediaScanner( 626): pruneDeadThumbnailFiles... android.database.sqlite.SQLiteCursor@414fd548
V/MediaScanner( 626): /pruneDeadThumbnailFiles... android.database.sqlite.SQLiteCursor@414fd548
I/ActivityManager( 295): No longer want com.android.provision (pid 650): hidden #16
D/PackageManager( 295): generateServicesMap(android.accounts.AccountAuthenticator): 2 services unchanged
D/PackageManager( 295): generateServicesMap(android.content.SyncAdapter): 4 services unchanged
I/InputReader( 295): Reconfiguring input devices. changes=0x00000010
I/InputReader( 295): Reconfiguring input devices. changes=0x00000010
I/InputReader( 295): Reconfiguring input devices. changes=0x00000010
I/InputReader( 295): Reconfiguring input devices. changes=0x00000010
D/dalvikvm( 939): GC_CONCURRENT freed 251K, 5% free 8414K/8775K, paused 2ms+1ms, total 15ms
D/PackageManager( 295): generateServicesMap(android.accounts.AccountAuthenticator): 2 services unchanged
D/PackageManager( 295): generateServicesMap(android.content.SyncAdapter): 4 services unchanged
D/PackageManager( 295): generateServicesMap(android.accounts.AccountAuthenticator): 2 services unchanged
D/PackageManager( 295): generateServicesMap(android.content.SyncAdapter): 4 services unchanged
D/dalvikvm( 719): GC_FOR_ALLOC freed 4371K, 18% free 20836K/25351K, paused 13ms, total 16ms
D/dalvikvm( 295): GC_CONCURRENT freed 531K, 14% free 10686K/12423K, paused 12ms+13ms, total 64ms
D/PackageManager( 295): generateServicesMap(android.accounts.AccountAuthenticator): 2 services unchanged
D/PackageManager( 295): generateServicesMap(android.content.SyncAdapter): 4 services unchanged
I/ActivityManager( 295): Start proc com.android.quicksearchbox for broadcast com.android.quicksearchbox/.CorporaUpdateReceiver: pid=1038 uid=10053 gids={3003, 1028}
I/ActivityThread( 1038): Pub com.android.quicksearchbox.google: com.android.quicksearchbox.google.GoogleSuggestionProvider
I/ActivityThread( 1038): Pub com.android.quicksearchbox.shortcuts: com.android.quicksearchbox.ShortcutsProvider
I/ActivityManager( 295): No longer want com.ti.bluetooth.ftps (pid 818): hidden #16
D/dalvikvm( 295): GC_CONCURRENT freed 512K, 15% free 10674K/12423K, paused 12ms+3ms, total 44ms
D/dalvikvm( 719): GC_FOR_ALLOC freed 8003K, 48% free 13354K/25351K, paused 13ms, total 15ms
I/dalvikvm-heap( 719): Grow heap (frag case) to 20.490MB for 7741456-byte allocation
D/dalvikvm( 719): GC_CONCURRENT freed 8K, 18% free 20906K/25351K, paused 11ms+1ms, total 23ms
D/dalvikvm( 719): WAIT_FOR_CONCURRENT_GC blocked 12ms
D/dalvikvm( 719): GC_FOR_ALLOC freed 7561K, 48% free 13349K/25351K, paused 20ms, total 21ms
E/hdmi_audio_hw( 117): cannot open HDMI pcm card 1 dev 0 error: cannot open device '/dev/snd/pcmC1D0p': I/O error
I/dalvikvm-heap( 719): Grow heap (frag case) to 20.485MB for 7741456-byte allocation
E/hdmi_audio_hw( 117): cannot open HDMI pcm card 1 dev 0 error: cannot open device '/dev/snd/pcmC1D0p': I/O error
E/hdmi_audio_hw( 117): cannot open HDMI pcm card 1 dev 0 error: cannot open device '/dev/snd/pcmC1D0p': I/O error
D/dalvikvm( 719): GC_CONCURRENT freed <1K, 18% free 20909K/25351K, paused 11ms+2ms, total 24ms
D/dalvikvm( 719): WAIT_FOR_CONCURRENT_GC blocked 4ms
E/hdmi_audio_hw( 117): cannot open HDMI pcm card 1 dev 0 error: cannot open device '/dev/snd/pcmC1D0p': I/O error
E/hdmi_audio_hw( 117): cannot open HDMI pcm card 1 dev 0 error: cannot open device '/dev/snd/pcmC1D0p': I/O error
E/hdmi_audio_hw( 117): cannot open HDMI pcm card 1 dev 0 error: cannot open device '/dev/snd/pcmC1D0p': I/O error
E/hdmi_audio_hw( 117): cannot open HDMI pcm card 1 dev 0 error: cannot open device '/dev/snd/pcmC1D0p': I/O error
E/hdmi_audio_hw( 117): cannot open HDMI pcm card 1 dev 0 error: cannot open device '/dev/snd/pcmC1D0p': I/O error
D/dalvikvm( 719): WAIT_FOR_CONCURRENT_GC blocked 0ms
D/dalvikvm( 719): GC_EXPLICIT freed 1602K, 24% free 19491K/25351K, paused 1ms+2ms, total 20ms
D/dalvikvm( 719): GC_FOR_ALLOC freed 75K, 17% free 21248K/25351K, paused 13ms, total 13ms
D/dalvikvm( 719): GC_FOR_ALLOC freed 261K, 14% free 21804K/25351K, paused 13ms, total 13ms
I/dalvikvm-heap( 719): Grow heap (frag case) to 28.743MB for 7741456-byte allocation
D/dalvikvm( 719): GC_FOR_ALLOC freed 264K, 12% free 29100K/32967K, paused 16ms, total 16ms
D/dalvikvm( 719): GC_CONCURRENT freed <1K, 9% free 30102K/32967K, paused 2ms+3ms, total 34ms
D/dalvikvm( 719): GC_FOR_ALLOC freed 1628K, 10% free 29829K/32967K, paused 16ms, total 17ms
D/dalvikvm( 719): GC_FOR_ALLOC freed 1263K, 8% free 30474K/32967K, paused 18ms, total 18ms
D/dalvikvm( 719): GC_FOR_ALLOC freed 855K, 6% free 31222K/32967K, paused 19ms, total 20ms
D/dalvikvm( 719): GC_FOR_ALLOC freed 535K, 6% free 31423K/33159K, paused 16ms, total 16ms
D/dalvikvm( 719): GC_FOR_ALLOC freed 8148K, 29% free 24026K/33479K, paused 18ms, total 18ms
I/dalvikvm-heap( 719): Grow heap (frag case) to 30.914MB for 7741456-byte allocation
D/dalvikvm( 719): GC_CONCURRENT freed <1K, 6% free 31585K/33479K, paused 12ms+3ms, total 29ms
D/dalvikvm( 719): WAIT_FOR_CONCURRENT_GC blocked 17ms
D/dalvikvm( 719): WAIT_FOR_CONCURRENT_GC blocked 21ms
D/dalvikvm( 295): GC_CONCURRENT freed 508K, 15% free 10662K/12423K, paused 1ms+2ms, total 29ms
D/NetUtils( 295): android_net_utils_resetConnections in env=0x5c4ff818 clazz=0x9000001 iface=eth0 mask=0x3
E/EthernetStateTracker( 295): DhcpHandler: DHCP request failed: Timed out waiting for DHCP to finish
I/EthernetStateTracker( 295): reconnect : EVENT_INTERFACE_CONFIGURATION_FAILED
I/EthernetStateTracker( 295): reset device eth0
I/EthernetStateTracker( 295): trigger dhcp for device eth0
D/EthernetStateTracker( 295): DhcpHandler: DHCP request started
W/PowerUI ( 514): unknown intent: Intent { act=android.intent.action.ACTION_POWER_CONNECTED flg=0x8000010 }
E/UsbDeviceManager( 295): No known USB function in updateUsbNotification
D/NotificationService( 295): new notification: numberDiff: 1 ticker: USB debugging connected pkg: android id: 17040460 tag: null
D/StatusBar( 514): layout params for this notification is NULL
E/UsbDeviceManager( 295): No known USB function in updateUsbNotification
E/UsbDeviceManager( 295): No known USB function in updateUsbNotification
D/dalvikvm( 295): GC_CONCURRENT freed 487K, 15% free 10668K/12423K, paused 2ms+3ms, total 30ms
D/dalvikvm( 719): GC_FOR_ALLOC freed 7864K, 29% free 23992K/33479K, paused 13ms, total 13ms
I/dalvikvm-heap( 719): Grow heap (frag case) to 30.880MB for 7741456-byte allocation
D/dalvikvm( 719): GC_CONCURRENT freed <1K, 6% free 31552K/33479K, paused 11ms+3ms, total 25ms
D/dalvikvm( 719): WAIT_FOR_CONCURRENT_GC blocked 4ms
D/dalvikvm( 719): GC_FOR_ALLOC freed 7560K, 29% free 23993K/33479K, paused 15ms, total 15ms
I/dalvikvm-heap( 719): Grow heap (frag case) to 30.880MB for 7741456-byte allocation
E/hdmi_audio_hw( 117): cannot open HDMI pcm card 1 dev 0 error: cannot open device '/dev/snd/pcmC1D0p': I/O error
E/hdmi_audio_hw( 117): cannot open HDMI pcm card 1 dev 0 error: cannot open device '/dev/snd/pcmC1D0p': I/O error
D/dalvikvm( 719): GC_CONCURRENT freed <1K, 6% free 31553K/33479K, paused 18ms+2ms, total 32ms
D/dalvikvm( 719): WAIT_FOR_CONCURRENT_GC blocked 5ms
E/hdmi_audio_hw( 117): cannot open HDMI pcm card 1 dev 0 error: cannot open device '/dev/snd/pcmC1D0p': I/O error
E/hdmi_audio_hw( 117): cannot open HDMI pcm card 1 dev 0 error: cannot open device '/dev/snd/pcmC1D0p': I/O error
D/dalvikvm( 295): GC_CONCURRENT freed 495K, 15% free 10668K/12423K, paused 12ms+2ms, total 40ms
D/PermissionCache( 114): checking android.permission.READ_FRAME_BUFFER for uid=1000 => granted (152 us)
I/ActivityManager( 295): START {act=android.intent.action.MAIN cat=[android.intent.category.LAUNCHER] flg=0x10200000 cmp=com.ti.omap4.android.camera/.Camera u=0} from pid 719
D/dalvikvm( 295): GC_FOR_ALLOC freed 157K, 15% free 10652K/12423K, paused 24ms, total 24ms
I/dalvikvm-heap( 295): Grow heap (frag case) to 10.741MB for 280156-byte allocation
E/hdmi_audio_hw( 117): cannot open HDMI pcm card 1 dev 0 error: cannot open device '/dev/snd/pcmC1D0p': I/O error
E/hdmi_audio_hw( 117): cannot open HDMI pcm card 1 dev 0 error: cannot open device '/dev/snd/pcmC1D0p': I/O error
D/dalvikvm( 295): GC_FOR_ALLOC freed 3K, 15% free 10922K/12743K, paused 34ms, total 34ms
E/hdmi_audio_hw( 117): cannot open HDMI pcm card 1 dev 0 error: cannot open device '/dev/snd/pcmC1D0p': I/O error
E/hdmi_audio_hw( 117): cannot open HDMI pcm card 1 dev 0 error: cannot open device '/dev/snd/pcmC1D0p': I/O error
I/ActivityManager( 295): Start proc com.ti.omap4.android.camera for activity com.ti.omap4.android.camera/.Camera: pid=1074 uid=10021 gids={1006, 1015, 1023, 1028}
D/dalvikvm( 1074): WAIT_FOR_CONCURRENT_GC blocked 0ms
I/InputDispatcher( 295): Dropping event because there is no touched window.
V/CameraHolder( 1074): open camera 0
E/CameraService( 117): CameraService::connect X (pid 1074) rejected (invalid cameraId 0).
E/CameraHolder( 1074): fail to connect Camera
E/CameraHolder( 1074): java.lang.RuntimeException: Fail to connect to camera service
E/CameraHolder( 1074): at android.hardware.Camera.native_setup(Native Method)
E/CameraHolder( 1074): at android.hardware.Camera.(Camera.java:306)
E/CameraHolder( 1074): at android.hardware.Camera.open(Camera.java:268)
E/CameraHolder( 1074): at com.ti.omap4.android.camera.CameraHolder.open(CameraHolder.java:133)
E/CameraHolder( 1074): at com.ti.omap4.android.camera.Util.openCamera(Util.java:330)
E/CameraHolder( 1074): at com.ti.omap4.android.camera.Camera$4.run(Camera.java:1537)
E/CameraHolder( 1074): at java.lang.Thread.run(Thread.java:856)
D/dalvikvm( 1074): GC_CONCURRENT freed 244K, 4% free 8428K/8775K, paused 11ms+11ms, total 35ms
D/dalvikvm( 1074): GC_FOR_ALLOC freed 16K, 4% free 8449K/8775K, paused 10ms, total 10ms
I/dalvikvm-heap( 1074): Grow heap (frag case) to 10.099MB for 1867984-byte allocation
I/ActivityManager( 295): START {act=android.intent.action.MAIN cat=[android.intent.category.LAUNCHER] flg=0x10200000 cmp=com.ti.omap4.android.camera/.Camera u=0} from pid 719
D/dalvikvm( 1074): GC_CONCURRENT freed <1K, 4% free 10273K/10631K, paused 13ms+1ms, total 23ms
D/dalvikvm( 1074): WAIT_FOR_CONCURRENT_GC blocked 2ms
D/dalvikvm( 1074): GC_FOR_ALLOC freed 15K, 4% free 10303K/10631K, paused 17ms, total 17ms
I/dalvikvm-heap( 1074): Grow heap (frag case) to 10.840MB for 747632-byte allocation
E/hdmi_audio_hw( 117): cannot open HDMI pcm card 1 dev 0 error: cannot open device '/dev/snd/pcmC1D0p': I/O error
E/hdmi_audio_hw( 117): cannot open HDMI pcm card 1 dev 0 error: cannot open device '/dev/snd/pcmC1D0p': I/O error
D/dalvikvm( 1074): GC_CONCURRENT freed 1K, 4% free 11031K/11399K, paused 11ms+5ms, total 25ms
E/hdmi_audio_hw( 117): cannot open HDMI pcm card 1 dev 0 error: cannot open device '/dev/snd/pcmC1D0p': I/O error
E/hdmi_audio_hw( 117): cannot open HDMI pcm card 1 dev 0 error: cannot open device '/dev/snd/pcmC1D0p': I/O error
D/dalvikvm( 1074): GC_FOR_ALLOC freed <1K, 4% free 11031K/11399K, paused 11ms, total 11ms
I/dalvikvm-heap( 1074): Grow heap (frag case) to 11.552MB for 747632-byte allocation
D/dalvikvm( 1074): GC_FOR_ALLOC freed <1K, 4% free 11761K/12167K, paused 9ms, total 9ms
I/InputDispatcher( 295): Dropping event because there is no touched window.
D/dalvikvm( 1074): GC_FOR_ALLOC freed 5K, 4% free 12512K/12935K, paused 10ms, total 10ms
I/libEGL ( 1074): Processor type: omap4470
I/libEGL ( 1074): egl.cfg: entry POWERVR_SGX540_120 omap4430
I/libEGL ( 1074): egl.cfg: entry POWERVR_SGX540_120 omap4460
I/libEGL ( 1074): egl.cfg: entry POWERVR_SGX544_112 omap4470
I/libEGL ( 1074): Picked EGL type 'POWERVR_SGX544_112' for processor 'omap4470'
D/libEGL ( 1074): loaded /vendor/lib/egl/libEGL_POWERVR_SGX544_112.so
D/libEGL ( 1074): loaded /vendor/lib/egl/libGLESv1_CM_POWERVR_SGX544_112.so
D/libEGL ( 1074): loaded /vendor/lib/egl/libGLESv2_POWERVR_SGX544_112.so
D/OpenGLRenderer( 1074): Enabling debug mode 0
V/camera ( 1074): surfaceChanged. w=1344. h=1008
I/ActivityManager( 295): Displayed com.ti.omap4.android.camera/.Camera: +660ms
E/EthernetStateTracker( 295): DhcpHandler: DHCP request failed: Timed out waiting for DHCP to finish
I/EthernetStateTracker( 295): reconnect : EVENT_INTERFACE_CONFIGURATION_FAILED
D/NetUtils( 295): android_net_utils_resetConnections in env=0x5c4ff818 clazz=0x11400001 iface=eth0 mask=0x3
I/EthernetStateTracker( 295): reset device eth0
I/EthernetStateTracker( 295): trigger dhcp for device eth0
D/EthernetStateTracker( 295): DhcpHandler: DHCP request started
E/hdmi_audio_hw( 117): cannot open HDMI pcm card 1 dev 0 error: cannot open device '/dev/snd/pcmC1D0p': I/O error
E/hdmi_audio_hw( 117): cannot open HDMI pcm card 1 dev 0 error: cannot open device '/dev/snd/pcmC1D0p': I/O error
D/dalvikvm( 295): GC_FOR_ALLOC freed 353K, 14% free 10973K/12743K, paused 34ms, total 37ms
I/dalvikvm-heap( 295): Grow heap (frag case) to 11.053MB for 280156-byte allocation
E/hdmi_audio_hw( 117): cannot open HDMI pcm card 1 dev 0 error: cannot open device '/dev/snd/pcmC1D0p': I/O error
E/hdmi_audio_hw( 117): cannot open HDMI pcm card 1 dev 0 error: cannot open device '/dev/snd/pcmC1D0p': I/O error
D/dalvikvm( 295): GC_FOR_ALLOC freed 47K, 15% free 11199K/13063K, paused 24ms, total 24ms
I/InputDispatcher( 295): Dropping event because there is no touched window.
I/InputDispatcher( 295): Dropping event because there is no touched window.
I/InputDispatcher( 295): Dropping event because there is no touched window.
W/InputMethodManagerService( 295): Window already focused, ignoring focus gain of: com.android.internal.view.IInputMethodClient$Stub$Proxy@4174c740 attribute=null
I/ActivityManager( 295): No longer want com.ti.bluetooth.map (pid 840): hidden #16
W/PropertyValuesHolder( 514): Method setGlowAlpha() with type float not found on target class class com.android.systemui.statusbar.policy.KeyButtonTextView
W/PropertyValuesHolder( 514): Method getGlowAlpha() with type float not found on target class class com.android.systemui.statusbar.policy.KeyButtonTextView
W/PropertyValuesHolder( 514): Method setGlowScale() with type float not found on target class class com.android.systemui.statusbar.policy.KeyButtonTextView
W/PropertyValuesHolder( 514): Method getGlowScale() with type float not found on target class class com.android.systemui.statusbar.policy.KeyButtonTextView
W/PropertyValuesHolder( 514): Method setGlowAlpha() with type float not found on target class class com.android.systemui.statusbar.policy.KeyButtonTextView
W/PropertyValuesHolder( 514): Method getGlowAlpha() with type float not found on target class class com.android.systemui.statusbar.policy.KeyButtonTextView
W/PropertyValuesHolder( 514): Method setGlowScale() with type float not found on target class class com.android.systemui.statusbar.policy.KeyButtonTextView
W/PropertyValuesHolder( 514): Method getGlowScale() with type float not found on target class class com.android.systemui.statusbar.policy.KeyButtonTextView
W/PropertyValuesHolder( 514): Method getDrawingAlpha() with type float not found on target class class com.android.systemui.statusbar.policy.KeyButtonTextView
D/dalvikvm( 719): WAIT_FOR_CONCURRENT_GC blocked 0ms
E/hdmi_audio_hw( 117): cannot open HDMI pcm card 1 dev 0 error: cannot open device '/dev/snd/pcmC1D0p': I/O error
E/hdmi_audio_hw( 117): cannot open HDMI pcm card 1 dev 0 error: cannot open device '/dev/snd/pcmC1D0p': I/O error
D/dalvikvm( 719): GC_EXPLICIT freed 17209K, 57% free 14448K/33479K, paused 2ms+3ms, total 36ms
E/hdmi_audio_hw( 117): cannot open HDMI pcm card 1 dev 0 error: cannot open device '/dev/snd/pcmC1D0p': I/O error
E/hdmi_audio_hw( 117): cannot open HDMI pcm card 1 dev 0 error: cannot open device '/dev/snd/pcmC1D0p': I/O error
E/EthernetStateTracker( 295): DhcpHandler: DHCP request failed: Timed out waiting for DHCP to finish
I/EthernetStateTracker( 295): reconnect : EVENT_INTERFACE_CONFIGURATION_FAILED
D/NetUtils( 295): android_net_utils_resetConnections in env=0x5c4ff818 clazz=0x20600001 iface=eth0 mask=0x3
I/EthernetStateTracker( 295): reset device eth0
W/ThrottleService( 295): unable to find stats for iface rmnet0
I/EthernetStateTracker( 295): trigger dhcp for device eth0
D/EthernetStateTracker( 295): DhcpHandler: DHCP request started
D/dalvikvm( 295): GC_CONCURRENT freed 840K, 16% free 10985K/13063K, paused 12ms+2ms, total 39ms
E/hdmi_audio_hw( 117): cannot open HDMI pcm card 1 dev 0 error: cannot open device '/dev/snd/pcmC1D0p': I/O error
E/hdmi_audio_hw( 117): cannot open HDMI pcm card 1 dev 0 error: cannot open device '/dev/snd/pcmC1D0p': I/O error
E/hdmi_audio_hw( 117): cannot open HDMI pcm card 1 dev 0 error: cannot open device '/dev/snd/pcmC1D0p': I/O error
E/hdmi_audio_hw( 117): cannot open HDMI pcm card 1 dev 0 error: cannot open device '/dev/snd/pcmC1D0p': I/O error
I/ActivityManager( 295): START {act=android.intent.action.MAIN cat=[android.intent.category.LAUNCHER] flg=0x10304000 cmp=com.ti.omap4.android.camera/.Camera bnds=[1446,300][1590,444] u=0} from pid 514
E/hdmi_audio_hw( 117): cannot open HDMI pcm card 1 dev 0 error: cannot open device '/dev/snd/pcmC1D0p': I/O error
E/hdmi_audio_hw( 117): cannot open HDMI pcm card 1 dev 0 error: cannot open device '/dev/snd/pcmC1D0p': I/O error
E/hdmi_audio_hw( 117): cannot open HDMI pcm card 1 dev 0 error: cannot open device '/dev/snd/pcmC1D0p': I/O error
D/dalvikvm( 295): GC_CONCURRENT freed 401K, 15% free 11218K/13063K, paused 2ms+3ms, total 54ms
D/dalvikvm( 295): WAIT_FOR_CONCURRENT_GC blocked 23ms
E/hdmi_audio_hw( 117): cannot open HDMI pcm card 1 dev 0 error: cannot open device '/dev/snd/pcmC1D0p': I/O error
D/dalvikvm( 295): GC_FOR_ALLOC freed 36K, 15% free 11181K/13063K, paused 25ms, total 25ms
I/dalvikvm-heap( 295): Grow heap (frag case) to 11.256MB for 280156-byte allocation
D/dalvikvm( 295): GC_FOR_ALLOC freed 0K, 15% free 11454K/13383K, paused 32ms, total 32ms
V/CameraHolder( 1074): open camera 0
E/CameraService( 117): CameraService::connect X (pid 1074) rejected (invalid cameraId 0).
E/CameraHolder( 1074): fail to connect Camera
E/CameraHolder( 1074): java.lang.RuntimeException: Fail to connect to camera service
E/CameraHolder( 1074): at android.hardware.Camera.native_setup(Native Method)
E/CameraHolder( 1074): at android.hardware.Camera.(Camera.java:306)
E/CameraHolder( 1074): at android.hardware.Camera.open(Camera.java:268)
E/CameraHolder( 1074): at com.ti.omap4.android.camera.CameraHolder.open(CameraHolder.java:133)
E/CameraHolder( 1074): at com.ti.omap4.android.camera.Util.openCamera(Util.java:330)
E/CameraHolder( 1074): at com.ti.omap4.android.camera.Camera$4.run(Camera.java:1537)
E/CameraHolder( 1074): at java.lang.Thread.run(Thread.java:856)
V/camera ( 1074): surfaceChanged. w=1344. h=1008
I/ActivityManager( 295): Displayed com.ti.omap4.android.camera/.Camera: +393ms
E/EthernetStateTracker( 295): DhcpHandler: DHCP request failed: Timed out waiting for DHCP to finish
I/EthernetStateTracker( 295): reconnect : EVENT_INTERFACE_CONFIGURATION_FAILED
D/NetUtils( 295): android_net_utils_resetConnections in env=0x5c4ff818 clazz=0x29d00001 iface=eth0 mask=0x3
I/EthernetStateTracker( 295): reset device eth0
I/EthernetStateTracker( 295): trigger dhcp for device eth0
D/EthernetStateTracker( 295): DhcpHandler: DHCP request started
E/hdmi_audio_hw( 117): cannot open HDMI pcm card 1 dev 0 error: cannot open device '/dev/snd/pcmC1D0p': I/O error
E/hdmi_audio_hw( 117): cannot open HDMI pcm card 1 dev 0 error: cannot open device '/dev/snd/pcmC1D0p': I/O error
D/dalvikvm( 295): GC_FOR_ALLOC freed 905K, 18% free 10998K/13383K, paused 35ms, total 38ms
E/hdmi_audio_hw( 117): cannot open HDMI pcm card 1 dev 0 error: cannot open device '/dev/snd/pcmC1D0p': I/O error
E/hdmi_audio_hw( 117): cannot open HDMI pcm card 1 dev 0 error: cannot open device '/dev/snd/pcmC1D0p': I/O error
W/InputMethodManagerService( 295): Window already focused, ignoring focus gain of: com.android.internal.view.IInputMethodClient$Stub$Proxy@415fd030 attribute=android.view.inputmethod.EditorInfo@416b7590
D/dalvikvm( 1074): WAIT_FOR_CONCURRENT_GC blocked 0ms
D/dalvikvm( 1074): GC_EXPLICIT freed 160K, 2% free 13621K/13895K, paused 1ms+2ms, total 24ms
E/hdmi_audio_hw( 117): cannot open HDMI pcm card 1 dev 0 error: cannot open device '/dev/snd/pcmC1D0p': I/O error
D/dalvikvm( 719): WAIT_FOR_CONCURRENT_GC blocked 0ms
E/hdmi_audio_hw( 117): cannot open HDMI pcm card 1 dev 0 error: cannot open device '/dev/snd/pcmC1D0p': I/O error
E/hdmi_audio_hw( 117): cannot open HDMI pcm card 1 dev 0 error: cannot open device '/dev/snd/pcmC1D0p': I/O error
E/hdmi_audio_hw( 117): cannot open HDMI pcm card 1 dev 0 error: cannot open device '/dev/snd/pcmC1D0p': I/O error
D/dalvikvm( 719): GC_EXPLICIT freed 196K, 57% free 14508K/33479K, paused 5ms+3ms, total 27ms
D/dalvikvm( 295): GC_CONCURRENT freed 611K, 19% free 10965K/13383K, paused 2ms+3ms, total 32ms
I/ActivityManager( 295): START {act=android.intent.action.MAIN cat=[android.intent.category.LAUNCHER] flg=0x10200000 cmp=com.ti.omap4.android.camera/.Camera u=0} from pid 719
E/hdmi_audio_hw( 117): cannot open HDMI pcm card 1 dev 0 error: cannot open device '/dev/snd/pcmC1D0p': I/O error
E/hdmi_audio_hw( 117): cannot open HDMI pcm card 1 dev 0 error: cannot open device '/dev/snd/pcmC1D0p': I/O error
E/hdmi_audio_hw( 117): cannot open HDMI pcm card 1 dev 0 error: cannot open device '/dev/snd/pcmC1D0p': I/O error
E/hdmi_audio_hw( 117): cannot open HDMI pcm card 1 dev 0 error: cannot open device '/dev/snd/pcmC1D0p': I/O error
I/InputDispatcher( 295): Dropping event because there is no touched window.
V/CameraHolder( 1074): open camera 0
E/CameraService( 117): CameraService::connect X (pid 1074) rejected (invalid cameraId 0).
E/CameraHolder( 1074): fail to connect Camera
E/CameraHolder( 1074): java.lang.RuntimeException: Fail to connect to camera service
E/CameraHolder( 1074): at android.hardware.Camera.native_setup(Native Method)
E/CameraHolder( 1074): at android.hardware.Camera.(Camera.java:306)
E/CameraHolder( 1074): at android.hardware.Camera.open(Camera.java:268)
E/CameraHolder( 1074): at com.ti.omap4.android.camera.CameraHolder.open(CameraHolder.java:133)
E/CameraHolder( 1074): at com.ti.omap4.android.camera.Util.openCamera(Util.java:330)
E/CameraHolder( 1074): at com.ti.omap4.android.camera.Camera$4.run(Camera.java:1537)
E/CameraHolder( 1074): at java.lang.Thread.run(Thread.java:856)
V/camera ( 1074): surfaceChanged. w=1344. h=1008
I/ActivityManager( 295): Displayed com.ti.omap4.android.camera/.Camera: +357ms
D/dalvikvm( 295): GC_CONCURRENT freed 552K, 18% free 10982K/13383K, paused 2ms+2ms, total 26ms
E/hdmi_audio_hw( 117): cannot open HDMI pcm card 1 dev 0 error: cannot open device '/dev/snd/pcmC1D0p': I/O error
E/hdmi_audio_hw( 117): cannot open HDMI pcm card 1 dev 0 error: cannot open device '/dev/snd/pcmC1D0p': I/O error
E/hdmi_audio_hw( 117): cannot open HDMI pcm card 1 dev 0 error: cannot open device '/dev/snd/pcmC1D0p': I/O error
E/hdmi_audio_hw( 117): cannot open HDMI pcm card 1 dev 0 error: cannot open device '/dev/snd/pcmC1D0p': I/O error
W/InputMethodManagerService( 295): Window already focused, ignoring focus gain of: com.android.internal.view.IInputMethodClient$Stub$Proxy@416bdc68 attribute=null
D/dalvikvm( 1074): WAIT_FOR_CONCURRENT_GC blocked 0ms
D/dalvikvm( 295): GC_CONCURRENT freed 593K, 19% free 10962K/13383K, paused 12ms+3ms, total 41ms
D/dalvikvm( 1074): GC_EXPLICIT freed 270K, 3% free 13580K/13959K, paused 1ms+9ms, total 51ms
E/EthernetStateTracker( 295): DhcpHandler: DHCP request failed: Timed out waiting for DHCP to finish
I/EthernetStateTracker( 295): reconnect : EVENT_INTERFACE_CONFIGURATION_FAILED
D/NetUtils( 295): android_net_utils_resetConnections in env=0x5c4ff818 clazz=0x3d600001 iface=eth0 mask=0x3
I/EthernetStateTracker( 295): reset device eth0
I/EthernetStateTracker( 295): trigger dhcp for device eth0
D/EthernetStateTracker( 295): DhcpHandler: DHCP request started
I/ActivityManager( 295): START {act=android.intent.action.MAIN cat=[android.intent.category.LAUNCHER] flg=0x10200000 cmp=com.ti.omap4.android.camera/.Camera u=0} from pid 719
E/hdmi_audio_hw( 117): cannot open HDMI pcm card 1 dev 0 error: cannot open device '/dev/snd/pcmC1D0p': I/O error
E/hdmi_audio_hw( 117): cannot open HDMI pcm card 1 dev 0 error: cannot open device '/dev/snd/pcmC1D0p': I/O error
E/hdmi_audio_hw( 117): cannot open HDMI pcm card 1 dev 0 error: cannot open device '/dev/snd/pcmC1D0p': I/O error
E/hdmi_audio_hw( 117): cannot open HDMI pcm card 1 dev 0 error: cannot open device '/dev/snd/pcmC1D0p': I/O error
V/CameraHolder( 1074): open camera 0
E/CameraService( 117): CameraService::connect X (pid 1074) rejected (invalid cameraId 0).
E/CameraHolder( 1074): fail to connect Camera
E/CameraHolder( 1074): java.lang.RuntimeException: Fail to connect to camera service
E/CameraHolder( 1074): at android.hardware.Camera.native_setup(Native Method)
E/CameraHolder( 1074): at android.hardware.Camera.(Camera.java:306)
E/CameraHolder( 1074): at android.hardware.Camera.open(Camera.java:268)
E/CameraHolder( 1074): at com.ti.omap4.android.camera.CameraHolder.open(CameraHolder.java:133)
E/CameraHolder( 1074): at com.ti.omap4.android.camera.Util.openCamera(Util.java:330)
E/CameraHolder( 1074): at com.ti.omap4.android.camera.Camera$4.run(Camera.java:1537)
E/CameraHolder( 1074): at java.lang.Thread.run(Thread.java:856)
D/dalvikvm( 295): GC_CONCURRENT freed 568K, 19% free 10973K/13383K, paused 4ms+2ms, total 52ms
V/camera ( 1074): surfaceChanged. w=1344. h=1008
I/ActivityManager( 295): Displayed com.ti.omap4.android.camera/.Camera: +341ms
E/hdmi_audio_hw( 117): cannot open HDMI pcm card 1 dev 0 error: cannot open device '/dev/snd/pcmC1D0p': I/O error
E/hdmi_audio_hw( 117): cannot open HDMI pcm card 1 dev 0 error: cannot open device '/dev/snd/pcmC1D0p': I/O error
D/dalvikvm( 295): GC_CONCURRENT freed 327K, 16% free 11260K/13383K, paused 1ms+3ms, total 34ms
E/hdmi_audio_hw( 117): cannot open HDMI pcm card 1 dev 0 error: cannot open device '/dev/snd/pcmC1D0p': I/O error
E/hdmi_audio_hw( 117): cannot open HDMI pcm card 1 dev 0 error: cannot open device '/dev/snd/pcmC1D0p': I/O error
W/InputMethodManagerService( 295): Window already focused, ignoring focus gain of: com.android.internal.view.IInputMethodClient$Stub$Proxy@41668528 attribute=null
D/dalvikvm( 1074): WAIT_FOR_CONCURRENT_GC blocked 0ms
D/dalvikvm( 1074): GC_EXPLICIT freed 226K, 3% free 13577K/13959K, paused 3ms+2ms, total 29ms
I/dalvikvm( 295): Jit: resizing JitTable from 4096 to 8192
I/ActivityManager( 295): START {act=android.intent.action.MAIN cat=[android.intent.category.LAUNCHER] flg=0x10200000 cmp=com.ti.omap4.android.camera/.Camera u=0} from pid 719
E/hdmi_audio_hw( 117): cannot open HDMI pcm card 1 dev 0 error: cannot open device '/dev/snd/pcmC1D0p': I/O error
E/hdmi_audio_hw( 117): cannot open HDMI pcm card 1 dev 0 error: cannot open device '/dev/snd/pcmC1D0p': I/O error
E/hdmi_audio_hw( 117): cannot open HDMI pcm card 1 dev 0 error: cannot open device '/dev/snd/pcmC1D0p': I/O error
E/hdmi_audio_hw( 117): cannot open HDMI pcm card 1 dev 0 error: cannot open device '/dev/snd/pcmC1D0p': I/O error
D/dalvikvm( 295): GC_CONCURRENT freed 721K, 16% free 11267K/13383K, paused 2ms+14ms, total 98ms
V/CameraHolder( 1074): open camera 0
E/CameraService( 117): CameraService::connect X (pid 1074) rejected (invalid cameraId 0).
E/CameraHolder( 1074): fail to connect Camera
E/CameraHolder( 1074): java.lang.RuntimeException: Fail to connect to camera service
E/CameraHolder( 1074): at android.hardware.Camera.native_setup(Native Method)
E/CameraHolder( 1074): at android.hardware.Camera.(Camera.java:306)
E/CameraHolder( 1074): at android.hardware.Camera.open(Camera.java:268)
E/CameraHolder( 1074): at com.ti.omap4.android.camera.CameraHolder.open(CameraHolder.java:133)
E/CameraHolder( 1074): at com.ti.omap4.android.camera.Util.openCamera(Util.java:330)
E/CameraHolder( 1074): at com.ti.omap4.android.camera.Camera$4.run(Camera.java:1537)
E/CameraHolder( 1074): at java.lang.Thread.run(Thread.java:856)
V/camera ( 1074): surfaceChanged. w=1344. h=1008
I/ActivityManager( 295): Displayed com.ti.omap4.android.camera/.Camera: +317ms
E/EthernetStateTracker( 295): DhcpHandler: DHCP request failed: Timed out waiting for DHCP to finish
I/EthernetStateTracker( 295): reconnect : EVENT_INTERFACE_CONFIGURATION_FAILED
D/NetUtils( 295): android_net_utils_resetConnections in env=0x5c4ff818 clazz=0x4c800001 iface=eth0 mask=0x3
I/EthernetStateTracker( 295): reset device eth0
I/EthernetStateTracker( 295): trigger dhcp for device eth0
D/EthernetStateTracker( 295): DhcpHandler: DHCP request started
D/dalvikvm( 295): GC_CONCURRENT freed 895K, 18% free 11017K/13383K, paused 2ms+3ms, total 31ms
E/hdmi_audio_hw( 117): cannot open HDMI pcm card 1 dev 0 error: cannot open device '/dev/snd/pcmC1D0p': I/O error
E/hdmi_audio_hw( 117): cannot open HDMI pcm card 1 dev 0 error: cannot open device '/dev/snd/pcmC1D0p': I/O error
E/hdmi_audio_hw( 117): cannot open HDMI pcm card 1 dev 0 error: cannot open device '/dev/snd/pcmC1D0p': I/O error
E/hdmi_audio_hw( 117): cannot open HDMI pcm card 1 dev 0 error: cannot open device '/dev/snd/pcmC1D0p': I/O error
D/dalvikvm( 295): GC_CONCURRENT freed 373K, 17% free 11235K/13383K, paused 1ms+13ms, total 50ms
W/InputMethodManagerService( 295): Window already focused, ignoring focus gain of: com.android.internal.view.IInputMethodClient$Stub$Proxy@41803c00 attribute=null
D/dalvikvm( 1074): WAIT_FOR_CONCURRENT_GC blocked 0ms
D/dalvikvm( 1074): GC_EXPLICIT freed 226K, 3% free 13581K/13959K, paused 4ms+4ms, total 59ms
E/EthernetStateTracker( 295): DhcpHandler: DHCP request failed: Timed out waiting for DHCP to finish
I/EthernetStateTracker( 295): reconnect : EVENT_INTERFACE_CONFIGURATION_FAILED
D/NetUtils( 295): android_net_utils_resetConnections in env=0x5c4ff818 clazz=0x58a00001 iface=eth0 mask=0x3
I/EthernetStateTracker( 295): reset device eth0
I/EthernetStateTracker( 295): trigger dhcp for device eth0
D/EthernetStateTracker( 295): DhcpHandler: DHCP request started
E/EthernetStateTracker( 295): DhcpHandler: DHCP request failed: Timed out waiting for DHCP to finish
I/EthernetStateTracker( 295): reconnect : EVENT_INTERFACE_CONFIGURATION_FAILED
D/NetUtils( 295): android_net_utils_resetConnections in env=0x5c4ff818 clazz=0x5b900001 iface=eth0 mask=0x3
I/EthernetStateTracker( 295): reset device eth0
I/EthernetStateTracker( 295): trigger dhcp for device eth0
D/EthernetStateTracker( 295): DhcpHandler: DHCP request started
E/EthernetStateTracker( 295): DhcpHandler: DHCP request failed: Timed out waiting for DHCP to finish
I/EthernetStateTracker( 295): reconnect : EVENT_INTERFACE_CONFIGURATION_FAILED
D/NetUtils( 295): android_net_utils_resetConnections in env=0x5c4ff818 clazz=0x63900001 iface=eth0 mask=0x3
I/EthernetStateTracker( 295): reset device eth0
I/EthernetStateTracker( 295): trigger dhcp for device eth0
D/EthernetStateTracker( 295): DhcpHandler: DHCP request started
E/EthernetStateTracker( 295): DhcpHandler: DHCP request failed: Timed out waiting for DHCP to finish
I/EthernetStateTracker( 295): reconnect : EVENT_INTERFACE_CONFIGURATION_FAILED
I/EthernetStateTracker( 295): reset device eth0
D/NetUtils( 295): android_net_utils_resetConnections in env=0x5c4ff818 clazz=0x66800001 iface=eth0 mask=0x3
I/EthernetStateTracker( 295): trigger dhcp for device eth0
D/EthernetStateTracker( 295): DhcpHandler: DHCP request started
E/EthernetStateTracker( 295): DhcpHandler: DHCP request failed: Timed out waiting for DHCP to finish
D/NetUtils( 295): android_net_utils_resetConnections in env=0x5c4ff818 clazz=0x6dd00001 iface=eth0 mask=0x3
I/EthernetStateTracker( 295): reconnect : EVENT_INTERFACE_CONFIGURATION_FAILED
I/EthernetStateTracker( 295): reset device eth0
I/EthernetStateTracker( 295): trigger dhcp for device eth0
D/EthernetStateTracker( 295): DhcpHandler: DHCP request started
E/EthernetStateTracker( 295): DhcpHandler: DHCP request failed: Timed out waiting for DHCP to finish
I/EthernetStateTracker( 295): reconnect : EVENT_INTERFACE_CONFIGURATION_FAILED
D/NetUtils( 295): android_net_utils_resetConnections in env=0x5c4ff818 clazz=0x70c00001 iface=eth0 mask=0x3
I/EthernetStateTracker( 295): reset device eth0
I/EthernetStateTracker( 295): trigger dhcp for device eth0
D/EthernetStateTracker( 295): DhcpHandler: DHCP request started
E/EthernetStateTracker( 295): DhcpHandler: DHCP request failed: Timed out waiting for DHCP to finish
I/EthernetStateTracker( 295): reconnect : EVENT_INTERFACE_CONFIGURATION_FAILED
D/NetUtils( 295): android_net_utils_resetConnections in env=0x5c4ff818 clazz=0x78c00001 iface=eth0 mask=0x3
I/EthernetStateTracker( 295): reset device eth0
I/EthernetStateTracker( 295): trigger dhcp for device eth0
D/EthernetStateTracker( 295): DhcpHandler: DHCP request started
E/EthernetStateTracker( 295): DhcpHandler: DHCP request failed: Timed out waiting for DHCP to finish
I/EthernetStateTracker( 295): reconnect : EVENT_INTERFACE_CONFIGURATION_FAILED
D/NetUtils( 295): android_net_utils_resetConnections in env=0x5c4ff818 clazz=0x7bb00001 iface=eth0 mask=0x3
I/EthernetStateTracker( 295): reset device eth0
I/EthernetStateTracker( 295): trigger dhcp for device eth0
D/EthernetStateTracker( 295): DhcpHandler: DHCP request started
E/EthernetStateTracker( 295): DhcpHandler: DHCP request failed: Timed out waiting for DHCP to finish
I/EthernetStateTracker( 295): reconnect : EVENT_INTERFACE_CONFIGURATION_FAILED
D/NetUtils( 295): android_net_utils_resetConnections in env=0x5c4ff818 clazz=0x83000001 iface=eth0 mask=0x3
I/EthernetStateTracker( 295): reset device eth0
I/EthernetStateTracker( 295): trigger dhcp for device eth0
D/EthernetStateTracker( 295): DhcpHandler: DHCP request started
E/EthernetStateTracker( 295): DhcpHandler: DHCP request failed: Timed out waiting for DHCP to finish
I/EthernetStateTracker( 295): reconnect : EVENT_INTERFACE_CONFIGURATION_FAILED
D/NetUtils( 295): android_net_utils_resetConnections in env=0x5c4ff818 clazz=0x85f00001 iface=eth0 mask=0x3
I/EthernetStateTracker( 295): reset device eth0
I/EthernetStateTracker( 295): trigger dhcp for device eth0
D/EthernetStateTracker( 295): DhcpHandler: DHCP request started
E/EthernetStateTracker( 295): DhcpHandler: DHCP request failed: Timed out waiting for DHCP to finish
I/EthernetStateTracker( 295): reconnect : EVENT_INTERFACE_CONFIGURATION_FAILED
D/NetUtils( 295): android_net_utils_resetConnections in env=0x5c4ff818 clazz=0x8d400001 iface=eth0 mask=0x3
I/EthernetStateTracker( 295): reset device eth0
I/EthernetStateTracker( 295): trigger dhcp for device eth0
D/EthernetStateTracker( 295): DhcpHandler: DHCP request started
D/NetUtils( 295): android_net_utils_resetConnections in env=0x5c4ff818 clazz=0x90300001 iface=eth0 mask=0x3
E/EthernetStateTracker( 295): DhcpHandler: DHCP request failed: Timed out waiting for DHCP to finish
I/EthernetStateTracker( 295): reconnect : EVENT_INTERFACE_CONFIGURATION_FAILED
I/EthernetStateTracker( 295): reset device eth0
I/EthernetStateTracker( 295): trigger dhcp for device eth0
D/EthernetStateTracker( 295): DhcpHandler: DHCP request started
E/EthernetStateTracker( 295): DhcpHandler: DHCP request failed: Timed out waiting for DHCP to finish
D/NetUtils( 295): android_net_utils_resetConnections in env=0x5c4ff818 clazz=0x98300001 iface=eth0 mask=0x3
I/EthernetStateTracker( 295): reconnect : EVENT_INTERFACE_CONFIGURATION_FAILED
I/EthernetStateTracker( 295): reset device eth0
I/EthernetStateTracker( 295): trigger dhcp for device eth0
D/EthernetStateTracker( 295): DhcpHandler: DHCP request started
E/EthernetStateTracker( 295): DhcpHandler: DHCP request failed: Timed out waiting for DHCP to finish
I/EthernetStateTracker( 295): reconnect : EVENT_INTERFACE_CONFIGURATION_FAILED
D/NetUtils( 295): android_net_utils_resetConnections in env=0x5c4ff818 clazz=0x9b200001 iface=eth0 mask=0x3
I/EthernetStateTracker( 295): reset device eth0
I/EthernetStateTracker( 295): trigger dhcp for device eth0
D/EthernetStateTracker( 295): DhcpHandler: DHCP request started
E/EthernetStateTracker( 295): DhcpHandler: DHCP request failed: Timed out waiting for DHCP to finish
I/EthernetStateTracker( 295): reconnect : EVENT_INTERFACE_CONFIGURATION_FAILED
D/NetUtils( 295): android_net_utils_resetConnections in env=0x5c4ff818 clazz=0xa2700001 iface=eth0 mask=0x3
I/EthernetStateTracker( 295): reset device eth0
I/EthernetStateTracker( 295): trigger dhcp for device eth0
D/EthernetStateTracker( 295): DhcpHandler: DHCP request started
E/EthernetStateTracker( 295): DhcpHandler: DHCP request failed: Timed out waiting for DHCP to finish
I/EthernetStateTracker( 295): reconnect : EVENT_INTERFACE_CONFIGURATION_FAILED
D/NetUtils( 295): android_net_utils_resetConnections in env=0x5c4ff818 clazz=0xa5600001 iface=eth0 mask=0x3
I/EthernetStateTracker( 295): reset device eth0
I/EthernetStateTracker( 295): trigger dhcp for device eth0
D/EthernetStateTracker( 295): DhcpHandler: DHCP request started
W/ThrottleService( 295): unable to find stats for iface rmnet0
E/EthernetStateTracker( 295): DhcpHandler: DHCP request failed: Timed out waiting for DHCP to finish
I/EthernetStateTracker( 295): reconnect : EVENT_INTERFACE_CONFIGURATION_FAILED
D/NetUtils( 295): android_net_utils_resetConnections in env=0x5c4ff818 clazz=0xaea00001 iface=eth0 mask=0x3
I/EthernetStateTracker( 295): reset device eth0
I/EthernetStateTracker( 295): trigger dhcp for device eth0
D/EthernetStateTracker( 295): DhcpHandler: DHCP request started
E/EthernetStateTracker( 295): DhcpHandler: DHCP request failed: Timed out waiting for DHCP to finish
I/EthernetStateTracker( 295): reconnect : EVENT_INTERFACE_CONFIGURATION_FAILED
D/NetUtils( 295): android_net_utils_resetConnections in env=0x5c4ff818 clazz=0xb1900001 iface=eth0 mask=0x3
I/EthernetStateTracker( 295): reset device eth0
I/EthernetStateTracker( 295): trigger dhcp for device eth0
D/EthernetStateTracker( 295): DhcpHandler: DHCP request started ^Z [7]+ Stopped adb logcat [root@lab1 #]:/home/lab1/MSI/apk: [root@lab1 #]:/home/lab1/MSI/apk: [root@lab1 #]:/home/lab1/MSI/apk: [root@lab1 #]:/home/lab1/MSI/apk: [root@lab1 #]:/home/lab1/MSI/apk: [root@lab1 #]:/home/lab1/MSI/apk: [root@lab1 #]:/home/lab1/MSI/apk:clear [root@lab1 #]:/home/lab1/MSI/apk:adb logcat --------- beginning of /dev/log/system
I/Vold ( 110): Vold 2.1 (the revenge) firing up
D/Vold ( 110): Volume sdcard_ext state changing -1 (Initializing) -> 0 (No-Media)
D/Vold ( 110): Volume sdcard_secure state changing -1 (Initializing) -> 0 (No-Media)
D/Vold ( 110): Volume usbflash1 state changing -1 (Initializing) -> 0 (No-Media)
D/Vold ( 110): Volume usbflash2 state changing -1 (Initializing) -> 0 (No-Media)
D/Vold ( 110): Volume usbflash3 state changing -1 (Initializing) -> 0 (No-Media)
D/Vold ( 110): Volume usbflash4 state changing -1 (Initializing) -> 0 (No-Media)
D/Vold ( 110): Volume usbflash5 state changing -1 (Initializing) -> 0 (No-Media)
D/Vold ( 110): Volume usbflash6 state changing -1 (Initializing) -> 0 (No-Media)
D/Vold ( 110): Volume usbflash7 state changing -1 (Initializing) -> 0 (No-Media)
I/SystemServer( 304): Entered the Android system server!
I/SystemServer( 304): Entropy Mixer
W/EntropyMixer( 304): unable to load initial entropy (first boot?)
W/EntropyMixer( 304): java.io.FileNotFoundException: /data/system/entropy.dat: open failed: ENOENT (No such file or directory)
W/EntropyMixer( 304): at libcore.io.IoBridge.open(IoBridge.java:416)
W/EntropyMixer( 304): at java.io.FileInputStream.(FileInputStream.java:78)
W/EntropyMixer( 304): at java.io.FileInputStream.(FileInputStream.java:105)
W/EntropyMixer( 304): at com.android.server.RandomBlock.fromFile(RandomBlock.java:45)
W/EntropyMixer( 304): at com.android.server.EntropyMixer.loadInitialEntropy(EntropyMixer.java:99)
W/EntropyMixer( 304): at com.android.server.EntropyMixer.(EntropyMixer.java:86)
W/EntropyMixer( 304): at com.android.server.EntropyMixer.(EntropyMixer.java:76)
W/EntropyMixer( 304): at com.android.server.ServerThread.run(SystemServer.java:157)
W/EntropyMixer( 304): Caused by: libcore.io.ErrnoException: open failed: ENOENT (No such file or directory)
W/EntropyMixer( 304): at libcore.io.Posix.open(Native Method)
W/EntropyMixer( 304): at libcore.io.BlockGuardOs.open(BlockGuardOs.java:110)
W/EntropyMixer( 304): at libcore.io.IoBridge.open(IoBridge.java:400)
W/EntropyMixer( 304): ... 7 more
I/SystemServer( 304): Power Manager
I/SystemServer( 304): Activity Manager
I/ActivityManager( 304): Memory class: 48
I/SystemServer( 304): Telephony Registry
I/ActivityManager( 304): Enabled StrictMode logging for AThread's Looper
I/SystemServer( 304): Scheduling Policy
I/SystemServer( 304): Package Manager
I/PackageManager( 304): No settings file; creating initial state
I/Installer( 304): connecting... --------- beginning of /dev/log/main
D/dalvikvm( 325): DexOpt: 'Lconcierge/org/apache/commons/io/filefilter/MagicNumberFileFilter;' has an earlier definition; blocking out
D/dalvikvm( 325): DexOpt: 'Lconcierge/org/apache/commons/io/filefilter/NameFileFilter;' has an earlier definition; blocking out
D/dalvikvm( 325): DexOpt: 'Lconcierge/org/apache/commons/io/filefilter/NotFileFilter;' has an earlier definition; blocking out
D/dalvikvm( 325): DexOpt: 'Lconcierge/org/apache/commons/io/filefilter/OrFileFilter;' has an earlier definition; blocking out
D/dalvikvm( 325): DexOpt: 'Lconcierge/org/apache/commons/io/filefilter/PrefixFileFilter;' has an earlier definition; blocking out
D/dalvikvm( 325): DexOpt: 'Lconcierge/org/apache/commons/io/filefilter/RegexFileFilter;' has an earlier definition; blocking out
D/dalvikvm( 325): DexOpt: 'Lconcierge/org/apache/commons/io/filefilter/SizeFileFilter;' has an earlier definition; blocking out
D/dalvikvm( 325): DexOpt: 'Lconcierge/org/apache/commons/io/filefilter/SuffixFileFilter;' has an earlier definition; blocking out
D/dalvikvm( 325): DexOpt: 'Lconcierge/org/apache/commons/io/filefilter/TrueFileFilter;' has an earlier definition; blocking out
D/dalvikvm( 325): DexOpt: 'Lconcierge/org/apache/commons/io/filefilter/WildcardFileFilter;' has an earlier definition; blocking out
D/dalvikvm( 325): DexOpt: 'Lconcierge/org/apache/commons/io/filefilter/WildcardFilter;' has an earlier definition; blocking out
D/dalvikvm( 325): DexOpt: 'Lconcierge/org/apache/commons/io/input/ProxyInputStream;' has an earlier definition; blocking out
D/dalvikvm( 325): DexOpt: 'Lconcierge/org/apache/commons/io/input/AutoCloseInputStream;' has an earlier definition; blocking out
D/dalvikvm( 325): DexOpt: 'Lconcierge/org/apache/commons/io/input/BOMInputStream;' has an earlier definition; blocking out
D/dalvikvm( 325): DexOpt: 'Lconcierge/org/apache/commons/io/input/BoundedInputStream;' has an earlier definition; blocking out
D/dalvikvm( 325): DexOpt: 'Lconcierge/org/apache/commons/io/input/BrokenInputStream;' has an earlier definition; blocking out
D/dalvikvm( 325): DexOpt: 'Lconcierge/org/apache/commons/io/input/CharSequenceReader;' has an earlier definition; blocking out
D/dalvikvm( 325): DexOpt: 'Lconcierge/org/apache/commons/io/input/ClassLoaderObjectInputStream;' has an earlier definition; blocking out
D/dalvikvm( 325): DexOpt: 'Lconcierge/org/apache/commons/io/input/CloseShieldInputStream;' has an earlier definition; blocking out
D/dalvikvm( 325): DexOpt: 'Lconcierge/org/apache/commons/io/input/ClosedInputStream;' has an earlier definition; blocking out
D/dalvikvm( 325): DexOpt: 'Lconcierge/org/apache/commons/io/input/CountingInputStream;' has an earlier definition; blocking out
D/dalvikvm( 325): DexOpt: 'Lconcierge/org/apache/commons/io/input/DemuxInputStream;' has an earlier definition; blocking out
D/dalvikvm( 325): DexOpt: 'Lconcierge/org/apache/commons/io/input/NullInputStream;' has an earlier definition; blocking out
D/dalvikvm( 325): DexOpt: 'Lconcierge/org/apache/commons/io/input/NullReader;' has an earlier definition; blocking out
D/dalvikvm( 325): DexOpt: 'Lconcierge/org/apache/commons/io/input/ProxyReader;' has an earlier definition; blocking out
D/dalvikvm( 325): DexOpt: 'Lconcierge/org/apache/commons/io/input/ReaderInputStream;' has an earlier definition; blocking out
D/dalvikvm( 325): DexOpt: 'Lconcierge/org/apache/commons/io/input/SwappedDataInputStream;' has an earlier definition; blocking out
D/dalvikvm( 325): DexOpt: 'Lconcierge/org/apache/commons/io/input/TaggedInputStream;' has an earlier definition; blocking out
D/dalvikvm( 325): DexOpt: 'Lconcierge/org/apache/commons/io/input/Tailer;' has an earlier definition; blocking out
D/dalvikvm( 325): DexOpt: 'Lconcierge/org/apache/commons/io/input/TailerListener;' has an earlier definition; blocking out
D/dalvikvm( 325): DexOpt: 'Lconcierge/org/apache/commons/io/input/TailerListenerAdapter;' has an earlier definition; blocking out
D/dalvikvm( 325): DexOpt: 'Lconcierge/org/apache/commons/io/input/TeeInputStream;' has an earlier definition; blocking out
D/dalvikvm( 325): DexOpt: 'Lconcierge/org/apache/commons/io/input/XmlStreamReader;' has an earlier definition; blocking out
D/dalvikvm( 325): DexOpt: 'Lconcierge/org/apache/commons/io/input/XmlStreamReaderException;' has an earlier definition; blocking out
D/dalvikvm( 325): DexOpt: 'Lconcierge/org/apache/commons/io/monitor/FileAlterationListener;' has an earlier definition; blocking out
D/dalvikvm( 325): DexOpt: 'Lconcierge/org/apache/commons/io/monitor/FileAlterationListenerAdaptor;' has an earlier definition; blocking out
D/dalvikvm( 325): DexOpt: 'Lconcierge/org/apache/commons/io/monitor/FileAlterationMonitor;' has an earlier definition; blocking out
D/dalvikvm( 325): DexOpt: 'Lconcierge/org/apache/commons/io/monitor/FileAlterationObserver;' has an earlier definition; blocking out
D/dalvikvm( 325): DexOpt: 'Lconcierge/org/apache/commons/io/monitor/FileEntry;' has an earlier definition; blocking out
D/dalvikvm( 325): DexOpt: 'Lconcierge/org/apache/commons/io/output/BrokenOutputStream;' has an earlier definition; blocking out
D/dalvikvm( 325): DexOpt: 'Lconcierge/org/apache/commons/io/output/ByteArrayOutputStream;' has an earlier definition; blocking out
D/dalvikvm( 325): DexOpt: 'Lconcierge/org/apache/commons/io/output/ProxyOutputStream;' has an earlier definition; blocking out
D/dalvikvm( 325): DexOpt: 'Lconcierge/org/apache/commons/io/output/CloseShieldOutputStream;' has an earlier definition; blocking out
D/dalvikvm( 325): DexOpt: 'Lconcierge/org/apache/commons/io/output/ClosedOutputStream;' has an earlier definition; blocking out
D/dalvikvm( 325): DexOpt: 'Lconcierge/org/apache/commons/io/output/CountingOutputStream;' has an earlier definition; blocking out
D/dalvikvm( 325): DexOpt: 'Lconcierge/org/apache/commons/io/output/ThresholdingOutputStream;' has an earlier definition; blocking out
D/dalvikvm( 325): DexOpt: 'Lconcierge/org/apache/commons/io/output/DeferredFileOutputStream;' has an earlier definition; blocking out
