E/ASFDummyExtractor( 120): isASFParserAvailable
W/ASFDummyExtractor( 120): ASF parser is not available
E/WVMExtractor( 120): Failed to open libwvm.so
E/MetadataRetrieverClient( 120): failed to extract an album art
I/ActivityThread( 1014): Pub com.android.calendar.CalendarRecentSuggestionsProvider: com.android.calendar.CalendarRecentSuggestionsProvider
D/AlertReceiver( 1014): onReceive: a=android.intent.action.PROVIDER_CHANGED Intent { act=android.intent.action.PROVIDER_CHANGED dat=content://com.android.calendar flg=0x10 cmp=com.android.calendar/.alerts.AlertReceiver }
D/AlertService( 1014): 0 Action = android.intent.action.PROVIDER_CHANGED
D/AlertService( 1014): Beginning updateAlertNotification
D/AlertService( 1014): No fired or scheduled alerts
E/ASFDummyExtractor( 120): isASFParserAvailable
W/ASFDummyExtractor( 120): ASF parser is not available
W/BackupManagerService( 304): dataChanged but no participant pkg='com.android.providers.settings' uid=10025
D/PowerManagerService( 304): Hardbg: updateWakeLockLocked mStayOnConditions,mStayOnConditions:1isPowered:false
E/WVMExtractor( 120): Failed to open libwvm.so
E/ASFDummyExtractor( 120): isASFParserAvailable
W/ASFDummyExtractor( 120): ASF parser is not available
E/WVMExtractor( 120): Failed to open libwvm.so
E/ASFDummyExtractor( 120): isASFParserAvailable
W/ASFDummyExtractor( 120): ASF parser is not available
E/WVMExtractor( 120): Failed to open libwvm.so
E/ASFDummyExtractor( 120): isASFParserAvailable
W/ASFDummyExtractor( 120): ASF parser is not available
E/WVMExtractor( 120): Failed to open libwvm.so
E/ASFDummyExtractor( 120): isASFParserAvailable
W/ASFDummyExtractor( 120): ASF parser is not available
E/WVMExtractor( 120): Failed to open libwvm.so
E/ASFDummyExtractor( 120): isASFParserAvailable
W/ASFDummyExtractor( 120): ASF parser is not available
E/WVMExtractor( 120): Failed to open libwvm.so
E/ASFDummyExtractor( 120): isASFParserAvailable
W/ASFDummyExtractor( 120): ASF parser is not available
E/WVMExtractor( 120): Failed to open libwvm.so
E/ASFDummyExtractor( 120): isASFParserAvailable
W/ASFDummyExtractor( 120): ASF parser is not available
E/WVMExtractor( 120): Failed to open libwvm.so
E/ASFDummyExtractor( 120): isASFParserAvailable
W/ASFDummyExtractor( 120): ASF parser is not available
E/WVMExtractor( 120): Failed to open libwvm.so
I/Email ( 910): Onetime initialization: completed.
D/ExchangeService( 891): !!! EAS ExchangeService, onStartCommand, startingUp = true, running = false
E/ASFDummyExtractor( 120): isASFParserAvailable
W/ASFDummyExtractor( 120): ASF parser is not available
E/WVMExtractor( 120): Failed to open libwvm.so
E/ASFDummyExtractor( 120): isASFParserAvailable
W/ASFDummyExtractor( 120): ASF parser is not available
E/WVMExtractor( 120): Failed to open libwvm.so
E/ASFDummyExtractor( 120): isASFParserAvailable
W/ASFDummyExtractor( 120): ASF parser is not available
E/WVMExtractor( 120): Failed to open libwvm.so
E/ASFDummyExtractor( 120): isASFParserAvailable
W/ASFDummyExtractor( 120): ASF parser is not available
E/WVMExtractor( 120): Failed to open libwvm.so
D/dalvikvm( 628): GC_CONCURRENT freed 251K, 5% free 8525K/8903K, paused 12ms+2ms, total 23ms
E/ASFDummyExtractor( 120): isASFParserAvailable
W/ASFDummyExtractor( 120): ASF parser is not available
E/WVMExtractor( 120): Failed to open libwvm.so
E/ASFDummyExtractor( 120): isASFParserAvailable
W/ASFDummyExtractor( 120): ASF parser is not available
E/WVMExtractor( 120): Failed to open libwvm.so
E/ASFDummyExtractor( 120): isASFParserAvailable
W/ASFDummyExtractor( 120): ASF parser is not available
E/WVMExtractor( 120): Failed to open libwvm.so
E/ASFDummyExtractor( 120): isASFParserAvailable
W/ASFDummyExtractor( 120): ASF parser is not available
E/WVMExtractor( 120): Failed to open libwvm.so
E/ASFDummyExtractor( 120): isASFParserAvailable
W/ASFDummyExtractor( 120): ASF parser is not available
E/WVMExtractor( 120): Failed to open libwvm.so
E/ASFDummyExtractor( 120): isASFParserAvailable
W/ASFDummyExtractor( 120): ASF parser is not available
E/WVMExtractor( 120): Failed to open libwvm.so
E/ASFDummyExtractor( 120): isASFParserAvailable
W/ASFDummyExtractor( 120): ASF parser is not available
E/WVMExtractor( 120): Failed to open libwvm.so
E/ASFDummyExtractor( 120): isASFParserAvailable
W/ASFDummyExtractor( 120): ASF parser is not available
E/WVMExtractor( 120): Failed to open libwvm.so
E/ASFDummyExtractor( 120): isASFParserAvailable
W/ASFDummyExtractor( 120): ASF parser is not available
E/WVMExtractor( 120): Failed to open libwvm.so
E/ASFDummyExtractor( 120): isASFParserAvailable
W/ASFDummyExtractor( 120): ASF parser is not available
E/WVMExtractor( 120): Failed to open libwvm.so
I/LocationManagerService( 304): request passive (pid 304) 0 0
E/ASFDummyExtractor( 120): isASFParserAvailable
W/ASFDummyExtractor( 120): ASF parser is not available
E/WVMExtractor( 120): Failed to open libwvm.so
E/ASFDummyExtractor( 120): isASFParserAvailable
W/ASFDummyExtractor( 120): ASF parser is not available
E/WVMExtractor( 120): Failed to open libwvm.so
E/ASFDummyExtractor( 120): isASFParserAvailable
W/ASFDummyExtractor( 120): ASF parser is not available
E/WVMExtractor( 120): Failed to open libwvm.so
E/ASFDummyExtractor( 120): isASFParserAvailable
W/ASFDummyExtractor( 120): ASF parser is not available
E/WVMExtractor( 120): Failed to open libwvm.so
E/ASFDummyExtractor( 120): isASFParserAvailable
W/ASFDummyExtractor( 120): ASF parser is not available
E/WVMExtractor( 120): Failed to open libwvm.so
E/ASFDummyExtractor( 120): isASFParserAvailable
W/ASFDummyExtractor( 120): ASF parser is not available
E/WVMExtractor( 120): Failed to open libwvm.so
E/ASFDummyExtractor( 120): isASFParserAvailable
W/ASFDummyExtractor( 120): ASF parser is not available
E/WVMExtractor( 120): Failed to open libwvm.so
E/ASFDummyExtractor( 120): isASFParserAvailable
W/ASFDummyExtractor( 120): ASF parser is not available
E/WVMExtractor( 120): Failed to open libwvm.so
E/ASFDummyExtractor( 120): isASFParserAvailable
W/ASFDummyExtractor( 120): ASF parser is not available
E/WVMExtractor( 120): Failed to open libwvm.so
E/ASFDummyExtractor( 120): isASFParserAvailable
W/ASFDummyExtractor( 120): ASF parser is not available
E/WVMExtractor( 120): Failed to open libwvm.so
E/ASFDummyExtractor( 120): isASFParserAvailable
W/ASFDummyExtractor( 120): ASF parser is not available
E/WVMExtractor( 120): Failed to open libwvm.so
E/ASFDummyExtractor( 120): isASFParserAvailable
W/ASFDummyExtractor( 120): ASF parser is not available
E/WVMExtractor( 120): Failed to open libwvm.so
E/ASFDummyExtractor( 120): isASFParserAvailable
W/ASFDummyExtractor( 120): ASF parser is not available
E/WVMExtractor( 120): Failed to open libwvm.so
E/ASFDummyExtractor( 120): isASFParserAvailable
W/ASFDummyExtractor( 120): ASF parser is not available
E/WVMExtractor( 120): Failed to open libwvm.so
E/ASFDummyExtractor( 120): isASFParserAvailable
W/ASFDummyExtractor( 120): ASF parser is not available
E/WVMExtractor( 120): Failed to open libwvm.so
E/ASFDummyExtractor( 120): isASFParserAvailable
W/ASFDummyExtractor( 120): ASF parser is not available
E/WVMExtractor( 120): Failed to open libwvm.so
E/ASFDummyExtractor( 120): isASFParserAvailable
W/ASFDummyExtractor( 120): ASF parser is not available
E/WVMExtractor( 120): Failed to open libwvm.so
E/ASFDummyExtractor( 120): isASFParserAvailable
W/ASFDummyExtractor( 120): ASF parser is not available
E/WVMExtractor( 120): Failed to open libwvm.so
E/ASFDummyExtractor( 120): isASFParserAvailable
W/ASFDummyExtractor( 120): ASF parser is not available
E/WVMExtractor( 120): Failed to open libwvm.so
E/ASFDummyExtractor( 120): isASFParserAvailable
W/ASFDummyExtractor( 120): ASF parser is not available
E/WVMExtractor( 120): Failed to open libwvm.so
E/ASFDummyExtractor( 120): isASFParserAvailable
W/ASFDummyExtractor( 120): ASF parser is not available
E/WVMExtractor( 120): Failed to open libwvm.so
E/ASFDummyExtractor( 120): isASFParserAvailable
W/ASFDummyExtractor( 120): ASF parser is not available
E/WVMExtractor( 120): Failed to open libwvm.so
E/ASFDummyExtractor( 120): isASFParserAvailable
W/ASFDummyExtractor( 120): ASF parser is not available
E/WVMExtractor( 120): Failed to open libwvm.so
E/ASFDummyExtractor( 120): isASFParserAvailable
W/ASFDummyExtractor( 120): ASF parser is not available
E/WVMExtractor( 120): Failed to open libwvm.so
E/ASFDummyExtractor( 120): isASFParserAvailable
W/ASFDummyExtractor( 120): ASF parser is not available
E/WVMExtractor( 120): Failed to open libwvm.so
E/ASFDummyExtractor( 120): isASFParserAvailable
W/ASFDummyExtractor( 120): ASF parser is not available
E/WVMExtractor( 120): Failed to open libwvm.so
E/ASFDummyExtractor( 120): isASFParserAvailable
W/ASFDummyExtractor( 120): ASF parser is not available
E/WVMExtractor( 120): Failed to open libwvm.so
E/ASFDummyExtractor( 120): isASFParserAvailable
W/ASFDummyExtractor( 120): ASF parser is not available
E/WVMExtractor( 120): Failed to open libwvm.so
E/ASFDummyExtractor( 120): isASFParserAvailable
W/ASFDummyExtractor( 120): ASF parser is not available
E/WVMExtractor( 120): Failed to open libwvm.so
E/ASFDummyExtractor( 120): isASFParserAvailable
W/ASFDummyExtractor( 120): ASF parser is not available
E/WVMExtractor( 120): Failed to open libwvm.so
E/ASFDummyExtractor( 120): isASFParserAvailable
W/ASFDummyExtractor( 120): ASF parser is not available
E/WVMExtractor( 120): Failed to open libwvm.so
E/ASFDummyExtractor( 120): isASFParserAvailable
W/ASFDummyExtractor( 120): ASF parser is not available
E/WVMExtractor( 120): Failed to open libwvm.so
E/ASFDummyExtractor( 120): isASFParserAvailable
W/ASFDummyExtractor( 120): ASF parser is not available
E/WVMExtractor( 120): Failed to open libwvm.so
E/ASFDummyExtractor( 120): isASFParserAvailable
W/ASFDummyExtractor( 120): ASF parser is not available
E/WVMExtractor( 120): Failed to open libwvm.so
E/ASFDummyExtractor( 120): isASFParserAvailable
W/ASFDummyExtractor( 120): ASF parser is not available
E/WVMExtractor( 120): Failed to open libwvm.so
E/ASFDummyExtractor( 120): isASFParserAvailable
W/ASFDummyExtractor( 120): ASF parser is not available
E/WVMExtractor( 120): Failed to open libwvm.so
E/MetadataRetrieverClient( 120): failed to extract an album art
W/BackupManagerService( 304): dataChanged but no participant pkg='com.android.providers.settings' uid=10025
D/PowerManagerService( 304): Hardbg: updateWakeLockLocked mStayOnConditions,mStayOnConditions:1isPowered:false
E/ASFDummyExtractor( 120): isASFParserAvailable
W/ASFDummyExtractor( 120): ASF parser is not available
E/WVMExtractor( 120): Failed to open libwvm.so
D/dalvikvm( 304): GC_CONCURRENT freed 621K, 15% free 10624K/12423K, paused 1ms+2ms, total 27ms
E/ASFDummyExtractor( 120): isASFParserAvailable
W/ASFDummyExtractor( 120): ASF parser is not available
E/WVMExtractor( 120): Failed to open libwvm.so
E/ASFDummyExtractor( 120): isASFParserAvailable
W/ASFDummyExtractor( 120): ASF parser is not available
E/WVMExtractor( 120): Failed to open libwvm.so
E/ASFDummyExtractor( 120): isASFParserAvailable
W/ASFDummyExtractor( 120): ASF parser is not available
E/WVMExtractor( 120): Failed to open libwvm.so
E/ASFDummyExtractor( 120): isASFParserAvailable
W/ASFDummyExtractor( 120): ASF parser is not available
E/WVMExtractor( 120): Failed to open libwvm.so
E/ASFDummyExtractor( 120): isASFParserAvailable
W/ASFDummyExtractor( 120): ASF parser is not available
E/WVMExtractor( 120): Failed to open libwvm.so
E/ASFDummyExtractor( 120): isASFParserAvailable
W/ASFDummyExtractor( 120): ASF parser is not available
E/WVMExtractor( 120): Failed to open libwvm.so
E/ASFDummyExtractor( 120): isASFParserAvailable
W/ASFDummyExtractor( 120): ASF parser is not available
E/WVMExtractor( 120): Failed to open libwvm.so
E/ASFDummyExtractor( 120): isASFParserAvailable
W/ASFDummyExtractor( 120): ASF parser is not available
E/WVMExtractor( 120): Failed to open libwvm.so
E/ASFDummyExtractor( 120): isASFParserAvailable
W/ASFDummyExtractor( 120): ASF parser is not available
E/WVMExtractor( 120): Failed to open libwvm.so
D/dalvikvm( 304): WAIT_FOR_CONCURRENT_GC blocked 0ms
D/dalvikvm( 304): GC_EXPLICIT freed 25K, 15% free 10610K/12423K, paused 1ms+3ms, total 30ms
E/ASFDummyExtractor( 120): isASFParserAvailable
W/ASFDummyExtractor( 120): ASF parser is not available
E/WVMExtractor( 120): Failed to open libwvm.so
E/ASFDummyExtractor( 120): isASFParserAvailable
W/ASFDummyExtractor( 120): ASF parser is not available
E/WVMExtractor( 120): Failed to open libwvm.so
E/ASFDummyExtractor( 120): isASFParserAvailable
W/ASFDummyExtractor( 120): ASF parser is not available
E/WVMExtractor( 120): Failed to open libwvm.so
E/ASFDummyExtractor( 120): isASFParserAvailable
W/ASFDummyExtractor( 120): ASF parser is not available
E/WVMExtractor( 120): Failed to open libwvm.so
E/ASFDummyExtractor( 120): isASFParserAvailable
W/ASFDummyExtractor( 120): ASF parser is not available
E/WVMExtractor( 120): Failed to open libwvm.so
E/ASFDummyExtractor( 120): isASFParserAvailable
W/ASFDummyExtractor( 120): ASF parser is not available
E/WVMExtractor( 120): Failed to open libwvm.so
E/ASFDummyExtractor( 120): isASFParserAvailable
W/ASFDummyExtractor( 120): ASF parser is not available
E/WVMExtractor( 120): Failed to open libwvm.so
E/ASFDummyExtractor( 120): isASFParserAvailable
W/ASFDummyExtractor( 120): ASF parser is not available
E/WVMExtractor( 120): Failed to open libwvm.so
E/ASFDummyExtractor( 120): isASFParserAvailable
W/ASFDummyExtractor( 120): ASF parser is not available
E/WVMExtractor( 120): Failed to open libwvm.so
E/ASFDummyExtractor( 120): isASFParserAvailable
W/ASFDummyExtractor( 120): ASF parser is not available
E/WVMExtractor( 120): Failed to open libwvm.so
E/ASFDummyExtractor( 120): isASFParserAvailable
W/ASFDummyExtractor( 120): ASF parser is not available
E/WVMExtractor( 120): Failed to open libwvm.so
E/ASFDummyExtractor( 120): isASFParserAvailable
W/ASFDummyExtractor( 120): ASF parser is not available
E/WVMExtractor( 120): Failed to open libwvm.so
E/ASFDummyExtractor( 120): isASFParserAvailable
W/ASFDummyExtractor( 120): ASF parser is not available
E/WVMExtractor( 120): Failed to open libwvm.so
D/dalvikvm( 628): GC_CONCURRENT freed 325K, 5% free 8646K/9095K, paused 1ms+1ms, total 14ms
E/ASFDummyExtractor( 120): isASFParserAvailable
W/ASFDummyExtractor( 120): ASF parser is not available
E/WVMExtractor( 120): Failed to open libwvm.so
E/ASFDummyExtractor( 120): isASFParserAvailable
W/ASFDummyExtractor( 120): ASF parser is not available
E/WVMExtractor( 120): Failed to open libwvm.so
E/ASFDummyExtractor( 120): isASFParserAvailable
W/ASFDummyExtractor( 120): ASF parser is not available
E/WVMExtractor( 120): Failed to open libwvm.so
E/ASFDummyExtractor( 120): isASFParserAvailable
W/ASFDummyExtractor( 120): ASF parser is not available
E/WVMExtractor( 120): Failed to open libwvm.so
E/ASFDummyExtractor( 120): isASFParserAvailable
W/ASFDummyExtractor( 120): ASF parser is not available
E/WVMExtractor( 120): Failed to open libwvm.so
E/ASFDummyExtractor( 120): isASFParserAvailable
W/ASFDummyExtractor( 120): ASF parser is not available
E/WVMExtractor( 120): Failed to open libwvm.so
E/ASFDummyExtractor( 120): isASFParserAvailable
W/ASFDummyExtractor( 120): ASF parser is not available
E/WVMExtractor( 120): Failed to open libwvm.so
E/ASFDummyExtractor( 120): isASFParserAvailable
W/ASFDummyExtractor( 120): ASF parser is not available
E/WVMExtractor( 120): Failed to open libwvm.so
E/ASFDummyExtractor( 120): isASFParserAvailable
W/ASFDummyExtractor( 120): ASF parser is not available
E/WVMExtractor( 120): Failed to open libwvm.so
E/ASFDummyExtractor( 120): isASFParserAvailable
W/ASFDummyExtractor( 120): ASF parser is not available
E/WVMExtractor( 120): Failed to open libwvm.so
E/ASFDummyExtractor( 120): isASFParserAvailable
W/ASFDummyExtractor( 120): ASF parser is not available
E/WVMExtractor( 120): Failed to open libwvm.so
E/ASFDummyExtractor( 120): isASFParserAvailable
W/ASFDummyExtractor( 120): ASF parser is not available
E/WVMExtractor( 120): Failed to open libwvm.so
E/ASFDummyExtractor( 120): isASFParserAvailable
W/ASFDummyExtractor( 120): ASF parser is not available
E/WVMExtractor( 120): Failed to open libwvm.so
E/ASFDummyExtractor( 120): isASFParserAvailable
W/ASFDummyExtractor( 120): ASF parser is not available
E/WVMExtractor( 120): Failed to open libwvm.so
E/ASFDummyExtractor( 120): isASFParserAvailable
W/ASFDummyExtractor( 120): ASF parser is not available
E/WVMExtractor( 120): Failed to open libwvm.so
E/ASFDummyExtractor( 120): isASFParserAvailable
W/ASFDummyExtractor( 120): ASF parser is not available
E/WVMExtractor( 120): Failed to open libwvm.so
E/ASFDummyExtractor( 120): isASFParserAvailable
W/ASFDummyExtractor( 120): ASF parser is not available
E/WVMExtractor( 120): Failed to open libwvm.so
E/ASFDummyExtractor( 120): isASFParserAvailable
W/ASFDummyExtractor( 120): ASF parser is not available
E/WVMExtractor( 120): Failed to open libwvm.so
E/ASFDummyExtractor( 120): isASFParserAvailable
W/ASFDummyExtractor( 120): ASF parser is not available
E/WVMExtractor( 120): Failed to open libwvm.so
E/ASFDummyExtractor( 120): isASFParserAvailable
W/ASFDummyExtractor( 120): ASF parser is not available
E/WVMExtractor( 120): Failed to open libwvm.so
E/ASFDummyExtractor( 120): isASFParserAvailable
W/ASFDummyExtractor( 120): ASF parser is not available
E/WVMExtractor( 120): Failed to open libwvm.so
E/ASFDummyExtractor( 120): isASFParserAvailable
W/ASFDummyExtractor( 120): ASF parser is not available
E/WVMExtractor( 120): Failed to open libwvm.so
E/ASFDummyExtractor( 120): isASFParserAvailable
W/ASFDummyExtractor( 120): ASF parser is not available
E/WVMExtractor( 120): Failed to open libwvm.so
E/ASFDummyExtractor( 120): isASFParserAvailable
W/ASFDummyExtractor( 120): ASF parser is not available
E/WVMExtractor( 120): Failed to open libwvm.so
E/ASFDummyExtractor( 120): isASFParserAvailable
W/ASFDummyExtractor( 120): ASF parser is not available
E/WVMExtractor( 120): Failed to open libwvm.so
E/ASFDummyExtractor( 120): isASFParserAvailable
W/ASFDummyExtractor( 120): ASF parser is not available
E/WVMExtractor( 120): Failed to open libwvm.so
E/ASFDummyExtractor( 120): isASFParserAvailable
W/ASFDummyExtractor( 120): ASF parser is not available
E/WVMExtractor( 120): Failed to open libwvm.so
E/ASFDummyExtractor( 120): isASFParserAvailable
W/ASFDummyExtractor( 120): ASF parser is not available
E/WVMExtractor( 120): Failed to open libwvm.so
E/ASFDummyExtractor( 120): isASFParserAvailable
W/ASFDummyExtractor( 120): ASF parser is not available
E/WVMExtractor( 120): Failed to open libwvm.so
E/ASFDummyExtractor( 120): isASFParserAvailable
W/ASFDummyExtractor( 120): ASF parser is not available
E/WVMExtractor( 120): Failed to open libwvm.so
E/ASFDummyExtractor( 120): isASFParserAvailable
W/ASFDummyExtractor( 120): ASF parser is not available
E/WVMExtractor( 120): Failed to open libwvm.so
E/ASFDummyExtractor( 120): isASFParserAvailable
W/ASFDummyExtractor( 120): ASF parser is not available
E/WVMExtractor( 120): Failed to open libwvm.so
E/ASFDummyExtractor( 120): isASFParserAvailable
W/ASFDummyExtractor( 120): ASF parser is not available
E/WVMExtractor( 120): Failed to open libwvm.so
E/ASFDummyExtractor( 120): isASFParserAvailable
W/ASFDummyExtractor( 120): ASF parser is not available
E/WVMExtractor( 120): Failed to open libwvm.so
E/ASFDummyExtractor( 120): isASFParserAvailable
W/ASFDummyExtractor( 120): ASF parser is not available
E/WVMExtractor( 120): Failed to open libwvm.so
E/ASFDummyExtractor( 120): isASFParserAvailable
W/ASFDummyExtractor( 120): ASF parser is not available
E/WVMExtractor( 120): Failed to open libwvm.so
E/ASFDummyExtractor( 120): isASFParserAvailable
W/ASFDummyExtractor( 120): ASF parser is not available
E/WVMExtractor( 120): Failed to open libwvm.so
E/ASFDummyExtractor( 120): isASFParserAvailable
W/ASFDummyExtractor( 120): ASF parser is not available
E/WVMExtractor( 120): Failed to open libwvm.so
E/ASFDummyExtractor( 120): isASFParserAvailable
W/ASFDummyExtractor( 120): ASF parser is not available
E/WVMExtractor( 120): Failed to open libwvm.so
E/ASFDummyExtractor( 120): isASFParserAvailable
W/ASFDummyExtractor( 120): ASF parser is not available
E/WVMExtractor( 120): Failed to open libwvm.so
E/ASFDummyExtractor( 120): isASFParserAvailable
W/ASFDummyExtractor( 120): ASF parser is not available
E/WVMExtractor( 120): Failed to open libwvm.so
E/ASFDummyExtractor( 120): isASFParserAvailable
W/ASFDummyExtractor( 120): ASF parser is not available
E/WVMExtractor( 120): Failed to open libwvm.so
E/ASFDummyExtractor( 120): isASFParserAvailable
W/ASFDummyExtractor( 120): ASF parser is not available
E/WVMExtractor( 120): Failed to open libwvm.so
E/ASFDummyExtractor( 120): isASFParserAvailable
W/ASFDummyExtractor( 120): ASF parser is not available
E/WVMExtractor( 120): Failed to open libwvm.so
E/ASFDummyExtractor( 120): isASFParserAvailable
W/ASFDummyExtractor( 120): ASF parser is not available
E/WVMExtractor( 120): Failed to open libwvm.so
E/ASFDummyExtractor( 120): isASFParserAvailable
W/ASFDummyExtractor( 120): ASF parser is not available
E/WVMExtractor( 120): Failed to open libwvm.so
E/ASFDummyExtractor( 120): isASFParserAvailable
W/ASFDummyExtractor( 120): ASF parser is not available
E/WVMExtractor( 120): Failed to open libwvm.so
E/ASFDummyExtractor( 120): isASFParserAvailable
W/ASFDummyExtractor( 120): ASF parser is not available
E/WVMExtractor( 120): Failed to open libwvm.so
E/ASFDummyExtractor( 120): isASFParserAvailable
W/ASFDummyExtractor( 120): ASF parser is not available
E/WVMExtractor( 120): Failed to open libwvm.so
E/ASFDummyExtractor( 120): isASFParserAvailable
W/ASFDummyExtractor( 120): ASF parser is not available
E/WVMExtractor( 120): Failed to open libwvm.so
E/ASFDummyExtractor( 120): isASFParserAvailable
W/ASFDummyExtractor( 120): ASF parser is not available
E/WVMExtractor( 120): Failed to open libwvm.so
E/ASFDummyExtractor( 120): isASFParserAvailable
W/ASFDummyExtractor( 120): ASF parser is not available
E/WVMExtractor( 120): Failed to open libwvm.so
E/ASFDummyExtractor( 120): isASFParserAvailable
W/ASFDummyExtractor( 120): ASF parser is not available
E/WVMExtractor( 120): Failed to open libwvm.so
E/ASFDummyExtractor( 120): isASFParserAvailable
W/ASFDummyExtractor( 120): ASF parser is not available
E/WVMExtractor( 120): Failed to open libwvm.so
E/ASFDummyExtractor( 120): isASFParserAvailable
W/ASFDummyExtractor( 120): ASF parser is not available
E/WVMExtractor( 120): Failed to open libwvm.so
E/ASFDummyExtractor( 120): isASFParserAvailable
W/ASFDummyExtractor( 120): ASF parser is not available
E/WVMExtractor( 120): Failed to open libwvm.so
E/MetadataRetrieverClient( 120): failed to extract an album art
W/BackupManagerService( 304): dataChanged but no participant pkg='com.android.providers.settings' uid=10025
E/ASFDummyExtractor( 120): isASFParserAvailable
W/ASFDummyExtractor( 120): ASF parser is not available
D/PowerManagerService( 304): Hardbg: updateWakeLockLocked mStayOnConditions,mStayOnConditions:1isPowered:false
E/WVMExtractor( 120): Failed to open libwvm.so
D/dalvikvm( 628): GC_CONCURRENT freed 330K, 6% free 8700K/9159K, paused 11ms+2ms, total 23ms
E/ASFDummyExtractor( 120): isASFParserAvailable
W/ASFDummyExtractor( 120): ASF parser is not available
E/WVMExtractor( 120): Failed to open libwvm.so
E/ASFDummyExtractor( 120): isASFParserAvailable
W/ASFDummyExtractor( 120): ASF parser is not available
E/WVMExtractor( 120): Failed to open libwvm.so
E/ASFDummyExtractor( 120): isASFParserAvailable
W/ASFDummyExtractor( 120): ASF parser is not available
E/WVMExtractor( 120): Failed to open libwvm.so
E/ASFDummyExtractor( 120): isASFParserAvailable
W/ASFDummyExtractor( 120): ASF parser is not available
E/WVMExtractor( 120): Failed to open libwvm.so
E/ASFDummyExtractor( 120): isASFParserAvailable
W/ASFDummyExtractor( 120): ASF parser is not available
E/WVMExtractor( 120): Failed to open libwvm.so
E/ASFDummyExtractor( 120): isASFParserAvailable
W/ASFDummyExtractor( 120): ASF parser is not available
E/WVMExtractor( 120): Failed to open libwvm.so
E/ASFDummyExtractor( 120): isASFParserAvailable
W/ASFDummyExtractor( 120): ASF parser is not available
E/WVMExtractor( 120): Failed to open libwvm.so
E/ASFDummyExtractor( 120): isASFParserAvailable
W/ASFDummyExtractor( 120): ASF parser is not available
E/WVMExtractor( 120): Failed to open libwvm.so
E/ASFDummyExtractor( 120): isASFParserAvailable
W/ASFDummyExtractor( 120): ASF parser is not available
E/WVMExtractor( 120): Failed to open libwvm.so
E/ASFDummyExtractor( 120): isASFParserAvailable
W/ASFDummyExtractor( 120): ASF parser is not available
E/WVMExtractor( 120): Failed to open libwvm.so
E/ASFDummyExtractor( 120): isASFParserAvailable
W/ASFDummyExtractor( 120): ASF parser is not available
E/WVMExtractor( 120): Failed to open libwvm.so
E/ASFDummyExtractor( 120): isASFParserAvailable
W/ASFDummyExtractor( 120): ASF parser is not available
E/WVMExtractor( 120): Failed to open libwvm.so
E/ASFDummyExtractor( 120): isASFParserAvailable
W/ASFDummyExtractor( 120): ASF parser is not available
E/WVMExtractor( 120): Failed to open libwvm.so
E/ASFDummyExtractor( 120): isASFParserAvailable
W/ASFDummyExtractor( 120): ASF parser is not available
E/WVMExtractor( 120): Failed to open libwvm.so
E/ASFDummyExtractor( 120): isASFParserAvailable
W/ASFDummyExtractor( 120): ASF parser is not available
E/WVMExtractor( 120): Failed to open libwvm.so
E/ASFDummyExtractor( 120): isASFParserAvailable
W/ASFDummyExtractor( 120): ASF parser is not available
E/WVMExtractor( 120): Failed to open libwvm.so
E/ASFDummyExtractor( 120): isASFParserAvailable
W/ASFDummyExtractor( 120): ASF parser is not available
E/WVMExtractor( 120): Failed to open libwvm.so
E/ASFDummyExtractor( 120): isASFParserAvailable
W/ASFDummyExtractor( 120): ASF parser is not available
E/WVMExtractor( 120): Failed to open libwvm.so
E/ASFDummyExtractor( 120): isASFParserAvailable
W/ASFDummyExtractor( 120): ASF parser is not available
E/WVMExtractor( 120): Failed to open libwvm.so
D/dalvikvm( 628): WAIT_FOR_CONCURRENT_GC blocked 0ms
D/dalvikvm( 628): GC_EXPLICIT freed 159K, 6% free 8663K/9159K, paused 1ms+2ms, total 18ms
E/ASFDummyExtractor( 120): isASFParserAvailable
W/ASFDummyExtractor( 120): ASF parser is not available
E/WVMExtractor( 120): Failed to open libwvm.so
E/ASFDummyExtractor( 120): isASFParserAvailable
W/ASFDummyExtractor( 120): ASF parser is not available
E/WVMExtractor( 120): Failed to open libwvm.so
E/ASFDummyExtractor( 120): isASFParserAvailable
W/ASFDummyExtractor( 120): ASF parser is not available
E/WVMExtractor( 120): Failed to open libwvm.so
E/ASFDummyExtractor( 120): isASFParserAvailable
W/ASFDummyExtractor( 120): ASF parser is not available
E/WVMExtractor( 120): Failed to open libwvm.so
E/ASFDummyExtractor( 120): isASFParserAvailable
W/ASFDummyExtractor( 120): ASF parser is not available
E/WVMExtractor( 120): Failed to open libwvm.so
E/ASFDummyExtractor( 120): isASFParserAvailable
W/ASFDummyExtractor( 120): ASF parser is not available
E/WVMExtractor( 120): Failed to open libwvm.so
E/ASFDummyExtractor( 120): isASFParserAvailable
W/ASFDummyExtractor( 120): ASF parser is not available
E/WVMExtractor( 120): Failed to open libwvm.so
E/ASFDummyExtractor( 120): isASFParserAvailable
W/ASFDummyExtractor( 120): ASF parser is not available
E/WVMExtractor( 120): Failed to open libwvm.so
E/ASFDummyExtractor( 120): isASFParserAvailable
W/ASFDummyExtractor( 120): ASF parser is not available
E/WVMExtractor( 120): Failed to open libwvm.so
E/ASFDummyExtractor( 120): isASFParserAvailable
W/ASFDummyExtractor( 120): ASF parser is not available
E/WVMExtractor( 120): Failed to open libwvm.so
E/ASFDummyExtractor( 120): isASFParserAvailable
W/ASFDummyExtractor( 120): ASF parser is not available
E/WVMExtractor( 120): Failed to open libwvm.so
D/dalvikvm( 304): WAIT_FOR_CONCURRENT_GC blocked 0ms
D/dalvikvm( 304): GC_EXPLICIT freed 113K, 15% free 10619K/12423K, paused 1ms+2ms, total 32ms
E/ASFDummyExtractor( 120): isASFParserAvailable
W/ASFDummyExtractor( 120): ASF parser is not available
E/WVMExtractor( 120): Failed to open libwvm.so
E/ASFDummyExtractor( 120): isASFParserAvailable
W/ASFDummyExtractor( 120): ASF parser is not available
E/WVMExtractor( 120): Failed to open libwvm.so
E/ASFDummyExtractor( 120): isASFParserAvailable
W/ASFDummyExtractor( 120): ASF parser is not available
E/WVMExtractor( 120): Failed to open libwvm.so
E/ASFDummyExtractor( 120): isASFParserAvailable
W/ASFDummyExtractor( 120): ASF parser is not available
E/WVMExtractor( 120): Failed to open libwvm.so
E/ASFDummyExtractor( 120): isASFParserAvailable
W/ASFDummyExtractor( 120): ASF parser is not available
E/WVMExtractor( 120): Failed to open libwvm.so
E/ASFDummyExtractor( 120): isASFParserAvailable
W/ASFDummyExtractor( 120): ASF parser is not available
E/WVMExtractor( 120): Failed to open libwvm.so
E/ASFDummyExtractor( 120): isASFParserAvailable
W/ASFDummyExtractor( 120): ASF parser is not available
E/WVMExtractor( 120): Failed to open libwvm.so
E/ASFDummyExtractor( 120): isASFParserAvailable
W/ASFDummyExtractor( 120): ASF parser is not available
E/WVMExtractor( 120): Failed to open libwvm.so
D/dalvikvm( 628): GC_CONCURRENT freed 402K, 6% free 8734K/9223K, paused 1ms+11ms, total 25ms
E/ASFDummyExtractor( 120): isASFParserAvailable
W/ASFDummyExtractor( 120): ASF parser is not available
E/WVMExtractor( 120): Failed to open libwvm.so
E/MetadataRetrieverClient( 120): failed to extract an album art
D/dalvikvm( 628): GC_CONCURRENT freed 491K, 7% free 8713K/9287K, paused 1ms+12ms, total 25ms
E/ASFDummyExtractor( 120): isASFParserAvailable
W/ASFDummyExtractor( 120): ASF parser is not available
E/WVMExtractor( 120): Failed to open libwvm.so
E/MetadataRetrieverClient( 120): failed to extract an album art
D/dalvikvm( 628): GC_CONCURRENT freed 515K, 7% free 8697K/9287K, paused 11ms+1ms, total 25ms
E/ASFDummyExtractor( 120): isASFParserAvailable
W/ASFDummyExtractor( 120): ASF parser is not available
E/WVMExtractor( 120): Failed to open libwvm.so
E/MetadataRetrieverClient( 120): failed to extract an album art
W/MediaScanner( 628): Error opening directory '/storage/sdcard_secure/', skipping: Permission denied.
W/MediaScanner( 628): Error opening directory '/storage/sdcard_ext/', skipping: Permission denied.
W/MediaScanner( 628): Error opening directory '/storage/ext_HSusb1/', skipping: Permission denied.
W/MediaScanner( 628): Error opening directory '/storage/ext_HSusb2/', skipping: Permission denied.
W/MediaScanner( 628): Error opening directory '/storage/ext_HSusb3/', skipping: Permission denied.
W/MediaScanner( 628): Error opening directory '/storage/ext_HSusb4/', skipping: Permission denied.
W/MediaScanner( 628): Error opening directory '/storage/ext_HSusb5/', skipping: Permission denied.
W/MediaScanner( 628): Error opening directory '/storage/ext_HSusb6/', skipping: Permission denied.
W/MediaScanner( 628): Error opening directory '/storage/ext_OTGusb/', skipping: Permission denied.
V/MediaScanner( 628): pruneDeadThumbnailFiles... android.database.sqlite.SQLiteCursor@41d26e08
V/MediaScanner( 628): /pruneDeadThumbnailFiles... android.database.sqlite.SQLiteCursor@41d26e08
I/ActivityManager( 304): No longer want com.android.provision (pid 672): hidden #16
D/PackageManager( 304): generateServicesMap(android.accounts.AccountAuthenticator): 2 services unchanged
D/PackageManager( 304): generateServicesMap(android.content.SyncAdapter): 4 services unchanged
I/InputReader( 304): Reconfiguring input devices. changes=0x00000010
I/InputReader( 304): Reconfiguring input devices. changes=0x00000010
I/InputReader( 304): Reconfiguring input devices. changes=0x00000010
D/PackageManager( 304): generateServicesMap(android.accounts.AccountAuthenticator): 2 services unchanged
I/InputReader( 304): Reconfiguring input devices. changes=0x00000010
D/PackageManager( 304): generateServicesMap(android.content.SyncAdapter): 4 services unchanged
D/PackageManager( 304): generateServicesMap(android.accounts.AccountAuthenticator): 2 services unchanged
D/PackageManager( 304): generateServicesMap(android.content.SyncAdapter): 4 services unchanged
D/dalvikvm( 958): GC_CONCURRENT freed 250K, 5% free 8414K/8775K, paused 12ms+1ms, total 27ms
D/PackageManager( 304): generateServicesMap(android.accounts.AccountAuthenticator): 2 services unchanged
D/PackageManager( 304): generateServicesMap(android.content.SyncAdapter): 4 services unchanged
D/dalvikvm( 652): GC_CONCURRENT freed 364K, 6% free 8671K/9159K, paused 32ms+2ms, total 58ms
D/dalvikvm( 304): GC_CONCURRENT freed 521K, 14% free 10706K/12423K, paused 18ms+4ms, total 62ms
D/dalvikvm( 304): WAIT_FOR_CONCURRENT_GC blocked 37ms
D/dalvikvm( 304): WAIT_FOR_CONCURRENT_GC blocked 39ms
D/dalvikvm( 304): WAIT_FOR_CONCURRENT_GC blocked 40ms
D/dalvikvm( 304): WAIT_FOR_CONCURRENT_GC blocked 36ms
D/dalvikvm( 304): WAIT_FOR_CONCURRENT_GC blocked 26ms
D/dalvikvm( 304): WAIT_FOR_CONCURRENT_GC blocked 19ms
D/dalvikvm( 730): GC_FOR_ALLOC freed 4387K, 19% free 20779K/25351K, paused 19ms, total 19ms
I/ActivityManager( 304): Start proc com.android.quicksearchbox for broadcast com.android.quicksearchbox/.CorporaUpdateReceiver: pid=1048 uid=10053 gids={3003, 1028}
I/ActivityThread( 1048): Pub com.android.quicksearchbox.google: com.android.quicksearchbox.google.GoogleSuggestionProvider
I/ActivityThread( 1048): Pub com.android.quicksearchbox.shortcuts: com.android.quicksearchbox.ShortcutsProvider
I/ActivityManager( 304): No longer want com.ti.bluetooth.ftps (pid 822): hidden #16
E/EventHub( 304): could not get driver version for /dev/input/mouse0, Not a typewriter
D/EventHub( 304): No input device configuration file found for device 'HID 04b3:310b'.
I/EventHub( 304): New device: id=5, fd=228, path='/dev/input/event4', name='HID 04b3:310b', classes=0x80000008, configuration='', keyLayout='', keyCharacterMap='', builtinKeyboard=false, usingSuspendBlockIoctl=true, usingClockIoctl=false
I/InputReader( 304): Device added: id=5, name='HID 04b3:310b', sources=0x00002002
D/dalvikvm( 730): GC_FOR_ALLOC freed 7893K, 48% free 13352K/25351K, paused 11ms, total 13ms
I/dalvikvm-heap( 730): Grow heap (frag case) to 20.489MB for 7741456-byte allocation
D/dalvikvm( 730): GC_CONCURRENT freed 5K, 18% free 20906K/25351K, paused 11ms+2ms, total 23ms
D/dalvikvm( 730): WAIT_FOR_CONCURRENT_GC blocked 11ms
D/dalvikvm( 304): GC_CONCURRENT freed 538K, 15% free 10674K/12423K, paused 2ms+5ms, total 39ms
D/dalvikvm( 730): GC_FOR_ALLOC freed 7561K, 48% free 13349K/25351K, paused 14ms, total 15ms
I/dalvikvm-heap( 730): Grow heap (frag case) to 20.486MB for 7741456-byte allocation
E/hdmi_audio_hw( 120): cannot open HDMI pcm card 1 dev 0 error: cannot open device '/dev/snd/pcmC1D0p': I/O error
D/dalvikvm( 730): GC_CONCURRENT freed <1K, 18% free 20909K/25351K, paused 2ms+4ms, total 17ms
D/dalvikvm( 730): WAIT_FOR_CONCURRENT_GC blocked 9ms
E/hdmi_audio_hw( 120): cannot open HDMI pcm card 1 dev 0 error: cannot open device '/dev/snd/pcmC1D0p': I/O error
E/hdmi_audio_hw( 120): cannot open HDMI pcm card 1 dev 0 error: cannot open device '/dev/snd/pcmC1D0p': I/O error
E/hdmi_audio_hw( 120): cannot open HDMI pcm card 1 dev 0 error: cannot open device '/dev/snd/pcmC1D0p': I/O error
E/hdmi_audio_hw( 120): cannot open HDMI pcm card 1 dev 0 error: cannot open device '/dev/snd/pcmC1D0p': I/O error
E/hdmi_audio_hw( 120): cannot open HDMI pcm card 1 dev 0 error: cannot open device '/dev/snd/pcmC1D0p': I/O error
D/dalvikvm( 730): WAIT_FOR_CONCURRENT_GC blocked 0ms
E/hdmi_audio_hw( 120): cannot open HDMI pcm card 1 dev 0 error: cannot open device '/dev/snd/pcmC1D0p': I/O error
E/hdmi_audio_hw( 120): cannot open HDMI pcm card 1 dev 0 error: cannot open device '/dev/snd/pcmC1D0p': I/O error
D/dalvikvm( 730): GC_EXPLICIT freed 1602K, 24% free 19489K/25351K, paused 1ms+3ms, total 21ms
D/dalvikvm( 304): GC_CONCURRENT freed 502K, 15% free 10667K/12423K, paused 2ms+3ms, total 31ms
D/dalvikvm( 730): GC_FOR_ALLOC freed 76K, 17% free 21246K/25351K, paused 14ms, total 14ms
D/dalvikvm( 730): GC_FOR_ALLOC freed 259K, 14% free 21804K/25351K, paused 13ms, total 13ms
I/dalvikvm-heap( 730): Grow heap (frag case) to 28.744MB for 7741456-byte allocation
D/dalvikvm( 730): GC_FOR_ALLOC freed 264K, 12% free 29100K/32967K, paused 13ms, total 13ms
D/dalvikvm( 730): GC_CONCURRENT freed 1K, 9% free 30101K/32967K, paused 1ms+3ms, total 19ms
D/dalvikvm( 730): GC_FOR_ALLOC freed 1626K, 10% free 29829K/32967K, paused 16ms, total 17ms
D/dalvikvm( 730): GC_FOR_ALLOC freed 1264K, 8% free 30337K/32967K, paused 15ms, total 16ms
D/dalvikvm( 730): GC_FOR_ALLOC freed 888K, 6% free 31222K/32967K, paused 19ms, total 19ms
D/dalvikvm( 730): GC_FOR_ALLOC freed 536K, 6% free 31423K/33159K, paused 27ms, total 27ms
D/dalvikvm( 730): GC_FOR_ALLOC freed 7560K, 27% free 24267K/33159K, paused 24ms, total 24ms
I/dalvikvm-heap( 730): Grow heap (frag case) to 31.149MB for 7741456-byte allocation
D/dalvikvm( 730): GC_CONCURRENT freed <1K, 5% free 31827K/33159K, paused 12ms+3ms, total 28ms
D/dalvikvm( 730): WAIT_FOR_CONCURRENT_GC blocked 16ms
D/dalvikvm( 730): WAIT_FOR_CONCURRENT_GC blocked 16ms
D/dalvikvm( 730): GC_FOR_ALLOC freed 8452K, 30% free 23993K/33799K, paused 12ms, total 12ms
I/dalvikvm-heap( 730): Grow heap (frag case) to 30.881MB for 7741456-byte allocation
D/dalvikvm( 730): GC_CONCURRENT freed 1K, 7% free 31552K/33799K, paused 12ms+3ms, total 26ms
D/dalvikvm( 730): WAIT_FOR_CONCURRENT_GC blocked 7ms
D/dalvikvm( 730): GC_FOR_ALLOC freed 7560K, 30% free 23993K/33799K, paused 17ms, total 17ms
I/dalvikvm-heap( 730): Grow heap (frag case) to 30.881MB for 7741456-byte allocation
E/hdmi_audio_hw( 120): cannot open HDMI pcm card 1 dev 0 error: cannot open device '/dev/snd/pcmC1D0p': I/O error
E/hdmi_audio_hw( 120): cannot open HDMI pcm card 1 dev 0 error: cannot open device '/dev/snd/pcmC1D0p': I/O error
D/dalvikvm( 730): GC_CONCURRENT freed <1K, 7% free 31553K/33799K, paused 12ms+4ms, total 29ms
D/dalvikvm( 730): WAIT_FOR_CONCURRENT_GC blocked 11ms
E/hdmi_audio_hw( 120): cannot open HDMI pcm card 1 dev 0 error: cannot open device '/dev/snd/pcmC1D0p': I/O error
E/hdmi_audio_hw( 120): cannot open HDMI pcm card 1 dev 0 error: cannot open device '/dev/snd/pcmC1D0p': I/O error
I/ActivityManager( 304): START {act=android.intent.action.MAIN cat=[android.intent.category.LAUNCHER] flg=0x10200000 cmp=com.ti.omap4.android.camera/.Camera u=0} from pid 730
D/PermissionCache( 117): checking android.permission.READ_FRAME_BUFFER for uid=1000 => granted (1007 us)
D/dalvikvm( 304): GC_FOR_ALLOC freed 373K, 15% free 10672K/12423K, paused 24ms, total 24ms
E/hdmi_audio_hw( 120): cannot open HDMI pcm card 1 dev 0 error: cannot open device '/dev/snd/pcmC1D0p': I/O error
E/hdmi_audio_hw( 120): cannot open HDMI pcm card 1 dev 0 error: cannot open device '/dev/snd/pcmC1D0p': I/O error
E/hdmi_audio_hw( 120): cannot open HDMI pcm card 1 dev 0 error: cannot open device '/dev/snd/pcmC1D0p': I/O error
E/hdmi_audio_hw( 120): cannot open HDMI pcm card 1 dev 0 error: cannot open device '/dev/snd/pcmC1D0p': I/O error
I/ActivityManager( 304): Start proc com.ti.omap4.android.camera for activity com.ti.omap4.android.camera/.Camera: pid=1074 uid=10021 gids={1006, 1015, 1023, 1028}
D/dalvikvm( 1074): WAIT_FOR_CONCURRENT_GC blocked 0ms
I/ActivityManager( 304): START {act=android.intent.action.MAIN cat=[android.intent.category.LAUNCHER] flg=0x10200000 cmp=com.ti.omap4.android.camera/.Camera u=0} from pid 730
E/hdmi_audio_hw( 120): cannot open HDMI pcm card 1 dev 0 error: cannot open device '/dev/snd/pcmC1D0p': I/O error
E/hdmi_audio_hw( 120): cannot open HDMI pcm card 1 dev 0 error: cannot open device '/dev/snd/pcmC1D0p': I/O error
E/hdmi_audio_hw( 120): cannot open HDMI pcm card 1 dev 0 error: cannot open device '/dev/snd/pcmC1D0p': I/O error
V/CameraHolder( 1074): open camera 0
E/CameraService( 120): CameraService::connect X (pid 1074) rejected (invalid cameraId 0).
E/CameraHolder( 1074): fail to connect Camera
E/CameraHolder( 1074): java.lang.RuntimeException: Fail to connect to camera service
E/CameraHolder( 1074): at android.hardware.Camera.native_setup(Native Method)
E/CameraHolder( 1074): at android.hardware.Camera.(Camera.java:306)
E/CameraHolder( 1074): at android.hardware.Camera.open(Camera.java:268)
E/CameraHolder( 1074): at com.ti.omap4.android.camera.CameraHolder.open(CameraHolder.java:133)
E/CameraHolder( 1074): at com.ti.omap4.android.camera.Util.openCamera(Util.java:330)
E/CameraHolder( 1074): at com.ti.omap4.android.camera.Camera$4.run(Camera.java:1537)
E/CameraHolder( 1074): at java.lang.Thread.run(Thread.java:856)
E/hdmi_audio_hw( 120): cannot open HDMI pcm card 1 dev 0 error: cannot open device '/dev/snd/pcmC1D0p': I/O error
D/dalvikvm( 1074): GC_CONCURRENT freed 247K, 4% free 8429K/8775K, paused 12ms+12ms, total 37ms
D/dalvikvm( 1074): GC_FOR_ALLOC freed 13K, 4% free 8449K/8775K, paused 13ms, total 13ms
I/dalvikvm-heap( 1074): Grow heap (frag case) to 10.098MB for 1867984-byte allocation
D/dalvikvm( 1074): GC_CONCURRENT freed <1K, 4% free 10272K/10631K, paused 12ms+1ms, total 24ms
D/dalvikvm( 1074): WAIT_FOR_CONCURRENT_GC blocked 6ms
D/dalvikvm( 1074): GC_FOR_ALLOC freed 15K, 4% free 10302K/10631K, paused 9ms, total 9ms
I/dalvikvm-heap( 1074): Grow heap (frag case) to 10.840MB for 747632-byte allocation
D/dalvikvm( 1074): GC_CONCURRENT freed 1K, 4% free 11030K/11399K, paused 11ms+1ms, total 23ms
D/dalvikvm( 1074): GC_FOR_ALLOC freed <1K, 4% free 11031K/11399K, paused 12ms, total 12ms
I/dalvikvm-heap( 1074): Grow heap (frag case) to 11.551MB for 747632-byte allocation
D/dalvikvm( 1074): GC_FOR_ALLOC freed <1K, 4% free 11761K/12167K, paused 10ms, total 10ms
D/dalvikvm( 1074): GC_FOR_ALLOC freed 5K, 4% free 12512K/12935K, paused 12ms, total 12ms
I/libEGL ( 1074): Processor type: omap4470
I/libEGL ( 1074): egl.cfg: entry POWERVR_SGX540_120 omap4430
I/libEGL ( 1074): egl.cfg: entry POWERVR_SGX540_120 omap4460
I/libEGL ( 1074): egl.cfg: entry POWERVR_SGX544_112 omap4470
I/libEGL ( 1074): Picked EGL type 'POWERVR_SGX544_112' for processor 'omap4470'
D/libEGL ( 1074): loaded /vendor/lib/egl/libEGL_POWERVR_SGX544_112.so
D/libEGL ( 1074): loaded /vendor/lib/egl/libGLESv1_CM_POWERVR_SGX544_112.so
D/libEGL ( 1074): loaded /vendor/lib/egl/libGLESv2_POWERVR_SGX544_112.so
D/OpenGLRenderer( 1074): Enabling debug mode 0
V/camera ( 1074): surfaceChanged. w=1344. h=1008
I/ActivityManager( 304): Displayed com.ti.omap4.android.camera/.Camera: +691ms
D/NetUtils( 304): android_net_utils_resetConnections in env=0x5c1c3878 clazz=0xa200001 iface=eth0 mask=0x3
E/EthernetStateTracker( 304): DhcpHandler: DHCP request failed: Timed out waiting for DHCP to finish
I/EthernetStateTracker( 304): reconnect : EVENT_INTERFACE_CONFIGURATION_FAILED
I/EthernetStateTracker( 304): reset device eth0
I/EthernetStateTracker( 304): trigger dhcp for device eth0
D/EthernetStateTracker( 304): DhcpHandler: DHCP request started
D/dalvikvm( 304): GC_CONCURRENT freed 205K, 12% free 10964K/12423K, paused 2ms+3ms, total 31ms
E/hdmi_audio_hw( 120): cannot open HDMI pcm card 1 dev 0 error: cannot open device '/dev/snd/pcmC1D0p': I/O error
E/hdmi_audio_hw( 120): cannot open HDMI pcm card 1 dev 0 error: cannot open device '/dev/snd/pcmC1D0p': I/O error
I/InputDispatcher( 304): Dropping event because there is no touched window.
E/hdmi_audio_hw( 120): cannot open HDMI pcm card 1 dev 0 error: cannot open device '/dev/snd/pcmC1D0p': I/O error
E/hdmi_audio_hw( 120): cannot open HDMI pcm card 1 dev 0 error: cannot open device '/dev/snd/pcmC1D0p': I/O error
I/InputDispatcher( 304): Dropping event because there is no touched window.
W/InputMethodManagerService( 304): Window already focused, ignoring focus gain of: com.android.internal.view.IInputMethodClient$Stub$Proxy@41cd6a98 attribute=null
I/ActivityManager( 304): No longer want com.ti.bluetooth.map (pid 840): hidden #16
D/dalvikvm( 304): GC_CONCURRENT freed 571K, 12% free 10962K/12423K, paused 1ms+3ms, total 31ms
E/hdmi_audio_hw( 120): cannot open HDMI pcm card 1 dev 0 error: cannot open device '/dev/snd/pcmC1D0p': I/O error
E/hdmi_audio_hw( 120): cannot open HDMI pcm card 1 dev 0 error: cannot open device '/dev/snd/pcmC1D0p': I/O error
E/hdmi_audio_hw( 120): cannot open HDMI pcm card 1 dev 0 error: cannot open device '/dev/snd/pcmC1D0p': I/O error
E/hdmi_audio_hw( 120): cannot open HDMI pcm card 1 dev 0 error: cannot open device '/dev/snd/pcmC1D0p': I/O error
D/dalvikvm( 730): GC_FOR_ALLOC freed 17486K, 57% free 14744K/33799K, paused 14ms, total 15ms
D/dalvikvm( 730): GC_CONCURRENT freed 1222K, 55% free 15459K/33799K, paused 2ms+3ms, total 17ms
D/dalvikvm( 730): WAIT_FOR_CONCURRENT_GC blocked 12ms
D/dalvikvm( 730): GC_FOR_ALLOC freed 681K, 54% free 15668K/33799K, paused 13ms, total 13ms
D/dalvikvm( 730): GC_CONCURRENT freed 1301K, 52% free 16414K/33799K, paused 11ms+3ms, total 26ms
D/dalvikvm( 730): WAIT_FOR_CONCURRENT_GC blocked 8ms
D/dalvikvm( 730): GC_CONCURRENT freed 3913K, 58% free 14478K/33799K, paused 11ms+3ms, total 30ms
D/dalvikvm( 730): WAIT_FOR_CONCURRENT_GC blocked 9ms
E/hdmi_audio_hw( 120): cannot open HDMI pcm card 1 dev 0 error: cannot open device '/dev/snd/pcmC1D0p': I/O error
E/hdmi_audio_hw( 120): cannot open HDMI pcm card 1 dev 0 error: cannot open device '/dev/snd/pcmC1D0p': I/O error
E/hdmi_audio_hw( 120): cannot open HDMI pcm card 1 dev 0 error: cannot open device '/dev/snd/pcmC1D0p': I/O error
E/hdmi_audio_hw( 120): cannot open HDMI pcm card 1 dev 0 error: cannot open device '/dev/snd/pcmC1D0p': I/O error
D/dalvikvm( 730): GC_CONCURRENT freed 3868K, 63% free 12648K/33799K, paused 12ms+4ms, total 29ms
D/dalvikvm( 730): WAIT_FOR_CONCURRENT_GC blocked 7ms
D/dalvikvm( 730): GC_CONCURRENT freed 371K, 60% free 13681K/33799K, paused 1ms+3ms, total 17ms
D/dalvikvm( 730): WAIT_FOR_CONCURRENT_GC blocked 11ms
D/dalvikvm( 730): GC_FOR_ALLOC freed 1587K, 61% free 13250K/33799K, paused 12ms, total 13ms
D/dalvikvm( 730): GC_FOR_ALLOC freed 1262K, 61% free 13461K/33799K, paused 13ms, total 14ms
D/dalvikvm( 730): GC_FOR_ALLOC freed 855K, 58% free 14211K/33799K, paused 14ms, total 14ms
I/ActivityManager( 304): START {act=android.intent.action.MAIN cat=[android.intent.category.LAUNCHER] flg=0x10200000 cmp=com.ti.omap4.android.camera/.Camera u=0} from pid 730
E/hdmi_audio_hw( 120): cannot open HDMI pcm card 1 dev 0 error: cannot open device '/dev/snd/pcmC1D0p': I/O error
E/hdmi_audio_hw( 120): cannot open HDMI pcm card 1 dev 0 error: cannot open device '/dev/snd/pcmC1D0p': I/O error
E/hdmi_audio_hw( 120): cannot open HDMI pcm card 1 dev 0 error: cannot open device '/dev/snd/pcmC1D0p': I/O error
V/CameraHolder( 1074): open camera 0
E/CameraService( 120): CameraService::connect X (pid 1074) rejected (invalid cameraId 0).
E/hdmi_audio_hw( 120): cannot open HDMI pcm card 1 dev 0 error: cannot open device '/dev/snd/pcmC1D0p': I/O error
E/CameraHolder( 1074): fail to connect Camera
E/CameraHolder( 1074): java.lang.RuntimeException: Fail to connect to camera service
E/CameraHolder( 1074): at android.hardware.Camera.native_setup(Native Method)
E/CameraHolder( 1074): at android.hardware.Camera.(Camera.java:306)
E/CameraHolder( 1074): at android.hardware.Camera.open(Camera.java:268)
E/CameraHolder( 1074): at com.ti.omap4.android.camera.CameraHolder.open(CameraHolder.java:133)
E/CameraHolder( 1074): at com.ti.omap4.android.camera.Util.openCamera(Util.java:330)
E/CameraHolder( 1074): at com.ti.omap4.android.camera.Camera$4.run(Camera.java:1537)
E/CameraHolder( 1074): at java.lang.Thread.run(Thread.java:856)
D/dalvikvm( 304): GC_CONCURRENT freed 361K, 10% free 11244K/12423K, paused 3ms+3ms, total 89ms
V/camera ( 1074): surfaceChanged. w=1344. h=1008
I/ActivityManager( 304): Displayed com.ti.omap4.android.camera/.Camera: +380ms
D/dalvikvm( 304): GC_FOR_ALLOC freed 485K, 12% free 10967K/12423K, paused 24ms, total 25ms
E/hdmi_audio_hw( 120): cannot open HDMI pcm card 1 dev 0 error: cannot open device '/dev/snd/pcmC1D0p': I/O error
I/InputDispatcher( 304): Dropping event because there is no touched window.
I/InputDispatcher( 304): Dropping event because there is no touched window.
I/InputDispatcher( 304): Dropping event because there is no touched window.
I/InputDispatcher( 304): Dropping event because there is no touched window.
I/InputDispatcher( 304): Dropping event because there is no touched window.
I/InputDispatcher( 304): Dropping event because there is no touched window.
I/InputDispatcher( 304): Dropping event because there is no touched window.
E/hdmi_audio_hw( 120): cannot open HDMI pcm card 1 dev 0 error: cannot open device '/dev/snd/pcmC1D0p': I/O error
I/InputDispatcher( 304): Dropping event because there is no touched window.
E/hdmi_audio_hw( 120): cannot open HDMI pcm card 1 dev 0 error: cannot open device '/dev/snd/pcmC1D0p': I/O error
I/InputDispatcher( 304): Dropping event because there is no touched window.
E/hdmi_audio_hw( 120): cannot open HDMI pcm card 1 dev 0 error: cannot open device '/dev/snd/pcmC1D0p': I/O error
W/InputMethodManagerService( 304): Window already focused, ignoring focus gain of: com.android.internal.view.IInputMethodClient$Stub$Proxy@41e4c060 attribute=null
D/dalvikvm( 1074): WAIT_FOR_CONCURRENT_GC blocked 0ms
D/dalvikvm( 1074): GC_EXPLICIT freed 192K, 2% free 13620K/13895K, paused 2ms+3ms, total 30ms
D/NetUtils( 304): android_net_utils_resetConnections in env=0x5c1c3878 clazz=0x1ab00001 iface=eth0 mask=0x3
E/EthernetStateTracker( 304): DhcpHandler: DHCP request failed: Timed out waiting for DHCP to finish
I/EthernetStateTracker( 304): reconnect : EVENT_INTERFACE_CONFIGURATION_FAILED
I/EthernetStateTracker( 304): reset device eth0
I/EthernetStateTracker( 304): trigger dhcp for device eth0
D/EthernetStateTracker( 304): DhcpHandler: DHCP request started
D/NetUtils( 304): android_net_utils_resetConnections in env=0x5c1c3878 clazz=0x25200001 iface=eth0 mask=0x3
E/EthernetStateTracker( 304): DhcpHandler: DHCP request failed: Timed out waiting for DHCP to finish
I/EthernetStateTracker( 304): reconnect : EVENT_INTERFACE_CONFIGURATION_FAILED
I/EthernetStateTracker( 304): reset device eth0
