D/dalvikvm( 316): DexOpt: not verifying/optimizing 'Lconcierge/org/xeustechnologies/jtar/TarHeader;': multiple definitions
D/dalvikvm( 316): DexOpt: not verifying/optimizing 'Lconcierge/org/xeustechnologies/jtar/TarInputStream;': multiple definitions
D/dalvikvm( 316): DexOpt: not verifying/optimizing 'Lconcierge/org/xeustechnologies/jtar/TarOutputStream;': multiple definitions
D/dalvikvm( 316): DexOpt: not verifying/optimizing 'Lconcierge/org/xeustechnologies/jtar/TarUtils;': multiple definitions
D/dalvikvm( 316): DexOpt: not verifying/optimizing 'Lconcierge/provider/AssetsContract$AssetProductLinks$Columns;': multiple definitions
D/dalvikvm( 316): DexOpt: not verifying/optimizing 'Lconcierge/provider/AssetsContract$AssetProductLinks;': multiple definitions
D/dalvikvm( 316): DexOpt: not verifying/optimizing 'Lconcierge/provider/AssetsContract$Assets$Columns;': multiple definitions
D/dalvikvm( 316): DexOpt: not verifying/optimizing 'Lconcierge/provider/AssetsContract$Assets;': multiple definitions
D/dalvikvm( 316): DexOpt: not verifying/optimizing 'Lconcierge/provider/AssetsContract$Brochures$Columns;': multiple definitions
D/dalvikvm( 316): DexOpt: not verifying/optimizing 'Lconcierge/provider/AssetsContract$Brochures;': multiple definitions
D/dalvikvm( 316): DexOpt: not verifying/optimizing 'Lconcierge/provider/AssetsContract$Categories$Columns;': multiple definitions
D/dalvikvm( 316): DexOpt: not verifying/optimizing 'Lconcierge/provider/AssetsContract$Categories;': multiple definitions
D/dalvikvm( 316): DexOpt: not verifying/optimizing 'Lconcierge/provider/AssetsContract$Thumbnails$Columns;': multiple definitions
D/dalvikvm( 316): DexOpt: not verifying/optimizing 'Lconcierge/provider/AssetsContract$Thumbnails;': multiple definitions
D/dalvikvm( 316): DexOpt: not verifying/optimizing 'Lconcierge/provider/AssetsContract$Videos$Columns;': multiple definitions
D/dalvikvm( 316): DexOpt: not verifying/optimizing 'Lconcierge/provider/AssetsContract$Videos;': multiple definitions
D/dalvikvm( 316): DexOpt: not verifying/optimizing 'Lconcierge/provider/AssetsContract;': multiple definitions
D/dalvikvm( 316): DexOpt: not verifying/optimizing 'Lconcierge/service/IMobileDeviceService;': multiple definitions
D/dalvikvm( 316): DexOpt: not verifying/optimizing 'Lconcierge/service/IMobileDeviceService$Stub$Proxy;': multiple definitions
D/dalvikvm( 316): DexOpt: not verifying/optimizing 'Lconcierge/service/IMobileDeviceService$Stub;': multiple definitions
D/dalvikvm( 316): DexOpt: not verifying/optimizing 'Lconcierge/usersession/AdminSessionState$1;': multiple definitions
D/dalvikvm( 316): DexOpt: not verifying/optimizing 'Lconcierge/usersession/SessionSubStateListener;': multiple definitions
D/dalvikvm( 316): DexOpt: not verifying/optimizing 'Lconcierge/usersession/SessionState;': multiple definitions
D/dalvikvm( 316): DexOpt: not verifying/optimizing 'Lconcierge/usersession/AdminSessionState;': multiple definitions
D/dalvikvm( 316): DexOpt: not verifying/optimizing 'Lconcierge/usersession/ConfirmSubState$1;': multiple definitions
D/dalvikvm( 316): DexOpt: not verifying/optimizing 'Lconcierge/usersession/SessionSubState;': multiple definitions
D/dalvikvm( 316): DexOpt: not verifying/optimizing 'Lconcierge/usersession/ConfirmSubState;': multiple definitions
D/dalvikvm( 316): DexOpt: not verifying/optimizing 'Lconcierge/usersession/IUserSessionManager;': multiple definitions
D/dalvikvm( 316): DexOpt: not verifying/optimizing 'Lconcierge/usersession/IUserSessionManager$Stub$Proxy;': multiple definitions
D/dalvikvm( 316): DexOpt: not verifying/optimizing 'Lconcierge/usersession/IUserSessionManager$Stub;': multiple definitions
D/dalvikvm( 316): DexOpt: not verifying/optimizing 'Lconcierge/usersession/Intent$Extra;': multiple definitions
D/dalvikvm( 316): DexOpt: not verifying/optimizing 'Lconcierge/usersession/Intent;': multiple definitions
D/dalvikvm( 316): DexOpt: not verifying/optimizing 'Lconcierge/usersession/NoSessionState$1;': multiple definitions
D/dalvikvm( 316): DexOpt: not verifying/optimizing 'Lconcierge/usersession/NoSessionState$2;': multiple definitions
D/dalvikvm( 316): DexOpt: not verifying/optimizing 'Lconcierge/usersession/NoSessionState;': multiple definitions
D/dalvikvm( 316): DexOpt: not verifying/optimizing 'Lconcierge/usersession/NormalSubState$1;': multiple definitions
D/dalvikvm( 316): DexOpt: not verifying/optimizing 'Lconcierge/usersession/NormalSubState;': multiple definitions
D/dalvikvm( 316): DexOpt: not verifying/optimizing 'Lconcierge/usersession/SessionState$1;': multiple definitions
D/dalvikvm( 316): DexOpt: not verifying/optimizing 'Lconcierge/usersession/SessionStateListener;': multiple definitions
D/dalvikvm( 316): DexOpt: not verifying/optimizing 'Lconcierge/usersession/SessionStateManager;': multiple definitions
D/dalvikvm( 316): DexOpt: not verifying/optimizing 'Lconcierge/usersession/SessionStateName$1;': multiple definitions
D/dalvikvm( 316): DexOpt: not verifying/optimizing 'Lconcierge/usersession/SessionStateName;': multiple definitions
D/dalvikvm( 316): DexOpt: not verifying/optimizing 'Lconcierge/usersession/SubStateName$1;': multiple definitions
D/dalvikvm( 316): DexOpt: not verifying/optimizing 'Lconcierge/usersession/SubStateName;': multiple definitions
D/dalvikvm( 316): DexOpt: not verifying/optimizing 'Lconcierge/usersession/UserSessionManager$UserSessionInput;': multiple definitions
D/dalvikvm( 316): DexOpt: not verifying/optimizing 'Lconcierge/usersession/UserSessionManager;': multiple definitions
D/dalvikvm( 316): DexOpt: not verifying/optimizing 'Lconcierge/usersession/UserSessionState$1;': multiple definitions
D/dalvikvm( 316): DexOpt: not verifying/optimizing 'Lconcierge/usersession/UserSessionState;': multiple definitions
D/dalvikvm( 316): DexOpt: not verifying/optimizing 'Lconcierge/usersession/WarningSubState$1;': multiple definitions
D/dalvikvm( 316): DexOpt: not verifying/optimizing 'Lconcierge/usersession/WarningSubState;': multiple definitions
D/dalvikvm( 316): DexOpt: not verifying/optimizing 'Lconcierge/view/BarcodeScanEvent$Callback;': multiple definitions
D/dalvikvm( 316): DexOpt: not verifying/optimizing 'Lconcierge/view/BarcodeScanEvent;': multiple definitions
D/dalvikvm( 316): DexOpt: not verifying/optimizing 'Lconcierge/view/MagStripeEvent$Callback;': multiple definitions
D/dalvikvm( 316): DexOpt: not verifying/optimizing 'Lconcierge/view/MagStripeEvent;': multiple definitions
D/dalvikvm( 316): DexOpt: load 24ms, verify+opt 1ms, 377068 bytes
D/dalvikvm( 317): DexOpt: load 2ms, verify+opt 0ms, 79604 bytes
D/dalvikvm( 318): DexOpt: load 9ms, verify+opt 41ms, 506812 bytes
D/dalvikvm( 319): DexOpt: load 3ms, verify+opt 1ms, 113708 bytes
D/dalvikvm( 320): DexOpt: load 3ms, verify+opt 6ms, 137340 bytes
D/dalvikvm( 321): DexOpt: load 4ms, verify+opt 36ms, 207500 bytes
D/dalvikvm( 322): DexOpt: load 2ms, verify+opt 13ms, 205836 bytes
D/dalvikvm( 323): DexOpt: load 2ms, verify+opt 3ms, 109516 bytes
D/dalvikvm( 324): DexOpt: load 2ms, verify+opt 2ms, 103708 bytes
D/dalvikvm( 325): DexOpt: load 2ms, verify+opt 4ms, 137244 bytes
D/dalvikvm( 326): DexOpt: load 2ms, verify+opt 2ms, 103164 bytes
D/dalvikvm( 327): DexOpt: load 2ms, verify+opt 2ms, 117164 bytes
D/dalvikvm( 328): DexOpt: load 4ms, verify+opt 30ms, 355708 bytes
D/dalvikvm( 329): DexOpt: load 2ms, verify+opt 12ms, 199764 bytes
D/dalvikvm( 330): DexOpt: load 2ms, verify+opt 3ms, 109660 bytes
D/dalvikvm( 331): DexOpt: load 2ms, verify+opt 4ms, 172548 bytes
D/dalvikvm( 332): DexOpt: load 2ms, verify+opt 3ms, 123284 bytes
D/dalvikvm( 333): DexOpt: load 3ms, verify+opt 19ms, 300708 bytes
I/PackageManager( 295): /system/framework/framework-res.apk changed; collecting certs
D/dalvikvm( 295): GC_CONCURRENT freed 183K, 5% free 8647K/9095K, paused 11ms+1ms, total 21ms
D/dalvikvm( 295): GC_CONCURRENT freed 160K, 3% free 8987K/9223K, paused 12ms+1ms, total 23ms
D/dalvikvm( 295): GC_CONCURRENT freed 351K, 5% free 9163K/9607K, paused 11ms+1ms, total 22ms
D/dalvikvm( 295): WAIT_FOR_CONCURRENT_GC blocked 9ms
D/dalvikvm( 295): GC_FOR_ALLOC freed 0K, 5% free 9163K/9607K, paused 11ms, total 11ms
I/dalvikvm-heap( 295): Grow heap (frag case) to 9.259MB for 260112-byte allocation
D/dalvikvm( 295): GC_FOR_ALLOC freed 126K, 6% free 9291K/9863K, paused 10ms, total 10ms
D/dalvikvm( 295): GC_FOR_ALLOC freed 312K, 6% free 9303K/9863K, paused 10ms, total 10ms
D/dalvikvm( 295): GC_FOR_ALLOC freed 62K, 6% free 9366K/9863K, paused 11ms, total 11ms
I/dalvikvm-heap( 295): Grow heap (frag case) to 9.458MB for 260112-byte allocation
D/dalvikvm( 295): GC_FOR_ALLOC freed 126K, 7% free 9494K/10119K, paused 10ms, total 10ms
I/dalvikvm-heap( 295): Grow heap (frag case) to 9.531MB for 206112-byte allocation
D/dalvikvm( 295): GC_FOR_ALLOC freed 255K, 10% free 9440K/10375K, paused 12ms, total 12ms
D/dalvikvm( 295): GC_CONCURRENT freed 240K, 7% free 9696K/10375K, paused 11ms+1ms, total 22ms
D/dalvikvm( 295): WAIT_FOR_CONCURRENT_GC blocked 9ms
D/dalvikvm( 295): GC_CONCURRENT freed 318K, 5% free 9879K/10375K, paused 1ms+2ms, total 13ms
D/dalvikvm( 295): GC_CONCURRENT freed 120K, 2% free 10318K/10503K, paused 2ms+1ms, total 16ms
D/dalvikvm( 295): WAIT_FOR_CONCURRENT_GC blocked 3ms
D/dalvikvm( 295): GC_CONCURRENT freed 124K, 2% free 10762K/10951K, paused 1ms+1ms, total 18ms
D/dalvikvm( 295): WAIT_FOR_CONCURRENT_GC blocked 5ms
D/dalvikvm( 295): GC_CONCURRENT freed 542K, 6% free 10920K/11527K, paused 1ms+2ms, total 19ms
D/dalvikvm( 295): WAIT_FOR_CONCURRENT_GC blocked 7ms
D/dalvikvm( 295): GC_CONCURRENT freed 164K, 2% free 11490K/11719K, paused 1ms+1ms, total 21ms
D/dalvikvm( 295): WAIT_FOR_CONCURRENT_GC blocked 9ms
D/dalvikvm( 295): GC_CONCURRENT freed 731K, 7% free 11517K/12359K, paused 1ms+13ms, total 25ms
W/PackageParser( 295): Unknown element under : service at /system/app/AMMITest2300.apk Binary XML file line #52
I/PackageManager( 295): /system/app/AMMITest2300.apk changed; collecting certs
W/PackageParser( 295): Unknown element under : uses-library at /system/app/AMMITest2300.apk Binary XML file line #417
W/PackageParser( 295): Unknown element under : uses-library at /system/app/AMMITest2300.apk Binary XML file line #418
I/PackageManager( 295): /system/app/ATesting2300.apk changed; collecting certs
W/PackageParser( 295): Unknown element under : service at /system/app/ATesting2300.apk Binary XML file line #52
W/PackageParser( 295): Unknown element under : uses-library at /system/app/ATesting2300.apk Binary XML file line #315
W/PackageParser( 295): Unknown element under : uses-library at /system/app/ATesting2300.apk Binary XML file line #316
D/dalvikvm( 295): GC_CONCURRENT freed 3396K, 29% free 8897K/12423K, paused 1ms+13ms, total 35ms
I/PackageManager( 295): /system/app/ApplicationsProvider.apk changed; collecting certs
I/PackageManager( 295): New shared user android.uid.shared: id=10002
I/PackageManager( 295): /system/app/AssetProvider.apk changed; collecting certs
I/PackageManager( 295): /system/app/BackupRestoreConfirmation.apk changed; collecting certs
D/dalvikvm( 295): GC_CONCURRENT freed 472K, 29% free 8843K/12423K, paused 1ms+2ms, total 17ms
I/PackageManager( 295): /system/app/Bluetooth.apk changed; collecting certs
W/PackageParser( 295): No actions in intent filter at /system/app/Bluetooth.apk Binary XML file line #163
I/PackageManager( 295): /system/app/BluetoothBloodPressure.apk changed; collecting certs
I/PackageManager( 295): /system/app/BluetoothFindMeLocator.apk changed; collecting certs
W/ResourceType( 295): Failure getting entry for 0x7f020001 (t=1 e=1) in package 0 (error -75)
I/PackageManager( 295): /system/app/BluetoothFtps.apk changed; collecting certs
D/dalvikvm( 295): GC_CONCURRENT freed 454K, 28% free 8966K/12423K, paused 11ms+4ms, total 39ms
I/PackageManager( 295): /system/app/BluetoothHdp.apk changed; collecting certs
I/PackageManager( 295): /system/app/BluetoothHeartRateMonitor.apk changed; collecting certs
I/PackageManager( 295): /system/app/BluetoothMap.apk changed; collecting certs
I/PackageManager( 295): /system/app/BluetoothMapEmailBinder.apk changed; collecting certs
D/dalvikvm( 295): GC_CONCURRENT freed 509K, 28% free 8997K/12423K, paused 11ms+2ms, total 37ms
I/PackageManager( 295): /system/app/BluetoothProximityMonitor.apk changed; collecting certs
I/PackageManager( 295): /system/app/BluetoothSCOApp.apk changed; collecting certs
I/PackageManager( 295): /system/app/BluetoothThermometer.apk changed; collecting certs
I/PackageManager( 295): /system/app/Board_id.apk changed; collecting certs
W/PackageParser( 295): Problem in package /system/app/Board_id.apk:
W/PackageParser( 295): Unknown element under : service at /system/app/Board_id.apk Binary XML file line #11
D/dalvikvm( 295): GC_CONCURRENT freed 536K, 28% free 8990K/12423K, paused 11ms+3ms, total 35ms
I/PackageManager( 295): /system/app/BootConfig.apk changed; collecting certs
I/PackageManager( 295): /system/app/Browser.apk changed; collecting certs
D/dalvikvm( 295): GC_CONCURRENT freed 517K, 28% free 8984K/12423K, paused 11ms+3ms, total 27ms
D/dalvikvm( 295): WAIT_FOR_CONCURRENT_GC blocked 8ms
D/dalvikvm( 295): GC_CONCURRENT freed 325K, 27% free 9117K/12423K, paused 1ms+2ms, total 16ms
I/PackageManager( 295): /system/app/Calculator.apk changed; collecting certs
I/PackageManager( 295): /system/app/Calendar.apk changed; collecting certs
D/dalvikvm( 295): GC_CONCURRENT freed 327K, 26% free 9301K/12423K, paused 11ms+3ms, total 24ms
D/dalvikvm( 295): WAIT_FOR_CONCURRENT_GC blocked 12ms
D/dalvikvm( 295): GC_CONCURRENT freed 667K, 27% free 9099K/12423K, paused 1ms+2ms, total 17ms
I/PackageManager( 295): /system/app/CalendarProvider.apk changed; collecting certs
I/PackageManager( 295): New shared user android.uid.calendar: id=10020
I/PackageManager( 295): /system/app/CameraOMAP4.apk changed; collecting certs
D/dalvikvm( 295): GC_CONCURRENT freed 280K, 26% free 9306K/12423K, paused 11ms+3ms, total 24ms
D/dalvikvm( 295): WAIT_FOR_CONCURRENT_GC blocked 12ms
D/dalvikvm( 295): GC_CONCURRENT freed 660K, 27% free 9148K/12423K, paused 1ms+2ms, total 15ms
W/PackageManager( 295): Package com.ti.omap4.android.camera desires unavailable shared library com.google.android.media.effects; ignoring!
W/PackageManager( 295): Package com.ti.omap4.android.camera desires unavailable shared library com.ti.s3d; ignoring!
I/PackageManager( 295): /system/app/CertInstaller.apk changed; collecting certs
D/dalvikvm( 295): GC_CONCURRENT freed 306K, 26% free 9312K/12423K, paused 1ms+4ms, total 16ms
W/PackageParser( 295): No actions in intent filter at /system/app/Contacts.apk Binary XML file line #533
I/PackageManager( 295): /system/app/Contacts.apk changed; collecting certs
D/dalvikvm( 295): GC_CONCURRENT freed 704K, 27% free 9095K/12423K, paused 11ms+1ms, total 25ms
D/dalvikvm( 295): WAIT_FOR_CONCURRENT_GC blocked 13ms
D/dalvikvm( 295): GC_CONCURRENT freed 376K, 26% free 9225K/12423K, paused 1ms+2ms, total 15ms
D/dalvikvm( 295): GC_CONCURRENT freed 218K, 24% free 9493K/12423K, paused 1ms+12ms, total 27ms
I/PackageManager( 295): /system/app/ContactsProvider.apk changed; collecting certs
I/PackageManager( 295): /system/app/DefaultContainerService.apk changed; collecting certs
I/PackageManager( 295): /system/app/DeskClock.apk changed; collecting certs
D/dalvikvm( 295): GC_CONCURRENT freed 414K, 23% free 9591K/12423K, paused 1ms+4ms, total 16ms
D/dalvikvm( 295): WAIT_FOR_CONCURRENT_GC blocked 11ms
I/PackageManager( 295): /system/app/DownloadProvider.apk changed; collecting certs
I/PackageManager( 295): New shared user android.media: id=10025
I/PackageManager( 295): /system/app/DownloadProviderUi.apk changed; collecting certs
D/dalvikvm( 295): GC_CONCURRENT freed 964K, 27% free 9135K/12423K, paused 1ms+3ms, total 18ms
I/PackageManager( 295): /system/app/DrmProvider.apk changed; collecting certs
I/PackageManager( 295): /system/app/Email.apk changed; collecting certs
D/dalvikvm( 295): GC_CONCURRENT freed 466K, 27% free 9179K/12423K, paused 11ms+1ms, total 25ms
D/dalvikvm( 295): WAIT_FOR_CONCURRENT_GC blocked 12ms
D/dalvikvm( 295): GC_CONCURRENT freed 323K, 25% free 9363K/12423K, paused 1ms+2ms, total 16ms
I/PackageManager( 295): /system/app/Exchange2.apk changed; collecting certs
I/PackageManager( 295): /system/app/FetchConfigurator.apk changed; collecting certs
I/PackageManager( 295): /system/app/FetchScheduleProvider.apk changed; collecting certs
I/PackageManager( 295): /system/app/FetchService.apk changed; collecting certs
D/dalvikvm( 295): GC_CONCURRENT freed 387K, 24% free 9474K/12423K, paused 1ms+14ms, total 27ms
I/PackageManager( 295): /system/app/FmRxApp.apk changed; collecting certs
I/PackageManager( 295): /system/app/FmService.apk changed; collecting certs
I/PackageManager( 295): /system/app/FmTxApp.apk changed; collecting certs
D/dalvikvm( 295): GC_CONCURRENT freed 818K, 27% free 9152K/12423K, paused 11ms+2ms, total 27ms
I/PackageManager( 295): /system/app/Galaxy4.apk changed; collecting certs
I/PackageManager( 295): /system/app/Gallery2.apk changed; collecting certs
D/dalvikvm( 295): GC_CONCURRENT freed 413K, 26% free 9250K/12423K, paused 1ms+3ms, total 16ms
D/dalvikvm( 295): WAIT_FOR_CONCURRENT_GC blocked 6ms
D/dalvikvm( 295): GC_CONCURRENT freed 396K, 25% free 9342K/12423K, paused 11ms+1ms, total 24ms
D/dalvikvm( 295): WAIT_FOR_CONCURRENT_GC blocked 13ms
D/dalvikvm( 295): GC_CONCURRENT freed 242K, 23% free 9611K/12423K, paused 1ms+2ms, total 17ms
D/dalvikvm( 295): WAIT_FOR_CONCURRENT_GC blocked 4ms
D/dalvikvm( 295): GC_CONCURRENT freed 238K, 21% free 9885K/12423K, paused 1ms+1ms, total 17ms
D/dalvikvm( 295): WAIT_FOR_CONCURRENT_GC blocked 5ms
I/PackageManager( 295): /system/app/HTMLViewer.apk changed; collecting certs
W/PackageManager( 295): Package com.android.gallery3d desires unavailable shared library com.google.android.media.effects; ignoring!
I/PackageManager( 295): /system/app/HoloSpiralWallpaper.apk changed; collecting certs
I/PackageManager( 295): /system/app/InputDevices.apk changed; collecting certs
D/dalvikvm( 295): GC_CONCURRENT freed 479K, 21% free 9909K/12423K, paused 1ms+5ms, total 19ms
D/dalvikvm( 295): WAIT_FOR_CONCURRENT_GC blocked 9ms
I/PackageManager( 295): /system/app/KeyChain.apk changed; collecting certs
I/PackageManager( 295): /system/app/LatinIME.apk changed; collecting certs
D/dalvikvm( 295): GC_CONCURRENT freed 1081K, 25% free 9338K/12423K, paused 1ms+2ms, total 19ms
D/dalvikvm( 295): WAIT_FOR_CONCURRENT_GC blocked 13ms
D/dalvikvm( 295): GC_CONCURRENT freed 372K, 24% free 9477K/12423K, paused 1ms+2ms, total 16ms
D/dalvikvm( 295): WAIT_FOR_CONCURRENT_GC blocked 10ms
D/dalvikvm( 295): GC_CONCURRENT freed 175K, 22% free 9813K/12423K, paused 1ms+2ms, total 17ms
D/dalvikvm( 295): WAIT_FOR_CONCURRENT_GC blocked 7ms
D/dalvikvm( 295): GC_CONCURRENT freed 251K, 19% free 10074K/12423K, paused 1ms+2ms, total 19ms
D/dalvikvm( 295): WAIT_FOR_CONCURRENT_GC blocked 6ms
I/PackageManager( 295): /system/app/Launcher2.apk changed; collecting certs
D/dalvikvm( 295): GC_CONCURRENT freed 422K, 19% free 10163K/12423K, paused 1ms+6ms, total 19ms
D/dalvikvm( 295): WAIT_FOR_CONCURRENT_GC blocked 8ms
I/PackageManager( 295): /system/app/LiveWallpapers.apk changed; collecting certs
D/dalvikvm( 295): GC_CONCURRENT freed 1215K, 24% free 9460K/12423K, paused 1ms+3ms, total 21ms
D/dalvikvm( 295): WAIT_FOR_CONCURRENT_GC blocked 10ms
I/PackageManager( 295): /system/app/LiveWallpapersPicker.apk changed; collecting certs
I/PackageManager( 295): /system/app/LocalAnalyticsService.apk changed; collecting certs
I/PackageManager( 295): /system/app/MagicSmokeWallpapers.apk changed; collecting certs
D/dalvikvm( 295): GC_CONCURRENT freed 642K, 26% free 9307K/12423K, paused 1ms+3ms, total 19ms
I/PackageManager( 295): /system/app/MediaProvider.apk changed; collecting certs
I/PackageManager( 295): /system/app/MicrophoneTest_v1.0_101512.apk changed; collecting certs
I/PackageManager( 295): /system/app/Mms.apk changed; collecting certs
D/dalvikvm( 295): GC_CONCURRENT freed 498K, 26% free 9317K/12423K, paused 1ms+2ms, total 16ms
D/dalvikvm( 295): WAIT_FOR_CONCURRENT_GC blocked 15ms
I/PackageManager( 295): /system/app/MobileDeviceIntegration.apk changed; collecting certs
D/dalvikvm( 295): GC_CONCURRENT freed 371K, 24% free 9456K/12423K, paused 1ms+1ms, total 18ms
D/dalvikvm( 295): WAIT_FOR_CONCURRENT_GC blocked 4ms
I/PackageManager( 295): /system/app/MotoServices.apk changed; collecting certs
I/PackageManager( 295): /system/app/Music.apk changed; collecting certs
D/dalvikvm( 295): GC_CONCURRENT freed 329K, 23% free 9639K/12423K, paused 1ms+3ms, total 18ms
D/dalvikvm( 295): WAIT_FOR_CONCURRENT_GC blocked 10ms
I/PackageManager( 295): /system/app/MusicFX.apk changed; collecting certs
I/PackageManager( 295): /system/app/NoiseField.apk changed; collecting certs
D/dalvikvm( 295): GC_CONCURRENT freed 655K, 24% free 9494K/12423K, paused 1ms+3ms, total 19ms
D/dalvikvm( 295): WAIT_FOR_CONCURRENT_GC blocked 6ms
I/PackageManager( 295): /system/app/PackageInstaller.apk changed; collecting certs
I/PackageManager( 295): /system/app/PhaseBeam.apk changed; collecting certs
I/PackageManager( 295): /system/app/Phone.apk changed; collecting certs
D/dalvikvm( 295): GC_CONCURRENT freed 544K, 24% free 9457K/12423K, paused 1ms+3ms, total 18ms
D/dalvikvm( 295): WAIT_FOR_CONCURRENT_GC blocked 8ms
I/PackageManager( 295): /system/app/PicoTts.apk changed; collecting certs
D/dalvikvm( 295): GC_CONCURRENT freed 416K, 24% free 9553K/12423K, paused 1ms+2ms, total 19ms
D/dalvikvm( 295): WAIT_FOR_CONCURRENT_GC blocked 6ms
I/PackageManager( 295): /system/app/Printer.apk changed; collecting certs
I/PackageManager( 295): /system/app/Provision.apk changed; collecting certs
I/PackageManager( 295): /system/app/QuickSearchBox.apk changed; collecting certs
D/dalvikvm( 295): GC_CONCURRENT freed 402K, 23% free 9657K/12423K, paused 1ms+3ms, total 18ms
D/dalvikvm( 295): WAIT_FOR_CONCURRENT_GC blocked 14ms
I/PackageManager( 295): /system/app/SerialPortAPIX.apk changed; collecting certs
D/dalvikvm( 295): GC_CONCURRENT freed 613K, 24% free 9532K/12423K, paused 2ms+3ms, total 20ms
I/PackageManager( 295): /system/app/Settings.apk changed; collecting certs
D/dalvikvm( 295): GC_CONCURRENT freed 394K, 23% free 9645K/12423K, paused 12ms+1ms, total 28ms
D/dalvikvm( 295): WAIT_FOR_CONCURRENT_GC blocked 15ms
D/dalvikvm( 295): GC_CONCURRENT freed 393K, 22% free 9764K/12423K, paused 2ms+3ms, total 20ms
D/dalvikvm( 295): WAIT_FOR_CONCURRENT_GC blocked 5ms
D/dalvikvm( 295): GC_CONCURRENT freed 219K, 20% free 10056K/12423K, paused 11ms+1ms, total 30ms
D/dalvikvm( 295): WAIT_FOR_CONCURRENT_GC blocked 7ms
I/PackageManager( 295): /system/app/SettingsProvider.apk changed; collecting certs
I/PackageManager( 295): /system/app/SharedStorageBackup.apk changed; collecting certs
I/PackageManager( 295): /system/app/SoundRecorder.apk changed; collecting certs
D/dalvikvm( 295): GC_CONCURRENT freed 442K, 19% free 10122K/12423K, paused 2ms+5ms, total 23ms
I/PackageManager( 295): /system/app/SystemUI.apk changed; collecting certs
D/dalvikvm( 295): GC_CONCURRENT freed 934K, 22% free 9695K/12423K, paused 1ms+1ms, total 19ms
D/dalvikvm( 295): WAIT_FOR_CONCURRENT_GC blocked 17ms
D/dalvikvm( 295): GC_CONCURRENT freed 303K, 21% free 9876K/12423K, paused 1ms+2ms, total 18ms
D/dalvikvm( 295): WAIT_FOR_CONCURRENT_GC blocked 10ms
I/PackageManager( 295): /system/app/TelephonyProvider.apk changed; collecting certs
I/PackageManager( 295): /system/app/UserDictionaryProvider.apk changed; collecting certs
D/dalvikvm( 295): GC_CONCURRENT freed 356K, 20% free 10032K/12423K, paused 2ms+4ms, total 21ms
D/dalvikvm( 295): WAIT_FOR_CONCURRENT_GC blocked 8ms
I/PackageManager( 295): /system/app/VideoEditor.apk changed; collecting certs
D/dalvikvm( 295): GC_CONCURRENT freed 835K, 22% free 9709K/12423K, paused 2ms+2ms, total 21ms
D/dalvikvm( 295): WAIT_FOR_CONCURRENT_GC blocked 11ms
I/PackageManager( 295): /system/app/VisualizationWallpapers.apk changed; collecting certs
I/PackageManager( 295): /system/app/VpnDialogs.apk changed; collecting certs
I/PackageManager( 295): /system/app/WAPPushManager.apk changed; collecting certs
D/dalvikvm( 295): GC_CONCURRENT freed 427K, 22% free 9793K/12423K, paused 1ms+3ms, total 22ms
D/dalvikvm( 295): WAIT_FOR_CONCURRENT_GC blocked 9ms
I/PackageManager( 295): /system/app/com.askey.serialport.SerialPortAPIX.apk changed; collecting certs
I/PackageManager( 295): /system/app/sensor.test.apk changed; collecting certs
W/PackageManager( 295): Application package com.askey.serialport already installed. Skipping duplicate.
W/PackageParser( 295): Problem in package /system/app/sensor.test.apk:
W/PackageParser( 295): Unknown element under : action at /system/app/sensor.test.apk Binary XML file line #27
W/PackageParser( 295): Problem in package /system/app/sensor.test.apk:
W/PackageParser( 295): Unknown element under : category at /system/app/sensor.test.apk Binary XML file line #28
I/PackageManager( 295): /system/app/sysReboot.apk changed; collecting certs
I/PackageManager( 295): /system/app/sysShutdown.apk changed; collecting certs
D/dalvikvm( 295): GC_CONCURRENT freed 688K, 23% free 9616K/12423K, paused 1ms+2ms, total 21ms
D/dalvikvm( 295): WAIT_FOR_CONCURRENT_GC blocked 9ms
D/PackageManager( 295): No files in app dir /vendor/app
I/PackageManager( 295): Time to scan packages: 4.659 seconds
I/PackageManager( 295): Platform changed from 0 to 16; regranting permissions for internal storage
W/PackageManager( 295): Unknown permission com.google.android.googleapps.permission.GOOGLE_AUTH.mail in package com.android.contacts
W/PackageManager( 295): Unknown permission android.permission.ADD_SYSTEM_SERVICE in package com.android.phone
W/PackageManager( 295): Unknown permission com.google.android.googleapps.permission.GOOGLE_AUTH in package com.android.providers.calendar
W/PackageManager( 295): Unknown permission com.google.android.googleapps.permission.GOOGLE_AUTH.cl in package com.android.providers.calendar
W/PackageManager( 295): Unknown permission com.google.android.googleapps.permission.GOOGLE_AUTH.mail in package com.android.calendar
W/PackageManager( 295): Not granting permission android.permission.SEND_DOWNLOAD_COMPLETED_INTENTS to package com.android.browser (protectionLevel=2 flags=0x9be45)
W/PackageManager( 295): Unknown permission com.google.android.googleapps.permission.GOOGLE_AUTH in package com.android.settings
W/PackageManager( 295): Unknown permission concierge.permission.READ_USERS in package com.android.settings
W/PackageManager( 295): Unknown permission concierge.permission.WRITE_USERS in package com.android.settings
W/PackageManager( 295): Unknown permission com.google.android.googleapps.permission.GOOGLE_AUTH in package com.android.providers.contacts
W/PackageManager( 295): Unknown permission com.google.android.googleapps.permission.GOOGLE_AUTH.cp in package com.android.providers.contacts
W/PackageManager( 295): Not granting permission android.permission.DEVICE_POWER to package com.askey.ammitest2300 (protectionLevel=2 flags=0x8be47)
W/PackageManager( 295): Not granting permission android.permission.DIAGNOSTIC to package com.askey.ammitest2300 (protectionLevel=2 flags=0x8be47)
W/PackageManager( 295): Not granting permission android.permission.FACTORY_TEST to package com.askey.ammitest2300 (protectionLevel=2 flags=0x8be47)
W/PackageManager( 295): Not granting permission android.permission.HARDWARE_TEST to package com.askey.ammitest2300 (protectionLevel=2 flags=0x8be47)
W/PackageManager( 295): Not granting permission android.permission.INJECT_EVENTS to package com.askey.ammitest2300 (protectionLevel=2 flags=0x8be47)
W/PackageManager( 295): Not granting permission android.permission.INTERNAL_SYSTEM_WINDOW to package com.askey.ammitest2300 (protectionLevel=2 flags=0x8be47)
W/PackageManager( 295): Not granting permission android.permission.READ_INPUT_STATE to package com.askey.ammitest2300 (protectionLevel=2 flags=0x8be47)
W/PackageManager( 295): Unknown permission android.permission.WRITE_OWNER_DATA in package com.askey.ammitest2300
W/PackageManager( 295): Unknown permission android.permission.READ_OWNER_DATA in package com.askey.ammitest2300
W/PackageManager( 295): Not granting permission android.permission.DEVICE_POWER to package com.android.deskclock (protectionLevel=2 flags=0x8be45)
W/PackageManager( 295): Not granting permission android.permission.DEVICE_POWER to package com.askey.testing (protectionLevel=2 flags=0x8be47)
W/PackageManager( 295): Not granting permission android.permission.DIAGNOSTIC to package com.askey.testing (protectionLevel=2 flags=0x8be47)
W/PackageManager( 295): Not granting permission android.permission.FACTORY_TEST to package com.askey.testing (protectionLevel=2 flags=0x8be47)
W/PackageManager( 295): Not granting permission android.permission.HARDWARE_TEST to package com.askey.testing (protectionLevel=2 flags=0x8be47)
W/PackageManager( 295): Not granting permission android.permission.INJECT_EVENTS to package com.askey.testing (protectionLevel=2 flags=0x8be47)
W/PackageManager( 295): Not granting permission android.permission.INTERNAL_SYSTEM_WINDOW to package com.askey.testing (protectionLevel=2 flags=0x8be47)
W/PackageManager( 295): Not granting permission android.permission.READ_INPUT_STATE to package com.askey.testing (protectionLevel=2 flags=0x8be47)
W/PackageManager( 295): Unknown permission android.permission.WRITE_OWNER_DATA in package com.askey.testing
W/PackageManager( 295): Unknown permission android.permission.READ_OWNER_DATA in package com.askey.testing
W/PackageManager( 295): Unknown permission com.motorola.asds.isign.provider.inventory.permission.WRITE_INVENTORY in package com.motorola.asds.isign.service.fetchservice
W/PackageManager( 295): Unknown permission com.motosln.concierge.oemoverlay.permission.UPDATE_OEM_OVERLAY in package com.motorola.asds.isign.service.fetchservice
D/dalvikvm( 295): WAIT_FOR_CONCURRENT_GC blocked 0ms
D/dalvikvm( 295): GC_EXPLICIT freed 433K, 24% free 9475K/12423K, paused 1ms+2ms, total 24ms
I/SystemServer( 295): Account Manager
D/PackageManager( 295): generateServicesMap(android.accounts.AccountAuthenticator): 2 services:
D/PackageManager( 295): New service added: ServiceInfo: AuthenticatorDescription {type=com.android.email}, ComponentInfo{com.android.email/com.android.email.service.PopImapAuthenticatorService}, uid 10026
D/PackageManager( 295): New service added: ServiceInfo: AuthenticatorDescription {type=com.android.exchange}, ComponentInfo{com.android.email/com.android.email.service.EasAuthenticatorService}, uid 10026
I/ActivityThread( 295): Pub settings: com.android.providers.settings.SettingsProvider
D/dalvikvm( 295): DexOpt: --- BEGIN 'SettingsProvider.apk' (bootstrap=0) ---
I/SystemServer( 295): Content Manager
I/SystemServer( 295): System Content Providers
D/dalvikvm( 336): DexOpt: load 3ms, verify+opt 23ms, 365916 bytes
D/dalvikvm( 295): DexOpt: --- END 'SettingsProvider.apk' (success) ---
D/dalvikvm( 295): DEX prep '/system/app/SettingsProvider.apk': unzip in 1ms, rewrite 147ms
E/SQLiteLog( 295): (1) no such table: secure
D/SettingsProvider( 295): Generated and saved new ANDROID_ID [fdc2b561c60b37b9]
I/SyncManager( 295): No initial accounts
I/SyncManager( 295): No initial status
I/SyncManager( 295): No initial pending operations
I/SyncManager( 295): No initial statistics
D/PackageManager( 295): generateServicesMap(android.content.SyncAdapter): 4 services:
D/PackageManager( 295): New service added: ServiceInfo: SyncAdapterType {name=com.android.email.provider, type=com.android.email, userVisible=true, supportsUploading=false, isAlwaysSyncable=false, allowParallelSyncs=false, settingsActivity=null}, ComponentInfo{com.android.email/com.android.email.service.PopImapSyncAdapterService}, uid 10026
D/PackageManager( 295): New service added: ServiceInfo: SyncAdapterType {name=com.android.email.provider, type=com.android.exchange, userVisible=true, supportsUploading=false, isAlwaysSyncable=false, allowParallelSyncs=false, settingsActivity=null}, ComponentInfo{com.android.exchange/com.android.exchange.EmailSyncAdapterService}, uid 10027
D/PackageManager( 295): New service added: ServiceInfo: SyncAdapterType {name=com.android.contacts, type=com.android.exchange, userVisible=true, supportsUploading=true, isAlwaysSyncable=false, allowParallelSyncs=false, settingsActivity=null}, ComponentInfo{com.android.exchange/com.android.exchange.ContactsSyncAdapterService}, uid 10027
D/PackageManager( 295): New service added: ServiceInfo: SyncAdapterType {name=com.android.calendar, type=com.android.exchange, userVisible=true, supportsUploading=true, isAlwaysSyncable=false, allowParallelSyncs=false, settingsActivity=null}, ComponentInfo{com.android.exchange/com.android.exchange.CalendarSyncAdapterService}, uid 10027
D/SettingsProvider( 295): cache for settings table 'secure' rows=29; fullycached=true
D/SettingsProvider( 295): cache for settings table 'system' rows=46; fullycached=true
I/SystemServer( 295): Lights Service
D/dalvikvm( 295): GC_CONCURRENT freed 260K, 22% free 9726K/12423K, paused 12ms+3ms, total 33ms
I/SystemServer( 295): Battery Service
I/SystemServer( 295): Vibrator Service
D/PowerManagerService( 295): Hardbg: updateWakeLockLocked mStayOnConditions,mStayOnConditions:1isPowered:false
D/PowerManagerService( 295): Hardbg: updateWakeLockLocked mStayOnConditions,mStayOnConditions:1isPowered:false
I/PowerManagerService( 295): hardbg: setScreenStateLocked
I/SystemServer( 295): Alarm Manager
I/SystemServer( 295): Init Watchdog
I/SystemServer( 295): Window Manager
I/InputManager( 295): Initializing input manager
W/StatusBarManager( 295): warning: no STATUS_BAR_SERVICE
E/ASFDummyExtractor( 117): isASFParserAvailable
W/ASFDummyExtractor( 117): ASF parser is not available
E/WVMExtractor( 117): Failed to open libwvm.so
E/SensorService( 295): Error activating sensor 0 (Operation not permitted)
D/PermissionCache( 114): checking android.permission.ACCESS_SURFACE_FLINGER for uid=1000 => granted (244 us)
I/InputManager( 295): Starting input manager
I/WindowManager( 295): Enabled StrictMode for PolicyThread's Looper
I/WindowManager( 295): Enabled StrictMode logging for WMThread's Looper
I/SystemServer( 295): Bluetooth Service
W/bluedroid( 295): open(/sys/class/rfkill/rfkill0/type) failed: No such file or directory (2)
I/BluetoothProfileState( 295): Message:Entering Stable State
D/EventHub( 295): No input device configuration file found for device 'HID 04b3:310b'.
I/EventHub( 295): New device: id=1, fd=99, path='/dev/input/event4', name='HID 04b3:310b', classes=0x80000008, configuration='', keyLayout='', keyCharacterMap='', builtinKeyboard=false, usingSuspendBlockIoctl=true, usingClockIoctl=false
E/EventHub( 295): could not get driver version for /dev/input/mouse0, Not a typewriter
I/AudioPlayer( 117): mLatencyUs = 0
W/TimeInterpolator( 117): time is rewinding: -56781 Tf=1 t0=33001708 pos0=-56781 dt=0 now=33001708 last=0 now_last=0
I/BluetoothProfileState( 295): Message:Entering Stable State
I/BluetoothProfileState( 295): Message:Entering Stable State
E/BluetoothGattClient.cpp( 295): initNative Registering obecjt path at /com/ti/bluetooth/gatt/client
D/BluetoothGattServerService( 295): Creating
E/ASFDummyExtractor( 117): isASFParserAvailable
W/ASFDummyExtractor( 117): ASF parser is not available
E/WVMExtractor( 117): Failed to open libwvm.so
I/SystemServer( 295): Input Method Service
I/AudioPlayer( 117): mLatencyUs = 0
W/TimeInterpolator( 117): time is rewinding: -56781 Tf=1 t0=33025390 pos0=-56781 dt=0 now=33025390 last=0 now_last=0
W/InputMethodManagerService( 295): No IME selected. Choose the most applicable IME.
I/InputMethodManagerService( 295): No default found, using com.android.inputmethod.latin/.LatinIME
I/SystemServer( 295): Accessibility Manager
E/EventHub( 295): could not get driver version for /dev/input/mice, Not a typewriter
I/PackageManager( 295): Running dexopt on: com.askey.ammitest2300
I/Display ( 295): Mirroring region is Rect(0, 0 - 1920, 1080)
I/ActivityManager( 295): Config changed: {1.0 0mcc0mnc hd_US sw720dp w1280dp h672dp lrg long land ?uimode ?night -touch -keyb/h/h -nav/h s.2}
D/dalvikvm( 295): GC_CONCURRENT freed 325K, 22% free 9788K/12423K, paused 1ms+1ms, total 24ms
D/EventHub( 295): No input device configuration file found for device 'Tablet44xx External Mic'.
I/EventHub( 295): New device: id=2, fd=118, path='/dev/input/event3', name='Tablet44xx External Mic', classes=0x80, configuration='', keyLayout='', keyCharacterMap='', builtinKeyboard=false, usingSuspendBlockIoctl=true, usingClockIoctl=false
D/EventHub( 295): No input device configuration file found for device 'Tablet44xx Headset Jack'.
I/EventHub( 295): New device: id=3, fd=121, path='/dev/input/event2', name='Tablet44xx Headset Jack', classes=0x80, configuration='', keyLayout='', keyCharacterMap='', builtinKeyboard=false, usingSuspendBlockIoctl=true, usingClockIoctl=false
D/EventHub( 295): No input device configuration file found for device 'gpio-keys'.
D/dalvikvm( 365): DexOpt: 'Landroid/annotation/SuppressLint;' has an earlier definition; blocking out
D/dalvikvm( 365): DexOpt: 'Landroid/annotation/TargetApi;' has an earlier definition; blocking out
E/KeyLayoutMap( 295): /system/usr/keylayout/gpio-keys.kl:98: Expected key code label, got 'ET1_P1'.
I/EventHub( 295): New device: id=4, fd=122, path='/dev/input/event0', name='gpio-keys', classes=0x1, configuration='', keyLayout='/system/usr/keylayout/Generic.kl', keyCharacterMap='/system/usr/keychars/Generic.kcm', builtinKeyboard=false, usingSuspendBlockIoctl=true, usingClockIoctl=false
D/EventHub( 295): No input device configuration file found for device 'twl6030_pwrbutton'.
I/EventHub( 295): New device: id=5, fd=123, path='/dev/input/event1', name='twl6030_pwrbutton', classes=0x1, configuration='', keyLayout='/system/usr/keylayout/twl6030_pwrbutton.kl', keyCharacterMap='/system/usr/keychars/Generic.kcm', builtinKeyboard=false, usingSuspendBlockIoctl=true, usingClockIoctl=false
I/InputReader( 295): Device added: id=-1, name='Virtual', sources=0x00000301
I/InputReader( 295): Device added: id=5, name='twl6030_pwrbutton', sources=0x00000101
I/InputReader( 295): Device added: id=4, name='gpio-keys', sources=0x00000101
I/InputReader( 295): Device added: id=3, name='Tablet44xx Headset Jack', sources=0x80000000
I/InputReader( 295): Device added: id=2, name='Tablet44xx External Mic', sources=0x80000000
I/InputReader( 295): Device added: id=1, name='HID 04b3:310b', sources=0x00002002
I/InputReader( 295): Reconfiguring input devices. changes=0x00000004
D/dalvikvm( 365): DexOpt: not verifying/optimizing 'Landroid/annotation/SuppressLint;': multiple definitions
D/dalvikvm( 365): DexOpt: not verifying/optimizing 'Landroid/annotation/TargetApi;': multiple definitions
D/dalvikvm( 365): DexOpt: load 25ms, verify+opt 187ms, 985404 bytes
I/PackageManager( 295): Running dexopt on: com.askey.testing
D/dalvikvm( 366): DexOpt: 'Landroid/annotation/SuppressLint;' has an earlier definition; blocking out
D/dalvikvm( 366): DexOpt: 'Landroid/annotation/TargetApi;' has an earlier definition; blocking out
D/dalvikvm( 366): DexOpt: not verifying/optimizing 'Landroid/annotation/SuppressLint;': multiple definitions
D/dalvikvm( 366): DexOpt: not verifying/optimizing 'Landroid/annotation/TargetApi;': multiple definitions
D/dalvikvm( 366): DexOpt: load 17ms, verify+opt 172ms, 904212 bytes
I/PackageManager( 295): Running dexopt on: com.android.providers.applications
D/dalvikvm( 367): DexOpt: load 5ms, verify+opt 30ms, 349108 bytes
I/PackageManager( 295): Running dexopt on: com.motorola.asds.isign.provider.asset
D/dalvikvm( 368): DexOpt: load 3ms, verify+opt 12ms, 211116 bytes
I/PackageManager( 295): Running dexopt on: com.android.backupconfirm
D/dalvikvm( 369): DexOpt: load 5ms, verify+opt 11ms, 220476 bytes
I/PackageManager( 295): Running dexopt on: com.android.bluetooth
D/dalvikvm( 370): DexOpt: load 8ms, verify+opt 73ms, 556884 bytes
I/PackageManager( 295): Running dexopt on: com.ti.bluetooth.bloodpressure
D/dalvikvm( 371): DexOpt: load 5ms, verify+opt 14ms, 230380 bytes
I/PackageManager( 295): Running dexopt on: com.ti.bluetooth.findmelocator
D/dalvikvm( 372): DexOpt: load 5ms, verify+opt 14ms, 240468 bytes
I/PackageManager( 295): Running dexopt on: com.ti.bluetooth.ftps
D/dalvikvm( 373): DexOpt: load 5ms, verify+opt 23ms, 305604 bytes
I/PackageManager( 295): Running dexopt on: com.ti.bluetooth.hdp
D/dalvikvm( 374): DexOpt: load 6ms, verify+opt 17ms, 271276 bytes
I/PackageManager( 295): Running dexopt on: com.ti.bluetooth.heartratemonitor
D/dalvikvm( 375): DexOpt: load 5ms, verify+opt 15ms, 248644 bytes
I/PackageManager( 295): Running dexopt on: com.ti.bluetooth.map
D/dalvikvm( 376): DexOpt: load 7ms, verify+opt 43ms, 394556 bytes
I/PackageManager( 295): Running dexopt on: com.ti.bluetooth.emas.androidmail
D/dalvikvm( 377): DexOpt: load 9ms, verify+opt 69ms, 468996 bytes
I/PackageManager( 295): Running dexopt on: com.ti.bluetooth.proximitymonitor
I/InputDispatcher( 295): Dropped event because input dispatch is disabled.
D/dalvikvm( 378): DexOpt: load 5ms, verify+opt 17ms, 252228 bytes
I/PackageManager( 295): Running dexopt on: com.ti.bluetoothSCOapp
D/dalvikvm( 379): DexOpt: load 4ms, verify+opt 11ms, 226564 bytes
I/PackageManager( 295): Running dexopt on: com.ti.bluetooth.thermometer
D/dalvikvm( 380): DexOpt: load 5ms, verify+opt 13ms, 230284 bytes
I/PackageManager( 295): Running dexopt on: board_id.com.ti
D/dalvikvm( 381): DexOpt: load 5ms, verify+opt 12ms, 230964 bytes
I/PackageManager( 295): Running dexopt on: com.motorolasolutions.bootreceiver
D/dalvikvm( 382): DexOpt: load 2ms, verify+opt 1ms, 105868 bytes
I/PackageManager( 295): Running dexopt on: com.android.browser
D/dalvikvm( 383): DexOpt: 'Lcom/android/common/content/SyncStateContentProviderHelper;' has an earlier definition; blocking out
I/InputDispatcher( 295): Dropped event because input dispatch is disabled.
I/InputDispatcher( 295): Dropped event because input dispatch is disabled.
I/InputDispatcher( 295): Dropped event because input dispatch is disabled.
I/dalvikvm( 383): DexOpt: not resolving ambiguous class 'Lcom/android/common/content/SyncStateContentProviderHelper;'
I/dalvikvm( 383): DexOpt: not resolving ambiguous class 'Lcom/android/common/content/SyncStateContentProviderHelper;'
I/InputDispatcher( 295): Dropped event because input dispatch is disabled.
D/dalvikvm( 383): DexOpt: not verifying/optimizing 'Lcom/android/common/content/SyncStateContentProviderHelper;': multiple definitions
I/InputDispatcher( 295): Dropped event because input dispatch is disabled.
D/dalvikvm( 383): DexOpt: load 79ms, verify+opt 204ms, 1536332 bytes
I/InputDispatcher( 295): Dropped event because input dispatch is disabled.
I/InputDispatcher( 295): Dropped event because input dispatch is disabled.
I/InputDispatcher( 295): Dropped event because input dispatch is disabled.
I/InputDispatcher( 295): Dropped event because input dispatch is disabled.
I/InputDispatcher( 295): Dropped event because input dispatch is disabled.
I/PackageManager( 295): Running dexopt on: com.android.calculator2
I/InputDispatcher( 295): Dropped event because input dispatch is disabled.
I/InputDispatcher( 295): Dropped event because input dispatch is disabled.
I/InputDispatcher( 295): Dropped event because input dispatch is disabled.
I/InputDispatcher( 295): Dropped event because input dispatch is disabled.
D/dalvikvm( 384): DexOpt: load 29ms, verify+opt 60ms, 625028 bytes
I/PackageManager( 295): Running dexopt on: com.android.calendar
D/dalvikvm( 385): DexOpt: 'Lcom/android/common/widget/CompositeCursorAdapter;' has an earlier definition; blocking out
D/dalvikvm( 385): DexOpt: 'Lcom/android/common/contacts/BaseEmailAddressAdapter;' has an earlier definition; blocking out
D/dalvikvm( 385): DexOpt: 'Lcom/android/common/Rfc822InputFilter;' has an earlier definition; blocking out
D/dalvikvm( 385): DexOpt: 'Lcom/android/common/Rfc822Validator;' has an earlier definition; blocking out
D/dalvikvm( 385): DexOpt: 'Lcom/android/common/contacts/BaseEmailAddressAdapter$1;' has an earlier definition; blocking out
D/dalvikvm( 385): DexOpt: 'Lcom/android/common/contacts/BaseEmailAddressAdapter$DefaultPartitionFilter;' has an earlier definition; blocking out
D/dalvikvm( 385): DexOpt: 'Lcom/android/common/contacts/BaseEmailAddressAdapter$DirectoryListQuery;' has an earlier definition; blocking out
D/dalvikvm( 385): DexOpt: 'Lcom/android/common/widget/CompositeCursorAdapter$Partition;' has an earlier definition; blocking out
D/dalvikvm( 385): DexOpt: 'Lcom/android/common/contacts/BaseEmailAddressAdapter$DirectoryPartition;' has an earlier definition; blocking out
D/dalvikvm( 385): DexOpt: 'Lcom/android/common/contacts/BaseEmailAddressAdapter$DirectoryPartitionFilter;' has an earlier definition; blocking out
D/dalvikvm( 385): DexOpt: 'Lcom/android/common/contacts/BaseEmailAddressAdapter$EmailQuery;' has an earlier definition; blocking out
D/dalvikvm( 385): DexOpt: not verifying/optimizing 'Lcom/android/common/widget/CompositeCursorAdapter;': multiple definitions
D/dalvikvm( 385): DexOpt: not verifying/optimizing 'Lcom/android/common/contacts/BaseEmailAddressAdapter;': multiple definitions
I/dalvikvm( 385): DexOpt: not resolving ambiguous class 'Lcom/android/common/contacts/BaseEmailAddressAdapter;'
I/dalvikvm( 385): DexOpt: not resolving ambiguous class 'Lcom/android/common/Rfc822Validator;'
I/dalvikvm( 385): DexOpt: not resolving ambiguous class 'Lcom/android/common/Rfc822InputFilter;'
I/InputDispatcher( 295): Dropped event because input dispatch is disabled.
I/InputDispatcher( 295): Dropped event because input dispatch is disabled.
D/dalvikvm( 385): DexOpt: not verifying/optimizing 'Lcom/android/common/Rfc822InputFilter;': multiple definitions
D/dalvikvm( 385): DexOpt: not verifying/optimizing 'Lcom/android/common/Rfc822Validator;': multiple definitions
D/dalvikvm( 385): DexOpt: not verifying/optimizing 'Lcom/android/common/contacts/BaseEmailAddressAdapter$1;': multiple definitions
D/dalvikvm( 385): DexOpt: not verifying/optimizing 'Lcom/android/common/contacts/BaseEmailAddressAdapter$DefaultPartitionFilter;': multiple definitions
D/dalvikvm( 385): DexOpt: not verifying/optimizing 'Lcom/android/common/contacts/BaseEmailAddressAdapter$DirectoryListQuery;': multiple definitions
D/dalvikvm( 385): DexOpt: not verifying/optimizing 'Lcom/android/common/widget/CompositeCursorAdapter$Partition;': multiple definitions
D/dalvikvm( 385): DexOpt: not verifying/optimizing 'Lcom/android/common/contacts/BaseEmailAddressAdapter$DirectoryPartition;': multiple definitions
D/dalvikvm( 385): DexOpt: not verifying/optimizing 'Lcom/android/common/contacts/BaseEmailAddressAdapter$DirectoryPartitionFilter;': multiple definitions
D/dalvikvm( 385): DexOpt: not verifying/optimizing 'Lcom/android/common/contacts/BaseEmailAddressAdapter$EmailQuery;': multiple definitions
I/InputDispatcher( 295): Dropped event because input dispatch is disabled.
D/dalvikvm( 385): DexOpt: load 51ms, verify+opt 175ms, 1103780 bytes
I/InputDispatcher( 295): Dropped event because input dispatch is disabled.
I/InputDispatcher( 295): Dropped event because input dispatch is disabled.
I/PackageManager( 295): Running dexopt on: com.android.providers.calendar
D/dalvikvm( 386): DexOpt: 'Lcom/android/common/content/SyncStateContentProviderHelper;' has an earlier definition; blocking out
I/InputDispatcher( 295): Dropped event because input dispatch is disabled.
D/dalvikvm( 386): DexOpt: not verifying/optimizing 'Lcom/android/common/content/SyncStateContentProviderHelper;': multiple definitions
I/dalvikvm( 386): DexOpt: not resolving ambiguous class 'Lcom/android/common/content/SyncStateContentProviderHelper;'
I/dalvikvm( 386): DexOpt: not resolving ambiguous class 'Lcom/android/common/content/SyncStateContentProviderHelper;'
D/dalvikvm( 386): DexOpt: load 11ms, verify+opt 82ms, 582508 bytes
I/InputDispatcher( 295): Dropped event because input dispatch is disabled.
I/PackageManager( 295): Running dexopt on: com.ti.omap4.android.camera
I/InputDispatcher( 295): Dropped event because input dispatch is disabled.
D/dalvikvm( 387): DexOpt: load 43ms, verify+opt 124ms, 928428 bytes
I/InputDispatcher( 295): Dropped event because input dispatch is disabled.
I/PackageManager( 295): Running dexopt on: com.android.certinstaller
D/dalvikvm( 388): DexOpt: load 7ms, verify+opt 24ms, 350532 bytes
I/PackageManager( 295): Running dexopt on: com.android.contacts
D/dalvikvm( 389): DexOpt: 'Lcom/android/common/io/MoreCloseables;' has an earlier definition; blocking out
D/dalvikvm( 389): DexOpt: 'Lcom/android/common/widget/CompositeCursorAdapter$Partition;' has an earlier definition; blocking out
D/dalvikvm( 389): DexOpt: 'Lcom/android/common/widget/CompositeCursorAdapter;' has an earlier definition; blocking out
D/dalvikvm( 389): DexOpt: 'Lcom/android/common/widget/GroupingListAdapter$1;' has an earlier definition; blocking out
D/dalvikvm( 389): DexOpt: 'Lcom/android/common/widget/GroupingListAdapter$2;' has an earlier definition; blocking out
D/dalvikvm( 389): DexOpt: 'Lcom/android/common/widget/GroupingListAdapter$PositionMetadata;' has an earlier definition; blocking out
D/dalvikvm( 389): DexOpt: 'Lcom/android/common/widget/GroupingListAdapter;' has an earlier definition; blocking out
D/dalvikvm( 389): DexOpt: not verifying/optimizing 'Lcom/android/common/io/MoreCloseables;': multiple definitions
D/dalvikvm( 389): DexOpt: not verifying/optimizing 'Lcom/android/common/widget/CompositeCursorAdapter$Partition;': multiple definitions
D/dalvikvm( 389): DexOpt: not verifying/optimizing 'Lcom/android/common/widget/CompositeCursorAdapter;': multiple definitions
D/dalvikvm( 389): DexOpt: not verifying/optimizing 'Lcom/android/common/widget/GroupingListAdapter$1;': multiple definitions
D/dalvikvm( 389): DexOpt: not verifying/optimizing 'Lcom/android/common/widget/GroupingListAdapter$2;': multiple definitions
