D/dalvikvm( 405): DexOpt: 'Lcom/android/ex/editstyledtext/EditStyledText$MenuHandler;' has an earlier definition; blocking out
D/dalvikvm( 405): DexOpt: 'Lcom/android/ex/editstyledtext/EditStyledText$SavedStyledTextState;' has an earlier definition; blocking out
D/dalvikvm( 405): DexOpt: 'Lcom/android/ex/editstyledtext/EditStyledText$SoftKeyReceiver;' has an earlier definition; blocking out
D/dalvikvm( 405): DexOpt: 'Lcom/android/ex/editstyledtext/EditStyledText$StyledTextArrowKeyMethod;' has an earlier definition; blocking out
D/dalvikvm( 405): DexOpt: 'Lcom/android/ex/editstyledtext/EditStyledText$StyledTextConverter$1;' has an earlier definition; blocking out
D/dalvikvm( 405): DexOpt: 'Lcom/android/ex/editstyledtext/EditStyledText$StyledTextConverter;' has an earlier definition; blocking out
D/dalvikvm( 405): DexOpt: 'Lcom/android/ex/editstyledtext/EditStyledText$StyledTextDialog$10;' has an earlier definition; blocking out
D/dalvikvm( 405): DexOpt: 'Lcom/android/ex/editstyledtext/EditStyledText$StyledTextDialog$11;' has an earlier definition; blocking out
D/dalvikvm( 405): DexOpt: 'Lcom/android/ex/editstyledtext/EditStyledText$StyledTextDialog$1;' has an earlier definition; blocking out
D/dalvikvm( 405): DexOpt: 'Lcom/android/ex/editstyledtext/EditStyledText$StyledTextDialog$2;' has an earlier definition; blocking out
D/dalvikvm( 405): DexOpt: 'Lcom/android/ex/editstyledtext/EditStyledText$StyledTextDialog$3;' has an earlier definition; blocking out
D/dalvikvm( 405): DexOpt: 'Lcom/android/ex/editstyledtext/EditStyledText$StyledTextDialog$4;' has an earlier definition; blocking out
D/dalvikvm( 405): DexOpt: 'Lcom/android/ex/editstyledtext/EditStyledText$StyledTextDialog$5;' has an earlier definition; blocking out
D/dalvikvm( 405): DexOpt: 'Lcom/android/ex/editstyledtext/EditStyledText$StyledTextDialog$6;' has an earlier definition; blocking out
D/dalvikvm( 405): DexOpt: 'Lcom/android/ex/editstyledtext/EditStyledText$StyledTextDialog$7;' has an earlier definition; blocking out
D/dalvikvm( 405): DexOpt: 'Lcom/android/ex/editstyledtext/EditStyledText$StyledTextDialog$8;' has an earlier definition; blocking out
D/dalvikvm( 405): DexOpt: 'Lcom/android/ex/editstyledtext/EditStyledText$StyledTextDialog$9;' has an earlier definition; blocking out
D/dalvikvm( 405): DexOpt: 'Lcom/android/ex/editstyledtext/EditStyledText$StyledTextDialog;' has an earlier definition; blocking out
D/dalvikvm( 405): DexOpt: 'Lcom/android/ex/editstyledtext/EditStyledText$StyledTextHtmlConverter;' has an earlier definition; blocking out
D/dalvikvm( 405): DexOpt: 'Lcom/android/ex/editstyledtext/EditStyledText$StyledTextHtmlStandard;' has an earlier definition; blocking out
D/dalvikvm( 405): DexOpt: 'Lcom/android/ex/editstyledtext/EditStyledText$StyledTextInputConnection;' has an earlier definition; blocking out
D/dalvikvm( 405): DexOpt: 'Lcom/android/ex/editstyledtext/EditStyledText;' has an earlier definition; blocking out
D/dalvikvm( 405): DexOpt: not verifying/optimizing 'Lcom/android/common/GoogleLogTags;': multiple definitions
D/dalvikvm( 405): DexOpt: not verifying/optimizing 'Lcom/android/common/NetworkConnectivityListener$1;': multiple definitions
D/dalvikvm( 405): DexOpt: not verifying/optimizing 'Lcom/android/common/NetworkConnectivityListener$ConnectivityBroadcastReceiver;': multiple definitions
D/dalvikvm( 405): DexOpt: not verifying/optimizing 'Lcom/android/common/NetworkConnectivityListener$State;': multiple definitions
D/dalvikvm( 405): DexOpt: not verifying/optimizing 'Lcom/android/common/NetworkConnectivityListener;': multiple definitions
D/dalvikvm( 405): DexOpt: not verifying/optimizing 'Lcom/android/common/OperationScheduler$Options;': multiple definitions
D/dalvikvm( 405): DexOpt: not verifying/optimizing 'Lcom/android/common/OperationScheduler;': multiple definitions
D/dalvikvm( 405): DexOpt: not verifying/optimizing 'Lcom/android/common/Rfc822InputFilter;': multiple definitions
D/dalvikvm( 405): DexOpt: not verifying/optimizing 'Lcom/android/common/Rfc822Validator;': multiple definitions
D/dalvikvm( 405): DexOpt: not verifying/optimizing 'Lcom/android/common/Search;': multiple definitions
D/dalvikvm( 405): DexOpt: not verifying/optimizing 'Lcom/android/common/SharedPreferencesCompat;': multiple definitions
D/dalvikvm( 405): DexOpt: not verifying/optimizing 'Lcom/android/common/contacts/BaseEmailAddressAdapter$1;': multiple definitions
D/dalvikvm( 405): DexOpt: not verifying/optimizing 'Lcom/android/common/contacts/BaseEmailAddressAdapter$DefaultPartitionFilter;': multiple definitions
D/dalvikvm( 405): DexOpt: not verifying/optimizing 'Lcom/android/common/contacts/BaseEmailAddressAdapter$DirectoryListQuery;': multiple definitions
D/dalvikvm( 405): DexOpt: not verifying/optimizing 'Lcom/android/common/widget/CompositeCursorAdapter$Partition;': multiple definitions
D/dalvikvm( 405): DexOpt: not verifying/optimizing 'Lcom/android/common/contacts/BaseEmailAddressAdapter$DirectoryPartition;': multiple definitions
D/dalvikvm( 405): DexOpt: not verifying/optimizing 'Lcom/android/common/contacts/BaseEmailAddressAdapter$DirectoryPartitionFilter;': multiple definitions
D/dalvikvm( 405): DexOpt: not verifying/optimizing 'Lcom/android/common/contacts/BaseEmailAddressAdapter$EmailQuery;': multiple definitions
D/dalvikvm( 405): DexOpt: not verifying/optimizing 'Lcom/android/common/widget/CompositeCursorAdapter;': multiple definitions
D/dalvikvm( 405): DexOpt: not verifying/optimizing 'Lcom/android/common/contacts/BaseEmailAddressAdapter;': multiple definitions
D/dalvikvm( 405): DexOpt: not verifying/optimizing 'Lcom/android/common/contacts/DataUsageStatUpdater$DataUsageFeedback;': multiple definitions
D/dalvikvm( 405): DexOpt: not verifying/optimizing 'Lcom/android/common/contacts/DataUsageStatUpdater;': multiple definitions
D/dalvikvm( 405): DexOpt: not verifying/optimizing 'Lcom/android/common/content/SQLiteContentProvider;': multiple definitions
D/dalvikvm( 405): DexOpt: not verifying/optimizing 'Lcom/android/common/content/SyncStateContentProviderHelper;': multiple definitions
D/dalvikvm( 405): DexOpt: not verifying/optimizing 'Lcom/android/common/io/MoreCloseables;': multiple definitions
D/dalvikvm( 405): DexOpt: not verifying/optimizing 'Lcom/android/common/speech/LoggingEvents$VoiceIme;': multiple definitions
D/dalvikvm( 405): DexOpt: not verifying/optimizing 'Lcom/android/common/speech/LoggingEvents$VoiceSearch;': multiple definitions
D/dalvikvm( 405): DexOpt: not verifying/optimizing 'Lcom/android/common/speech/LoggingEvents;': multiple definitions
D/dalvikvm( 405): DexOpt: not verifying/optimizing 'Lcom/android/common/speech/Recognition;': multiple definitions
D/dalvikvm( 405): DexOpt: not verifying/optimizing 'Lcom/android/common/userhappiness/UserHappinessSignals;': multiple definitions
D/dalvikvm( 405): DexOpt: not verifying/optimizing 'Lcom/android/common/widget/GroupingListAdapter$1;': multiple definitions
D/dalvikvm( 405): DexOpt: not verifying/optimizing 'Lcom/android/common/widget/GroupingListAdapter$2;': multiple definitions
D/dalvikvm( 405): DexOpt: not verifying/optimizing 'Lcom/android/common/widget/GroupingListAdapter$PositionMetadata;': multiple definitions
D/dalvikvm( 405): DexOpt: not verifying/optimizing 'Lcom/android/common/widget/GroupingListAdapter;': multiple definitions
I/dalvikvm( 405): DexOpt: not resolving ambiguous class 'Lcom/android/common/contacts/BaseEmailAddressAdapter;'
I/dalvikvm( 405): DexOpt: not resolving ambiguous class 'Lcom/android/common/contacts/DataUsageStatUpdater;'
D/dalvikvm( 405): DexOpt: not verifying/optimizing 'Lcom/android/ex/editstyledtext/EditStyledText$1;': multiple definitions
D/dalvikvm( 405): DexOpt: not verifying/optimizing 'Lcom/android/ex/editstyledtext/EditStyledText$ColorPaletteDrawable;': multiple definitions
D/dalvikvm( 405): DexOpt: not verifying/optimizing 'Lcom/android/ex/editstyledtext/EditStyledText$EditModeActions$EditModeActionBase;': multiple definitions
D/dalvikvm( 405): DexOpt: not verifying/optimizing 'Lcom/android/ex/editstyledtext/EditStyledText$EditModeActions$SetSpanActionBase;': multiple definitions
D/dalvikvm( 405): DexOpt: not verifying/optimizing 'Lcom/android/ex/editstyledtext/EditStyledText$EditModeActions$AlignAction;': multiple definitions
D/dalvikvm( 405): DexOpt: not verifying/optimizing 'Lcom/android/ex/editstyledtext/EditStyledText$EditModeActions$BackgroundColorAction;': multiple definitions
D/dalvikvm( 405): DexOpt: not verifying/optimizing 'Lcom/android/ex/editstyledtext/EditStyledText$EditModeActions$CancelAction;': multiple definitions
D/dalvikvm( 405): DexOpt: not verifying/optimizing 'Lcom/android/ex/editstyledtext/EditStyledText$EditModeActions$ClearStylesAction;': multiple definitions
D/dalvikvm( 405): DexOpt: not verifying/optimizing 'Lcom/android/ex/editstyledtext/EditStyledText$EditModeActions$ColorAction;': multiple definitions
D/dalvikvm( 405): DexOpt: not verifying/optimizing 'Lcom/android/ex/editstyledtext/EditStyledText$EditModeActions$TextViewActionBase;': multiple definitions
D/dalvikvm( 405): DexOpt: not verifying/optimizing 'Lcom/android/ex/editstyledtext/EditStyledText$EditModeActions$CopyAction;': multiple definitions
D/dalvikvm( 405): DexOpt: not verifying/optimizing 'Lcom/android/ex/editstyledtext/EditStyledText$EditModeActions$CutAction;': multiple definitions
D/dalvikvm( 405): DexOpt: not verifying/optimizing 'Lcom/android/ex/editstyledtext/EditStyledText$EditModeActions$EndEditAction;': multiple definitions
D/dalvikvm( 405): DexOpt: not verifying/optimizing 'Lcom/android/ex/editstyledtext/EditStyledText$EditModeActions$HorizontalLineAction;': multiple definitions
D/dalvikvm( 405): DexOpt: not verifying/optimizing 'Lcom/android/ex/editstyledtext/EditStyledText$EditModeActions$ImageAction;': multiple definitions
D/dalvikvm( 405): DexOpt: not verifying/optimizing 'Lcom/android/ex/editstyledtext/EditStyledText$EditModeActions$MarqueeDialogAction;': multiple definitions
D/dalvikvm( 405): DexOpt: not verifying/optimizing 'Lcom/android/ex/editstyledtext/EditStyledText$EditModeActions$NothingAction;': multiple definitions
D/dalvikvm( 405): DexOpt: not verifying/optimizing 'Lcom/android/ex/editstyledtext/EditStyledText$EditModeActions$PasteAction;': multiple definitions
D/dalvikvm( 405): DexOpt: not verifying/optimizing 'Lcom/android/ex/editstyledtext/EditStyledText$EditModeActions$PreviewAction;': multiple definitions
D/dalvikvm( 405): DexOpt: not verifying/optimizing 'Lcom/android/ex/editstyledtext/EditStyledText$EditModeActions$ResetAction;': multiple definitions
D/dalvikvm( 405): DexOpt: not verifying/optimizing 'Lcom/android/ex/editstyledtext/EditStyledText$EditModeActions$SelectAction;': multiple definitions
D/dalvikvm( 405): DexOpt: not verifying/optimizing 'Lcom/android/ex/editstyledtext/EditStyledText$EditModeActions$SelectAllAction;': multiple definitions
D/dalvikvm( 405): DexOpt: not verifying/optimizing 'Lcom/android/ex/editstyledtext/EditStyledText$EditModeActions$ShowMenuAction;': multiple definitions
D/dalvikvm( 405): DexOpt: not verifying/optimizing 'Lcom/android/ex/editstyledtext/EditStyledText$EditModeActions$SizeAction;': multiple definitions
D/dalvikvm( 405): DexOpt: not verifying/optimizing 'Lcom/android/ex/editstyledtext/EditStyledText$EditModeActions$StartEditAction;': multiple definitions
D/dalvikvm( 405): DexOpt: not verifying/optimizing 'Lcom/android/ex/editstyledtext/EditStyledText$EditModeActions$StopSelectionAction;': multiple definitions
D/dalvikvm( 405): DexOpt: not verifying/optimizing 'Lcom/android/ex/editstyledtext/EditStyledText$EditModeActions$SwingAction;': multiple definitions
D/dalvikvm( 405): DexOpt: not verifying/optimizing 'Lcom/android/ex/editstyledtext/EditStyledText$EditModeActions$TelopAction;': multiple definitions
D/dalvikvm( 405): DexOpt: not verifying/optimizing 'Lcom/android/ex/editstyledtext/EditStyledText$EditModeActions$TextViewAction;': multiple definitions
D/dalvikvm( 405): DexOpt: not verifying/optimizing 'Lcom/android/ex/editstyledtext/EditStyledText$EditModeActions;': multiple definitions
D/dalvikvm( 405): DexOpt: not verifying/optimizing 'Lcom/android/ex/editstyledtext/EditStyledText$EditStyledTextNotifier;': multiple definitions
D/dalvikvm( 405): DexOpt: not verifying/optimizing 'Lcom/android/ex/editstyledtext/EditStyledText$EditStyledTextSpans$HorizontalLineDrawable;': multiple definitions
D/dalvikvm( 405): DexOpt: not verifying/optimizing 'Lcom/android/ex/editstyledtext/EditStyledText$EditStyledTextSpans$HorizontalLineSpan;': multiple definitions
D/dalvikvm( 405): DexOpt: not verifying/optimizing 'Lcom/android/ex/editstyledtext/EditStyledText$EditStyledTextSpans$MarqueeSpan;': multiple definitions
D/dalvikvm( 405): DexOpt: not verifying/optimizing 'Lcom/android/ex/editstyledtext/EditStyledText$EditStyledTextSpans$RescalableImageSpan;': multiple definitions
D/dalvikvm( 405): DexOpt: not verifying/optimizing 'Lcom/android/ex/editstyledtext/EditStyledText$EditStyledTextSpans;': multiple definitions
D/dalvikvm( 405): DexOpt: not verifying/optimizing 'Lcom/android/ex/editstyledtext/EditStyledText$EditorManager;': multiple definitions
D/dalvikvm( 405): DexOpt: not verifying/optimizing 'Lcom/android/ex/editstyledtext/EditStyledText$MenuHandler;': multiple definitions
D/dalvikvm( 405): DexOpt: not verifying/optimizing 'Lcom/android/ex/editstyledtext/EditStyledText$SavedStyledTextState;': multiple definitions
D/dalvikvm( 405): DexOpt: not verifying/optimizing 'Lcom/android/ex/editstyledtext/EditStyledText$SoftKeyReceiver;': multiple definitions
D/dalvikvm( 405): DexOpt: not verifying/optimizing 'Lcom/android/ex/editstyledtext/EditStyledText$StyledTextArrowKeyMethod;': multiple definitions
D/dalvikvm( 405): DexOpt: not verifying/optimizing 'Lcom/android/ex/editstyledtext/EditStyledText$StyledTextConverter$1;': multiple definitions
D/dalvikvm( 405): DexOpt: not verifying/optimizing 'Lcom/android/ex/editstyledtext/EditStyledText$StyledTextConverter;': multiple definitions
D/dalvikvm( 405): DexOpt: not verifying/optimizing 'Lcom/android/ex/editstyledtext/EditStyledText$StyledTextDialog$10;': multiple definitions
D/dalvikvm( 405): DexOpt: not verifying/optimizing 'Lcom/android/ex/editstyledtext/EditStyledText$StyledTextDialog$11;': multiple definitions
D/dalvikvm( 405): DexOpt: not verifying/optimizing 'Lcom/android/ex/editstyledtext/EditStyledText$StyledTextDialog$1;': multiple definitions
D/dalvikvm( 405): DexOpt: not verifying/optimizing 'Lcom/android/ex/editstyledtext/EditStyledText$StyledTextDialog$2;': multiple definitions
D/dalvikvm( 405): DexOpt: not verifying/optimizing 'Lcom/android/ex/editstyledtext/EditStyledText$StyledTextDialog$3;': multiple definitions
D/dalvikvm( 405): DexOpt: not verifying/optimizing 'Lcom/android/ex/editstyledtext/EditStyledText$StyledTextDialog$4;': multiple definitions
D/dalvikvm( 405): DexOpt: not verifying/optimizing 'Lcom/android/ex/editstyledtext/EditStyledText$StyledTextDialog$5;': multiple definitions
D/dalvikvm( 405): DexOpt: not verifying/optimizing 'Lcom/android/ex/editstyledtext/EditStyledText$StyledTextDialog$6;': multiple definitions
D/dalvikvm( 405): DexOpt: not verifying/optimizing 'Lcom/android/ex/editstyledtext/EditStyledText$StyledTextDialog$7;': multiple definitions
D/dalvikvm( 405): DexOpt: not verifying/optimizing 'Lcom/android/ex/editstyledtext/EditStyledText$StyledTextDialog$8;': multiple definitions
D/dalvikvm( 405): DexOpt: not verifying/optimizing 'Lcom/android/ex/editstyledtext/EditStyledText$StyledTextDialog$9;': multiple definitions
D/dalvikvm( 405): DexOpt: not verifying/optimizing 'Lcom/android/ex/editstyledtext/EditStyledText$StyledTextDialog;': multiple definitions
D/dalvikvm( 405): DexOpt: not verifying/optimizing 'Lcom/android/ex/editstyledtext/EditStyledText$StyledTextHtmlConverter;': multiple definitions
D/dalvikvm( 405): DexOpt: not verifying/optimizing 'Lcom/android/ex/editstyledtext/EditStyledText$StyledTextHtmlStandard;': multiple definitions
D/dalvikvm( 405): DexOpt: not verifying/optimizing 'Lcom/android/ex/editstyledtext/EditStyledText$StyledTextInputConnection;': multiple definitions
D/dalvikvm( 405): DexOpt: not verifying/optimizing 'Lcom/android/ex/editstyledtext/EditStyledText;': multiple definitions
D/dalvikvm( 405): DexOpt: load 91ms, verify+opt 481ms, 2330588 bytes
I/PackageManager( 304): Running dexopt on: com.android.exchange
D/dalvikvm( 406): DexOpt: 'Lcom/android/common/GoogleLogTags;' has an earlier definition; blocking out
D/dalvikvm( 406): DexOpt: 'Lcom/android/common/NetworkConnectivityListener$1;' has an earlier definition; blocking out
D/dalvikvm( 406): DexOpt: 'Lcom/android/common/NetworkConnectivityListener$ConnectivityBroadcastReceiver;' has an earlier definition; blocking out
D/dalvikvm( 406): DexOpt: 'Lcom/android/common/NetworkConnectivityListener$State;' has an earlier definition; blocking out
D/dalvikvm( 406): DexOpt: 'Lcom/android/common/NetworkConnectivityListener;' has an earlier definition; blocking out
D/dalvikvm( 406): DexOpt: 'Lcom/android/common/OperationScheduler$Options;' has an earlier definition; blocking out
D/dalvikvm( 406): DexOpt: 'Lcom/android/common/OperationScheduler;' has an earlier definition; blocking out
D/dalvikvm( 406): DexOpt: 'Lcom/android/common/Rfc822InputFilter;' has an earlier definition; blocking out
D/dalvikvm( 406): DexOpt: 'Lcom/android/common/Rfc822Validator;' has an earlier definition; blocking out
D/dalvikvm( 406): DexOpt: 'Lcom/android/common/Search;' has an earlier definition; blocking out
D/dalvikvm( 406): DexOpt: 'Lcom/android/common/SharedPreferencesCompat;' has an earlier definition; blocking out
D/dalvikvm( 406): DexOpt: 'Lcom/android/common/contacts/BaseEmailAddressAdapter$1;' has an earlier definition; blocking out
D/dalvikvm( 406): DexOpt: 'Lcom/android/common/contacts/BaseEmailAddressAdapter$DefaultPartitionFilter;' has an earlier definition; blocking out
D/dalvikvm( 406): DexOpt: 'Lcom/android/common/contacts/BaseEmailAddressAdapter$DirectoryListQuery;' has an earlier definition; blocking out
D/dalvikvm( 406): DexOpt: 'Lcom/android/common/widget/CompositeCursorAdapter$Partition;' has an earlier definition; blocking out
D/dalvikvm( 406): DexOpt: 'Lcom/android/common/contacts/BaseEmailAddressAdapter$DirectoryPartition;' has an earlier definition; blocking out
D/dalvikvm( 406): DexOpt: 'Lcom/android/common/contacts/BaseEmailAddressAdapter$DirectoryPartitionFilter;' has an earlier definition; blocking out
D/dalvikvm( 406): DexOpt: 'Lcom/android/common/contacts/BaseEmailAddressAdapter$EmailQuery;' has an earlier definition; blocking out
D/dalvikvm( 406): DexOpt: 'Lcom/android/common/widget/CompositeCursorAdapter;' has an earlier definition; blocking out
D/dalvikvm( 406): DexOpt: 'Lcom/android/common/contacts/BaseEmailAddressAdapter;' has an earlier definition; blocking out
D/dalvikvm( 406): DexOpt: 'Lcom/android/common/contacts/DataUsageStatUpdater$DataUsageFeedback;' has an earlier definition; blocking out
D/dalvikvm( 406): DexOpt: 'Lcom/android/common/contacts/DataUsageStatUpdater;' has an earlier definition; blocking out
D/dalvikvm( 406): DexOpt: 'Lcom/android/common/content/SQLiteContentProvider;' has an earlier definition; blocking out
D/dalvikvm( 406): DexOpt: 'Lcom/android/common/content/SyncStateContentProviderHelper;' has an earlier definition; blocking out
D/dalvikvm( 406): DexOpt: 'Lcom/android/common/io/MoreCloseables;' has an earlier definition; blocking out
D/dalvikvm( 406): DexOpt: 'Lcom/android/common/speech/LoggingEvents$VoiceIme;' has an earlier definition; blocking out
D/dalvikvm( 406): DexOpt: 'Lcom/android/common/speech/LoggingEvents$VoiceSearch;' has an earlier definition; blocking out
D/dalvikvm( 406): DexOpt: 'Lcom/android/common/speech/LoggingEvents;' has an earlier definition; blocking out
D/dalvikvm( 406): DexOpt: 'Lcom/android/common/speech/Recognition;' has an earlier definition; blocking out
D/dalvikvm( 406): DexOpt: 'Lcom/android/common/userhappiness/UserHappinessSignals;' has an earlier definition; blocking out
D/dalvikvm( 406): DexOpt: 'Lcom/android/common/widget/GroupingListAdapter$1;' has an earlier definition; blocking out
D/dalvikvm( 406): DexOpt: 'Lcom/android/common/widget/GroupingListAdapter$2;' has an earlier definition; blocking out
D/dalvikvm( 406): DexOpt: 'Lcom/android/common/widget/GroupingListAdapter$PositionMetadata;' has an earlier definition; blocking out
D/dalvikvm( 406): DexOpt: 'Lcom/android/common/widget/GroupingListAdapter;' has an earlier definition; blocking out
D/dalvikvm( 406): DexOpt: 'Lcom/android/ex/editstyledtext/EditStyledText$1;' has an earlier definition; blocking out
D/dalvikvm( 406): DexOpt: 'Lcom/android/ex/editstyledtext/EditStyledText$ColorPaletteDrawable;' has an earlier definition; blocking out
D/dalvikvm( 406): DexOpt: 'Lcom/android/ex/editstyledtext/EditStyledText$EditModeActions$EditModeActionBase;' has an earlier definition; blocking out
D/dalvikvm( 406): DexOpt: 'Lcom/android/ex/editstyledtext/EditStyledText$EditModeActions$SetSpanActionBase;' has an earlier definition; blocking out
D/dalvikvm( 406): DexOpt: 'Lcom/android/ex/editstyledtext/EditStyledText$EditModeActions$AlignAction;' has an earlier definition; blocking out
D/dalvikvm( 406): DexOpt: 'Lcom/android/ex/editstyledtext/EditStyledText$EditModeActions$BackgroundColorAction;' has an earlier definition; blocking out
D/dalvikvm( 406): DexOpt: 'Lcom/android/ex/editstyledtext/EditStyledText$EditModeActions$CancelAction;' has an earlier definition; blocking out
D/dalvikvm( 406): DexOpt: 'Lcom/android/ex/editstyledtext/EditStyledText$EditModeActions$ClearStylesAction;' has an earlier definition; blocking out
D/dalvikvm( 406): DexOpt: 'Lcom/android/ex/editstyledtext/EditStyledText$EditModeActions$ColorAction;' has an earlier definition; blocking out
D/dalvikvm( 406): DexOpt: 'Lcom/android/ex/editstyledtext/EditStyledText$EditModeActions$TextViewActionBase;' has an earlier definition; blocking out
D/dalvikvm( 406): DexOpt: 'Lcom/android/ex/editstyledtext/EditStyledText$EditModeActions$CopyAction;' has an earlier definition; blocking out
D/dalvikvm( 406): DexOpt: 'Lcom/android/ex/editstyledtext/EditStyledText$EditModeActions$CutAction;' has an earlier definition; blocking out
D/dalvikvm( 406): DexOpt: 'Lcom/android/ex/editstyledtext/EditStyledText$EditModeActions$EndEditAction;' has an earlier definition; blocking out
D/dalvikvm( 406): DexOpt: 'Lcom/android/ex/editstyledtext/EditStyledText$EditModeActions$HorizontalLineAction;' has an earlier definition; blocking out
D/dalvikvm( 406): DexOpt: 'Lcom/android/ex/editstyledtext/EditStyledText$EditModeActions$ImageAction;' has an earlier definition; blocking out
D/dalvikvm( 406): DexOpt: 'Lcom/android/ex/editstyledtext/EditStyledText$EditModeActions$MarqueeDialogAction;' has an earlier definition; blocking out
D/dalvikvm( 406): DexOpt: 'Lcom/android/ex/editstyledtext/EditStyledText$EditModeActions$NothingAction;' has an earlier definition; blocking out
D/dalvikvm( 406): DexOpt: 'Lcom/android/ex/editstyledtext/EditStyledText$EditModeActions$PasteAction;' has an earlier definition; blocking out
D/dalvikvm( 406): DexOpt: 'Lcom/android/ex/editstyledtext/EditStyledText$EditModeActions$PreviewAction;' has an earlier definition; blocking out
D/dalvikvm( 406): DexOpt: 'Lcom/android/ex/editstyledtext/EditStyledText$EditModeActions$ResetAction;' has an earlier definition; blocking out
D/dalvikvm( 406): DexOpt: 'Lcom/android/ex/editstyledtext/EditStyledText$EditModeActions$SelectAction;' has an earlier definition; blocking out
D/dalvikvm( 406): DexOpt: 'Lcom/android/ex/editstyledtext/EditStyledText$EditModeActions$SelectAllAction;' has an earlier definition; blocking out
D/dalvikvm( 406): DexOpt: 'Lcom/android/ex/editstyledtext/EditStyledText$EditModeActions$ShowMenuAction;' has an earlier definition; blocking out
D/dalvikvm( 406): DexOpt: 'Lcom/android/ex/editstyledtext/EditStyledText$EditModeActions$SizeAction;' has an earlier definition; blocking out
D/dalvikvm( 406): DexOpt: 'Lcom/android/ex/editstyledtext/EditStyledText$EditModeActions$StartEditAction;' has an earlier definition; blocking out
D/dalvikvm( 406): DexOpt: 'Lcom/android/ex/editstyledtext/EditStyledText$EditModeActions$StopSelectionAction;' has an earlier definition; blocking out
D/dalvikvm( 406): DexOpt: 'Lcom/android/ex/editstyledtext/EditStyledText$EditModeActions$SwingAction;' has an earlier definition; blocking out
D/dalvikvm( 406): DexOpt: 'Lcom/android/ex/editstyledtext/EditStyledText$EditModeActions$TelopAction;' has an earlier definition; blocking out
D/dalvikvm( 406): DexOpt: 'Lcom/android/ex/editstyledtext/EditStyledText$EditModeActions$TextViewAction;' has an earlier definition; blocking out
D/dalvikvm( 406): DexOpt: 'Lcom/android/ex/editstyledtext/EditStyledText$EditModeActions;' has an earlier definition; blocking out
D/dalvikvm( 406): DexOpt: 'Lcom/android/ex/editstyledtext/EditStyledText$EditStyledTextNotifier;' has an earlier definition; blocking out
D/dalvikvm( 406): DexOpt: 'Lcom/android/ex/editstyledtext/EditStyledText$EditStyledTextSpans$HorizontalLineDrawable;' has an earlier definition; blocking out
D/dalvikvm( 406): DexOpt: 'Lcom/android/ex/editstyledtext/EditStyledText$EditStyledTextSpans$HorizontalLineSpan;' has an earlier definition; blocking out
D/dalvikvm( 406): DexOpt: 'Lcom/android/ex/editstyledtext/EditStyledText$EditStyledTextSpans$MarqueeSpan;' has an earlier definition; blocking out
D/dalvikvm( 406): DexOpt: 'Lcom/android/ex/editstyledtext/EditStyledText$EditStyledTextSpans$RescalableImageSpan;' has an earlier definition; blocking out
D/dalvikvm( 406): DexOpt: 'Lcom/android/ex/editstyledtext/EditStyledText$EditStyledTextSpans;' has an earlier definition; blocking out
D/dalvikvm( 406): DexOpt: 'Lcom/android/ex/editstyledtext/EditStyledText$EditorManager;' has an earlier definition; blocking out
D/dalvikvm( 406): DexOpt: 'Lcom/android/ex/editstyledtext/EditStyledText$MenuHandler;' has an earlier definition; blocking out
D/dalvikvm( 406): DexOpt: 'Lcom/android/ex/editstyledtext/EditStyledText$SavedStyledTextState;' has an earlier definition; blocking out
D/dalvikvm( 406): DexOpt: 'Lcom/android/ex/editstyledtext/EditStyledText$SoftKeyReceiver;' has an earlier definition; blocking out
D/dalvikvm( 406): DexOpt: 'Lcom/android/ex/editstyledtext/EditStyledText$StyledTextArrowKeyMethod;' has an earlier definition; blocking out
D/dalvikvm( 406): DexOpt: 'Lcom/android/ex/editstyledtext/EditStyledText$StyledTextConverter$1;' has an earlier definition; blocking out
D/dalvikvm( 406): DexOpt: 'Lcom/android/ex/editstyledtext/EditStyledText$StyledTextConverter;' has an earlier definition; blocking out
D/dalvikvm( 406): DexOpt: 'Lcom/android/ex/editstyledtext/EditStyledText$StyledTextDialog$10;' has an earlier definition; blocking out
D/dalvikvm( 406): DexOpt: 'Lcom/android/ex/editstyledtext/EditStyledText$StyledTextDialog$11;' has an earlier definition; blocking out
D/dalvikvm( 406): DexOpt: 'Lcom/android/ex/editstyledtext/EditStyledText$StyledTextDialog$1;' has an earlier definition; blocking out
D/dalvikvm( 406): DexOpt: 'Lcom/android/ex/editstyledtext/EditStyledText$StyledTextDialog$2;' has an earlier definition; blocking out
D/dalvikvm( 406): DexOpt: 'Lcom/android/ex/editstyledtext/EditStyledText$StyledTextDialog$3;' has an earlier definition; blocking out
D/dalvikvm( 406): DexOpt: 'Lcom/android/ex/editstyledtext/EditStyledText$StyledTextDialog$4;' has an earlier definition; blocking out
D/dalvikvm( 406): DexOpt: 'Lcom/android/ex/editstyledtext/EditStyledText$StyledTextDialog$5;' has an earlier definition; blocking out
D/dalvikvm( 406): DexOpt: 'Lcom/android/ex/editstyledtext/EditStyledText$StyledTextDialog$6;' has an earlier definition; blocking out
D/dalvikvm( 406): DexOpt: 'Lcom/android/ex/editstyledtext/EditStyledText$StyledTextDialog$7;' has an earlier definition; blocking out
D/dalvikvm( 406): DexOpt: 'Lcom/android/ex/editstyledtext/EditStyledText$StyledTextDialog$8;' has an earlier definition; blocking out
D/dalvikvm( 406): DexOpt: 'Lcom/android/ex/editstyledtext/EditStyledText$StyledTextDialog$9;' has an earlier definition; blocking out
D/dalvikvm( 406): DexOpt: 'Lcom/android/ex/editstyledtext/EditStyledText$StyledTextDialog;' has an earlier definition; blocking out
D/dalvikvm( 406): DexOpt: 'Lcom/android/ex/editstyledtext/EditStyledText$StyledTextHtmlConverter;' has an earlier definition; blocking out
D/dalvikvm( 406): DexOpt: 'Lcom/android/ex/editstyledtext/EditStyledText$StyledTextHtmlStandard;' has an earlier definition; blocking out
D/dalvikvm( 406): DexOpt: 'Lcom/android/ex/editstyledtext/EditStyledText$StyledTextInputConnection;' has an earlier definition; blocking out
D/dalvikvm( 406): DexOpt: 'Lcom/android/ex/editstyledtext/EditStyledText;' has an earlier definition; blocking out
D/dalvikvm( 406): DexOpt: not verifying/optimizing 'Lcom/android/common/GoogleLogTags;': multiple definitions
D/dalvikvm( 406): DexOpt: not verifying/optimizing 'Lcom/android/common/NetworkConnectivityListener$1;': multiple definitions
D/dalvikvm( 406): DexOpt: not verifying/optimizing 'Lcom/android/common/NetworkConnectivityListener$ConnectivityBroadcastReceiver;': multiple definitions
D/dalvikvm( 406): DexOpt: not verifying/optimizing 'Lcom/android/common/NetworkConnectivityListener$State;': multiple definitions
D/dalvikvm( 406): DexOpt: not verifying/optimizing 'Lcom/android/common/NetworkConnectivityListener;': multiple definitions
D/dalvikvm( 406): DexOpt: not verifying/optimizing 'Lcom/android/common/OperationScheduler$Options;': multiple definitions
D/dalvikvm( 406): DexOpt: not verifying/optimizing 'Lcom/android/common/OperationScheduler;': multiple definitions
D/dalvikvm( 406): DexOpt: not verifying/optimizing 'Lcom/android/common/Rfc822InputFilter;': multiple definitions
D/dalvikvm( 406): DexOpt: not verifying/optimizing 'Lcom/android/common/Rfc822Validator;': multiple definitions
D/dalvikvm( 406): DexOpt: not verifying/optimizing 'Lcom/android/common/Search;': multiple definitions
D/dalvikvm( 406): DexOpt: not verifying/optimizing 'Lcom/android/common/SharedPreferencesCompat;': multiple definitions
D/dalvikvm( 406): DexOpt: not verifying/optimizing 'Lcom/android/common/contacts/BaseEmailAddressAdapter$1;': multiple definitions
D/dalvikvm( 406): DexOpt: not verifying/optimizing 'Lcom/android/common/contacts/BaseEmailAddressAdapter$DefaultPartitionFilter;': multiple definitions
D/dalvikvm( 406): DexOpt: not verifying/optimizing 'Lcom/android/common/contacts/BaseEmailAddressAdapter$DirectoryListQuery;': multiple definitions
D/dalvikvm( 406): DexOpt: not verifying/optimizing 'Lcom/android/common/widget/CompositeCursorAdapter$Partition;': multiple definitions
D/dalvikvm( 406): DexOpt: not verifying/optimizing 'Lcom/android/common/contacts/BaseEmailAddressAdapter$DirectoryPartition;': multiple definitions
D/dalvikvm( 406): DexOpt: not verifying/optimizing 'Lcom/android/common/contacts/BaseEmailAddressAdapter$DirectoryPartitionFilter;': multiple definitions
D/dalvikvm( 406): DexOpt: not verifying/optimizing 'Lcom/android/common/contacts/BaseEmailAddressAdapter$EmailQuery;': multiple definitions
D/dalvikvm( 406): DexOpt: not verifying/optimizing 'Lcom/android/common/widget/CompositeCursorAdapter;': multiple definitions
D/dalvikvm( 406): DexOpt: not verifying/optimizing 'Lcom/android/common/contacts/BaseEmailAddressAdapter;': multiple definitions
D/dalvikvm( 406): DexOpt: not verifying/optimizing 'Lcom/android/common/contacts/DataUsageStatUpdater$DataUsageFeedback;': multiple definitions
D/dalvikvm( 406): DexOpt: not verifying/optimizing 'Lcom/android/common/contacts/DataUsageStatUpdater;': multiple definitions
D/dalvikvm( 406): DexOpt: not verifying/optimizing 'Lcom/android/common/content/SQLiteContentProvider;': multiple definitions
D/dalvikvm( 406): DexOpt: not verifying/optimizing 'Lcom/android/common/content/SyncStateContentProviderHelper;': multiple definitions
D/dalvikvm( 406): DexOpt: not verifying/optimizing 'Lcom/android/common/io/MoreCloseables;': multiple definitions
D/dalvikvm( 406): DexOpt: not verifying/optimizing 'Lcom/android/common/speech/LoggingEvents$VoiceIme;': multiple definitions
D/dalvikvm( 406): DexOpt: not verifying/optimizing 'Lcom/android/common/speech/LoggingEvents$VoiceSearch;': multiple definitions
D/dalvikvm( 406): DexOpt: not verifying/optimizing 'Lcom/android/common/speech/LoggingEvents;': multiple definitions
D/dalvikvm( 406): DexOpt: not verifying/optimizing 'Lcom/android/common/speech/Recognition;': multiple definitions
D/dalvikvm( 406): DexOpt: not verifying/optimizing 'Lcom/android/common/userhappiness/UserHappinessSignals;': multiple definitions
D/dalvikvm( 406): DexOpt: not verifying/optimizing 'Lcom/android/common/widget/GroupingListAdapter$1;': multiple definitions
D/dalvikvm( 406): DexOpt: not verifying/optimizing 'Lcom/android/common/widget/GroupingListAdapter$2;': multiple definitions
D/dalvikvm( 406): DexOpt: not verifying/optimizing 'Lcom/android/common/widget/GroupingListAdapter$PositionMetadata;': multiple definitions
D/dalvikvm( 406): DexOpt: not verifying/optimizing 'Lcom/android/common/widget/GroupingListAdapter;': multiple definitions
D/dalvikvm( 406): DexOpt: not verifying/optimizing 'Lcom/android/ex/editstyledtext/EditStyledText$1;': multiple definitions
D/dalvikvm( 406): DexOpt: not verifying/optimizing 'Lcom/android/ex/editstyledtext/EditStyledText$ColorPaletteDrawable;': multiple definitions
D/dalvikvm( 406): DexOpt: not verifying/optimizing 'Lcom/android/ex/editstyledtext/EditStyledText$EditModeActions$EditModeActionBase;': multiple definitions
D/dalvikvm( 406): DexOpt: not verifying/optimizing 'Lcom/android/ex/editstyledtext/EditStyledText$EditModeActions$SetSpanActionBase;': multiple definitions
D/dalvikvm( 406): DexOpt: not verifying/optimizing 'Lcom/android/ex/editstyledtext/EditStyledText$EditModeActions$AlignAction;': multiple definitions
D/dalvikvm( 406): DexOpt: not verifying/optimizing 'Lcom/android/ex/editstyledtext/EditStyledText$EditModeActions$BackgroundColorAction;': multiple definitions
D/dalvikvm( 406): DexOpt: not verifying/optimizing 'Lcom/android/ex/editstyledtext/EditStyledText$EditModeActions$CancelAction;': multiple definitions
D/dalvikvm( 406): DexOpt: not verifying/optimizing 'Lcom/android/ex/editstyledtext/EditStyledText$EditModeActions$ClearStylesAction;': multiple definitions
D/dalvikvm( 406): DexOpt: not verifying/optimizing 'Lcom/android/ex/editstyledtext/EditStyledText$EditModeActions$ColorAction;': multiple definitions
D/dalvikvm( 406): DexOpt: not verifying/optimizing 'Lcom/android/ex/editstyledtext/EditStyledText$EditModeActions$TextViewActionBase;': multiple definitions
D/dalvikvm( 406): DexOpt: not verifying/optimizing 'Lcom/android/ex/editstyledtext/EditStyledText$EditModeActions$CopyAction;': multiple definitions
D/dalvikvm( 406): DexOpt: not verifying/optimizing 'Lcom/android/ex/editstyledtext/EditStyledText$EditModeActions$CutAction;': multiple definitions
D/dalvikvm( 406): DexOpt: not verifying/optimizing 'Lcom/android/ex/editstyledtext/EditStyledText$EditModeActions$EndEditAction;': multiple definitions
D/dalvikvm( 406): DexOpt: not verifying/optimizing 'Lcom/android/ex/editstyledtext/EditStyledText$EditModeActions$HorizontalLineAction;': multiple definitions
D/dalvikvm( 406): DexOpt: not verifying/optimizing 'Lcom/android/ex/editstyledtext/EditStyledText$EditModeActions$ImageAction;': multiple definitions
D/dalvikvm( 406): DexOpt: not verifying/optimizing 'Lcom/android/ex/editstyledtext/EditStyledText$EditModeActions$MarqueeDialogAction;': multiple definitions
D/dalvikvm( 406): DexOpt: not verifying/optimizing 'Lcom/android/ex/editstyledtext/EditStyledText$EditModeActions$NothingAction;': multiple definitions
D/dalvikvm( 406): DexOpt: not verifying/optimizing 'Lcom/android/ex/editstyledtext/EditStyledText$EditModeActions$PasteAction;': multiple definitions
D/dalvikvm( 406): DexOpt: not verifying/optimizing 'Lcom/android/ex/editstyledtext/EditStyledText$EditModeActions$PreviewAction;': multiple definitions
D/dalvikvm( 406): DexOpt: not verifying/optimizing 'Lcom/android/ex/editstyledtext/EditStyledText$EditModeActions$ResetAction;': multiple definitions
D/dalvikvm( 406): DexOpt: not verifying/optimizing 'Lcom/android/ex/editstyledtext/EditStyledText$EditModeActions$SelectAction;': multiple definitions
D/dalvikvm( 406): DexOpt: not verifying/optimizing 'Lcom/android/ex/editstyledtext/EditStyledText$EditModeActions$SelectAllAction;': multiple definitions
D/dalvikvm( 406): DexOpt: not verifying/optimizing 'Lcom/android/ex/editstyledtext/EditStyledText$EditModeActions$ShowMenuAction;': multiple definitions
D/dalvikvm( 406): DexOpt: not verifying/optimizing 'Lcom/android/ex/editstyledtext/EditStyledText$EditModeActions$SizeAction;': multiple definitions
D/dalvikvm( 406): DexOpt: not verifying/optimizing 'Lcom/android/ex/editstyledtext/EditStyledText$EditModeActions$StartEditAction;': multiple definitions
D/dalvikvm( 406): DexOpt: not verifying/optimizing 'Lcom/android/ex/editstyledtext/EditStyledText$EditModeActions$StopSelectionAction;': multiple definitions
D/dalvikvm( 406): DexOpt: not verifying/optimizing 'Lcom/android/ex/editstyledtext/EditStyledText$EditModeActions$SwingAction;': multiple definitions
D/dalvikvm( 406): DexOpt: not verifying/optimizing 'Lcom/android/ex/editstyledtext/EditStyledText$EditModeActions$TelopAction;': multiple definitions
D/dalvikvm( 406): DexOpt: not verifying/optimizing 'Lcom/android/ex/editstyledtext/EditStyledText$EditModeActions$TextViewAction;': multiple definitions
D/dalvikvm( 406): DexOpt: not verifying/optimizing 'Lcom/android/ex/editstyledtext/EditStyledText$EditModeActions;': multiple definitions
D/dalvikvm( 406): DexOpt: not verifying/optimizing 'Lcom/android/ex/editstyledtext/EditStyledText$EditStyledTextNotifier;': multiple definitions
D/dalvikvm( 406): DexOpt: not verifying/optimizing 'Lcom/android/ex/editstyledtext/EditStyledText$EditStyledTextSpans$HorizontalLineDrawable;': multiple definitions
D/dalvikvm( 406): DexOpt: not verifying/optimizing 'Lcom/android/ex/editstyledtext/EditStyledText$EditStyledTextSpans$HorizontalLineSpan;': multiple definitions
D/dalvikvm( 406): DexOpt: not verifying/optimizing 'Lcom/android/ex/editstyledtext/EditStyledText$EditStyledTextSpans$MarqueeSpan;': multiple definitions
D/dalvikvm( 406): DexOpt: not verifying/optimizing 'Lcom/android/ex/editstyledtext/EditStyledText$EditStyledTextSpans$RescalableImageSpan;': multiple definitions
D/dalvikvm( 406): DexOpt: not verifying/optimizing 'Lcom/android/ex/editstyledtext/EditStyledText$EditStyledTextSpans;': multiple definitions
D/dalvikvm( 406): DexOpt: not verifying/optimizing 'Lcom/android/ex/editstyledtext/EditStyledText$EditorManager;': multiple definitions
D/dalvikvm( 406): DexOpt: not verifying/optimizing 'Lcom/android/ex/editstyledtext/EditStyledText$MenuHandler;': multiple definitions
D/dalvikvm( 406): DexOpt: not verifying/optimizing 'Lcom/android/ex/editstyledtext/EditStyledText$SavedStyledTextState;': multiple definitions
D/dalvikvm( 406): DexOpt: not verifying/optimizing 'Lcom/android/ex/editstyledtext/EditStyledText$SoftKeyReceiver;': multiple definitions
D/dalvikvm( 406): DexOpt: not verifying/optimizing 'Lcom/android/ex/editstyledtext/EditStyledText$StyledTextArrowKeyMethod;': multiple definitions
D/dalvikvm( 406): DexOpt: not verifying/optimizing 'Lcom/android/ex/editstyledtext/EditStyledText$StyledTextConverter$1;': multiple definitions
D/dalvikvm( 406): DexOpt: not verifying/optimizing 'Lcom/android/ex/editstyledtext/EditStyledText$StyledTextConverter;': multiple definitions
D/dalvikvm( 406): DexOpt: not verifying/optimizing 'Lcom/android/ex/editstyledtext/EditStyledText$StyledTextDialog$10;': multiple definitions
D/dalvikvm( 406): DexOpt: not verifying/optimizing 'Lcom/android/ex/editstyledtext/EditStyledText$StyledTextDialog$11;': multiple definitions
D/dalvikvm( 406): DexOpt: not verifying/optimizing 'Lcom/android/ex/editstyledtext/EditStyledText$StyledTextDialog$1;': multiple definitions
D/dalvikvm( 406): DexOpt: not verifying/optimizing 'Lcom/android/ex/editstyledtext/EditStyledText$StyledTextDialog$2;': multiple definitions
D/dalvikvm( 406): DexOpt: not verifying/optimizing 'Lcom/android/ex/editstyledtext/EditStyledText$StyledTextDialog$3;': multiple definitions
D/dalvikvm( 406): DexOpt: not verifying/optimizing 'Lcom/android/ex/editstyledtext/EditStyledText$StyledTextDialog$4;': multiple definitions
D/dalvikvm( 406): DexOpt: not verifying/optimizing 'Lcom/android/ex/editstyledtext/EditStyledText$StyledTextDialog$5;': multiple definitions
D/dalvikvm( 406): DexOpt: not verifying/optimizing 'Lcom/android/ex/editstyledtext/EditStyledText$StyledTextDialog$6;': multiple definitions
D/dalvikvm( 406): DexOpt: not verifying/optimizing 'Lcom/android/ex/editstyledtext/EditStyledText$StyledTextDialog$7;': multiple definitions
D/dalvikvm( 406): DexOpt: not verifying/optimizing 'Lcom/android/ex/editstyledtext/EditStyledText$StyledTextDialog$8;': multiple definitions
D/dalvikvm( 406): DexOpt: not verifying/optimizing 'Lcom/android/ex/editstyledtext/EditStyledText$StyledTextDialog$9;': multiple definitions
D/dalvikvm( 406): DexOpt: not verifying/optimizing 'Lcom/android/ex/editstyledtext/EditStyledText$StyledTextDialog;': multiple definitions
D/dalvikvm( 406): DexOpt: not verifying/optimizing 'Lcom/android/ex/editstyledtext/EditStyledText$StyledTextHtmlConverter;': multiple definitions
D/dalvikvm( 406): DexOpt: not verifying/optimizing 'Lcom/android/ex/editstyledtext/EditStyledText$StyledTextHtmlStandard;': multiple definitions
D/dalvikvm( 406): DexOpt: not verifying/optimizing 'Lcom/android/ex/editstyledtext/EditStyledText$StyledTextInputConnection;': multiple definitions
D/dalvikvm( 406): DexOpt: not verifying/optimizing 'Lcom/android/ex/editstyledtext/EditStyledText;': multiple definitions
D/dalvikvm( 406): DexOpt: load 55ms, verify+opt 366ms, 1609724 bytes
I/PackageManager( 304): Running dexopt on: com.motorola.asds.isign.fetchconfigurator
D/dalvikvm( 407): DexOpt: load 5ms, verify+opt 34ms, 350396 bytes
I/PackageManager( 304): Running dexopt on: com.motorola.asds.isign.provider.fetchprovider
D/dalvikvm( 408): DexOpt: load 2ms, verify+opt 4ms, 145492 bytes
I/PackageManager( 304): Running dexopt on: com.motorola.asds.isign.service.fetchservice
D/dalvikvm( 409): DexOpt: load 5ms, verify+opt 46ms, 287524 bytes
I/PackageManager( 304): Running dexopt on: com.ti.fmrxapp
D/dalvikvm( 410): DexOpt: load 5ms, verify+opt 24ms, 321468 bytes
I/PackageManager( 304): Running dexopt on: com.ti.server
D/dalvikvm( 411): DexOpt: load 3ms, verify+opt 1ms, 137236 bytes
I/PackageManager( 304): Running dexopt on: com.ti.fmtxapp
D/dalvikvm( 412): DexOpt: load 5ms, verify+opt 23ms, 295308 bytes
I/PackageManager( 304): Running dexopt on: com.android.galaxy4
D/dalvikvm( 413): DexOpt: load 7ms, verify+opt 5ms, 235444 bytes
I/PackageManager( 304): Running dexopt on: com.android.gallery3d
D/dalvikvm( 414): DexOpt: load 62ms, verify+opt 286ms, 1654204 bytes
I/PackageManager( 304): Running dexopt on: com.android.htmlviewer
D/dalvikvm( 415): DexOpt: load 5ms, verify+opt 12ms, 242564 bytes
I/PackageManager( 304): Running dexopt on: com.android.wallpaper.holospiral
D/dalvikvm( 416): DexOpt: load 7ms, verify+opt 5ms, 248140 bytes
I/PackageManager( 304): Running dexopt on: com.android.inputdevices
D/dalvikvm( 417): DexOpt: load 2ms, verify+opt 0ms, 93540 bytes
I/PackageManager( 304): Running dexopt on: com.android.keychain
D/dalvikvm( 418): DexOpt: load 6ms, verify+opt 32ms, 372476 bytes
I/PackageManager( 304): Running dexopt on: com.android.inputmethod.latin
D/dalvikvm( 419): DexOpt: load 24ms, verify+opt 123ms, 859484 bytes
I/PackageManager( 304): Running dexopt on: com.android.launcher
D/dalvikvm( 420): DexOpt: load 59ms, verify+opt 160ms, 945324 bytes
I/PackageManager( 304): Running dexopt on: com.android.wallpaper
D/dalvikvm( 421): DexOpt: load 9ms, verify+opt 17ms, 389884 bytes
I/PackageManager( 304): Running dexopt on: com.android.wallpaper.livepicker
D/dalvikvm( 422): DexOpt: load 6ms, verify+opt 23ms, 348356 bytes
I/PackageManager( 304): Running dexopt on: com.motorola.asds.isign.analytics
D/dalvikvm( 423): DexOpt: load 3ms, verify+opt 2ms, 121700 bytes
I/PackageManager( 304): Running dexopt on: com.android.magicsmoke
D/dalvikvm( 424): DexOpt: load 6ms, verify+opt 8ms, 267476 bytes
I/PackageManager( 304): Running dexopt on: com.android.providers.media
D/dalvikvm( 425): DexOpt: load 6ms, verify+opt 59ms, 482916 bytes
I/PackageManager( 304): Running dexopt on: com.microphone
D/dalvikvm( 426): DexOpt: 'Landroid/annotation/SuppressLint;' has an earlier definition; blocking out
D/dalvikvm( 426): DexOpt: 'Landroid/annotation/TargetApi;' has an earlier definition; blocking out
D/dalvikvm( 426): DexOpt: not verifying/optimizing 'Landroid/annotation/SuppressLint;': multiple definitions
D/dalvikvm( 426): DexOpt: not verifying/optimizing 'Landroid/annotation/TargetApi;': multiple definitions
D/dalvikvm( 426): DexOpt: load 5ms, verify+opt 31ms, 313460 bytes
I/PackageManager( 304): Running dexopt on: com.android.mms
D/dalvikvm( 427): DexOpt: 'Lcom/android/common/contacts/DataUsageStatUpdater$DataUsageFeedback;' has an earlier definition; blocking out
D/dalvikvm( 427): DexOpt: 'Lcom/android/common/contacts/DataUsageStatUpdater;' has an earlier definition; blocking out
D/dalvikvm( 427): DexOpt: 'Lcom/android/common/userhappiness/UserHappinessSignals;' has an earlier definition; blocking out
D/dalvikvm( 427): DexOpt: not verifying/optimizing 'Lcom/android/common/contacts/DataUsageStatUpdater$DataUsageFeedback;': multiple definitions
D/dalvikvm( 427): DexOpt: not verifying/optimizing 'Lcom/android/common/contacts/DataUsageStatUpdater;': multiple definitions
D/dalvikvm( 427): DexOpt: not verifying/optimizing 'Lcom/android/common/userhappiness/UserHappinessSignals;': multiple definitions
I/dalvikvm( 427): DexOpt: not resolving ambiguous class 'Lcom/android/common/userhappiness/UserHappinessSignals;'
D/dalvikvm( 427): DexOpt: load 62ms, verify+opt 191ms, 1260228 bytes
I/PackageManager( 304): Running dexopt on: com.motorola.asds.isign.mobile
D/dalvikvm( 428): DexOpt: load 11ms, verify+opt 76ms, 642276 bytes
I/PackageManager( 304): Running dexopt on: com.motorolasolutions.server
D/dalvikvm( 429): DexOpt: load 2ms, verify+opt 2ms, 112260 bytes
I/PackageManager( 304): Running dexopt on: com.android.music
D/dalvikvm( 430): DexOpt: load 29ms, verify+opt 80ms, 715204 bytes
I/PackageManager( 304): Running dexopt on: com.android.musicfx
D/dalvikvm( 431): DexOpt: load 8ms, verify+opt 57ms, 512972 bytes
I/PackageManager( 304): Running dexopt on: com.android.noisefield
D/dalvikvm( 432): DexOpt: load 7ms, verify+opt 6ms, 255036 bytes
I/PackageManager( 304): Running dexopt on: com.android.packageinstaller
D/dalvikvm( 433): DexOpt: load 6ms, verify+opt 26ms, 331676 bytes
I/PackageManager( 304): Running dexopt on: com.android.phasebeam
D/dalvikvm( 434): DexOpt: load 7ms, verify+opt 5ms, 243300 bytes
I/PackageManager( 304): Running dexopt on: com.android.phone
D/dalvikvm( 435): DexOpt: load 27ms, verify+opt 188ms, 1135068 bytes
I/PackageManager( 304): Running dexopt on: com.svox.pico
D/dalvikvm( 436): DexOpt: load 6ms, verify+opt 5ms, 213260 bytes
I/PackageManager( 304): Running dexopt on: com.motorola.asds.isign.printing
D/dalvikvm( 437): DexOpt: load 6ms, verify+opt 24ms, 306716 bytes
I/PackageManager( 304): Running dexopt on: com.android.provision
D/dalvikvm( 438): DexOpt: load 4ms, verify+opt 1ms, 127044 bytes
I/PackageManager( 304): Running dexopt on: com.android.quicksearchbox
D/dalvikvm( 439): DexOpt: 'Lcom/android/common/SharedPreferencesCompat;' has an earlier definition; blocking out
D/dalvikvm( 439): DexOpt: not verifying/optimizing 'Lcom/android/common/SharedPreferencesCompat;': multiple definitions
I/dalvikvm( 439): DexOpt: not resolving ambiguous class 'Lcom/android/common/SharedPreferencesCompat;'
D/dalvikvm( 439): DexOpt: load 49ms, verify+opt 91ms, 932636 bytes
I/PackageManager( 304): Running dexopt on: com.askey.serialport
D/dalvikvm( 440): DexOpt: load 5ms, verify+opt 12ms, 222964 bytes
I/PackageManager( 304): Running dexopt on: com.android.settings
D/dalvikvm( 441): DexOpt: load 60ms, verify+opt 348ms, 2044044 bytes
I/PackageManager( 304): Running dexopt on: com.android.sharedstoragebackup
D/dalvikvm( 442): DexOpt: load 3ms, verify+opt 1ms, 115532 bytes
I/PackageManager( 304): Running dexopt on: com.android.extsoundrecorder
D/dalvikvm( 443): DexOpt: load 7ms, verify+opt 27ms, 394036 bytes
I/PackageManager( 304): Running dexopt on: com.android.systemui
D/dalvikvm( 444): DexOpt: load 44ms, verify+opt 129ms, 1149236 bytes
I/PackageManager( 304): Running dexopt on: com.android.providers.telephony
D/dalvikvm( 445): DexOpt: load 3ms, verify+opt 25ms, 250980 bytes
I/PackageManager( 304): Running dexopt on: com.android.providers.userdictionary
D/dalvikvm( 446): DexOpt: load 3ms, verify+opt 5ms, 160580 bytes
I/PackageManager( 304): Running dexopt on: com.android.videoeditor
D/dalvikvm( 447): DexOpt: load 27ms, verify+opt 123ms, 727500 bytes
I/PackageManager( 304): Running dexopt on: com.android.musicvis
D/dalvikvm( 448): DexOpt: load 4ms, verify+opt 8ms, 181988 bytes
I/PackageManager( 304): Running dexopt on: com.android.vpndialogs
D/dalvikvm( 449): DexOpt: load 5ms, verify+opt 19ms, 271324 bytes
I/PackageManager( 304): Running dexopt on: com.android.smspush
D/dalvikvm( 450): DexOpt: load 3ms, verify+opt 3ms, 135684 bytes
I/PackageManager( 304): Running dexopt on: sensor.test
D/dalvikvm( 451): DexOpt: load 5ms, verify+opt 17ms, 232948 bytes
I/PackageManager( 304): Running dexopt on: com.tch.android.reboot
D/dalvikvm( 452): DexOpt: load 5ms, verify+opt 1ms, 135148 bytes
I/PackageManager( 304): Running dexopt on: com.tch.android.shutdown
D/dalvikvm( 453): DexOpt: load 4ms, verify+opt 1ms, 135148 bytes
I/SystemServer( 304): Mount Service
