D/dalvikvm( 304): GC_CONCURRENT freed 480K, 30% free 8815K/12423K, paused 1ms+2ms, total 15ms
I/PackageManager( 304): /system/app/Bluetooth.apk changed; collecting certs
W/PackageParser( 304): No actions in intent filter at /system/app/Bluetooth.apk Binary XML file line #163
I/PackageManager( 304): /system/app/BluetoothBloodPressure.apk changed; collecting certs
I/PackageManager( 304): /system/app/BluetoothFindMeLocator.apk changed; collecting certs
W/ResourceType( 304): Failure getting entry for 0x7f020001 (t=1 e=1) in package 0 (error -75)
D/dalvikvm( 304): GC_CONCURRENT freed 449K, 29% free 8827K/12423K, paused 1ms+2ms, total 14ms
I/PackageManager( 304): /system/app/BluetoothFtps.apk changed; collecting certs
I/PackageManager( 304): /system/app/BluetoothHdp.apk changed; collecting certs
I/PackageManager( 304): /system/app/BluetoothHeartRateMonitor.apk changed; collecting certs
I/PackageManager( 304): /system/app/BluetoothMap.apk changed; collecting certs
D/dalvikvm( 304): GC_CONCURRENT freed 435K, 29% free 8874K/12423K, paused 1ms+2ms, total 15ms
I/PackageManager( 304): /system/app/BluetoothMapEmailBinder.apk changed; collecting certs
I/PackageManager( 304): /system/app/BluetoothProximityMonitor.apk changed; collecting certs
I/PackageManager( 304): /system/app/BluetoothSCOApp.apk changed; collecting certs
I/PackageManager( 304): /system/app/BluetoothThermometer.apk changed; collecting certs
D/dalvikvm( 304): GC_CONCURRENT freed 480K, 29% free 8873K/12423K, paused 11ms+2ms, total 24ms
I/PackageManager( 304): /system/app/Board_id.apk changed; collecting certs
W/PackageParser( 304): Problem in package /system/app/Board_id.apk:
W/PackageParser( 304): Unknown element under : service at /system/app/Board_id.apk Binary XML file line #11
I/PackageManager( 304): /system/app/BootConfig.apk changed; collecting certs
I/PackageManager( 304): /system/app/Browser.apk changed; collecting certs
D/dalvikvm( 304): GC_CONCURRENT freed 471K, 29% free 8910K/12423K, paused 1ms+3ms, total 15ms
D/dalvikvm( 304): GC_CONCURRENT freed 397K, 28% free 9025K/12423K, paused 1ms+2ms, total 13ms
D/dalvikvm( 304): WAIT_FOR_CONCURRENT_GC blocked 5ms
I/PackageManager( 304): /system/app/Calculator.apk changed; collecting certs
D/dalvikvm( 304): GC_CONCURRENT freed 278K, 27% free 9153K/12423K, paused 1ms+3ms, total 15ms
I/PackageManager( 304): /system/app/Calendar.apk changed; collecting certs
D/dalvikvm( 304): GC_CONCURRENT freed 597K, 28% free 9052K/12423K, paused 1ms+2ms, total 15ms
I/PackageManager( 304): /system/app/CalendarProvider.apk changed; collecting certs
I/PackageManager( 304): New shared user android.uid.calendar: id=10020
D/dalvikvm( 304): GC_CONCURRENT freed 337K, 27% free 9135K/12423K, paused 1ms+3ms, total 16ms
I/PackageManager( 304): /system/app/CameraOMAP4.apk changed; collecting certs
D/dalvikvm( 304): GC_CONCURRENT freed 582K, 28% free 9039K/12423K, paused 12ms+1ms, total 24ms
D/dalvikvm( 304): WAIT_FOR_CONCURRENT_GC blocked 12ms
D/dalvikvm( 304): GC_CONCURRENT freed 354K, 26% free 9197K/12423K, paused 1ms+1ms, total 14ms
D/dalvikvm( 304): WAIT_FOR_CONCURRENT_GC blocked 5ms
W/PackageManager( 304): Package com.ti.omap4.android.camera desires unavailable shared library com.google.android.media.effects; ignoring!
W/PackageManager( 304): Package com.ti.omap4.android.camera desires unavailable shared library com.ti.s3d; ignoring!
I/PackageManager( 304): /system/app/CertInstaller.apk changed; collecting certs
I/PackageManager( 304): /system/app/Contacts.apk changed; collecting certs
W/PackageParser( 304): No actions in intent filter at /system/app/Contacts.apk Binary XML file line #533
D/dalvikvm( 304): GC_CONCURRENT freed 298K, 25% free 9403K/12423K, paused 1ms+14ms, total 26ms
D/dalvikvm( 304): GC_CONCURRENT freed 760K, 27% free 9117K/12423K, paused 1ms+1ms, total 14ms
D/dalvikvm( 304): WAIT_FOR_CONCURRENT_GC blocked 12ms
D/dalvikvm( 304): GC_CONCURRENT freed 322K, 26% free 9307K/12423K, paused 1ms+2ms, total 15ms
D/dalvikvm( 304): WAIT_FOR_CONCURRENT_GC blocked 7ms
I/PackageManager( 304): /system/app/ContactsProvider.apk changed; collecting certs
I/PackageManager( 304): /system/app/DefaultContainerService.apk changed; collecting certs
D/dalvikvm( 304): GC_CONCURRENT freed 305K, 24% free 9487K/12423K, paused 1ms+14ms, total 27ms
I/PackageManager( 304): /system/app/DeskClock.apk changed; collecting certs
D/dalvikvm( 304): GC_CONCURRENT freed 858K, 27% free 9138K/12423K, paused 11ms+2ms, total 27ms
I/PackageManager( 304): /system/app/DownloadProvider.apk changed; collecting certs
I/PackageManager( 304): New shared user android.media: id=10025
I/PackageManager( 304): /system/app/DownloadProviderUi.apk changed; collecting certs
I/PackageManager( 304): /system/app/DrmProvider.apk changed; collecting certs
D/dalvikvm( 304): GC_CONCURRENT freed 401K, 27% free 9189K/12423K, paused 1ms+3ms, total 17ms
I/PackageManager( 304): /system/app/Email.apk changed; collecting certs
D/dalvikvm( 304): GC_CONCURRENT freed 520K, 27% free 9181K/12423K, paused 2ms+2ms, total 16ms
D/dalvikvm( 304): WAIT_FOR_CONCURRENT_GC blocked 5ms
I/PackageManager( 304): /system/app/Exchange2.apk changed; collecting certs
D/dalvikvm( 304): GC_CONCURRENT freed 307K, 25% free 9373K/12423K, paused 1ms+2ms, total 17ms
I/PackageManager( 304): /system/app/FetchConfigurator.apk changed; collecting certs
I/PackageManager( 304): /system/app/FetchScheduleProvider.apk changed; collecting certs
I/PackageManager( 304): /system/app/FetchService.apk changed; collecting certs
D/dalvikvm( 304): GC_CONCURRENT freed 383K, 24% free 9466K/12423K, paused 11ms+14ms, total 43ms
I/PackageManager( 304): /system/app/FmRxApp.apk changed; collecting certs
I/PackageManager( 304): /system/app/FmService.apk changed; collecting certs
I/PackageManager( 304): /system/app/FmTxApp.apk changed; collecting certs
D/dalvikvm( 304): GC_CONCURRENT freed 793K, 27% free 9184K/12423K, paused 1ms+2ms, total 17ms
D/dalvikvm( 304): WAIT_FOR_CONCURRENT_GC blocked 7ms
I/PackageManager( 304): /system/app/Galaxy4.apk changed; collecting certs
I/PackageManager( 304): /system/app/Gallery2.apk changed; collecting certs
D/dalvikvm( 304): GC_CONCURRENT freed 421K, 26% free 9263K/12423K, paused 2ms+2ms, total 16ms
D/dalvikvm( 304): WAIT_FOR_CONCURRENT_GC blocked 9ms
D/dalvikvm( 304): GC_CONCURRENT freed 401K, 25% free 9373K/12423K, paused 1ms+2ms, total 15ms
D/dalvikvm( 304): WAIT_FOR_CONCURRENT_GC blocked 11ms
D/dalvikvm( 304): GC_CONCURRENT freed 172K, 22% free 9713K/12423K, paused 1ms+1ms, total 16ms
D/dalvikvm( 304): WAIT_FOR_CONCURRENT_GC blocked 9ms
I/PackageManager( 304): /system/app/HTMLViewer.apk changed; collecting certs
W/PackageManager( 304): Package com.android.gallery3d desires unavailable shared library com.google.android.media.effects; ignoring!
D/dalvikvm( 304): GC_CONCURRENT freed 306K, 21% free 9919K/12423K, paused 1ms+1ms, total 19ms
D/dalvikvm( 304): WAIT_FOR_CONCURRENT_GC blocked 7ms
I/PackageManager( 304): /system/app/HoloSpiralWallpaper.apk changed; collecting certs
I/PackageManager( 304): /system/app/InputDevices.apk changed; collecting certs
I/PackageManager( 304): /system/app/KeyChain.apk changed; collecting certs
D/dalvikvm( 304): GC_CONCURRENT freed 488K, 21% free 9938K/12423K, paused 1ms+5ms, total 19ms
D/dalvikvm( 304): WAIT_FOR_CONCURRENT_GC blocked 8ms
I/PackageManager( 304): /system/app/LatinIME.apk changed; collecting certs
D/dalvikvm( 304): GC_CONCURRENT freed 1079K, 25% free 9367K/12423K, paused 1ms+1ms, total 18ms
D/dalvikvm( 304): WAIT_FOR_CONCURRENT_GC blocked 15ms
D/dalvikvm( 304): GC_CONCURRENT freed 359K, 24% free 9519K/12423K, paused 1ms+3ms, total 17ms
D/dalvikvm( 304): WAIT_FOR_CONCURRENT_GC blocked 4ms
D/dalvikvm( 304): GC_CONCURRENT freed 227K, 22% free 9804K/12423K, paused 2ms+1ms, total 17ms
D/dalvikvm( 304): WAIT_FOR_CONCURRENT_GC blocked 9ms
I/PackageManager( 304): /system/app/Launcher2.apk changed; collecting certs
D/dalvikvm( 304): GC_CONCURRENT freed 182K, 19% free 10099K/12423K, paused 1ms+2ms, total 23ms
D/dalvikvm( 304): GC_CONCURRENT freed 380K, 18% free 10230K/12423K, paused 1ms+6ms, total 18ms
D/dalvikvm( 304): WAIT_FOR_CONCURRENT_GC blocked 10ms
I/PackageManager( 304): /system/app/LiveWallpapers.apk changed; collecting certs
I/PackageManager( 304): /system/app/LiveWallpapersPicker.apk changed; collecting certs
D/dalvikvm( 304): GC_CONCURRENT freed 1213K, 24% free 9516K/12423K, paused 1ms+3ms, total 21ms
D/dalvikvm( 304): WAIT_FOR_CONCURRENT_GC blocked 8ms
I/PackageManager( 304): /system/app/LocalAnalyticsService.apk changed; collecting certs
I/PackageManager( 304): /system/app/MagicSmokeWallpapers.apk changed; collecting certs
I/PackageManager( 304): /system/app/MediaProvider.apk changed; collecting certs
D/dalvikvm( 304): GC_CONCURRENT freed 707K, 25% free 9321K/12423K, paused 1ms+2ms, total 19ms
D/dalvikvm( 304): WAIT_FOR_CONCURRENT_GC blocked 7ms
I/PackageManager( 304): /system/app/MicrophoneTest_v1.0_101512.apk changed; collecting certs
I/PackageManager( 304): /system/app/Mms.apk changed; collecting certs
D/dalvikvm( 304): GC_CONCURRENT freed 474K, 25% free 9358K/12423K, paused 11ms+2ms, total 26ms
D/dalvikvm( 304): WAIT_FOR_CONCURRENT_GC blocked 10ms
I/PackageManager( 304): /system/app/MobileDeviceIntegration.apk changed; collecting certs
D/dalvikvm( 304): GC_CONCURRENT freed 417K, 24% free 9453K/12423K, paused 1ms+3ms, total 18ms
D/dalvikvm( 304): WAIT_FOR_CONCURRENT_GC blocked 6ms
I/PackageManager( 304): /system/app/MotoServices.apk changed; collecting certs
I/PackageManager( 304): /system/app/Music.apk changed; collecting certs
D/dalvikvm( 304): GC_CONCURRENT freed 507K, 24% free 9457K/12423K, paused 1ms+3ms, total 18ms
D/dalvikvm( 304): WAIT_FOR_CONCURRENT_GC blocked 8ms
I/PackageManager( 304): /system/app/MusicFX.apk changed; collecting certs
I/PackageManager( 304): /system/app/NoiseField.apk changed; collecting certs
I/PackageManager( 304): /system/app/PackageInstaller.apk changed; collecting certs
D/dalvikvm( 304): GC_CONCURRENT freed 435K, 24% free 9533K/12423K, paused 1ms+3ms, total 19ms
D/dalvikvm( 304): WAIT_FOR_CONCURRENT_GC blocked 5ms
I/PackageManager( 304): /system/app/PhaseBeam.apk changed; collecting certs
I/PackageManager( 304): /system/app/Phone.apk changed; collecting certs
D/dalvikvm( 304): GC_CONCURRENT freed 596K, 24% free 9448K/12423K, paused 1ms+2ms, total 17ms
D/dalvikvm( 304): WAIT_FOR_CONCURRENT_GC blocked 13ms
I/PackageManager( 304): /system/app/PicoTts.apk changed; collecting certs
I/PackageManager( 304): /system/app/Printer.apk changed; collecting certs
D/dalvikvm( 304): GC_CONCURRENT freed 413K, 24% free 9547K/12423K, paused 1ms+3ms, total 19ms
D/dalvikvm( 304): WAIT_FOR_CONCURRENT_GC blocked 6ms
I/PackageManager( 304): /system/app/Provision.apk changed; collecting certs
I/PackageManager( 304): /system/app/QuickSearchBox.apk changed; collecting certs
D/dalvikvm( 304): GC_CONCURRENT freed 553K, 24% free 9505K/12423K, paused 1ms+3ms, total 18ms
D/dalvikvm( 304): WAIT_FOR_CONCURRENT_GC blocked 9ms
I/PackageManager( 304): /system/app/SerialPortAPIX.apk changed; collecting certs
D/dalvikvm( 304): GC_CONCURRENT freed 382K, 23% free 9627K/12423K, paused 1ms+3ms, total 18ms
I/PackageManager( 304): /system/app/Settings.apk changed; collecting certs
D/dalvikvm( 304): GC_CONCURRENT freed 506K, 23% free 9607K/12423K, paused 11ms+1ms, total 27ms
D/dalvikvm( 304): WAIT_FOR_CONCURRENT_GC blocked 15ms
D/dalvikvm( 304): GC_CONCURRENT freed 270K, 21% free 9849K/12423K, paused 1ms+3ms, total 18ms
D/dalvikvm( 304): WAIT_FOR_CONCURRENT_GC blocked 6ms
I/PackageManager( 304): /system/app/SettingsProvider.apk changed; collecting certs
D/dalvikvm( 304): GC_CONCURRENT freed 253K, 19% free 10104K/12423K, paused 1ms+2ms, total 22ms
D/dalvikvm( 304): WAIT_FOR_CONCURRENT_GC blocked 6ms
I/PackageManager( 304): /system/app/SharedStorageBackup.apk changed; collecting certs
I/PackageManager( 304): /system/app/SoundRecorder.apk changed; collecting certs
I/PackageManager( 304): /system/app/SystemUI.apk changed; collecting certs
D/dalvikvm( 304): GC_CONCURRENT freed 386K, 19% free 10150K/12423K, paused 1ms+5ms, total 24ms
D/dalvikvm( 304): GC_CONCURRENT freed 947K, 22% free 9692K/12423K, paused 11ms+1ms, total 29ms
D/dalvikvm( 304): WAIT_FOR_CONCURRENT_GC blocked 18ms
D/dalvikvm( 304): GC_CONCURRENT freed 294K, 21% free 9910K/12423K, paused 2ms+2ms, total 19ms
D/dalvikvm( 304): WAIT_FOR_CONCURRENT_GC blocked 10ms
I/PackageManager( 304): /system/app/TelephonyProvider.apk changed; collecting certs
I/PackageManager( 304): /system/app/UserDictionaryProvider.apk changed; collecting certs
D/dalvikvm( 304): GC_CONCURRENT freed 373K, 20% free 10048K/12423K, paused 1ms+5ms, total 20ms
D/dalvikvm( 304): WAIT_FOR_CONCURRENT_GC blocked 9ms
I/PackageManager( 304): /system/app/VideoEditor.apk changed; collecting certs
D/dalvikvm( 304): GC_CONCURRENT freed 812K, 22% free 9747K/12423K, paused 1ms+2ms, total 20ms
D/dalvikvm( 304): WAIT_FOR_CONCURRENT_GC blocked 9ms
I/PackageManager( 304): /system/app/VisualizationWallpapers.apk changed; collecting certs
I/PackageManager( 304): /system/app/VpnDialogs.apk changed; collecting certs
I/PackageManager( 304): /system/app/WAPPushManager.apk changed; collecting certs
I/PackageManager( 304): /system/app/com.askey.serialport.SerialPortAPIX.apk changed; collecting certs
D/dalvikvm( 304): GC_CONCURRENT freed 463K, 22% free 9795K/12423K, paused 11ms+4ms, total 31ms
D/dalvikvm( 304): WAIT_FOR_CONCURRENT_GC blocked 9ms
I/PackageManager( 304): /system/app/sensor.test.apk changed; collecting certs
W/PackageManager( 304): Application package com.askey.serialport already installed. Skipping duplicate.
W/PackageParser( 304): Problem in package /system/app/sensor.test.apk:
W/PackageParser( 304): Unknown element under : action at /system/app/sensor.test.apk Binary XML file line #27
W/PackageParser( 304): Problem in package /system/app/sensor.test.apk:
W/PackageParser( 304): Unknown element under : category at /system/app/sensor.test.apk Binary XML file line #28
I/PackageManager( 304): /system/app/sysReboot.apk changed; collecting certs
I/PackageManager( 304): /system/app/sysShutdown.apk changed; collecting certs
D/PackageManager( 304): No files in app dir /vendor/app
I/PackageManager( 304): Time to scan packages: 4.524 seconds
I/PackageManager( 304): Platform changed from 0 to 16; regranting permissions for internal storage
W/PackageManager( 304): Unknown permission com.google.android.googleapps.permission.GOOGLE_AUTH.mail in package com.android.contacts
W/PackageManager( 304): Unknown permission android.permission.ADD_SYSTEM_SERVICE in package com.android.phone
W/PackageManager( 304): Unknown permission com.google.android.googleapps.permission.GOOGLE_AUTH in package com.android.providers.calendar
W/PackageManager( 304): Unknown permission com.google.android.googleapps.permission.GOOGLE_AUTH.cl in package com.android.providers.calendar
W/PackageManager( 304): Unknown permission com.google.android.googleapps.permission.GOOGLE_AUTH.mail in package com.android.calendar
D/dalvikvm( 304): GC_CONCURRENT freed 702K, 23% free 9605K/12423K, paused 1ms+3ms, total 20ms
D/dalvikvm( 304): WAIT_FOR_CONCURRENT_GC blocked 6ms
W/PackageManager( 304): Not granting permission android.permission.SEND_DOWNLOAD_COMPLETED_INTENTS to package com.android.browser (protectionLevel=2 flags=0x9be45)
W/PackageManager( 304): Unknown permission com.google.android.googleapps.permission.GOOGLE_AUTH in package com.android.settings
W/PackageManager( 304): Unknown permission concierge.permission.READ_USERS in package com.android.settings
W/PackageManager( 304): Unknown permission concierge.permission.WRITE_USERS in package com.android.settings
W/PackageManager( 304): Unknown permission com.google.android.googleapps.permission.GOOGLE_AUTH in package com.android.providers.contacts
W/PackageManager( 304): Unknown permission com.google.android.googleapps.permission.GOOGLE_AUTH.cp in package com.android.providers.contacts
W/PackageManager( 304): Not granting permission android.permission.DEVICE_POWER to package com.askey.ammitest2300 (protectionLevel=2 flags=0x8be47)
W/PackageManager( 304): Not granting permission android.permission.DIAGNOSTIC to package com.askey.ammitest2300 (protectionLevel=2 flags=0x8be47)
W/PackageManager( 304): Not granting permission android.permission.FACTORY_TEST to package com.askey.ammitest2300 (protectionLevel=2 flags=0x8be47)
W/PackageManager( 304): Not granting permission android.permission.HARDWARE_TEST to package com.askey.ammitest2300 (protectionLevel=2 flags=0x8be47)
W/PackageManager( 304): Not granting permission android.permission.INJECT_EVENTS to package com.askey.ammitest2300 (protectionLevel=2 flags=0x8be47)
W/PackageManager( 304): Not granting permission android.permission.INTERNAL_SYSTEM_WINDOW to package com.askey.ammitest2300 (protectionLevel=2 flags=0x8be47)
W/PackageManager( 304): Not granting permission android.permission.READ_INPUT_STATE to package com.askey.ammitest2300 (protectionLevel=2 flags=0x8be47)
W/PackageManager( 304): Unknown permission android.permission.WRITE_OWNER_DATA in package com.askey.ammitest2300
W/PackageManager( 304): Unknown permission android.permission.READ_OWNER_DATA in package com.askey.ammitest2300
W/PackageManager( 304): Not granting permission android.permission.DEVICE_POWER to package com.android.deskclock (protectionLevel=2 flags=0x8be45)
W/PackageManager( 304): Not granting permission android.permission.DEVICE_POWER to package com.askey.testing (protectionLevel=2 flags=0x8be47)
W/PackageManager( 304): Not granting permission android.permission.DIAGNOSTIC to package com.askey.testing (protectionLevel=2 flags=0x8be47)
W/PackageManager( 304): Not granting permission android.permission.FACTORY_TEST to package com.askey.testing (protectionLevel=2 flags=0x8be47)
W/PackageManager( 304): Not granting permission android.permission.HARDWARE_TEST to package com.askey.testing (protectionLevel=2 flags=0x8be47)
W/PackageManager( 304): Not granting permission android.permission.INJECT_EVENTS to package com.askey.testing (protectionLevel=2 flags=0x8be47)
W/PackageManager( 304): Not granting permission android.permission.INTERNAL_SYSTEM_WINDOW to package com.askey.testing (protectionLevel=2 flags=0x8be47)
W/PackageManager( 304): Not granting permission android.permission.READ_INPUT_STATE to package com.askey.testing (protectionLevel=2 flags=0x8be47)
W/PackageManager( 304): Unknown permission android.permission.WRITE_OWNER_DATA in package com.askey.testing
W/PackageManager( 304): Unknown permission android.permission.READ_OWNER_DATA in package com.askey.testing
W/PackageManager( 304): Unknown permission com.motorola.asds.isign.provider.inventory.permission.WRITE_INVENTORY in package com.motorola.asds.isign.service.fetchservice
W/PackageManager( 304): Unknown permission com.motosln.concierge.oemoverlay.permission.UPDATE_OEM_OVERLAY in package com.motorola.asds.isign.service.fetchservice
D/dalvikvm( 304): WAIT_FOR_CONCURRENT_GC blocked 0ms
D/dalvikvm( 304): GC_EXPLICIT freed 366K, 24% free 9492K/12423K, paused 2ms+2ms, total 35ms
I/SystemServer( 304): Account Manager
D/PackageManager( 304): generateServicesMap(android.accounts.AccountAuthenticator): 2 services:
D/PackageManager( 304): New service added: ServiceInfo: AuthenticatorDescription {type=com.android.email}, ComponentInfo{com.android.email/com.android.email.service.PopImapAuthenticatorService}, uid 10026
D/PackageManager( 304): New service added: ServiceInfo: AuthenticatorDescription {type=com.android.exchange}, ComponentInfo{com.android.email/com.android.email.service.EasAuthenticatorService}, uid 10026
I/ActivityThread( 304): Pub settings: com.android.providers.settings.SettingsProvider
D/dalvikvm( 304): DexOpt: --- BEGIN 'SettingsProvider.apk' (bootstrap=0) ---
I/SystemServer( 304): Content Manager
I/SystemServer( 304): System Content Providers
D/dalvikvm( 345): DexOpt: load 3ms, verify+opt 22ms, 365916 bytes
D/dalvikvm( 304): DexOpt: --- END 'SettingsProvider.apk' (success) ---
D/dalvikvm( 304): DEX prep '/system/app/SettingsProvider.apk': unzip in 1ms, rewrite 74ms
E/SQLiteLog( 304): (1) no such table: secure
D/SettingsProvider( 304): Generated and saved new ANDROID_ID [6d88782953b10d91]
I/SyncManager( 304): No initial accounts
I/SyncManager( 304): No initial status
I/SyncManager( 304): No initial pending operations
I/SyncManager( 304): No initial statistics
D/PackageManager( 304): generateServicesMap(android.content.SyncAdapter): 4 services:
D/PackageManager( 304): New service added: ServiceInfo: SyncAdapterType {name=com.android.email.provider, type=com.android.email, userVisible=true, supportsUploading=false, isAlwaysSyncable=false, allowParallelSyncs=false, settingsActivity=null}, ComponentInfo{com.android.email/com.android.email.service.PopImapSyncAdapterService}, uid 10026
D/PackageManager( 304): New service added: ServiceInfo: SyncAdapterType {name=com.android.email.provider, type=com.android.exchange, userVisible=true, supportsUploading=false, isAlwaysSyncable=false, allowParallelSyncs=false, settingsActivity=null}, ComponentInfo{com.android.exchange/com.android.exchange.EmailSyncAdapterService}, uid 10027
D/PackageManager( 304): New service added: ServiceInfo: SyncAdapterType {name=com.android.contacts, type=com.android.exchange, userVisible=true, supportsUploading=true, isAlwaysSyncable=false, allowParallelSyncs=false, settingsActivity=null}, ComponentInfo{com.android.exchange/com.android.exchange.ContactsSyncAdapterService}, uid 10027
D/PackageManager( 304): New service added: ServiceInfo: SyncAdapterType {name=com.android.calendar, type=com.android.exchange, userVisible=true, supportsUploading=true, isAlwaysSyncable=false, allowParallelSyncs=false, settingsActivity=null}, ComponentInfo{com.android.exchange/com.android.exchange.CalendarSyncAdapterService}, uid 10027
D/SettingsProvider( 304): cache for settings table 'secure' rows=29; fullycached=true
D/SettingsProvider( 304): cache for settings table 'system' rows=46; fullycached=true
I/SystemServer( 304): Lights Service
I/SystemServer( 304): Battery Service
D/dalvikvm( 304): GC_CONCURRENT freed 285K, 22% free 9719K/12423K, paused 11ms+3ms, total 36ms
D/dalvikvm( 304): WAIT_FOR_CONCURRENT_GC blocked 12ms
D/dalvikvm( 304): WAIT_FOR_CONCURRENT_GC blocked 8ms
D/dalvikvm( 304): WAIT_FOR_CONCURRENT_GC blocked 15ms
I/SystemServer( 304): Vibrator Service
D/PowerManagerService( 304): Hardbg: updateWakeLockLocked mStayOnConditions,mStayOnConditions:1isPowered:false
D/PowerManagerService( 304): Hardbg: updateWakeLockLocked mStayOnConditions,mStayOnConditions:1isPowered:false
I/PowerManagerService( 304): hardbg: setScreenStateLocked
I/SystemServer( 304): Alarm Manager
I/SystemServer( 304): Init Watchdog
I/SystemServer( 304): Window Manager
I/InputManager( 304): Initializing input manager
W/StatusBarManager( 304): warning: no STATUS_BAR_SERVICE
E/ASFDummyExtractor( 120): isASFParserAvailable
W/ASFDummyExtractor( 120): ASF parser is not available
E/WVMExtractor( 120): Failed to open libwvm.so
E/SensorService( 304): Error activating sensor 0 (Operation not permitted)
E/EventHub( 304): could not get driver version for /dev/input/mice, Not a typewriter
D/PermissionCache( 117): checking android.permission.ACCESS_SURFACE_FLINGER for uid=1000 => granted (244 us)
I/InputManager( 304): Starting input manager
I/WindowManager( 304): Enabled StrictMode for PolicyThread's Looper
I/WindowManager( 304): Enabled StrictMode logging for WMThread's Looper
I/SystemServer( 304): Bluetooth Service
I/BluetoothProfileState( 304): Message:Entering Stable State
I/AudioPlayer( 120): mLatencyUs = 0
W/TimeInterpolator( 120): time is rewinding: -56781 Tf=1 t0=31931732 pos0=-56781 dt=0 now=31931732 last=0 now_last=0
D/EventHub( 304): No input device configuration file found for device 'Tablet44xx External Mic'.
I/EventHub( 304): New device: id=1, fd=103, path='/dev/input/event3', name='Tablet44xx External Mic', classes=0x80, configuration='', keyLayout='', keyCharacterMap='', builtinKeyboard=false, usingSuspendBlockIoctl=true, usingClockIoctl=false
D/EventHub( 304): No input device configuration file found for device 'Tablet44xx Headset Jack'.
I/EventHub( 304): New device: id=2, fd=104, path='/dev/input/event2', name='Tablet44xx Headset Jack', classes=0x80, configuration='', keyLayout='', keyCharacterMap='', builtinKeyboard=false, usingSuspendBlockIoctl=true, usingClockIoctl=false
D/EventHub( 304): No input device configuration file found for device 'gpio-keys'.
E/KeyLayoutMap( 304): /system/usr/keylayout/gpio-keys.kl:98: Expected key code label, got 'ET1_P1'.
E/ASFDummyExtractor( 120): isASFParserAvailable
W/ASFDummyExtractor( 120): ASF parser is not available
E/WVMExtractor( 120): Failed to open libwvm.so
I/EventHub( 304): New device: id=3, fd=105, path='/dev/input/event0', name='gpio-keys', classes=0x1, configuration='', keyLayout='/system/usr/keylayout/Generic.kl', keyCharacterMap='/system/usr/keychars/Generic.kcm', builtinKeyboard=false, usingSuspendBlockIoctl=true, usingClockIoctl=false
D/EventHub( 304): No input device configuration file found for device 'twl6030_pwrbutton'.
I/EventHub( 304): New device: id=4, fd=113, path='/dev/input/event1', name='twl6030_pwrbutton', classes=0x1, configuration='', keyLayout='/system/usr/keylayout/twl6030_pwrbutton.kl', keyCharacterMap='/system/usr/keychars/Generic.kcm', builtinKeyboard=false, usingSuspendBlockIoctl=true, usingClockIoctl=false
I/InputReader( 304): Device added: id=-1, name='Virtual', sources=0x00000301
I/InputReader( 304): Device added: id=4, name='twl6030_pwrbutton', sources=0x00000101
I/InputReader( 304): Device added: id=3, name='gpio-keys', sources=0x00000101
I/InputReader( 304): Device added: id=2, name='Tablet44xx Headset Jack', sources=0x80000000
I/InputReader( 304): Device added: id=1, name='Tablet44xx External Mic', sources=0x80000000
I/BluetoothProfileState( 304): Message:Entering Stable State
I/BluetoothProfileState( 304): Message:Entering Stable State
E/BluetoothGattClient.cpp( 304): initNative Registering obecjt path at /com/ti/bluetooth/gatt/client
D/BluetoothGattServerService( 304): Creating
I/SystemServer( 304): Input Method Service
I/AudioPlayer( 120): mLatencyUs = 0
W/TimeInterpolator( 120): time is rewinding: -56751 Tf=1 t0=31980621 pos0=-56781 dt=30 now=31980651 last=0 now_last=0
I/ti_hwc ( 117): Primary display is HDMI - skip clone/dock logic
D/ti_hwc ( 117): #0: 640x480 59Hz
D/ti_hwc ( 117): #1: 640x480 72Hz
D/ti_hwc ( 117): #2: 640x480 75Hz
D/ti_hwc ( 117): #3: 800x600 56Hz
D/ti_hwc ( 117): #4: 800x600 60Hz
D/ti_hwc ( 117): #5: 800x600 72Hz
D/ti_hwc ( 117): #6: 800x600 75Hz
D/ti_hwc ( 117): #7: 1024x768 60Hz
D/ti_hwc ( 117): #8: 1024x768 70Hz
D/ti_hwc ( 117): #9: 1024x768 75Hz
D/ti_hwc ( 117): #10: 1280x1024 75Hz
D/ti_hwc ( 117): #11: 1152x864 75Hz
D/ti_hwc ( 117): #12: 1152x864 75Hz
D/ti_hwc ( 117): #13: 1280x1024 60Hz
D/ti_hwc ( 117): picking #13
I/ti_hwc ( 117): transforming FB (1920x1080) => (1280x1024) rot0
W/InputMethodManagerService( 304): No IME selected. Choose the most applicable IME.
I/InputMethodManagerService( 304): No default found, using com.android.inputmethod.latin/.LatinIME
I/SystemServer( 304): Accessibility Manager
I/InputReader( 304): Reconfiguring input devices. changes=0x00000004
I/Display ( 304): Mirroring region is Rect(0, 0 - 1920, 1080)
I/ActivityManager( 304): Config changed: {1.0 0mcc0mnc hd_US sw720dp w1280dp h672dp lrg long land ?uimode ?night -touch -keyb/h/h -nav/h s.2}
I/PackageManager( 304): Running dexopt on: com.askey.ammitest2300
D/dalvikvm( 304): GC_CONCURRENT freed 334K, 22% free 9788K/12423K, paused 1ms+1ms, total 26ms
D/dalvikvm( 374): DexOpt: 'Landroid/annotation/SuppressLint;' has an earlier definition; blocking out
D/dalvikvm( 374): DexOpt: 'Landroid/annotation/TargetApi;' has an earlier definition; blocking out
D/dalvikvm( 374): DexOpt: not verifying/optimizing 'Landroid/annotation/SuppressLint;': multiple definitions
D/dalvikvm( 374): DexOpt: not verifying/optimizing 'Landroid/annotation/TargetApi;': multiple definitions
D/dalvikvm( 374): DexOpt: load 24ms, verify+opt 204ms, 985404 bytes
I/PackageManager( 304): Running dexopt on: com.askey.testing
D/dalvikvm( 375): DexOpt: 'Landroid/annotation/SuppressLint;' has an earlier definition; blocking out
D/dalvikvm( 375): DexOpt: 'Landroid/annotation/TargetApi;' has an earlier definition; blocking out
D/dalvikvm( 375): DexOpt: not verifying/optimizing 'Landroid/annotation/SuppressLint;': multiple definitions
D/dalvikvm( 375): DexOpt: not verifying/optimizing 'Landroid/annotation/TargetApi;': multiple definitions
D/dalvikvm( 375): DexOpt: load 22ms, verify+opt 180ms, 904212 bytes
I/PackageManager( 304): Running dexopt on: com.android.providers.applications
D/dalvikvm( 376): DexOpt: load 8ms, verify+opt 34ms, 349108 bytes
I/PackageManager( 304): Running dexopt on: com.motorola.asds.isign.provider.asset
D/dalvikvm( 377): DexOpt: load 3ms, verify+opt 12ms, 211116 bytes
I/PackageManager( 304): Running dexopt on: com.android.backupconfirm
D/dalvikvm( 378): DexOpt: load 5ms, verify+opt 11ms, 220476 bytes
I/PackageManager( 304): Running dexopt on: com.android.bluetooth
D/dalvikvm( 379): DexOpt: load 8ms, verify+opt 73ms, 556884 bytes
I/PackageManager( 304): Running dexopt on: com.ti.bluetooth.bloodpressure
D/dalvikvm( 380): DexOpt: load 5ms, verify+opt 14ms, 230380 bytes
I/PackageManager( 304): Running dexopt on: com.ti.bluetooth.findmelocator
D/dalvikvm( 381): DexOpt: load 5ms, verify+opt 14ms, 240468 bytes
I/PackageManager( 304): Running dexopt on: com.ti.bluetooth.ftps
D/dalvikvm( 382): DexOpt: load 5ms, verify+opt 23ms, 305604 bytes
I/PackageManager( 304): Running dexopt on: com.ti.bluetooth.hdp
D/dalvikvm( 383): DexOpt: load 5ms, verify+opt 17ms, 271276 bytes
I/PackageManager( 304): Running dexopt on: com.ti.bluetooth.heartratemonitor
D/dalvikvm( 384): DexOpt: load 5ms, verify+opt 15ms, 248644 bytes
I/PackageManager( 304): Running dexopt on: com.ti.bluetooth.map
D/dalvikvm( 385): DexOpt: load 7ms, verify+opt 42ms, 394556 bytes
I/PackageManager( 304): Running dexopt on: com.ti.bluetooth.emas.androidmail
D/dalvikvm( 386): DexOpt: load 9ms, verify+opt 69ms, 468996 bytes
I/PackageManager( 304): Running dexopt on: com.ti.bluetooth.proximitymonitor
D/dalvikvm( 387): DexOpt: load 5ms, verify+opt 16ms, 252228 bytes
I/PackageManager( 304): Running dexopt on: com.ti.bluetoothSCOapp
D/dalvikvm( 388): DexOpt: load 4ms, verify+opt 12ms, 226564 bytes
I/PackageManager( 304): Running dexopt on: com.ti.bluetooth.thermometer
D/dalvikvm( 389): DexOpt: load 5ms, verify+opt 14ms, 230284 bytes
I/PackageManager( 304): Running dexopt on: board_id.com.ti
D/dalvikvm( 390): DexOpt: load 5ms, verify+opt 12ms, 230964 bytes
I/PackageManager( 304): Running dexopt on: com.motorolasolutions.bootreceiver
D/dalvikvm( 391): DexOpt: load 2ms, verify+opt 1ms, 105868 bytes
I/PackageManager( 304): Running dexopt on: com.android.browser
D/dalvikvm( 392): DexOpt: 'Lcom/android/common/content/SyncStateContentProviderHelper;' has an earlier definition; blocking out
I/dalvikvm( 392): DexOpt: not resolving ambiguous class 'Lcom/android/common/content/SyncStateContentProviderHelper;'
I/dalvikvm( 392): DexOpt: not resolving ambiguous class 'Lcom/android/common/content/SyncStateContentProviderHelper;'
D/dalvikvm( 392): DexOpt: not verifying/optimizing 'Lcom/android/common/content/SyncStateContentProviderHelper;': multiple definitions
D/dalvikvm( 392): DexOpt: load 80ms, verify+opt 207ms, 1536332 bytes
I/PackageManager( 304): Running dexopt on: com.android.calculator2
D/dalvikvm( 393): DexOpt: load 29ms, verify+opt 60ms, 625028 bytes
I/PackageManager( 304): Running dexopt on: com.android.calendar
D/dalvikvm( 394): DexOpt: 'Lcom/android/common/widget/CompositeCursorAdapter;' has an earlier definition; blocking out
D/dalvikvm( 394): DexOpt: 'Lcom/android/common/contacts/BaseEmailAddressAdapter;' has an earlier definition; blocking out
D/dalvikvm( 394): DexOpt: 'Lcom/android/common/Rfc822InputFilter;' has an earlier definition; blocking out
D/dalvikvm( 394): DexOpt: 'Lcom/android/common/Rfc822Validator;' has an earlier definition; blocking out
D/dalvikvm( 394): DexOpt: 'Lcom/android/common/contacts/BaseEmailAddressAdapter$1;' has an earlier definition; blocking out
D/dalvikvm( 394): DexOpt: 'Lcom/android/common/contacts/BaseEmailAddressAdapter$DefaultPartitionFilter;' has an earlier definition; blocking out
D/dalvikvm( 394): DexOpt: 'Lcom/android/common/contacts/BaseEmailAddressAdapter$DirectoryListQuery;' has an earlier definition; blocking out
D/dalvikvm( 394): DexOpt: 'Lcom/android/common/widget/CompositeCursorAdapter$Partition;' has an earlier definition; blocking out
D/dalvikvm( 394): DexOpt: 'Lcom/android/common/contacts/BaseEmailAddressAdapter$DirectoryPartition;' has an earlier definition; blocking out
D/dalvikvm( 394): DexOpt: 'Lcom/android/common/contacts/BaseEmailAddressAdapter$DirectoryPartitionFilter;' has an earlier definition; blocking out
D/dalvikvm( 394): DexOpt: 'Lcom/android/common/contacts/BaseEmailAddressAdapter$EmailQuery;' has an earlier definition; blocking out
D/dalvikvm( 394): DexOpt: not verifying/optimizing 'Lcom/android/common/widget/CompositeCursorAdapter;': multiple definitions
D/dalvikvm( 394): DexOpt: not verifying/optimizing 'Lcom/android/common/contacts/BaseEmailAddressAdapter;': multiple definitions
I/dalvikvm( 394): DexOpt: not resolving ambiguous class 'Lcom/android/common/contacts/BaseEmailAddressAdapter;'
I/dalvikvm( 394): DexOpt: not resolving ambiguous class 'Lcom/android/common/Rfc822Validator;'
I/dalvikvm( 394): DexOpt: not resolving ambiguous class 'Lcom/android/common/Rfc822InputFilter;'
D/dalvikvm( 394): DexOpt: not verifying/optimizing 'Lcom/android/common/Rfc822InputFilter;': multiple definitions
D/dalvikvm( 394): DexOpt: not verifying/optimizing 'Lcom/android/common/Rfc822Validator;': multiple definitions
D/dalvikvm( 394): DexOpt: not verifying/optimizing 'Lcom/android/common/contacts/BaseEmailAddressAdapter$1;': multiple definitions
D/dalvikvm( 394): DexOpt: not verifying/optimizing 'Lcom/android/common/contacts/BaseEmailAddressAdapter$DefaultPartitionFilter;': multiple definitions
D/dalvikvm( 394): DexOpt: not verifying/optimizing 'Lcom/android/common/contacts/BaseEmailAddressAdapter$DirectoryListQuery;': multiple definitions
D/dalvikvm( 394): DexOpt: not verifying/optimizing 'Lcom/android/common/widget/CompositeCursorAdapter$Partition;': multiple definitions
D/dalvikvm( 394): DexOpt: not verifying/optimizing 'Lcom/android/common/contacts/BaseEmailAddressAdapter$DirectoryPartition;': multiple definitions
D/dalvikvm( 394): DexOpt: not verifying/optimizing 'Lcom/android/common/contacts/BaseEmailAddressAdapter$DirectoryPartitionFilter;': multiple definitions
D/dalvikvm( 394): DexOpt: not verifying/optimizing 'Lcom/android/common/contacts/BaseEmailAddressAdapter$EmailQuery;': multiple definitions
D/dalvikvm( 394): DexOpt: load 51ms, verify+opt 175ms, 1103780 bytes
I/PackageManager( 304): Running dexopt on: com.android.providers.calendar
D/dalvikvm( 395): DexOpt: 'Lcom/android/common/content/SyncStateContentProviderHelper;' has an earlier definition; blocking out
D/dalvikvm( 395): DexOpt: not verifying/optimizing 'Lcom/android/common/content/SyncStateContentProviderHelper;': multiple definitions
I/dalvikvm( 395): DexOpt: not resolving ambiguous class 'Lcom/android/common/content/SyncStateContentProviderHelper;'
I/dalvikvm( 395): DexOpt: not resolving ambiguous class 'Lcom/android/common/content/SyncStateContentProviderHelper;'
D/dalvikvm( 395): DexOpt: load 10ms, verify+opt 82ms, 582508 bytes
I/PackageManager( 304): Running dexopt on: com.ti.omap4.android.camera
D/dalvikvm( 396): DexOpt: load 41ms, verify+opt 124ms, 928428 bytes
I/PackageManager( 304): Running dexopt on: com.android.certinstaller
D/dalvikvm( 397): DexOpt: load 7ms, verify+opt 25ms, 350532 bytes
I/PackageManager( 304): Running dexopt on: com.android.contacts
D/dalvikvm( 398): DexOpt: 'Lcom/android/common/io/MoreCloseables;' has an earlier definition; blocking out
D/dalvikvm( 398): DexOpt: 'Lcom/android/common/widget/CompositeCursorAdapter$Partition;' has an earlier definition; blocking out
D/dalvikvm( 398): DexOpt: 'Lcom/android/common/widget/CompositeCursorAdapter;' has an earlier definition; blocking out
D/dalvikvm( 398): DexOpt: 'Lcom/android/common/widget/GroupingListAdapter$1;' has an earlier definition; blocking out
D/dalvikvm( 398): DexOpt: 'Lcom/android/common/widget/GroupingListAdapter$2;' has an earlier definition; blocking out
D/dalvikvm( 398): DexOpt: 'Lcom/android/common/widget/GroupingListAdapter$PositionMetadata;' has an earlier definition; blocking out
D/dalvikvm( 398): DexOpt: 'Lcom/android/common/widget/GroupingListAdapter;' has an earlier definition; blocking out
D/dalvikvm( 398): DexOpt: not verifying/optimizing 'Lcom/android/common/io/MoreCloseables;': multiple definitions
D/dalvikvm( 398): DexOpt: not verifying/optimizing 'Lcom/android/common/widget/CompositeCursorAdapter$Partition;': multiple definitions
D/dalvikvm( 398): DexOpt: not verifying/optimizing 'Lcom/android/common/widget/CompositeCursorAdapter;': multiple definitions
D/dalvikvm( 398): DexOpt: not verifying/optimizing 'Lcom/android/common/widget/GroupingListAdapter$1;': multiple definitions
D/dalvikvm( 398): DexOpt: not verifying/optimizing 'Lcom/android/common/widget/GroupingListAdapter$2;': multiple definitions
D/dalvikvm( 398): DexOpt: not verifying/optimizing 'Lcom/android/common/widget/GroupingListAdapter$PositionMetadata;': multiple definitions
D/dalvikvm( 398): DexOpt: not verifying/optimizing 'Lcom/android/common/widget/GroupingListAdapter;': multiple definitions
I/dalvikvm( 398): DexOpt: not resolving ambiguous class 'Lcom/android/common/io/MoreCloseables;'
I/dalvikvm( 398): DexOpt: not resolving ambiguous class 'Lcom/android/common/widget/GroupingListAdapter;'
I/dalvikvm( 398): DexOpt: not resolving ambiguous class 'Lcom/android/common/io/MoreCloseables;'
I/dalvikvm( 398): DexOpt: not resolving ambiguous class 'Lcom/android/common/io/MoreCloseables;'
I/dalvikvm( 398): DexOpt: not resolving ambiguous class 'Lcom/android/common/io/MoreCloseables;'
I/dalvikvm( 398): DexOpt: not resolving ambiguous class 'Lcom/android/common/io/MoreCloseables;'
I/dalvikvm( 398): DexOpt: not resolving ambiguous class 'Lcom/android/common/widget/CompositeCursorAdapter;'
I/dalvikvm( 398): DexOpt: not resolving ambiguous class 'Lcom/android/common/widget/CompositeCursorAdapter$Partition;'
I/dalvikvm( 398): DexOpt: not resolving ambiguous class 'Lcom/android/common/io/MoreCloseables;'
I/dalvikvm( 398): DexOpt: not resolving ambiguous class 'Lcom/android/common/io/MoreCloseables;'
D/dalvikvm( 398): DexOpt: load 81ms, verify+opt 359ms, 1806140 bytes
I/PackageManager( 304): Running dexopt on: com.android.providers.contacts
D/dalvikvm( 399): DexOpt: 'Lcom/android/common/content/SyncStateContentProviderHelper;' has an earlier definition; blocking out
D/dalvikvm( 399): DexOpt: 'Lcom/android/common/io/MoreCloseables;' has an earlier definition; blocking out
D/dalvikvm( 399): DexOpt: not verifying/optimizing 'Lcom/android/common/content/SyncStateContentProviderHelper;': multiple definitions
D/dalvikvm( 399): DexOpt: not verifying/optimizing 'Lcom/android/common/io/MoreCloseables;': multiple definitions
I/dalvikvm( 399): DexOpt: not resolving ambiguous class 'Lcom/android/common/content/SyncStateContentProviderHelper;'
I/dalvikvm( 399): DexOpt: not resolving ambiguous class 'Lcom/android/common/content/SyncStateContentProviderHelper;'
I/dalvikvm( 399): DexOpt: not resolving ambiguous class 'Lcom/android/common/io/MoreCloseables;'
D/dalvikvm( 399): DexOpt: load 11ms, verify+opt 106ms, 591012 bytes
I/PackageManager( 304): Running dexopt on: com.android.defcontainer
D/dalvikvm( 400): DexOpt: load 3ms, verify+opt 6ms, 186028 bytes
I/PackageManager( 304): Running dexopt on: com.android.deskclock
D/dalvikvm( 401): DexOpt: load 24ms, verify+opt 39ms, 579644 bytes
I/PackageManager( 304): Running dexopt on: com.android.providers.downloads
D/dalvikvm( 402): DexOpt: load 10ms, verify+opt 55ms, 479876 bytes
I/PackageManager( 304): Running dexopt on: com.android.providers.downloads.ui
D/dalvikvm( 403): DexOpt: load 12ms, verify+opt 32ms, 417260 bytes
I/PackageManager( 304): Running dexopt on: com.android.providers.drm
D/dalvikvm( 404): DexOpt: load 2ms, verify+opt 4ms, 144820 bytes
I/PackageManager( 304): Running dexopt on: com.android.email
D/dalvikvm( 405): DexOpt: 'Lcom/android/common/GoogleLogTags;' has an earlier definition; blocking out
D/dalvikvm( 405): DexOpt: 'Lcom/android/common/NetworkConnectivityListener$1;' has an earlier definition; blocking out
D/dalvikvm( 405): DexOpt: 'Lcom/android/common/NetworkConnectivityListener$ConnectivityBroadcastReceiver;' has an earlier definition; blocking out
D/dalvikvm( 405): DexOpt: 'Lcom/android/common/NetworkConnectivityListener$State;' has an earlier definition; blocking out
D/dalvikvm( 405): DexOpt: 'Lcom/android/common/NetworkConnectivityListener;' has an earlier definition; blocking out
D/dalvikvm( 405): DexOpt: 'Lcom/android/common/OperationScheduler$Options;' has an earlier definition; blocking out
D/dalvikvm( 405): DexOpt: 'Lcom/android/common/OperationScheduler;' has an earlier definition; blocking out
D/dalvikvm( 405): DexOpt: 'Lcom/android/common/Rfc822InputFilter;' has an earlier definition; blocking out
D/dalvikvm( 405): DexOpt: 'Lcom/android/common/Rfc822Validator;' has an earlier definition; blocking out
D/dalvikvm( 405): DexOpt: 'Lcom/android/common/Search;' has an earlier definition; blocking out
D/dalvikvm( 405): DexOpt: 'Lcom/android/common/SharedPreferencesCompat;' has an earlier definition; blocking out
D/dalvikvm( 405): DexOpt: 'Lcom/android/common/contacts/BaseEmailAddressAdapter$1;' has an earlier definition; blocking out
D/dalvikvm( 405): DexOpt: 'Lcom/android/common/contacts/BaseEmailAddressAdapter$DefaultPartitionFilter;' has an earlier definition; blocking out
D/dalvikvm( 405): DexOpt: 'Lcom/android/common/contacts/BaseEmailAddressAdapter$DirectoryListQuery;' has an earlier definition; blocking out
D/dalvikvm( 405): DexOpt: 'Lcom/android/common/widget/CompositeCursorAdapter$Partition;' has an earlier definition; blocking out
D/dalvikvm( 405): DexOpt: 'Lcom/android/common/contacts/BaseEmailAddressAdapter$DirectoryPartition;' has an earlier definition; blocking out
D/dalvikvm( 405): DexOpt: 'Lcom/android/common/contacts/BaseEmailAddressAdapter$DirectoryPartitionFilter;' has an earlier definition; blocking out
D/dalvikvm( 405): DexOpt: 'Lcom/android/common/contacts/BaseEmailAddressAdapter$EmailQuery;' has an earlier definition; blocking out
D/dalvikvm( 405): DexOpt: 'Lcom/android/common/widget/CompositeCursorAdapter;' has an earlier definition; blocking out
D/dalvikvm( 405): DexOpt: 'Lcom/android/common/contacts/BaseEmailAddressAdapter;' has an earlier definition; blocking out
D/dalvikvm( 405): DexOpt: 'Lcom/android/common/contacts/DataUsageStatUpdater$DataUsageFeedback;' has an earlier definition; blocking out
D/dalvikvm( 405): DexOpt: 'Lcom/android/common/contacts/DataUsageStatUpdater;' has an earlier definition; blocking out
D/dalvikvm( 405): DexOpt: 'Lcom/android/common/content/SQLiteContentProvider;' has an earlier definition; blocking out
D/dalvikvm( 405): DexOpt: 'Lcom/android/common/content/SyncStateContentProviderHelper;' has an earlier definition; blocking out
D/dalvikvm( 405): DexOpt: 'Lcom/android/common/io/MoreCloseables;' has an earlier definition; blocking out
D/dalvikvm( 405): DexOpt: 'Lcom/android/common/speech/LoggingEvents$VoiceIme;' has an earlier definition; blocking out
D/dalvikvm( 405): DexOpt: 'Lcom/android/common/speech/LoggingEvents$VoiceSearch;' has an earlier definition; blocking out
D/dalvikvm( 405): DexOpt: 'Lcom/android/common/speech/LoggingEvents;' has an earlier definition; blocking out
D/dalvikvm( 405): DexOpt: 'Lcom/android/common/speech/Recognition;' has an earlier definition; blocking out
D/dalvikvm( 405): DexOpt: 'Lcom/android/common/userhappiness/UserHappinessSignals;' has an earlier definition; blocking out
D/dalvikvm( 405): DexOpt: 'Lcom/android/common/widget/GroupingListAdapter$1;' has an earlier definition; blocking out
D/dalvikvm( 405): DexOpt: 'Lcom/android/common/widget/GroupingListAdapter$2;' has an earlier definition; blocking out
D/dalvikvm( 405): DexOpt: 'Lcom/android/common/widget/GroupingListAdapter$PositionMetadata;' has an earlier definition; blocking out
D/dalvikvm( 405): DexOpt: 'Lcom/android/common/widget/GroupingListAdapter;' has an earlier definition; blocking out
D/dalvikvm( 405): DexOpt: 'Lcom/android/ex/editstyledtext/EditStyledText$1;' has an earlier definition; blocking out
D/dalvikvm( 405): DexOpt: 'Lcom/android/ex/editstyledtext/EditStyledText$ColorPaletteDrawable;' has an earlier definition; blocking out
D/dalvikvm( 405): DexOpt: 'Lcom/android/ex/editstyledtext/EditStyledText$EditModeActions$EditModeActionBase;' has an earlier definition; blocking out
D/dalvikvm( 405): DexOpt: 'Lcom/android/ex/editstyledtext/EditStyledText$EditModeActions$SetSpanActionBase;' has an earlier definition; blocking out
D/dalvikvm( 405): DexOpt: 'Lcom/android/ex/editstyledtext/EditStyledText$EditModeActions$AlignAction;' has an earlier definition; blocking out
D/dalvikvm( 405): DexOpt: 'Lcom/android/ex/editstyledtext/EditStyledText$EditModeActions$BackgroundColorAction;' has an earlier definition; blocking out
D/dalvikvm( 405): DexOpt: 'Lcom/android/ex/editstyledtext/EditStyledText$EditModeActions$CancelAction;' has an earlier definition; blocking out
D/dalvikvm( 405): DexOpt: 'Lcom/android/ex/editstyledtext/EditStyledText$EditModeActions$ClearStylesAction;' has an earlier definition; blocking out
D/dalvikvm( 405): DexOpt: 'Lcom/android/ex/editstyledtext/EditStyledText$EditModeActions$ColorAction;' has an earlier definition; blocking out
D/dalvikvm( 405): DexOpt: 'Lcom/android/ex/editstyledtext/EditStyledText$EditModeActions$TextViewActionBase;' has an earlier definition; blocking out
D/dalvikvm( 405): DexOpt: 'Lcom/android/ex/editstyledtext/EditStyledText$EditModeActions$CopyAction;' has an earlier definition; blocking out
D/dalvikvm( 405): DexOpt: 'Lcom/android/ex/editstyledtext/EditStyledText$EditModeActions$CutAction;' has an earlier definition; blocking out
D/dalvikvm( 405): DexOpt: 'Lcom/android/ex/editstyledtext/EditStyledText$EditModeActions$EndEditAction;' has an earlier definition; blocking out
D/dalvikvm( 405): DexOpt: 'Lcom/android/ex/editstyledtext/EditStyledText$EditModeActions$HorizontalLineAction;' has an earlier definition; blocking out
D/dalvikvm( 405): DexOpt: 'Lcom/android/ex/editstyledtext/EditStyledText$EditModeActions$ImageAction;' has an earlier definition; blocking out
D/dalvikvm( 405): DexOpt: 'Lcom/android/ex/editstyledtext/EditStyledText$EditModeActions$MarqueeDialogAction;' has an earlier definition; blocking out
D/dalvikvm( 405): DexOpt: 'Lcom/android/ex/editstyledtext/EditStyledText$EditModeActions$NothingAction;' has an earlier definition; blocking out
D/dalvikvm( 405): DexOpt: 'Lcom/android/ex/editstyledtext/EditStyledText$EditModeActions$PasteAction;' has an earlier definition; blocking out
D/dalvikvm( 405): DexOpt: 'Lcom/android/ex/editstyledtext/EditStyledText$EditModeActions$PreviewAction;' has an earlier definition; blocking out
D/dalvikvm( 405): DexOpt: 'Lcom/android/ex/editstyledtext/EditStyledText$EditModeActions$ResetAction;' has an earlier definition; blocking out
D/dalvikvm( 405): DexOpt: 'Lcom/android/ex/editstyledtext/EditStyledText$EditModeActions$SelectAction;' has an earlier definition; blocking out
D/dalvikvm( 405): DexOpt: 'Lcom/android/ex/editstyledtext/EditStyledText$EditModeActions$SelectAllAction;' has an earlier definition; blocking out
D/dalvikvm( 405): DexOpt: 'Lcom/android/ex/editstyledtext/EditStyledText$EditModeActions$ShowMenuAction;' has an earlier definition; blocking out
D/dalvikvm( 405): DexOpt: 'Lcom/android/ex/editstyledtext/EditStyledText$EditModeActions$SizeAction;' has an earlier definition; blocking out
D/dalvikvm( 405): DexOpt: 'Lcom/android/ex/editstyledtext/EditStyledText$EditModeActions$StartEditAction;' has an earlier definition; blocking out
D/dalvikvm( 405): DexOpt: 'Lcom/android/ex/editstyledtext/EditStyledText$EditModeActions$StopSelectionAction;' has an earlier definition; blocking out
D/dalvikvm( 405): DexOpt: 'Lcom/android/ex/editstyledtext/EditStyledText$EditModeActions$SwingAction;' has an earlier definition; blocking out
D/dalvikvm( 405): DexOpt: 'Lcom/android/ex/editstyledtext/EditStyledText$EditModeActions$TelopAction;' has an earlier definition; blocking out
D/dalvikvm( 405): DexOpt: 'Lcom/android/ex/editstyledtext/EditStyledText$EditModeActions$TextViewAction;' has an earlier definition; blocking out
D/dalvikvm( 405): DexOpt: 'Lcom/android/ex/editstyledtext/EditStyledText$EditModeActions;' has an earlier definition; blocking out
D/dalvikvm( 405): DexOpt: 'Lcom/android/ex/editstyledtext/EditStyledText$EditStyledTextNotifier;' has an earlier definition; blocking out
D/dalvikvm( 405): DexOpt: 'Lcom/android/ex/editstyledtext/EditStyledText$EditStyledTextSpans$HorizontalLineDrawable;' has an earlier definition; blocking out
D/dalvikvm( 405): DexOpt: 'Lcom/android/ex/editstyledtext/EditStyledText$EditStyledTextSpans$HorizontalLineSpan;' has an earlier definition; blocking out
D/dalvikvm( 405): DexOpt: 'Lcom/android/ex/editstyledtext/EditStyledText$EditStyledTextSpans$MarqueeSpan;' has an earlier definition; blocking out
D/dalvikvm( 405): DexOpt: 'Lcom/android/ex/editstyledtext/EditStyledText$EditStyledTextSpans$RescalableImageSpan;' has an earlier definition; blocking out
D/dalvikvm( 405): DexOpt: 'Lcom/android/ex/editstyledtext/EditStyledText$EditStyledTextSpans;' has an earlier definition; blocking out
D/dalvikvm( 405): DexOpt: 'Lcom/android/ex/editstyledtext/EditStyledText$EditorManager;' has an earlier definition; blocking out
