D/dalvikvm( 639): GC_CONCURRENT freed 256K, 5% free 8582K/8967K, paused 12ms+1ms, total 36ms
I/ActivityManager( 295): Displayed com.android.launcher/com.android.launcher2.Launcher: +1s415ms (total +1s856ms)
D/dalvikvm( 719): GC_FOR_ALLOC freed 7689K, 43% free 10599K/18439K, paused 41ms, total 41ms
I/dalvikvm-heap( 719): Grow heap (frag case) to 17.799MB for 7741456-byte allocation
D/dalvikvm( 719): GC_CONCURRENT freed 5K, 2% free 18154K/18439K, paused 12ms+2ms, total 32ms
D/dalvikvm( 719): WAIT_FOR_CONCURRENT_GC blocked 17ms
I/Choreographer( 514): Skipped 77 frames! The application may be doing too much work on its main thread.
D/dalvikvm( 514): GC_FOR_ALLOC freed 24060K, 70% free 10805K/35143K, paused 17ms, total 17ms
I/dalvikvm-heap( 514): Grow heap (frag case) to 19.989MB for 9830416-byte allocation
I/ActivityManager( 295): Start proc com.android.exchange for content provider com.android.exchange/.provider.ExchangeDirectoryProvider: pid=778 uid=10027 gids={3003, 1015, 1023, 1028}
D/dalvikvm( 514): GC_CONCURRENT freed 1K, 42% free 20403K/35143K, paused 11ms+3ms, total 48ms
I/ActivityThread( 778): Pub com.android.exchange.directory.provider: com.android.exchange.provider.ExchangeDirectoryProvider
W/ActivityManager( 295): Permission denied: checkComponentPermission() owningUid=1000
W/BroadcastQueue( 295): Permission Denial: broadcasting Intent { act=android.appwidget.action.APPWIDGET_UPDATE_OPTIONS flg=0x10 cmp=com.android.settings/.widget.SettingsAppWidgetProvider (has extras) } from android (pid=719, uid=10038) is not exported from uid 1000 due to receiver com.android.settings/com.android.settings.widget.SettingsAppWidgetProvider
D/PowerManagerService( 295): bootCompleted
D/PowerManagerService( 295): Hardbg: updateWakeLockLocked mStayOnConditions,mStayOnConditions:1isPowered:false
V/DevicePolicyManagerService( 295): Sending password expiration notifications for action android.intent.action.BOOT_COMPLETED
W/MountService( 295): Duplicate state transition (mounted -> mounted) for /storage/sdcard0
D/MountService( 295): sendStorageIntent Intent { act=android.intent.action.MEDIA_MOUNTED dat=file:///storage/sdcard0 (has extras) }
I/ContactDirectoryManager( 639): deleted 0 stale rows which don't have any relevant directory
I/ActivityManager( 295): Start proc com.android.bluetooth for broadcast com.android.bluetooth/.pbap.BluetoothPbapReceiver: pid=797 uid=10005 gids={3003, 3002, 3001, 1015, 1023, 1028}
I/ContactDirectoryManager( 639): Discovered 0 contact directories in 182ms
E/ASFDummyExtractor( 117): isASFParserAvailable
W/ASFDummyExtractor( 117): ASF parser is not available
V/WiredAccessoryObserver( 295): init()
E/WVMExtractor( 117): Failed to open libwvm.so
I/ActivityThread( 797): Pub com.android.bluetooth.opp: com.android.bluetooth.opp.BluetoothOppProvider
V/WiredAccessoryObserver( 295): newState = 16, headsetState = 16,mHeadsetState = 0
I/AudioPlayer( 117): mLatencyUs = 0
W/TimeInterpolator( 117): time is rewinding: -56781 Tf=1 t0=49737243 pos0=-56781 dt=0 now=49737243 last=0 now_last=0
V/WiredAccessoryObserver( 295): device hdmi connected
I/ContactsDatabaseHelper( 639): Switching to locale hd_US
E/ASFDummyExtractor( 117): isASFParserAvailable
W/ASFDummyExtractor( 117): ASF parser is not available
E/WVMExtractor( 117): Failed to open libwvm.so
E/RecoverySystem( 295): Error reading recovery intent file
E/RecoverySystem( 295): java.io.FileNotFoundException: /cache/recovery/intent: open failed: EACCES (Permission denied)
E/RecoverySystem( 295): at libcore.io.IoBridge.open(IoBridge.java:416)
E/RecoverySystem( 295): at java.io.FileInputStream.(FileInputStream.java:78)
E/RecoverySystem( 295): at android.os.FileUtils.readTextFile(FileUtils.java:196)
E/RecoverySystem( 295): at android.os.RecoverySystem.sendRecoveryResultIntent(RecoverySystem.java:467)
E/RecoverySystem( 295): at com.android.server.BootReceiver.logBootEvents(BootReceiver.java:98)
E/RecoverySystem( 295): at com.android.server.BootReceiver.access$000(BootReceiver.java:39)
E/RecoverySystem( 295): at com.android.server.BootReceiver$1.run(BootReceiver.java:67)
E/RecoverySystem( 295): Caused by: libcore.io.ErrnoException: open failed: EACCES (Permission denied)
E/RecoverySystem( 295): at libcore.io.Posix.open(Native Method)
E/RecoverySystem( 295): at libcore.io.BlockGuardOs.open(BlockGuardOs.java:110)
E/RecoverySystem( 295): at libcore.io.IoBridge.open(IoBridge.java:400)
E/RecoverySystem( 295): ... 6 more
I/RecoverySystem( 295): Deleted: /cache/recovery/intent
I/RecoverySystem( 295): Deleted: /cache/recovery/log
I/ActivityManager( 295): Start proc com.ti.bluetooth.ftps for broadcast com.ti.bluetooth.ftps/.BluetoothFtpsReceiver: pid=818 uid=10008 gids={3003, 3002, 3001, 1015, 1023, 2001, 1028}
I/AudioPlayer( 117): mLatencyUs = 0
W/TimeInterpolator( 117): time is rewinding: -56781 Tf=1 t0=49812896 pos0=-56781 dt=0 now=49812896 last=0 now_last=0
D/dalvikvm( 295): GC_CONCURRENT freed 909K, 15% free 10653K/12423K, paused 2ms+3ms, total 54ms
E/ASFDummyExtractor( 117): isASFParserAvailable
W/ASFDummyExtractor( 117): ASF parser is not available
E/WVMExtractor( 117): Failed to open libwvm.so
I/AudioPlayer( 117): mLatencyUs = 0
W/TimeInterpolator( 117): time is rewinding: -56781 Tf=1 t0=49859039 pos0=-56781 dt=0 now=49859039 last=0 now_last=0
V/BluetoothFtpsReceiver( 818): **** FTP Receiver ****
V/BluetoothFtpsReceiver( 818): action=android.intent.action.BOOT_COMPLETED
V/BluetoothFtpsReceiver( 818): FTP Receiver got- ACTION_BOOT_COMPLETED
V/BluetoothFtpsReceiver( 818): Wait for BluetoothAdapter.ACTION_STATE_CHANGED with STATE_ON, to start the service
D/dalvikvm( 514): GC_FOR_ALLOC freed 0K, 42% free 20403K/35143K, paused 15ms, total 15ms
I/dalvikvm-heap( 514): Forcing collection of SoftReferences for 22924816-byte allocation
E/ASFDummyExtractor( 117): isASFParserAvailable
W/ASFDummyExtractor( 117): ASF parser is not available
E/WVMExtractor( 117): Failed to open libwvm.so
I/ActivityManager( 295): Start proc com.ti.bluetooth.map for broadcast com.ti.bluetooth.map/.BluetoothMapReceiver: pid=840 uid=10011 gids={3003, 3002, 3001, 1015, 1023, 1028}
D/dalvikvm( 719): GC_CONCURRENT freed 469K, 3% free 19642K/20231K, paused 11ms+2ms, total 54ms
I/AudioPlayer( 117): mLatencyUs = 0
W/TimeInterpolator( 117): time is rewinding: -56781 Tf=1 t0=49925689 pos0=-56781 dt=0 now=49925689 last=0 now_last=0
D/dalvikvm( 514): GC_BEFORE_OOM freed 13K, 42% free 20390K/35143K, paused 28ms, total 28ms
E/dalvikvm-heap( 514): Out of memory on a 22924816-byte allocation.
I/dalvikvm( 514): "main" prio=5 tid=1 RUNNABLE
I/dalvikvm( 514): | group="main" sCount=0 dsCount=0 obj=0x40cf8568 self=0x40bf1ae0
I/dalvikvm( 514): | sysTid=514 nice=0 sched=0/0 cgrp=apps handle=1074705968
I/dalvikvm( 514): | schedstat=( 0 0 0 ) utm=98 stm=28 core=1
I/dalvikvm( 514): at android.graphics.Bitmap.nativeCreate(Native Method)
I/dalvikvm( 514): at android.graphics.Bitmap.createBitmap(Bitmap.java:640)
I/dalvikvm( 514): at android.graphics.Bitmap.createBitmap(Bitmap.java:620)
I/dalvikvm( 514): at android.app.WallpaperManager.generateBitmap(WallpaperManager.java:785)
I/dalvikvm( 514): at android.app.WallpaperManager$Globals.getDefaultWallpaperLocked(WallpaperManager.java:307)
I/dalvikvm( 514): at android.app.WallpaperManager$Globals.peekWallpaperBitmap(WallpaperManager.java:250)
I/dalvikvm( 514): at android.app.WallpaperManager.getBitmap(WallpaperManager.java:434)
I/dalvikvm( 514): at com.android.systemui.ImageWallpaper$DrawableEngine.updateWallpaperLocked(ImageWallpaper.java:371)
I/dalvikvm( 514): at com.android.systemui.ImageWallpaper$DrawableEngine.drawFrameLocked(ImageWallpaper.java:325)
I/dalvikvm( 514): at com.android.systemui.ImageWallpaper$DrawableEngine.onVisibilityChanged(ImageWallpaper.java:253)
I/dalvikvm( 514): at android.service.wallpaper.WallpaperService$Engine.reportVisibility(WallpaperService.java:807)
I/dalvikvm( 514): at android.service.wallpaper.WallpaperService$Engine.doVisibilityChanged(WallpaperService.java:789)
I/dalvikvm( 514): at android.service.wallpaper.WallpaperService$IWallpaperEngineWrapper.executeMessage(WallpaperService.java:1033)
I/dalvikvm( 514): at com.android.internal.os.HandlerCaller$MyHandler.handleMessage(HandlerCaller.java:61)
I/dalvikvm( 514): at android.os.Handler.dispatchMessage(Handler.java:99)
I/dalvikvm( 514): at android.os.Looper.loop(Looper.java:137)
I/dalvikvm( 514): at android.app.ActivityThread.main(ActivityThread.java:4745)
I/dalvikvm( 514): at java.lang.reflect.Method.invokeNative(Native Method)
I/dalvikvm( 514): at java.lang.reflect.Method.invoke(Method.java:511)
I/dalvikvm( 514): at com.android.internal.os.ZygoteInit$MethodAndArgsCaller.run(ZygoteInit.java:786)
I/dalvikvm( 514): at com.android.internal.os.ZygoteInit.main(ZygoteInit.java:553)
I/dalvikvm( 514): at dalvik.system.NativeStart.main(Native Method)
I/dalvikvm( 514):
W/WallpaperManager( 514): Can't generate default bitmap
W/WallpaperManager( 514): java.lang.OutOfMemoryError
W/WallpaperManager( 514): at android.graphics.Bitmap.nativeCreate(Native Method)
W/WallpaperManager( 514): at android.graphics.Bitmap.createBitmap(Bitmap.java:640)
W/WallpaperManager( 514): at android.graphics.Bitmap.createBitmap(Bitmap.java:620)
W/WallpaperManager( 514): at android.app.WallpaperManager.generateBitmap(WallpaperManager.java:785)
W/WallpaperManager( 514): at android.app.WallpaperManager$Globals.getDefaultWallpaperLocked(WallpaperManager.java:307)
W/WallpaperManager( 514): at android.app.WallpaperManager$Globals.peekWallpaperBitmap(WallpaperManager.java:250)
W/WallpaperManager( 514): at android.app.WallpaperManager.getBitmap(WallpaperManager.java:434)
W/WallpaperManager( 514): at com.android.systemui.ImageWallpaper$DrawableEngine.updateWallpaperLocked(ImageWallpaper.java:371)
W/WallpaperManager( 514): at com.android.systemui.ImageWallpaper$DrawableEngine.drawFrameLocked(ImageWallpaper.java:325)
W/WallpaperManager( 514): at com.android.systemui.ImageWallpaper$DrawableEngine.onVisibilityChanged(ImageWallpaper.java:253)
W/WallpaperManager( 514): at android.service.wallpaper.WallpaperService$Engine.reportVisibility(WallpaperService.java:807)
W/WallpaperManager( 514): at android.service.wallpaper.WallpaperService$Engine.doVisibilityChanged(WallpaperService.java:789)
W/WallpaperManager( 514): at android.service.wallpaper.WallpaperService$IWallpaperEngineWrapper.executeMessage(WallpaperService.java:1033)
W/WallpaperManager( 514): at com.android.internal.os.HandlerCaller$MyHandler.handleMessage(HandlerCaller.java:61)
W/WallpaperManager( 514): at android.os.Handler.dispatchMessage(Handler.java:99)
W/WallpaperManager( 514): at android.os.Looper.loop(Looper.java:137)
W/WallpaperManager( 514): at android.app.ActivityThread.main(ActivityThread.java:4745)
W/WallpaperManager( 514): at java.lang.reflect.Method.invokeNative(Native Method)
W/WallpaperManager( 514): at java.lang.reflect.Method.invoke(Method.java:511)
W/WallpaperManager( 514): at com.android.internal.os.ZygoteInit$MethodAndArgsCaller.run(ZygoteInit.java:786)
W/WallpaperManager( 514): at com.android.internal.os.ZygoteInit.main(ZygoteInit.java:553)
W/WallpaperManager( 514): at dalvik.system.NativeStart.main(Native Method)
E/ASFDummyExtractor( 117): isASFParserAvailable
W/ASFDummyExtractor( 117): ASF parser is not available
E/WVMExtractor( 117): Failed to open libwvm.so
I/AudioPlayer( 117): mLatencyUs = 0
W/TimeInterpolator( 117): time is rewinding: -56781 Tf=1 t0=49958648 pos0=-56781 dt=0 now=49958648 last=0 now_last=0
E/TimeInterpolator( 117): TimeInterpolator OVERRUN detected
I/BluetoothMapReceiver( 840): Receiver android.intent.action.BOOT_COMPLETED
I/ContactsDatabaseHelper( 639): Locale change completed in 235ms
I/ContactsDatabaseHelper( 639): Switching to locale hd_US
I/AudioFlinger( 117): HAL output buffer size 1920 frames, normal mix buffer size 1920 frames
I/AudioMixer( 117): found effect "Multichannel Downmix To Stereo" from The Android Open Source Project
I/AudioFlinger( 117): HAL output buffer size 1920 frames, normal mix buffer size 1920 frames
I/AudioMixer( 117): found effect "Multichannel Downmix To Stereo" from The Android Open Source Project
E/hdmi_audio_hw( 117): HDMI setting a default channel_mask 0 -> 8
I/AudioFlinger( 117): HAL output buffer size 1920 frames, normal mix buffer size 1920 frames
E/hdmi_audio_hw( 117): Unable to get the HDMI audio capabilities
I/AudioFlinger( 117): AudioFlinger's thread 0x40c15008 ready to run
I/ActivityManager( 295): Start proc com.motorolasolutions.bootreceiver for broadcast com.motorolasolutions.bootreceiver/.BootConfig: pid=861 uid=10016 gids={1028}
I/AudioFlinger( 117): AudioFlinger's thread 0x40013008 ready to run
I/AudioFlinger( 117): AudioFlinger's thread 0x41006008 ready to run
E/BootConfig( 861): [alan]android.intent.action.BOOT_COMPLETED
E/BootConfig( 861): [alan]turnLED
E/NotificationService( 295): Ignoring notification with icon==0: Notification(pri=0 contentView=null vibrate=null sound=null defaults=0x0 flags=0x1 kind=[null])
I/ActivityManager( 295): Start proc com.android.providers.calendar for broadcast com.android.providers.calendar/.CalendarReceiver: pid=877 uid=10020 gids={3003, 1015, 1023, 1028}
I/ActivityThread( 877): Pub com.android.calendar: com.android.providers.calendar.CalendarProvider2
I/ContactsDatabaseHelper( 639): Locale change completed in 165ms
I/ContactsProvider( 639): Upgrading aggregation algorithm
I/ContactAggregator( 639): Marked all visible contacts for aggregation: 0 raw contacts, 1 ms
D/dalvikvm( 639): GC_CONCURRENT freed 326K, 5% free 8651K/9095K, paused 7ms+2ms, total 40ms
I/ContactsProvider( 639): Aggregation algorithm upgraded for 0 raw contacts in 93ms
I/CalendarDatabaseHelper( 877): Bootstrapping database
I/ContactsFTS( 639): Rebuild contact search index in 34ms, 0 contacts
I/SurfaceFlinger( 114): Boot is finished (42033 ms)
D/dalvikvm( 719): GC_FOR_ALLOC freed 799K, 5% free 20476K/21447K, paused 15ms, total 16ms
W/BackupManagerService( 295): dataChanged but no participant pkg='com.android.providers.settings' uid=10024
D/PowerManagerService( 295): Hardbg: updateWakeLockLocked mStayOnConditions,mStayOnConditions:1isPowered:false
V/AlarmClock( 763): AlarmInitReceiver finished
D/dalvikvm( 719): GC_FOR_ALLOC freed 763K, 7% free 20407K/21895K, paused 20ms, total 20ms
D/dalvikvm( 115): WAIT_FOR_CONCURRENT_GC blocked 0ms
I/dalvikvm-heap( 719): Grow heap (frag case) to 20.995MB for 1048592-byte allocation
I/ActivityManager( 295): Start proc com.android.email for broadcast com.android.email/.service.EmailBroadcastReceiver: pid=899 uid=10026 gids={3003, 1015, 1023, 1028}
D/dalvikvm( 115): GC_EXPLICIT freed 38K, 4% free 8202K/8515K, paused 1ms+1ms, total 18ms
D/dalvikvm( 115): WAIT_FOR_CONCURRENT_GC blocked 0ms
I/ActivityThread( 899): Pub com.android.email.provider;com.android.email.notifier: com.android.email.provider.EmailProvider
D/dalvikvm( 115): GC_EXPLICIT freed <1K, 4% free 8202K/8515K, paused 1ms+1ms, total 15ms
D/dalvikvm( 115): WAIT_FOR_CONCURRENT_GC blocked 0ms
I/ActivityThread( 899): Pub com.android.email.attachmentprovider: com.android.email.provider.AttachmentProvider
D/dalvikvm( 115): GC_EXPLICIT freed <1K, 4% free 8202K/8515K, paused 1ms+2ms, total 15ms
D/dalvikvm( 719): GC_FOR_ALLOC freed 2K, 7% free 21429K/22983K, paused 35ms, total 36ms
D/dalvikvm( 719): GC_FOR_ALLOC freed 0K, 7% free 21429K/22983K, paused 15ms, total 15ms
I/dalvikvm-heap( 719): Grow heap (frag case) to 22.772MB for 1865972-byte allocation
I/Email ( 899): Onetime initialization: 1
D/ExchangeService( 778): !!! EAS ExchangeService, onCreate
I/Email ( 899): Onetime initialization: 2
W/BroadcastQueue( 295): Permission Denial: receiving Intent { act=android.intent.action.BOOT_COMPLETED flg=0x10 } to com.motorola.asds.isign.provider.fetchprovider requires android.permission.RECEIVE_BOOT_COMPLETED due to sender null (uid 1000)
D/Eas Debug( 778): Logging:
I/ActivityManager( 295): Start proc com.ti.server for broadcast com.ti.server/.BootReceiver: pid=922 uid=1029 gids={1028}
D/ExchangeService( 778): !!! EAS ExchangeService, onStartCommand, startingUp = false, running = false
D/ExchangeService( 778): !!! EAS ExchangeService, onStartCommand, startingUp = true, running = false
D/dalvikvm( 719): GC_FOR_ALLOC freed 0K, 7% free 23251K/24839K, paused 15ms, total 16ms
I/BootReceiver( 922): Starting FM service
I/ActivityManager( 295): Start proc com.android.gallery3d for broadcast com.android.gallery3d/com.android.camera.DisableCameraReceiver: pid=939 uid=10034 gids={1006, 3003, 1015, 1023, 1028}
D/EmailProvider( 899): Creating EmailProvider database
D/dalvikvm( 939): WAIT_FOR_CONCURRENT_GC blocked 0ms
I/FmService( 922): onCreate called
I/JFmRx ( 922): Loading libfmradio.so
I/JFmRxNative( 922): nativeJFmRx_ClassInitNative: Obtaining method IDs
D/ExchangeService( 778): Received deviceId from Email app: android946706448194
D/ExchangeService( 778): Reconciling accounts...
D/ExchangeService( 778): !!! EAS ExchangeService, onStartCommand, startingUp = true, running = false
I/ActivityThread( 939): Pub com.android.gallery3d.provider: com.android.gallery3d.provider.GalleryProvider
D/Eas Debug( 778): Logging:
I/DisableCameraReceiver( 939): no back camera
I/DisableCameraReceiver( 939): disable all camera activities
I/ActivityManager( 295): Start proc com.android.mms for broadcast com.android.mms/.transaction.MmsSystemEventReceiver: pid=959 uid=10044 gids={3003, 1015, 1023, 1028}
I/ActivityThread( 959): Pub mms_temp_file: com.android.mms.TempFileProvider
I/ActivityThread( 959): Pub com.android.mms.SuggestionsProvider: com.android.mms.SuggestionsProvider
D/dalvikvm( 295): GC_CONCURRENT freed 559K, 15% free 10638K/12423K, paused 2ms+2ms, total 32ms
D/CountryDetector( 295): The first listener is added
V/MmsConfig( 959): mnc/mcc:
V/MmsConfig( 959): tag: bool value: enabledMMS - true
V/MmsConfig( 959): tag: int value: maxMessageSize - 307200
V/MmsConfig( 959): tag: int value: maxImageHeight - 480
V/MmsConfig( 959): tag: int value: maxImageWidth - 640
V/MmsConfig( 959): tag: int value: defaultSMSMessagesPerThread - 500
V/MmsConfig( 959): tag: int value: defaultMMSMessagesPerThread - 50
V/MmsConfig( 959): tag: int value: minMessageCountPerThread - 10
V/MmsConfig( 959): tag: int value: maxMessageCountPerThread - 5000
V/MmsConfig( 959): tag: string value: uaProfUrl - http://www.google.com/oha/rdf/ua-profile-kila.xml
V/MmsConfig( 959): tag: int value: recipientLimit - -1
V/MmsConfig( 959): tag: int value: smsToMmsTextThreshold - 4
V/MmsConfig( 959): tag: bool value: enableMultipartSMS - true
V/MmsConfig( 959): tag: bool value: enableSlideDuration - true
V/MmsConfig( 959): tag: int value: maxMessageTextSize - -1
I/ActivityManager( 295): Start proc com.motorola.asds.isign.mobile for broadcast com.motorola.asds.isign.mobile/.service.MobileDeviceBootReceiver: pid=987 uid=1000 gids={1015, 1023, 3002, 3001, 3003, 1028}
I/ActivityThread( 987): Pub concierge.provider.mobile: com.motorola.asds.isign.mobile.provider.MobileDeviceProvider
I/MobileDeviceServiceBootReceiver( 987): Starting MobileDeviceBootService
I/MobileDeviceBootService( 987): Initializing mobile device integration
I/MobileDeviceSessionManager( 987): Clearing identity table
D/MediaScannerReceiver( 626): action: android.intent.action.MEDIA_MOUNTED path: /storage/sdcard0
D/EmailProvider( 899): Creating EmailProviderBody database
D/dalvikvm( 987): GC_CONCURRENT freed 384K, 6% free 8320K/8775K, paused 12ms+1ms, total 29ms
D/dalvikvm( 987): WAIT_FOR_CONCURRENT_GC blocked 7ms
I/MediaProvider( 626): Upgrading media database from version 0 to 509, which will destroy all old data
I/MobileDeviceDatabase( 987): DatabaseHelper onCreate
D/MmsSmsDatabaseHelper( 582): [MmsSmsDb] tableName: threads hasAutoIncrement: CREATE TABLE threads (_id INTEGER PRIMARY KEY AUTOINCREMENT,date INTEGER DEFAULT 0,message_count INTEGER DEFAULT 0,recipient_ids TEXT,snippet TEXT,snippet_cs INTEGER DEFAULT 0,read INTEGER DEFAULT 1,type INTEGER DEFAULT 0,error INTEGER DEFAULT 0,has_attachment INTEGER DEFAULT 0) result: true
D/MmsSmsDatabaseHelper( 582): [MmsSmsDb] tableName: canonical_addresses hasAutoIncrement: CREATE TABLE canonical_addresses (_id INTEGER PRIMARY KEY AUTOINCREMENT,address TEXT) result: true
D/MmsSmsDatabaseHelper( 582): [getWritableDatabase] hasAutoIncrementThreads: true hasAutoIncrementAddresses: true
I/MobileDeviceSessionManager( 987): Sending ACTION_ASSOCIATION_CHANGED broadcast with ASSOCIATED: false
E/SQLiteLog( 626): (1) no such table: files
D/EmailProvider( 899): Creating EmailProvider database
D/dalvikvm( 295): GC_CONCURRENT freed 427K, 14% free 10760K/12423K, paused 2ms+2ms, total 31ms
D/dalvikvm( 295): WAIT_FOR_CONCURRENT_GC blocked 14ms
D/dalvikvm( 899): GC_CONCURRENT freed 243K, 5% free 8403K/8775K, paused 16ms+1ms, total 36ms
D/dalvikvm( 295): GC_EXPLICIT freed 12K, 14% free 10748K/12423K, paused 1ms+2ms, total 40ms
E/ASFDummyExtractor( 117): isASFParserAvailable
W/ASFDummyExtractor( 117): ASF parser is not available
E/WVMExtractor( 117): Failed to open libwvm.so
E/ASFDummyExtractor( 117): isASFParserAvailable
W/ASFDummyExtractor( 117): ASF parser is not available
E/WVMExtractor( 117): Failed to open libwvm.so
D/EmailProvider( 899): fromDatabase accounts: 0
D/EmailProvider( 899): ending toDatabase transaction; copyCount = 0
E/ASFDummyExtractor( 117): isASFParserAvailable
W/ASFDummyExtractor( 117): ASF parser is not available
E/WVMExtractor( 117): Failed to open libwvm.so
E/ASFDummyExtractor( 117): isASFParserAvailable
W/ASFDummyExtractor( 117): ASF parser is not available
D/EmailProvider( 899): ending fromDatabase transaction; copyCount = 0
E/WVMExtractor( 117): Failed to open libwvm.so
I/CalendarProvider2( 877): Sending notification intent: Intent { act=android.intent.action.PROVIDER_CHANGED dat=content://com.android.calendar }
W/ContentResolver( 877): Failed to get type for: content://com.android.calendar (Unknown URL content://com.android.calendar)
I/ActivityManager( 295): Start proc com.android.calendar for broadcast com.android.calendar/.alerts.AlertReceiver: pid=1002 uid=10019 gids={3003, 1028}
E/ASFDummyExtractor( 117): isASFParserAvailable
W/ASFDummyExtractor( 117): ASF parser is not available
E/WVMExtractor( 117): Failed to open libwvm.so
I/ActivityThread( 1002): Pub com.android.calendar.CalendarRecentSuggestionsProvider: com.android.calendar.CalendarRecentSuggestionsProvider
D/AlertReceiver( 1002): onReceive: a=android.intent.action.PROVIDER_CHANGED Intent { act=android.intent.action.PROVIDER_CHANGED dat=content://com.android.calendar flg=0x10 cmp=com.android.calendar/.alerts.AlertReceiver }
D/AlertService( 1002): 0 Action = android.intent.action.PROVIDER_CHANGED
D/AlertService( 1002): Beginning updateAlertNotification
E/ASFDummyExtractor( 117): isASFParserAvailable
W/ASFDummyExtractor( 117): ASF parser is not available
E/WVMExtractor( 117): Failed to open libwvm.so
E/MetadataRetrieverClient( 117): failed to extract an album art
D/AlertService( 1002): No fired or scheduled alerts
W/BackupManagerService( 295): dataChanged but no participant pkg='com.android.providers.settings' uid=10025
I/Email ( 899): Onetime initialization: completed.
E/ASFDummyExtractor( 117): isASFParserAvailable
W/ASFDummyExtractor( 117): ASF parser is not available
D/ExchangeService( 778): !!! EAS ExchangeService, onStartCommand, startingUp = true, running = false
D/PowerManagerService( 295): Hardbg: updateWakeLockLocked mStayOnConditions,mStayOnConditions:1isPowered:false
E/WVMExtractor( 117): Failed to open libwvm.so
E/ASFDummyExtractor( 117): isASFParserAvailable
W/ASFDummyExtractor( 117): ASF parser is not available
E/WVMExtractor( 117): Failed to open libwvm.so
E/ASFDummyExtractor( 117): isASFParserAvailable
W/ASFDummyExtractor( 117): ASF parser is not available
E/WVMExtractor( 117): Failed to open libwvm.so
E/ASFDummyExtractor( 117): isASFParserAvailable
W/ASFDummyExtractor( 117): ASF parser is not available
E/WVMExtractor( 117): Failed to open libwvm.so
E/ASFDummyExtractor( 117): isASFParserAvailable
W/ASFDummyExtractor( 117): ASF parser is not available
E/WVMExtractor( 117): Failed to open libwvm.so
E/ASFDummyExtractor( 117): isASFParserAvailable
W/ASFDummyExtractor( 117): ASF parser is not available
E/WVMExtractor( 117): Failed to open libwvm.so
E/ASFDummyExtractor( 117): isASFParserAvailable
W/ASFDummyExtractor( 117): ASF parser is not available
E/WVMExtractor( 117): Failed to open libwvm.so
E/ASFDummyExtractor( 117): isASFParserAvailable
W/ASFDummyExtractor( 117): ASF parser is not available
E/WVMExtractor( 117): Failed to open libwvm.so
E/ASFDummyExtractor( 117): isASFParserAvailable
W/ASFDummyExtractor( 117): ASF parser is not available
E/WVMExtractor( 117): Failed to open libwvm.so
E/ASFDummyExtractor( 117): isASFParserAvailable
W/ASFDummyExtractor( 117): ASF parser is not available
E/WVMExtractor( 117): Failed to open libwvm.so
D/dalvikvm( 626): GC_CONCURRENT freed 258K, 5% free 8517K/8903K, paused 11ms+1ms, total 22ms
E/ASFDummyExtractor( 117): isASFParserAvailable
W/ASFDummyExtractor( 117): ASF parser is not available
E/WVMExtractor( 117): Failed to open libwvm.so
E/ASFDummyExtractor( 117): isASFParserAvailable
W/ASFDummyExtractor( 117): ASF parser is not available
E/WVMExtractor( 117): Failed to open libwvm.so
E/ASFDummyExtractor( 117): isASFParserAvailable
W/ASFDummyExtractor( 117): ASF parser is not available
E/WVMExtractor( 117): Failed to open libwvm.so
E/ASFDummyExtractor( 117): isASFParserAvailable
W/ASFDummyExtractor( 117): ASF parser is not available
E/WVMExtractor( 117): Failed to open libwvm.so
E/ASFDummyExtractor( 117): isASFParserAvailable
W/ASFDummyExtractor( 117): ASF parser is not available
E/WVMExtractor( 117): Failed to open libwvm.so
E/ASFDummyExtractor( 117): isASFParserAvailable
W/ASFDummyExtractor( 117): ASF parser is not available
E/WVMExtractor( 117): Failed to open libwvm.so
E/ASFDummyExtractor( 117): isASFParserAvailable
W/ASFDummyExtractor( 117): ASF parser is not available
E/WVMExtractor( 117): Failed to open libwvm.so
E/ASFDummyExtractor( 117): isASFParserAvailable
W/ASFDummyExtractor( 117): ASF parser is not available
E/WVMExtractor( 117): Failed to open libwvm.so
E/ASFDummyExtractor( 117): isASFParserAvailable
W/ASFDummyExtractor( 117): ASF parser is not available
E/WVMExtractor( 117): Failed to open libwvm.so
E/ASFDummyExtractor( 117): isASFParserAvailable
W/ASFDummyExtractor( 117): ASF parser is not available
E/WVMExtractor( 117): Failed to open libwvm.so
E/ASFDummyExtractor( 117): isASFParserAvailable
W/ASFDummyExtractor( 117): ASF parser is not available
E/WVMExtractor( 117): Failed to open libwvm.so
E/ASFDummyExtractor( 117): isASFParserAvailable
W/ASFDummyExtractor( 117): ASF parser is not available
E/WVMExtractor( 117): Failed to open libwvm.so
E/ASFDummyExtractor( 117): isASFParserAvailable
W/ASFDummyExtractor( 117): ASF parser is not available
E/WVMExtractor( 117): Failed to open libwvm.so
E/ASFDummyExtractor( 117): isASFParserAvailable
W/ASFDummyExtractor( 117): ASF parser is not available
E/WVMExtractor( 117): Failed to open libwvm.so
E/ASFDummyExtractor( 117): isASFParserAvailable
W/ASFDummyExtractor( 117): ASF parser is not available
E/WVMExtractor( 117): Failed to open libwvm.so
E/ASFDummyExtractor( 117): isASFParserAvailable
W/ASFDummyExtractor( 117): ASF parser is not available
E/WVMExtractor( 117): Failed to open libwvm.so
E/ASFDummyExtractor( 117): isASFParserAvailable
W/ASFDummyExtractor( 117): ASF parser is not available
E/WVMExtractor( 117): Failed to open libwvm.so
E/ASFDummyExtractor( 117): isASFParserAvailable
W/ASFDummyExtractor( 117): ASF parser is not available
E/WVMExtractor( 117): Failed to open libwvm.so
E/ASFDummyExtractor( 117): isASFParserAvailable
W/ASFDummyExtractor( 117): ASF parser is not available
E/WVMExtractor( 117): Failed to open libwvm.so
E/ASFDummyExtractor( 117): isASFParserAvailable
W/ASFDummyExtractor( 117): ASF parser is not available
E/WVMExtractor( 117): Failed to open libwvm.so
I/LocationManagerService( 295): request passive (pid 295) 0 0
E/ASFDummyExtractor( 117): isASFParserAvailable
W/ASFDummyExtractor( 117): ASF parser is not available
E/WVMExtractor( 117): Failed to open libwvm.so
E/ASFDummyExtractor( 117): isASFParserAvailable
W/ASFDummyExtractor( 117): ASF parser is not available
E/WVMExtractor( 117): Failed to open libwvm.so
E/ASFDummyExtractor( 117): isASFParserAvailable
W/ASFDummyExtractor( 117): ASF parser is not available
E/WVMExtractor( 117): Failed to open libwvm.so
E/ASFDummyExtractor( 117): isASFParserAvailable
W/ASFDummyExtractor( 117): ASF parser is not available
E/WVMExtractor( 117): Failed to open libwvm.so
E/ASFDummyExtractor( 117): isASFParserAvailable
W/ASFDummyExtractor( 117): ASF parser is not available
E/WVMExtractor( 117): Failed to open libwvm.so
E/ASFDummyExtractor( 117): isASFParserAvailable
W/ASFDummyExtractor( 117): ASF parser is not available
E/WVMExtractor( 117): Failed to open libwvm.so
E/ASFDummyExtractor( 117): isASFParserAvailable
W/ASFDummyExtractor( 117): ASF parser is not available
E/WVMExtractor( 117): Failed to open libwvm.so
E/ASFDummyExtractor( 117): isASFParserAvailable
W/ASFDummyExtractor( 117): ASF parser is not available
E/WVMExtractor( 117): Failed to open libwvm.so
E/ASFDummyExtractor( 117): isASFParserAvailable
W/ASFDummyExtractor( 117): ASF parser is not available
E/WVMExtractor( 117): Failed to open libwvm.so
E/ASFDummyExtractor( 117): isASFParserAvailable
W/ASFDummyExtractor( 117): ASF parser is not available
E/WVMExtractor( 117): Failed to open libwvm.so
E/ASFDummyExtractor( 117): isASFParserAvailable
W/ASFDummyExtractor( 117): ASF parser is not available
E/WVMExtractor( 117): Failed to open libwvm.so
E/ASFDummyExtractor( 117): isASFParserAvailable
W/ASFDummyExtractor( 117): ASF parser is not available
E/WVMExtractor( 117): Failed to open libwvm.so
E/ASFDummyExtractor( 117): isASFParserAvailable
W/ASFDummyExtractor( 117): ASF parser is not available
E/WVMExtractor( 117): Failed to open libwvm.so
E/ASFDummyExtractor( 117): isASFParserAvailable
W/ASFDummyExtractor( 117): ASF parser is not available
E/WVMExtractor( 117): Failed to open libwvm.so
E/ASFDummyExtractor( 117): isASFParserAvailable
W/ASFDummyExtractor( 117): ASF parser is not available
E/WVMExtractor( 117): Failed to open libwvm.so
E/ASFDummyExtractor( 117): isASFParserAvailable
W/ASFDummyExtractor( 117): ASF parser is not available
E/WVMExtractor( 117): Failed to open libwvm.so
E/ASFDummyExtractor( 117): isASFParserAvailable
W/ASFDummyExtractor( 117): ASF parser is not available
E/WVMExtractor( 117): Failed to open libwvm.so
E/ASFDummyExtractor( 117): isASFParserAvailable
W/ASFDummyExtractor( 117): ASF parser is not available
E/WVMExtractor( 117): Failed to open libwvm.so
E/ASFDummyExtractor( 117): isASFParserAvailable
W/ASFDummyExtractor( 117): ASF parser is not available
E/WVMExtractor( 117): Failed to open libwvm.so
E/ASFDummyExtractor( 117): isASFParserAvailable
W/ASFDummyExtractor( 117): ASF parser is not available
E/WVMExtractor( 117): Failed to open libwvm.so
E/ASFDummyExtractor( 117): isASFParserAvailable
W/ASFDummyExtractor( 117): ASF parser is not available
E/WVMExtractor( 117): Failed to open libwvm.so
E/ASFDummyExtractor( 117): isASFParserAvailable
W/ASFDummyExtractor( 117): ASF parser is not available
E/WVMExtractor( 117): Failed to open libwvm.so
E/ASFDummyExtractor( 117): isASFParserAvailable
W/ASFDummyExtractor( 117): ASF parser is not available
E/WVMExtractor( 117): Failed to open libwvm.so
E/ASFDummyExtractor( 117): isASFParserAvailable
W/ASFDummyExtractor( 117): ASF parser is not available
E/WVMExtractor( 117): Failed to open libwvm.so
E/ASFDummyExtractor( 117): isASFParserAvailable
W/ASFDummyExtractor( 117): ASF parser is not available
E/WVMExtractor( 117): Failed to open libwvm.so
E/ASFDummyExtractor( 117): isASFParserAvailable
W/ASFDummyExtractor( 117): ASF parser is not available
E/WVMExtractor( 117): Failed to open libwvm.so
E/ASFDummyExtractor( 117): isASFParserAvailable
W/ASFDummyExtractor( 117): ASF parser is not available
E/WVMExtractor( 117): Failed to open libwvm.so
D/dalvikvm( 295): GC_CONCURRENT freed 637K, 15% free 10624K/12423K, paused 1ms+2ms, total 28ms
E/ASFDummyExtractor( 117): isASFParserAvailable
W/ASFDummyExtractor( 117): ASF parser is not available
E/WVMExtractor( 117): Failed to open libwvm.so
E/ASFDummyExtractor( 117): isASFParserAvailable
W/ASFDummyExtractor( 117): ASF parser is not available
E/WVMExtractor( 117): Failed to open libwvm.so
E/MetadataRetrieverClient( 117): failed to extract an album art
W/BackupManagerService( 295): dataChanged but no participant pkg='com.android.providers.settings' uid=10025
D/PowerManagerService( 295): Hardbg: updateWakeLockLocked mStayOnConditions,mStayOnConditions:1isPowered:false
E/ASFDummyExtractor( 117): isASFParserAvailable
W/ASFDummyExtractor( 117): ASF parser is not available
E/WVMExtractor( 117): Failed to open libwvm.so
E/ASFDummyExtractor( 117): isASFParserAvailable
W/ASFDummyExtractor( 117): ASF parser is not available
E/WVMExtractor( 117): Failed to open libwvm.so
E/ASFDummyExtractor( 117): isASFParserAvailable
W/ASFDummyExtractor( 117): ASF parser is not available
E/WVMExtractor( 117): Failed to open libwvm.so
E/ASFDummyExtractor( 117): isASFParserAvailable
W/ASFDummyExtractor( 117): ASF parser is not available
E/WVMExtractor( 117): Failed to open libwvm.so
E/ASFDummyExtractor( 117): isASFParserAvailable
W/ASFDummyExtractor( 117): ASF parser is not available
E/WVMExtractor( 117): Failed to open libwvm.so
E/ASFDummyExtractor( 117): isASFParserAvailable
W/ASFDummyExtractor( 117): ASF parser is not available
E/WVMExtractor( 117): Failed to open libwvm.so
E/ASFDummyExtractor( 117): isASFParserAvailable
W/ASFDummyExtractor( 117): ASF parser is not available
E/WVMExtractor( 117): Failed to open libwvm.so
E/ASFDummyExtractor( 117): isASFParserAvailable
W/ASFDummyExtractor( 117): ASF parser is not available
E/WVMExtractor( 117): Failed to open libwvm.so
E/ASFDummyExtractor( 117): isASFParserAvailable
W/ASFDummyExtractor( 117): ASF parser is not available
E/WVMExtractor( 117): Failed to open libwvm.so
E/ASFDummyExtractor( 117): isASFParserAvailable
W/ASFDummyExtractor( 117): ASF parser is not available
E/WVMExtractor( 117): Failed to open libwvm.so
D/dalvikvm( 626): GC_CONCURRENT freed 289K, 5% free 8614K/9031K, paused 11ms+1ms, total 25ms
D/dalvikvm( 295): WAIT_FOR_CONCURRENT_GC blocked 0ms
D/dalvikvm( 295): GC_EXPLICIT freed 39K, 15% free 10611K/12423K, paused 1ms+2ms, total 31ms
E/ASFDummyExtractor( 117): isASFParserAvailable
W/ASFDummyExtractor( 117): ASF parser is not available
E/WVMExtractor( 117): Failed to open libwvm.so
E/ASFDummyExtractor( 117): isASFParserAvailable
W/ASFDummyExtractor( 117): ASF parser is not available
E/WVMExtractor( 117): Failed to open libwvm.so
E/ASFDummyExtractor( 117): isASFParserAvailable
W/ASFDummyExtractor( 117): ASF parser is not available
E/WVMExtractor( 117): Failed to open libwvm.so
E/ASFDummyExtractor( 117): isASFParserAvailable
W/ASFDummyExtractor( 117): ASF parser is not available
E/WVMExtractor( 117): Failed to open libwvm.so
E/ASFDummyExtractor( 117): isASFParserAvailable
W/ASFDummyExtractor( 117): ASF parser is not available
E/WVMExtractor( 117): Failed to open libwvm.so
E/ASFDummyExtractor( 117): isASFParserAvailable
W/ASFDummyExtractor( 117): ASF parser is not available
E/WVMExtractor( 117): Failed to open libwvm.so
E/ASFDummyExtractor( 117): isASFParserAvailable
W/ASFDummyExtractor( 117): ASF parser is not available
E/WVMExtractor( 117): Failed to open libwvm.so
E/ASFDummyExtractor( 117): isASFParserAvailable
W/ASFDummyExtractor( 117): ASF parser is not available
E/WVMExtractor( 117): Failed to open libwvm.so
E/ASFDummyExtractor( 117): isASFParserAvailable
W/ASFDummyExtractor( 117): ASF parser is not available
E/WVMExtractor( 117): Failed to open libwvm.so
E/ASFDummyExtractor( 117): isASFParserAvailable
W/ASFDummyExtractor( 117): ASF parser is not available
E/WVMExtractor( 117): Failed to open libwvm.so
E/ASFDummyExtractor( 117): isASFParserAvailable
W/ASFDummyExtractor( 117): ASF parser is not available
E/WVMExtractor( 117): Failed to open libwvm.so
E/ASFDummyExtractor( 117): isASFParserAvailable
W/ASFDummyExtractor( 117): ASF parser is not available
E/WVMExtractor( 117): Failed to open libwvm.so
E/ASFDummyExtractor( 117): isASFParserAvailable
W/ASFDummyExtractor( 117): ASF parser is not available
E/WVMExtractor( 117): Failed to open libwvm.so
E/ASFDummyExtractor( 117): isASFParserAvailable
W/ASFDummyExtractor( 117): ASF parser is not available
E/WVMExtractor( 117): Failed to open libwvm.so
E/ASFDummyExtractor( 117): isASFParserAvailable
W/ASFDummyExtractor( 117): ASF parser is not available
E/WVMExtractor( 117): Failed to open libwvm.so
E/ASFDummyExtractor( 117): isASFParserAvailable
W/ASFDummyExtractor( 117): ASF parser is not available
E/WVMExtractor( 117): Failed to open libwvm.so
E/ASFDummyExtractor( 117): isASFParserAvailable
W/ASFDummyExtractor( 117): ASF parser is not available
E/WVMExtractor( 117): Failed to open libwvm.so
E/ASFDummyExtractor( 117): isASFParserAvailable
W/ASFDummyExtractor( 117): ASF parser is not available
E/WVMExtractor( 117): Failed to open libwvm.so
E/ASFDummyExtractor( 117): isASFParserAvailable
W/ASFDummyExtractor( 117): ASF parser is not available
E/WVMExtractor( 117): Failed to open libwvm.so
E/ASFDummyExtractor( 117): isASFParserAvailable
W/ASFDummyExtractor( 117): ASF parser is not available
E/WVMExtractor( 117): Failed to open libwvm.so
E/ASFDummyExtractor( 117): isASFParserAvailable
W/ASFDummyExtractor( 117): ASF parser is not available
E/WVMExtractor( 117): Failed to open libwvm.so
E/ASFDummyExtractor( 117): isASFParserAvailable
W/ASFDummyExtractor( 117): ASF parser is not available
E/WVMExtractor( 117): Failed to open libwvm.so
E/ASFDummyExtractor( 117): isASFParserAvailable
W/ASFDummyExtractor( 117): ASF parser is not available
E/WVMExtractor( 117): Failed to open libwvm.so
E/ASFDummyExtractor( 117): isASFParserAvailable
W/ASFDummyExtractor( 117): ASF parser is not available
E/WVMExtractor( 117): Failed to open libwvm.so
E/ASFDummyExtractor( 117): isASFParserAvailable
W/ASFDummyExtractor( 117): ASF parser is not available
E/WVMExtractor( 117): Failed to open libwvm.so
E/ASFDummyExtractor( 117): isASFParserAvailable
W/ASFDummyExtractor( 117): ASF parser is not available
E/WVMExtractor( 117): Failed to open libwvm.so
E/ASFDummyExtractor( 117): isASFParserAvailable
W/ASFDummyExtractor( 117): ASF parser is not available
E/WVMExtractor( 117): Failed to open libwvm.so
E/ASFDummyExtractor( 117): isASFParserAvailable
W/ASFDummyExtractor( 117): ASF parser is not available
E/WVMExtractor( 117): Failed to open libwvm.so
E/ASFDummyExtractor( 117): isASFParserAvailable
W/ASFDummyExtractor( 117): ASF parser is not available
E/WVMExtractor( 117): Failed to open libwvm.so
E/ASFDummyExtractor( 117): isASFParserAvailable
W/ASFDummyExtractor( 117): ASF parser is not available
E/WVMExtractor( 117): Failed to open libwvm.so
E/ASFDummyExtractor( 117): isASFParserAvailable
W/ASFDummyExtractor( 117): ASF parser is not available
E/WVMExtractor( 117): Failed to open libwvm.so
E/ASFDummyExtractor( 117): isASFParserAvailable
W/ASFDummyExtractor( 117): ASF parser is not available
E/WVMExtractor( 117): Failed to open libwvm.so
E/ASFDummyExtractor( 117): isASFParserAvailable
W/ASFDummyExtractor( 117): ASF parser is not available
E/WVMExtractor( 117): Failed to open libwvm.so
E/ASFDummyExtractor( 117): isASFParserAvailable
W/ASFDummyExtractor( 117): ASF parser is not available
E/WVMExtractor( 117): Failed to open libwvm.so
E/ASFDummyExtractor( 117): isASFParserAvailable
W/ASFDummyExtractor( 117): ASF parser is not available
E/WVMExtractor( 117): Failed to open libwvm.so
E/ASFDummyExtractor( 117): isASFParserAvailable
W/ASFDummyExtractor( 117): ASF parser is not available
E/WVMExtractor( 117): Failed to open libwvm.so
E/ASFDummyExtractor( 117): isASFParserAvailable
W/ASFDummyExtractor( 117): ASF parser is not available
E/WVMExtractor( 117): Failed to open libwvm.so
E/ASFDummyExtractor( 117): isASFParserAvailable
W/ASFDummyExtractor( 117): ASF parser is not available
E/WVMExtractor( 117): Failed to open libwvm.so
E/ASFDummyExtractor( 117): isASFParserAvailable
W/ASFDummyExtractor( 117): ASF parser is not available
E/WVMExtractor( 117): Failed to open libwvm.so
E/ASFDummyExtractor( 117): isASFParserAvailable
W/ASFDummyExtractor( 117): ASF parser is not available
E/WVMExtractor( 117): Failed to open libwvm.so
E/ASFDummyExtractor( 117): isASFParserAvailable
W/ASFDummyExtractor( 117): ASF parser is not available
E/WVMExtractor( 117): Failed to open libwvm.so
E/ASFDummyExtractor( 117): isASFParserAvailable
W/ASFDummyExtractor( 117): ASF parser is not available
E/WVMExtractor( 117): Failed to open libwvm.so
E/ASFDummyExtractor( 117): isASFParserAvailable
W/ASFDummyExtractor( 117): ASF parser is not available
E/WVMExtractor( 117): Failed to open libwvm.so
E/ASFDummyExtractor( 117): isASFParserAvailable
W/ASFDummyExtractor( 117): ASF parser is not available
E/WVMExtractor( 117): Failed to open libwvm.so
E/ASFDummyExtractor( 117): isASFParserAvailable
W/ASFDummyExtractor( 117): ASF parser is not available
E/WVMExtractor( 117): Failed to open libwvm.so
E/ASFDummyExtractor( 117): isASFParserAvailable
W/ASFDummyExtractor( 117): ASF parser is not available
E/WVMExtractor( 117): Failed to open libwvm.so
E/ASFDummyExtractor( 117): isASFParserAvailable
W/ASFDummyExtractor( 117): ASF parser is not available
E/WVMExtractor( 117): Failed to open libwvm.so
E/ASFDummyExtractor( 117): isASFParserAvailable
W/ASFDummyExtractor( 117): ASF parser is not available
E/WVMExtractor( 117): Failed to open libwvm.so
E/ASFDummyExtractor( 117): isASFParserAvailable
W/ASFDummyExtractor( 117): ASF parser is not available
E/WVMExtractor( 117): Failed to open libwvm.so
E/ASFDummyExtractor( 117): isASFParserAvailable
W/ASFDummyExtractor( 117): ASF parser is not available
E/WVMExtractor( 117): Failed to open libwvm.so
E/ASFDummyExtractor( 117): isASFParserAvailable
W/ASFDummyExtractor( 117): ASF parser is not available
E/WVMExtractor( 117): Failed to open libwvm.so
E/ASFDummyExtractor( 117): isASFParserAvailable
W/ASFDummyExtractor( 117): ASF parser is not available
E/WVMExtractor( 117): Failed to open libwvm.so
E/ASFDummyExtractor( 117): isASFParserAvailable
W/ASFDummyExtractor( 117): ASF parser is not available
E/WVMExtractor( 117): Failed to open libwvm.so
E/ASFDummyExtractor( 117): isASFParserAvailable
W/ASFDummyExtractor( 117): ASF parser is not available
E/WVMExtractor( 117): Failed to open libwvm.so
E/ASFDummyExtractor( 117): isASFParserAvailable
W/ASFDummyExtractor( 117): ASF parser is not available
E/WVMExtractor( 117): Failed to open libwvm.so
E/ASFDummyExtractor( 117): isASFParserAvailable
W/ASFDummyExtractor( 117): ASF parser is not available
E/WVMExtractor( 117): Failed to open libwvm.so
E/ASFDummyExtractor( 117): isASFParserAvailable
W/ASFDummyExtractor( 117): ASF parser is not available
E/WVMExtractor( 117): Failed to open libwvm.so
E/ASFDummyExtractor( 117): isASFParserAvailable
W/ASFDummyExtractor( 117): ASF parser is not available
E/WVMExtractor( 117): Failed to open libwvm.so
E/ASFDummyExtractor( 117): isASFParserAvailable
W/ASFDummyExtractor( 117): ASF parser is not available
E/WVMExtractor( 117): Failed to open libwvm.so
E/ASFDummyExtractor( 117): isASFParserAvailable
W/ASFDummyExtractor( 117): ASF parser is not available
E/WVMExtractor( 117): Failed to open libwvm.so
E/ASFDummyExtractor( 117): isASFParserAvailable
W/ASFDummyExtractor( 117): ASF parser is not available
E/WVMExtractor( 117): Failed to open libwvm.so
E/ASFDummyExtractor( 117): isASFParserAvailable
W/ASFDummyExtractor( 117): ASF parser is not available
E/WVMExtractor( 117): Failed to open libwvm.so
E/ASFDummyExtractor( 117): isASFParserAvailable
W/ASFDummyExtractor( 117): ASF parser is not available
E/WVMExtractor( 117): Failed to open libwvm.so
E/ASFDummyExtractor( 117): isASFParserAvailable
W/ASFDummyExtractor( 117): ASF parser is not available
E/WVMExtractor( 117): Failed to open libwvm.so
E/ASFDummyExtractor( 117): isASFParserAvailable
W/ASFDummyExtractor( 117): ASF parser is not available
E/WVMExtractor( 117): Failed to open libwvm.so
E/ASFDummyExtractor( 117): isASFParserAvailable
W/ASFDummyExtractor( 117): ASF parser is not available
E/WVMExtractor( 117): Failed to open libwvm.so
E/ASFDummyExtractor( 117): isASFParserAvailable
W/ASFDummyExtractor( 117): ASF parser is not available
E/WVMExtractor( 117): Failed to open libwvm.so
E/ASFDummyExtractor( 117): isASFParserAvailable
W/ASFDummyExtractor( 117): ASF parser is not available
E/WVMExtractor( 117): Failed to open libwvm.so
D/dalvikvm( 626): GC_CONCURRENT freed 323K, 5% free 8710K/9159K, paused 11ms+1ms, total 23ms
E/ASFDummyExtractor( 117): isASFParserAvailable
W/ASFDummyExtractor( 117): ASF parser is not available
E/WVMExtractor( 117): Failed to open libwvm.so
E/MetadataRetrieverClient( 117): failed to extract an album art
W/BackupManagerService( 295): dataChanged but no participant pkg='com.android.providers.settings' uid=10025
E/ASFDummyExtractor( 117): isASFParserAvailable
W/ASFDummyExtractor( 117): ASF parser is not available
D/PowerManagerService( 295): Hardbg: updateWakeLockLocked mStayOnConditions,mStayOnConditions:1isPowered:false
E/WVMExtractor( 117): Failed to open libwvm.so
E/ASFDummyExtractor( 117): isASFParserAvailable
W/ASFDummyExtractor( 117): ASF parser is not available
E/WVMExtractor( 117): Failed to open libwvm.so
E/ASFDummyExtractor( 117): isASFParserAvailable
W/ASFDummyExtractor( 117): ASF parser is not available
E/WVMExtractor( 117): Failed to open libwvm.so
E/ASFDummyExtractor( 117): isASFParserAvailable
W/ASFDummyExtractor( 117): ASF parser is not available
E/WVMExtractor( 117): Failed to open libwvm.so
E/ASFDummyExtractor( 117): isASFParserAvailable
W/ASFDummyExtractor( 117): ASF parser is not available
E/WVMExtractor( 117): Failed to open libwvm.so
E/ASFDummyExtractor( 117): isASFParserAvailable
W/ASFDummyExtractor( 117): ASF parser is not available
E/WVMExtractor( 117): Failed to open libwvm.so
E/ASFDummyExtractor( 117): isASFParserAvailable
W/ASFDummyExtractor( 117): ASF parser is not available
E/WVMExtractor( 117): Failed to open libwvm.so
E/ASFDummyExtractor( 117): isASFParserAvailable
W/ASFDummyExtractor( 117): ASF parser is not available
E/WVMExtractor( 117): Failed to open libwvm.so
E/ASFDummyExtractor( 117): isASFParserAvailable
W/ASFDummyExtractor( 117): ASF parser is not available
E/WVMExtractor( 117): Failed to open libwvm.so
E/ASFDummyExtractor( 117): isASFParserAvailable
W/ASFDummyExtractor( 117): ASF parser is not available
E/WVMExtractor( 117): Failed to open libwvm.so
E/ASFDummyExtractor( 117): isASFParserAvailable
W/ASFDummyExtractor( 117): ASF parser is not available
E/WVMExtractor( 117): Failed to open libwvm.so
E/ASFDummyExtractor( 117): isASFParserAvailable
W/ASFDummyExtractor( 117): ASF parser is not available
E/WVMExtractor( 117): Failed to open libwvm.so
E/ASFDummyExtractor( 117): isASFParserAvailable
W/ASFDummyExtractor( 117): ASF parser is not available
E/WVMExtractor( 117): Failed to open libwvm.so
E/ASFDummyExtractor( 117): isASFParserAvailable
W/ASFDummyExtractor( 117): ASF parser is not available
E/WVMExtractor( 117): Failed to open libwvm.so
E/ASFDummyExtractor( 117): isASFParserAvailable
W/ASFDummyExtractor( 117): ASF parser is not available
E/WVMExtractor( 117): Failed to open libwvm.so
E/ASFDummyExtractor( 117): isASFParserAvailable
W/ASFDummyExtractor( 117): ASF parser is not available
E/WVMExtractor( 117): Failed to open libwvm.so
E/ASFDummyExtractor( 117): isASFParserAvailable
W/ASFDummyExtractor( 117): ASF parser is not available
E/WVMExtractor( 117): Failed to open libwvm.so
E/ASFDummyExtractor( 117): isASFParserAvailable
W/ASFDummyExtractor( 117): ASF parser is not available
E/WVMExtractor( 117): Failed to open libwvm.so
E/ASFDummyExtractor( 117): isASFParserAvailable
W/ASFDummyExtractor( 117): ASF parser is not available
E/WVMExtractor( 117): Failed to open libwvm.so
E/ASFDummyExtractor( 117): isASFParserAvailable
W/ASFDummyExtractor( 117): ASF parser is not available
E/WVMExtractor( 117): Failed to open libwvm.so
D/dalvikvm( 626): WAIT_FOR_CONCURRENT_GC blocked 0ms
D/dalvikvm( 626): GC_EXPLICIT freed 209K, 6% free 8668K/9159K, paused 1ms+1ms, total 18ms
E/ASFDummyExtractor( 117): isASFParserAvailable
W/ASFDummyExtractor( 117): ASF parser is not available
E/WVMExtractor( 117): Failed to open libwvm.so
E/ASFDummyExtractor( 117): isASFParserAvailable
W/ASFDummyExtractor( 117): ASF parser is not available
E/WVMExtractor( 117): Failed to open libwvm.so
E/ASFDummyExtractor( 117): isASFParserAvailable
W/ASFDummyExtractor( 117): ASF parser is not available
E/WVMExtractor( 117): Failed to open libwvm.so
E/ASFDummyExtractor( 117): isASFParserAvailable
W/ASFDummyExtractor( 117): ASF parser is not available
E/WVMExtractor( 117): Failed to open libwvm.so
E/ASFDummyExtractor( 117): isASFParserAvailable
W/ASFDummyExtractor( 117): ASF parser is not available
E/WVMExtractor( 117): Failed to open libwvm.so
E/ASFDummyExtractor( 117): isASFParserAvailable
W/ASFDummyExtractor( 117): ASF parser is not available
E/WVMExtractor( 117): Failed to open libwvm.so
E/ASFDummyExtractor( 117): isASFParserAvailable
W/ASFDummyExtractor( 117): ASF parser is not available
E/WVMExtractor( 117): Failed to open libwvm.so
E/ASFDummyExtractor( 117): isASFParserAvailable
W/ASFDummyExtractor( 117): ASF parser is not available
E/WVMExtractor( 117): Failed to open libwvm.so
E/ASFDummyExtractor( 117): isASFParserAvailable
W/ASFDummyExtractor( 117): ASF parser is not available
E/WVMExtractor( 117): Failed to open libwvm.so
E/ASFDummyExtractor( 117): isASFParserAvailable
W/ASFDummyExtractor( 117): ASF parser is not available
E/WVMExtractor( 117): Failed to open libwvm.so
E/ASFDummyExtractor( 117): isASFParserAvailable
W/ASFDummyExtractor( 117): ASF parser is not available
E/WVMExtractor( 117): Failed to open libwvm.so
