D/MountService( 304): got storage path: /storage/sdcard0 description: Internal storage fstype: null primary: true removable: false emulated: true mtpReserve: 0 allowMassStorage: false maxFileSize: 0
D/MountService( 304): got storage path: /storage/sdcard_secure description: Internal SD Card fstype: ext4 primary: true removable: false emulated: false mtpReserve: 0 allowMassStorage: false maxFileSize: 0
E/MountService( 304): multiple primary volumes in storage list
D/MountService( 304): got storage path: /storage/sdcard_ext description: External SD Card fstype: null primary: true removable: true emulated: false mtpReserve: 0 allowMassStorage: false maxFileSize: 0
E/MountService( 304): multiple primary volumes in storage list
D/MountService( 304): got storage path: /storage/ext_HSusb1 description: USB storage fstype: null primary: false removable: true emulated: false mtpReserve: 0 allowMassStorage: false maxFileSize: 0
D/MountService( 304): got storage path: /storage/ext_HSusb2 description: USB storage fstype: null primary: false removable: true emulated: false mtpReserve: 0 allowMassStorage: false maxFileSize: 0
D/MountService( 304): got storage path: /storage/ext_HSusb3 description: USB storage fstype: null primary: false removable: true emulated: false mtpReserve: 0 allowMassStorage: false maxFileSize: 0
D/MountService( 304): got storage path: /storage/ext_HSusb4 description: USB storage fstype: null primary: false removable: true emulated: false mtpReserve: 0 allowMassStorage: false maxFileSize: 0
D/MountService( 304): got storage path: /storage/ext_HSusb5 description: USB storage fstype: null primary: false removable: true emulated: false mtpReserve: 0 allowMassStorage: false maxFileSize: 0
D/MountService( 304): got storage path: /storage/ext_HSusb6 description: USB storage fstype: null primary: false removable: true emulated: false mtpReserve: 0 allowMassStorage: false maxFileSize: 0
D/MountService( 304): got storage path: /storage/ext_OTGusb description: USB storage fstype: null primary: false removable: true emulated: false mtpReserve: 0 allowMassStorage: false maxFileSize: 0
D/MountService( 304): using emulated external storage
I/SystemServer( 304): LockSettingsService
I/SystemServer( 304): Device Policy
I/SystemServer( 304): Status Bar
I/SystemServer( 304): Clipboard Service
I/SystemServer( 304): NetworkManagement Service
D/VoldCmdListener( 110): volume list
I/PackageManager( 304): No secure containers on sdcard
D/MountService( 304): volume state changed for /storage/sdcard_ext (null -> removed)
D/MountService( 304): volume state changed for /storage/sdcard_secure (null -> removed)
D/MountService( 304): volume state changed for /storage/ext_HSusb1 (null -> removed)
D/MountService( 304): volume state changed for /storage/ext_HSusb2 (null -> removed)
D/MountService( 304): volume state changed for /storage/ext_HSusb3 (null -> removed)
D/MountService( 304): volume state changed for /storage/ext_HSusb4 (null -> removed)
D/MountService( 304): volume state changed for /storage/ext_HSusb5 (null -> removed)
D/MountService( 304): volume state changed for /storage/ext_HSusb6 (null -> removed)
D/MountService( 304): volume state changed for /storage/ext_OTGusb (null -> removed)
D/VoldCmdListener( 110): asec list
I/PackageManager( 304): Platform changed from 0 to 16; regranting permissions for external storage
W/PackageManager( 304): Unknown permission com.google.android.googleapps.permission.GOOGLE_AUTH.mail in package com.android.contacts
W/PackageManager( 304): Unknown permission android.permission.ADD_SYSTEM_SERVICE in package com.android.phone
W/PackageManager( 304): Unknown permission com.google.android.googleapps.permission.GOOGLE_AUTH in package com.android.providers.calendar
W/PackageManager( 304): Unknown permission com.google.android.googleapps.permission.GOOGLE_AUTH.cl in package com.android.providers.calendar
I/SystemServer( 304): Text Service Manager Service
D/dalvikvm( 304): GC_CONCURRENT freed 388K, 21% free 9878K/12423K, paused 11ms+13ms, total 44ms
W/PackageManager( 304): Unknown permission com.google.android.googleapps.permission.GOOGLE_AUTH.mail in package com.android.calendar
W/PackageManager( 304): Not granting permission android.permission.SEND_DOWNLOAD_COMPLETED_INTENTS to package com.android.browser (protectionLevel=2 flags=0x9be45)
W/PackageManager( 304): Unknown permission com.google.android.googleapps.permission.GOOGLE_AUTH in package com.android.settings
W/PackageManager( 304): Unknown permission concierge.permission.READ_USERS in package com.android.settings
W/PackageManager( 304): Unknown permission concierge.permission.WRITE_USERS in package com.android.settings
W/PackageManager( 304): Unknown permission com.google.android.googleapps.permission.GOOGLE_AUTH in package com.android.providers.contacts
W/PackageManager( 304): Unknown permission com.google.android.googleapps.permission.GOOGLE_AUTH.cp in package com.android.providers.contacts
W/PackageManager( 304): Not granting permission android.permission.DEVICE_POWER to package com.askey.ammitest2300 (protectionLevel=2 flags=0x8be47)
W/PackageManager( 304): Not granting permission android.permission.DIAGNOSTIC to package com.askey.ammitest2300 (protectionLevel=2 flags=0x8be47)
W/PackageManager( 304): Not granting permission android.permission.FACTORY_TEST to package com.askey.ammitest2300 (protectionLevel=2 flags=0x8be47)
W/PackageManager( 304): Not granting permission android.permission.HARDWARE_TEST to package com.askey.ammitest2300 (protectionLevel=2 flags=0x8be47)
W/PackageManager( 304): Not granting permission android.permission.INJECT_EVENTS to package com.askey.ammitest2300 (protectionLevel=2 flags=0x8be47)
W/PackageManager( 304): Not granting permission android.permission.INTERNAL_SYSTEM_WINDOW to package com.askey.ammitest2300 (protectionLevel=2 flags=0x8be47)
W/PackageManager( 304): Not granting permission android.permission.READ_INPUT_STATE to package com.askey.ammitest2300 (protectionLevel=2 flags=0x8be47)
W/PackageManager( 304): Unknown permission android.permission.WRITE_OWNER_DATA in package com.askey.ammitest2300
W/PackageManager( 304): Unknown permission android.permission.READ_OWNER_DATA in package com.askey.ammitest2300
W/PackageManager( 304): Not granting permission android.permission.DEVICE_POWER to package com.android.deskclock (protectionLevel=2 flags=0x8be45)
W/PackageManager( 304): Not granting permission android.permission.DEVICE_POWER to package com.askey.testing (protectionLevel=2 flags=0x8be47)
W/PackageManager( 304): Not granting permission android.permission.DIAGNOSTIC to package com.askey.testing (protectionLevel=2 flags=0x8be47)
W/PackageManager( 304): Not granting permission android.permission.FACTORY_TEST to package com.askey.testing (protectionLevel=2 flags=0x8be47)
W/PackageManager( 304): Not granting permission android.permission.HARDWARE_TEST to package com.askey.testing (protectionLevel=2 flags=0x8be47)
W/PackageManager( 304): Not granting permission android.permission.INJECT_EVENTS to package com.askey.testing (protectionLevel=2 flags=0x8be47)
W/PackageManager( 304): Not granting permission android.permission.INTERNAL_SYSTEM_WINDOW to package com.askey.testing (protectionLevel=2 flags=0x8be47)
W/PackageManager( 304): Not granting permission android.permission.READ_INPUT_STATE to package com.askey.testing (protectionLevel=2 flags=0x8be47)
W/PackageManager( 304): Unknown permission android.permission.WRITE_OWNER_DATA in package com.askey.testing
W/PackageManager( 304): Unknown permission android.permission.READ_OWNER_DATA in package com.askey.testing
W/PackageManager( 304): Unknown permission com.motorola.asds.isign.provider.inventory.permission.WRITE_INVENTORY in package com.motorola.asds.isign.service.fetchservice
W/PackageManager( 304): Unknown permission com.motosln.concierge.oemoverlay.permission.UPDATE_OEM_OVERLAY in package com.motorola.asds.isign.service.fetchservice
I/SystemServer( 304): NetworkStats Service
I/SystemServer( 304): NetworkPolicy Service
I/SystemServer( 304): Wi-Fi P2pService
I/SystemServer( 304): Wi-Fi Service
I/SystemServer( 304): Connectivity Service
D/ConnectivityService( 304): ConnectivityService starting up
I/ethernet( 304): ==>android_net_ethernet_initEthernetNative
E/CommandListener( 114): Failed to open /proc/sys/net/ipv6/conf/wlan0/disable_ipv6: No such file or directory
I/ethernet( 304): interface eth0:6 found
E/ethernet( 304): android_net_ethernet_initEthernetNative exited with success
E/WifiStateMachine( 304): Failed to disable IPv6: java.lang.IllegalStateException: command '1 interface ipv6 wlan0 disable' failed with '400 1 Failed to change IPv6 state (No such file or directory)'
I/ethernet( 304): User ask for device name on 0, list:5A845240, total:1
I/ethernet( 304): User ask for device name on 0, list:5A845240, total:1
D/ConnectivityService( 304): Starting Ethernet Service.
V/EthernetStateTracker( 304): Starts...5
V/EthernetStateTracker( 304): Successed
I/EthernetService( 304): Ethernet dev enabled 0
V/EthernetService( 304): device 0 name eth0
V/EthernetStateTracker( 304): start to monitor the ethernet devices
I/EthernetManager( 304): Init Ethernet Manager, service: com.android.server.EthernetService@41ee5370
V/EthernetService( 304): device 0 name eth0
D/dalvikvm( 304): GC_CONCURRENT freed 361K, 20% free 9978K/12423K, paused 1ms+2ms, total 25ms
D/NetUtils( 304): android_net_utils_resetConnections in env=0x5c1c3878 clazz=0x96300001 iface=eth0 mask=0x3
I/EthernetStateTracker( 304): reset device eth0
I/EthernetStateTracker( 304): trigger dhcp for device eth0
D/EthernetStateTracker( 304): DhcpHandler: DHCP request started
E/MobileDataStateTracker( 304): default: Ignoring feature request because could not acquire PhoneService
E/MobileDataStateTracker( 304): default: Could not enable APN type "default"
I/WifiService( 304): WifiService starting up with Wi-Fi disabled
I/SystemServer( 304): Network Service Discovery Service
D/PowerManagerService( 304): Hardbg: updateWakeLockLocked mStayOnConditions,mStayOnConditions:1isPowered:false
D/NsdService( 304): Network service discovery enabled true
I/SystemServer( 304): Throttle Service
I/SystemServer( 304): UpdateLock Service
I/SystemServer( 304): Notification Manager
I/SystemServer( 304): Device Storage Monitor
I/SystemServer( 304): starting SUPL Service (SystemServer)
I/SystemServer( 304): Location Manager
I/SystemServer( 304): Country Detector
I/SystemServer( 304): Search Service
I/SystemServer( 304): DropBox Service
I/SystemServer( 304): Wallpaper Service
W/WallpaperService( 304): failed parsing /data/system/users/0/wallpaper_info.xml java.io.FileNotFoundException: /data/system/users/0/wallpaper_info.xml: open failed: ENOENT (No such file or directory)
I/SystemServer( 304): Audio Service
I/SystemServer( 304): Dock Observer
W/DockObserver( 304): This kernel does not have dock station support
I/SystemServer( 304): Wired Accessory Observer
I/SystemServer( 304): USB Service
I/SystemServer( 304): Serial Service
I/SystemServer( 304): UI Mode Manager Service
I/SystemServer( 304): Backup Service
V/BackupManagerService( 304): Initializing package tracking
V/BackupManagerService( 304): No ancestral data
D/dalvikvm( 304): GC_CONCURRENT freed 154K, 17% free 10336K/12423K, paused 2ms+2ms, total 23ms
D/dalvikvm( 304): WAIT_FOR_CONCURRENT_GC blocked 5ms
D/dalvikvm( 304): WAIT_FOR_CONCURRENT_GC blocked 19ms
V/BackupManagerService( 304): addPackageParticipantsLocked: all
I/BackupManagerService( 304): New app android never backed up; scheduling
D/BackupManagerService( 304): Now staging backup of android
I/BackupManagerService( 304): New app com.android.browser never backed up; scheduling
D/BackupManagerService( 304): Now staging backup of com.android.browser
I/BackupManagerService( 304): New app com.android.calendar never backed up; scheduling
D/BackupManagerService( 304): Now staging backup of com.android.calendar
I/BackupManagerService( 304): New app com.android.inputmethod.latin never backed up; scheduling
D/BackupManagerService( 304): Now staging backup of com.android.inputmethod.latin
I/BackupManagerService( 304): New app com.android.providers.settings never backed up; scheduling
D/BackupManagerService( 304): Now staging backup of com.android.providers.settings
I/BackupManagerService( 304): New app com.android.providers.userdictionary never backed up; scheduling
D/BackupManagerService( 304): Now staging backup of com.android.providers.userdictionary
I/BackupManagerService( 304): New app com.android.sharedstoragebackup never backed up; scheduling
D/BackupManagerService( 304): Now staging backup of com.android.sharedstoragebackup
I/WindowManager( 304): SAFE MODE not enabled
D/dalvikvm( 304): JIT started for system_server
V/BackupManagerService( 304): Registering transport android/com.android.internal.backup.LocalTransport = com.android.internal.backup.LocalTransport@41f59ea0
V/BackupManagerService( 304): Starting with transport android/com.android.internal.backup.LocalTransport
V/BackupManagerService( 304): Google transport not present
I/BackupManagerService( 304): Backup enabled => false
I/BackupManagerService( 304): Opting out of backup
I/SystemServer( 304): AppWidget Service
I/SystemServer( 304): Recognition Service
I/SystemServer( 304): DiskStats Service
I/SystemServer( 304): SamplingProfiler Service
I/SystemServer( 304): NetworkTimeUpdateService
I/SystemServer( 304): CommonTimeManagementService
I/SystemServer( 304): CertBlacklister
E/SQLiteLog( 304): (1) no such table: locksettings
D/PowerManagerService( 304): system ready!
I/Zygote ( 304): Process: zygote socket opened
I/LockSettingsService( 304): Migrated lock settings to new location
I/ActivityManager( 304): Sending system update to: ComponentInfo{com.android.providers.calendar/com.android.providers.calendar.CalendarUpgradeReceiver}
I/ActivityManager( 304): Sending system update to: ComponentInfo{com.android.providers.contacts/com.android.providers.contacts.ContactsUpgradeReceiver}
I/ActivityManager( 304): Sending system update to: ComponentInfo{com.android.providers.media/com.android.providers.media.MediaUpgradeReceiver}
I/SystemServer( 304): Enabled StrictMode for system server main thread.
I/ActivityManager( 304): Start proc com.android.providers.calendar for broadcast com.android.providers.calendar/.CalendarUpgradeReceiver: pid=480 uid=10020 gids={3003, 1015, 1023, 1028}
I/ActivityManager( 304): Launching preboot mode app: ProcessRecord{41eb7048 480:com.android.providers.calendar/u0a20}
I/ActivityManager( 304): Start proc android.process.acore for broadcast com.android.providers.contacts/.ContactsUpgradeReceiver: pid=494 uid=10002 gids={3003, 1015, 1023, 1028}
I/ActivityManager( 304): Launching preboot mode app: ProcessRecord{41eeb418 494:android.process.acore/u0a2}
D/dalvikvm( 494): GC_CONCURRENT freed 358K, 6% free 8302K/8775K, paused 12ms+1ms, total 26ms
I/ContactsDatabaseHelper( 494): Bootstrapping database version: 704
I/ContactsProviderV1( 494): Bootstrapping database legacy support
D/dalvikvm( 494): GC_CONCURRENT freed 325K, 6% free 8393K/8839K, paused 1ms+1ms, total 10ms
I/ActivityManager( 304): Start proc android.process.media for broadcast com.android.providers.media/.MediaUpgradeReceiver: pid=509 uid=10025 gids={1015, 1023, 1024, 1028, 2001, 3003, 3007}
I/ActivityManager( 304): Launching preboot mode app: ProcessRecord{41e93408 509:android.process.media/u0a25}
D/dalvikvm( 304): GC_CONCURRENT freed 496K, 18% free 10290K/12423K, paused 2ms+1ms, total 26ms
I/ActivityManager( 304): Writing new set of last done pre-boot receivers...
I/ActivityManager( 304): Removing system update proc: ProcessRecord{41eb7048 480:com.android.providers.calendar/u0a20}
I/ActivityManager( 304): Killing proc 480:com.android.providers.calendar/u0a20: system update done
I/ActivityManager( 304): Removing system update proc: ProcessRecord{41eeb418 494:android.process.acore/u0a2}
I/ActivityManager( 304): Killing proc 494:android.process.acore/u0a2: system update done
I/ActivityManager( 304): Removing system update proc: ProcessRecord{41e93408 509:android.process.media/u0a25}
I/ActivityManager( 304): Killing proc 509:android.process.media/u0a25: system update done
I/ActivityManager( 304): System now ready
I/SystemServer( 304): Making services ready
D/SystemServer( 304): Starting service: Intent { cmp=com.android.systemui/.SystemUIService }
I/ActivityManager( 304): Start proc com.android.systemui for service com.android.systemui/.SystemUIService: pid=524 uid=10057 gids={1028, 1015, 1023, 3002, 3001}
D/NetworkManagementService( 304): enabling bandwidth control
D/SystemUIService( 524): loading: class com.android.systemui.statusbar.tablet.TabletStatusBar
D/SystemUIService( 524): running: com.android.systemui.statusbar.tablet.TabletStatusBar@41c90598
I/StatusBarManagerService( 304): registerStatusBar bar=com.android.internal.statusbar.IStatusBar$Stub$Proxy@41e2cb20
D/dalvikvm( 524): GC_CONCURRENT freed 107K, 3% free 8502K/8711K, paused 12ms+1ms, total 33ms
D/dalvikvm( 524): GC_CONCURRENT freed 6K, 3% free 8900K/9095K, paused 3ms+1ms, total 13ms
D/dalvikvm( 524): WAIT_FOR_CONCURRENT_GC blocked 6ms
E/UsbDeviceManager( 304): No known USB function in updateUsbNotification
I/ActivityManager( 304): Config changed: {1.0 0mcc0mnc hd_US sw720dp w1280dp h672dp lrg long land -touch -keyb/h/h -nav/h s.3}
W/RecognitionManagerService( 304): no available voice recognition services found
D/NotificationService( 304): new notification: numberDiff: 1 ticker: USB debugging connected pkg: android id: 17040460 tag: null
I/EthernetManager( 524): Init Ethernet Manager, service: android.net.ethernet.IEthernetManager$Stub$Proxy@41c85328
W/AppWidgetServiceImpl( 304): Failed to read state: java.io.FileNotFoundException: /data/system/users/0/appwidgets.xml: open failed: ENOENT (No such file or directory)
W/InputMethodManagerService( 304): Ignoring setImeWindowStatus of uid 1000 token: null
D/dalvikvm( 304): GC_CONCURRENT freed 348K, 16% free 10467K/12423K, paused 12ms+7ms, total 49ms
D/dalvikvm( 304): WAIT_FOR_CONCURRENT_GC blocked 2ms
W/InputMethodManagerService( 304): Reset the default IME as "Resource" is ready here.
I/InputMethodManagerService( 304): No default found, using com.android.inputmethod.latin/.LatinIME
D/dalvikvm( 304): WAIT_FOR_CONCURRENT_GC blocked 8ms
D/dalvikvm( 524): GC_FOR_ALLOC freed 70K, 2% free 9213K/9351K, paused 10ms, total 10ms
D/dalvikvm( 524): GC_FOR_ALLOC freed 4K, 2% free 9488K/9671K, paused 14ms, total 15ms
I/ActivityManager( 304): Start proc com.android.inputmethod.latin for service com.android.inputmethod.latin/.LatinIME: pid=574 uid=10037 gids={1028}
I/ActivityManager( 304): Config changed: {1.0 0mcc0mnc hd_US sw720dp w1280dp h672dp lrg long land -touch -keyb/v/h -nav/h s.4}
W/InputMethodManagerService( 304): Illegal subtype state: old subtype = null, new subtype = android.view.inputmethod.InputMethodSubtype@c9194f98
I/CommonTimeManagementService( 304): No common time service detected on this platform. Common time services will be unavailable.
I/InputReader( 304): Reconfiguring input devices. changes=0x00000020
E/ThrottleService( 304): Error reading data file
W/ThrottleService( 304): unable to find stats for iface rmnet0
I/InputReader( 304): Reconfiguring input devices. changes=0x00000010
I/ActivityManager( 304): Start proc com.android.phone for added application com.android.phone: pid=591 uid=1001 gids={3002, 3001, 3003, 1015, 1023, 1028}
I/ActivityManager( 304): START {act=android.intent.action.MAIN cat=[android.intent.category.HOME] flg=0x10000000 cmp=com.android.settings/.CryptKeeper u=0} from pid 0
I/ActivityManager( 304): Start proc com.android.settings for activity com.android.settings/.CryptKeeper: pid=605 uid=1000 gids={1015, 1023, 3002, 3001, 3003, 1028}
D/dalvikvm( 524): GC_CONCURRENT freed 16K, 2% free 9945K/10055K, paused 1ms+2ms, total 24ms
D/dalvikvm( 524): WAIT_FOR_CONCURRENT_GC blocked 22ms
I/ActivityThread( 591): Pub mms: com.android.providers.telephony.MmsProvider
I/ActivityThread( 591): Pub sms: com.android.providers.telephony.SmsProvider
I/ActivityThread( 591): Pub telephony: com.android.providers.telephony.TelephonyProvider
D/dalvikvm( 574): GC_CONCURRENT freed 166K, 4% free 8434K/8711K, paused 12ms+1ms, total 36ms
W/TelephonyProvider( 591): onCreate: confFile=/system/etc/apns-conf.xml oldCheckSum=-1
I/ActivityThread( 591): Pub icc: com.android.phone.IccProvider
I/ActivityThread( 591): Pub mms-sms: com.android.providers.telephony.MmsSmsProvider
D/dalvikvm( 524): GC_CONCURRENT freed 25K, 2% free 10438K/10567K, paused 1ms+17ms, total 41ms
D/dalvikvm( 524): WAIT_FOR_CONCURRENT_GC blocked 0ms
W/InputAttributes( 574): No editor info for this field. Bug?
I/ActivityManager( 304): Start proc android.process.media for broadcast com.android.providers.media/.UsbReceiver: pid=628 uid=10025 gids={1015, 1023, 1024, 1028, 2001, 3003, 3007}
E/BinaryDictionaryGetter( 574): Could not find a dictionary pack
E/ActivityThread( 574): Failed to find provider info for com.android.inputmethod.latin.dictionarypack
D/dalvikvm( 118): WAIT_FOR_CONCURRENT_GC blocked 0ms
D/dalvikvm( 118): GC_EXPLICIT freed 35K, 4% free 8201K/8515K, paused 1ms+1ms, total 17ms
D/dalvikvm( 118): WAIT_FOR_CONCURRENT_GC blocked 0ms
D/dalvikvm( 304): GC_CONCURRENT freed 458K, 15% free 10578K/12423K, paused 2ms+3ms, total 60ms
D/dalvikvm( 304): WAIT_FOR_CONCURRENT_GC blocked 28ms
D/dalvikvm( 304): WAIT_FOR_CONCURRENT_GC blocked 28ms
D/dalvikvm( 304): WAIT_FOR_CONCURRENT_GC blocked 19ms
D/dalvikvm( 304): WAIT_FOR_CONCURRENT_GC blocked 20ms
D/dalvikvm( 118): GC_EXPLICIT freed <1K, 4% free 8201K/8515K, paused 1ms+1ms, total 15ms
D/dalvikvm( 304): WAIT_FOR_CONCURRENT_GC blocked 21ms
D/dalvikvm( 118): WAIT_FOR_CONCURRENT_GC blocked 0ms
I/ActivityManager( 304): Start proc android.process.acore for content provider com.android.providers.userdictionary/.UserDictionaryProvider: pid=652 uid=10002 gids={3003, 1015, 1023, 1028}
D/dalvikvm( 118): GC_EXPLICIT freed <1K, 4% free 8201K/8515K, paused 1ms+1ms, total 15ms
I/ActivityThread( 628): Pub media: com.android.providers.media.MediaProvider
I/ActivityManager( 304): START {act=android.intent.action.MAIN cat=[android.intent.category.HOME] flg=0x10000000 cmp=com.android.provision/.DefaultActivity u=0} from pid 0
D/CAT ( 591): CatService: Running CAT service. STK app installed:false
D/CAT ( 591): CatService: NEW sInstance
I/ActivityManager( 304): Start proc com.android.provision for activity com.android.provision/.DefaultActivity: pid=672 uid=10052 gids={1028}
I/ActivityThread( 652): Pub com.android.voicemail: com.android.providers.contacts.VoicemailContentProvider
D/StorageNotification( 524): Startup with UMS connection false (media state mounted)
I/StorageNotification( 524): UMS connection changed to false (media state mounted)
V/EthernetStateTracker( 304): report interface is up for eth0
I/EthernetStateTracker( 304): interface up event, kick off connection request
I/ActivityManager( 304): Start proc com.android.smspush for service com.android.smspush/.WapPushManager: pid=685 uid=10061 gids={1028}
D/SystemUIService( 524): loading: class com.android.systemui.power.PowerUI
D/SystemUIService( 524): running: com.android.systemui.power.PowerUI@41edf5f8
D/SystemUIService( 524): loading: class com.android.systemui.media.RingtonePlayer
D/SystemUIService( 524): running: com.android.systemui.media.RingtonePlayer@41ee0230
D/ ( 591): [ApnContext:default] set reason as dataEnabled,current state IDLE
D/ ( 591): [ApnContext:default] setRetryCount: 0
D/ ( 591): [ApnContext:mms] set reason as dataEnabled,current state IDLE
D/ ( 591): [ApnContext:mms] setRetryCount: 0
D/ ( 591): [ApnContext:supl] set reason as dataEnabled,current state IDLE
D/ ( 591): [ApnContext:supl] setRetryCount: 0
D/ ( 591): [ApnContext:hipri] set reason as dataEnabled,current state IDLE
D/ ( 591): [ApnContext:hipri] setRetryCount: 0
D/ ( 591): [ApnContext:fota] set reason as dataEnabled,current state IDLE
D/ ( 591): [ApnContext:fota] setRetryCount: 0
D/ ( 591): [ApnContext:ims] set reason as dataEnabled,current state IDLE
D/ ( 591): [ApnContext:ims] setRetryCount: 0
W/ThrottleService( 304): unable to find stats for iface rmnet0
D/ ( 591): [ApnContext:cbs] set reason as dataEnabled,current state IDLE
D/ ( 591): [ApnContext:cbs] setRetryCount: 0
D/CallManager( 591): registerPhone(GSM Handler (com.android.internal.telephony.PhoneProxy) {41c9b338})
I/MediaProvider( 628): Upgrading media database from version 0 to 509, which will destroy all old data
I/ActivityThread( 652): Pub applications: com.android.providers.applications.ApplicationsProvider
D/dalvikvm( 591): GC_CONCURRENT freed 177K, 4% free 8433K/8711K, paused 14ms+2ms, total 50ms
W/BackupManagerService( 304): dataChanged but no participant pkg='com.android.providers.settings' uid=10052
I/ActivityManager( 304): START {act=android.intent.action.MAIN cat=[android.intent.category.HOME] flg=0x10000000 cmp=com.android.launcher/com.android.launcher2.Launcher u=0} from pid 0
D/StatusBar( 524): layout params for this notification is NULL
I/Choreographer( 524): Skipped 34 frames! The application may be doing too much work on its main thread.
I/ActivityManager( 304): Start proc com.android.launcher for activity com.android.launcher/com.android.launcher2.Launcher: pid=730 uid=10038 gids={1028}
I/ActivityThread( 652): Pub contacts;com.android.contacts: com.android.providers.contacts.ContactsProvider2
D/WifiService( 304): New client listening to asynchronous messages
D/AudioSpeexSRC( 120): AudioResamplerSpeex::init() mChannelCount=2, mInSampleRate=44100, mSampleRate=44100, mQuality=2
D/AudioResampler( 120): static resampler for checkRate() allocated
W/ActivityManager( 304): Unable to start service Intent { act=com.android.ussd.IExtendedNetworkService }: not found
I/libEGL ( 524): Processor type: omap4470
I/libEGL ( 524): egl.cfg: entry POWERVR_SGX540_120 omap4430
I/libEGL ( 524): egl.cfg: entry POWERVR_SGX540_120 omap4460
I/libEGL ( 524): egl.cfg: entry POWERVR_SGX544_112 omap4470
I/libEGL ( 524): Picked EGL type 'POWERVR_SGX544_112' for processor 'omap4470'
D/libEGL ( 524): loaded /vendor/lib/egl/libEGL_POWERVR_SGX544_112.so
D/libEGL ( 524): loaded /vendor/lib/egl/libGLESv1_CM_POWERVR_SGX544_112.so
D/libEGL ( 524): loaded /vendor/lib/egl/libGLESv2_POWERVR_SGX544_112.so
D/dalvikvm( 304): GC_CONCURRENT freed 523K, 15% free 10610K/12423K, paused 1ms+2ms, total 108ms
I/ActivityThread( 730): Pub com.android.launcher2.settings: com.android.launcher2.LauncherProvider
D/DebugService( 591): DebugService DebugService:
D/TelephonyDebugService( 591): TelephonyDebugService()
D/Bluetooth HSHFP( 591): Starting BluetoothHeadsetService
W/CallNotifier( 591): Got onMwiChanged() on non-voice-capable device! Ignoring...
D/OpenGLRenderer( 524): Enabling debug mode 0
D/dalvikvm( 652): GC_CONCURRENT freed 222K, 4% free 8413K/8711K, paused 12ms+5ms, total 40ms
I/ActivityThread( 652): Pub call_log: com.android.providers.contacts.CallLogProvider
I/ActivityThread( 652): Pub user_dictionary: com.android.providers.userdictionary.UserDictionaryProvider
D/dalvikvm( 304): WAIT_FOR_CONCURRENT_GC blocked 0ms
D/dalvikvm( 304): GC_EXPLICIT freed 190K, 15% free 10618K/12423K, paused 2ms+3ms, total 44ms
D/dalvikvm( 730): GC_FOR_ALLOC freed 185K, 4% free 8487K/8775K, paused 23ms, total 23ms
D/dalvikvm( 730): GC_CONCURRENT freed 8K, 4% free 8539K/8839K, paused 11ms+11ms, total 31ms
D/dalvikvm( 730): GC_FOR_ALLOC freed 52K, 3% free 8784K/8967K, paused 18ms, total 18ms
I/dalvikvm-heap( 730): Grow heap (frag case) to 10.018MB for 1440016-byte allocation
D/dalvikvm( 730): GC_CONCURRENT freed 9K, 2% free 10181K/10375K, paused 12ms+2ms, total 39ms
D/dalvikvm( 730): WAIT_FOR_CONCURRENT_GC blocked 25ms
W/Resources( 730): Converting to int: TypedValue{t=0x3/d=0x11 "4" a=-1}
W/Resources( 730): Converting to int: TypedValue{t=0x3/d=0xe "1" a=-1}
I/ContactsDatabaseHelper( 652): Bootstrapping database version: 704
I/SearchManagerService( 304): Building list of searchable activities
D/dalvikvm( 524): GC_CONCURRENT freed 108K, 3% free 10972K/11207K, paused 12ms+5ms, total 46ms
D/dalvikvm( 524): GC_FOR_ALLOC freed 9K, 3% free 10963K/11207K, paused 26ms, total 26ms
I/dalvikvm-heap( 524): Grow heap (frag case) to 20.144MB for 9830416-byte allocation
E/SQLiteLog( 628): (1) no such table: album_info
I/libEGL ( 730): Processor type: omap4470
I/libEGL ( 730): egl.cfg: entry POWERVR_SGX540_120 omap4430
I/libEGL ( 730): egl.cfg: entry POWERVR_SGX540_120 omap4460
I/libEGL ( 730): egl.cfg: entry POWERVR_SGX544_112 omap4470
I/libEGL ( 730): Picked EGL type 'POWERVR_SGX544_112' for processor 'omap4470'
D/libEGL ( 730): loaded /vendor/lib/egl/libEGL_POWERVR_SGX544_112.so
D/libEGL ( 730): loaded /vendor/lib/egl/libGLESv1_CM_POWERVR_SGX544_112.so
W/Resources( 730): Converting to int: TypedValue{t=0x3/d=0x14 "2" a=-1}
W/Resources( 730): Converting to int: TypedValue{t=0x3/d=0x14 "2" a=-1}
D/libEGL ( 730): loaded /vendor/lib/egl/libGLESv2_POWERVR_SGX544_112.so
I/ActivityThread( 628): Pub downloads: com.android.providers.downloads.DownloadProvider
D/dalvikvm( 524): GC_CONCURRENT freed 64K, 2% free 20498K/20871K, paused 11ms+3ms, total 44ms
I/ActivityThread( 628): Pub drm: com.android.providers.drm.DrmProvider
I/DownloadManager( 628): in removeSpuriousFiles
D/dalvikvm( 628): GC_CONCURRENT freed 248K, 4% free 8388K/8711K, paused 12ms+2ms, total 42ms
W/Launcher.LauncherProvider( 730): Unable to add favorite: com.android.camera/com.android.camera.Camera
W/Launcher.LauncherProvider( 730): android.content.pm.PackageManager$NameNotFoundException: ComponentInfo{com.android.camera/com.android.camera.Camera}
W/Launcher.LauncherProvider( 730): at android.app.ApplicationPackageManager.getActivityInfo(ApplicationPackageManager.java:225)
W/Launcher.LauncherProvider( 730): at com.android.launcher2.LauncherProvider$DatabaseHelper.addAppShortcut(LauncherProvider.java:924)
W/Launcher.LauncherProvider( 730): at com.android.launcher2.LauncherProvider$DatabaseHelper.loadFavorites(LauncherProvider.java:828)
W/Launcher.LauncherProvider( 730): at com.android.launcher2.LauncherProvider$DatabaseHelper.access$000(LauncherProvider.java:218)
W/Launcher.LauncherProvider( 730): at com.android.launcher2.LauncherProvider.loadDefaultFavoritesIfNecessary(LauncherProvider.java:213)
W/Launcher.LauncherProvider( 730): at com.android.launcher2.LauncherModel$LoaderTask.loadWorkspace(LauncherModel.java:1009)
W/Launcher.LauncherProvider( 730): at com.android.launcher2.LauncherModel$LoaderTask.loadAndBindWorkspace(LauncherModel.java:795)
W/Launcher.LauncherProvider( 730): at com.android.launcher2.LauncherModel$LoaderTask.run(LauncherModel.java:860)
W/Launcher.LauncherProvider( 730): at android.os.Handler.handleCallback(Handler.java:615)
W/Launcher.LauncherProvider( 730): at android.os.Handler.dispatchMessage(Handler.java:92)
W/Launcher.LauncherProvider( 730): at android.os.Looper.loop(Looper.java:137)
W/Launcher.LauncherProvider( 730): at android.os.HandlerThread.run(HandlerThread.java:60)
V/SipBroadcastReceiver( 591): SIP VOIP not supported: android.net.sip.SIP_SERVICE_UP
D/dalvikvm( 605): GC_CONCURRENT freed 244K, 4% free 8372K/8711K, paused 13ms+1ms, total 57ms
D/dalvikvm( 304): GC_CONCURRENT freed 428K, 14% free 10708K/12423K, paused 2ms+12ms, total 85ms
D/dalvikvm( 304): WAIT_FOR_CONCURRENT_GC blocked 33ms
D/OpenGLRenderer( 730): Enabling debug mode 0
D/SettingsAttProfile( 605): Att server connected
D/LocalBluetoothProfileManager( 605): LocalBluetoothProfileManager construction complete
I/ActivityManager( 304): Start proc com.android.deskclock for broadcast com.android.deskclock/com.android.alarmclock.AnalogAppWidgetProvider: pid=775 uid=10024 gids={1028}
D/dalvikvm( 730): GC_FOR_ALLOC freed 212K, 3% free 10503K/10823K, paused 13ms, total 14ms
I/dalvikvm-heap( 730): Grow heap (frag case) to 17.707MB for 7741456-byte allocation
I/ActivityThread( 775): Pub com.android.deskclock: com.android.deskclock.AlarmProvider
I/DownloadManager( 628): Upgrading downloads database from version 0 to version 108, which will destroy all old data
D/dalvikvm( 730): GC_CONCURRENT freed 7K, 3% free 18056K/18439K, paused 12ms+11ms, total 37ms
D/dalvikvm( 730): WAIT_FOR_CONCURRENT_GC blocked 18ms
D/dalvikvm( 730): WAIT_FOR_CONCURRENT_GC blocked 23ms
D/dalvikvm( 524): GC_FOR_ALLOC freed 0K, 2% free 20499K/20871K, paused 13ms, total 13ms
I/dalvikvm-heap( 524): Grow heap (frag case) to 41.944MB for 22924816-byte allocation
D/dalvikvm( 524): GC_CONCURRENT freed <1K, 1% free 42886K/43271K, paused 11ms+2ms, total 24ms
D/dalvikvm( 524): WAIT_FOR_CONCURRENT_GC blocked 5ms
I/ContactsProviderV1( 652): Bootstrapping database legacy support
I/ActivityManager( 304): Displayed com.android.launcher/com.android.launcher2.Launcher: +1s268ms (total +1s713ms)
D/dalvikvm( 652): GC_CONCURRENT freed 262K, 5% free 8595K/8967K, paused 2ms+1ms, total 21ms
D/dalvikvm( 730): GC_FOR_ALLOC freed 7561K, 43% free 10593K/18439K, paused 13ms, total 13ms
I/dalvikvm-heap( 730): Grow heap (frag case) to 17.794MB for 7741456-byte allocation
D/dalvikvm( 730): GC_CONCURRENT freed <1K, 2% free 18153K/18439K, paused 12ms+3ms, total 24ms
D/dalvikvm( 730): WAIT_FOR_CONCURRENT_GC blocked 1ms
W/ActivityManager( 304): Permission denied: checkComponentPermission() owningUid=1000
W/BroadcastQueue( 304): Permission Denial: broadcasting Intent { act=android.appwidget.action.APPWIDGET_UPDATE_OPTIONS flg=0x10 cmp=com.android.settings/.widget.SettingsAppWidgetProvider (has extras) } from android (pid=730, uid=10038) is not exported from uid 1000 due to receiver com.android.settings/com.android.settings.widget.SettingsAppWidgetProvider
D/PowerManagerService( 304): bootCompleted
D/PowerManagerService( 304): Hardbg: updateWakeLockLocked mStayOnConditions,mStayOnConditions:1isPowered:false
V/DevicePolicyManagerService( 304): Sending password expiration notifications for action android.intent.action.BOOT_COMPLETED
W/MountService( 304): Duplicate state transition (mounted -> mounted) for /storage/sdcard0
D/MountService( 304): sendStorageIntent Intent { act=android.intent.action.MEDIA_MOUNTED dat=file:///storage/sdcard0 (has extras) }
E/ASFDummyExtractor( 120): isASFParserAvailable
W/ASFDummyExtractor( 120): ASF parser is not available
E/WVMExtractor( 120): Failed to open libwvm.so
I/ActivityManager( 304): Start proc com.android.bluetooth for broadcast com.android.bluetooth/.pbap.BluetoothPbapReceiver: pid=796 uid=10005 gids={3003, 3002, 3001, 1015, 1023, 1028}
V/WiredAccessoryObserver( 304): init()
I/AudioPlayer( 120): mLatencyUs = 0
W/TimeInterpolator( 120): time is rewinding: -56781 Tf=1 t0=48149810 pos0=-56781 dt=0 now=48149810 last=0 now_last=0
V/WiredAccessoryObserver( 304): newState = 16, headsetState = 16,mHeadsetState = 0
V/WiredAccessoryObserver( 304): device hdmi connected
I/Choreographer( 524): Skipped 81 frames! The application may be doing too much work on its main thread.
I/SurfaceFlinger( 117): Boot is finished (38879 ms)
E/ASFDummyExtractor( 120): isASFParserAvailable
W/ASFDummyExtractor( 120): ASF parser is not available
E/WVMExtractor( 120): Failed to open libwvm.so
I/ActivityThread( 796): Pub com.android.bluetooth.opp: com.android.bluetooth.opp.BluetoothOppProvider
I/AudioPlayer( 120): mLatencyUs = 0
W/TimeInterpolator( 120): time is rewinding: -56781 Tf=1 t0=48215270 pos0=-56781 dt=0 now=48215270 last=0 now_last=0
D/dalvikvm( 304): GC_CONCURRENT freed 775K, 15% free 10563K/12423K, paused 12ms+3ms, total 87ms
D/dalvikvm( 304): WAIT_FOR_CONCURRENT_GC blocked 5ms
D/dalvikvm( 304): WAIT_FOR_CONCURRENT_GC blocked 3ms
D/dalvikvm( 304): WAIT_FOR_CONCURRENT_GC blocked 3ms
E/ASFDummyExtractor( 120): isASFParserAvailable
W/ASFDummyExtractor( 120): ASF parser is not available
E/RecoverySystem( 304): Error reading recovery intent file
E/RecoverySystem( 304): java.io.FileNotFoundException: /cache/recovery/intent: open failed: EACCES (Permission denied)
E/RecoverySystem( 304): at libcore.io.IoBridge.open(IoBridge.java:416)
E/RecoverySystem( 304): at java.io.FileInputStream.(FileInputStream.java:78)
E/RecoverySystem( 304): at android.os.FileUtils.readTextFile(FileUtils.java:196)
E/RecoverySystem( 304): at android.os.RecoverySystem.sendRecoveryResultIntent(RecoverySystem.java:467)
E/RecoverySystem( 304): at com.android.server.BootReceiver.logBootEvents(BootReceiver.java:98)
E/RecoverySystem( 304): at com.android.server.BootReceiver.access$000(BootReceiver.java:39)
E/RecoverySystem( 304): at com.android.server.BootReceiver$1.run(BootReceiver.java:67)
E/RecoverySystem( 304): Caused by: libcore.io.ErrnoException: open failed: EACCES (Permission denied)
E/RecoverySystem( 304): at libcore.io.Posix.open(Native Method)
E/RecoverySystem( 304): at libcore.io.BlockGuardOs.open(BlockGuardOs.java:110)
E/RecoverySystem( 304): at libcore.io.IoBridge.open(IoBridge.java:400)
E/RecoverySystem( 304): ... 6 more
I/RecoverySystem( 304): Deleted: /cache/recovery/intent
I/RecoverySystem( 304): Deleted: /cache/recovery/log
E/WVMExtractor( 120): Failed to open libwvm.so
I/ActivityManager( 304): Start proc com.ti.bluetooth.ftps for broadcast com.ti.bluetooth.ftps/.BluetoothFtpsReceiver: pid=822 uid=10008 gids={3003, 3002, 3001, 1015, 1023, 2001, 1028}
I/AudioPlayer( 120): mLatencyUs = 0
W/TimeInterpolator( 120): time is rewinding: -56781 Tf=1 t0=48261474 pos0=-56781 dt=0 now=48261474 last=0 now_last=0
V/BluetoothFtpsReceiver( 822): **** FTP Receiver ****
V/BluetoothFtpsReceiver( 822): action=android.intent.action.BOOT_COMPLETED
V/BluetoothFtpsReceiver( 822): FTP Receiver got- ACTION_BOOT_COMPLETED
V/BluetoothFtpsReceiver( 822): Wait for BluetoothAdapter.ACTION_STATE_CHANGED with STATE_ON, to start the service
I/BootReceiver( 304): Copying /proc/last_kmsg to DropBox (SYSTEM_LAST_KMSG)
E/ASFDummyExtractor( 120): isASFParserAvailable
W/ASFDummyExtractor( 120): ASF parser is not available
E/WVMExtractor( 120): Failed to open libwvm.so
I/ActivityManager( 304): Start proc com.ti.bluetooth.map for broadcast com.ti.bluetooth.map/.BluetoothMapReceiver: pid=840 uid=10011 gids={3003, 3002, 3001, 1015, 1023, 1028}
I/AudioPlayer( 120): mLatencyUs = 0
W/TimeInterpolator( 120): time is rewinding: -56781 Tf=1 t0=48317993 pos0=-56781 dt=0 now=48317993 last=0 now_last=0
D/dalvikvm( 304): GC_CONCURRENT freed 255K, 13% free 10892K/12423K, paused 16ms+2ms, total 47ms
D/dalvikvm( 304): WAIT_FOR_CONCURRENT_GC blocked 21ms
E/ASFDummyExtractor( 120): isASFParserAvailable
W/ASFDummyExtractor( 120): ASF parser is not available
E/WVMExtractor( 120): Failed to open libwvm.so
I/BluetoothMapReceiver( 840): Receiver android.intent.action.BOOT_COMPLETED
I/AudioPlayer( 120): mLatencyUs = 0
W/TimeInterpolator( 120): time is rewinding: -56781 Tf=1 t0=48370605 pos0=-56781 dt=0 now=48370605 last=0 now_last=0
D/dalvikvm( 591): GC_CONCURRENT freed 304K, 5% free 8535K/8967K, paused 13ms+1ms, total 27ms
I/ActivityManager( 304): Start proc com.motorolasolutions.bootreceiver for broadcast com.motorolasolutions.bootreceiver/.BootConfig: pid=861 uid=10016 gids={1028}
E/BootConfig( 861): [alan]android.intent.action.BOOT_COMPLETED
E/BootConfig( 861): [alan]turnLED
E/NotificationService( 304): Ignoring notification with icon==0: Notification(pri=0 contentView=null vibrate=null sound=null defaults=0x0 flags=0x1 kind=[null])
I/AudioFlinger( 120): HAL output buffer size 1920 frames, normal mix buffer size 1920 frames
I/AudioMixer( 120): found effect "Multichannel Downmix To Stereo" from The Android Open Source Project
I/AudioFlinger( 120): AudioFlinger's thread 0x40b76008 ready to run
I/AudioFlinger( 120): HAL output buffer size 1920 frames, normal mix buffer size 1920 frames
I/AudioMixer( 120): found effect "Multichannel Downmix To Stereo" from The Android Open Source Project
I/AudioFlinger( 120): AudioFlinger's thread 0x40b95008 ready to run
E/hdmi_audio_hw( 120): HDMI setting a default channel_mask 0 -> 8
I/AudioFlinger( 120): HAL output buffer size 1920 frames, normal mix buffer size 1920 frames
I/ActivityManager( 304): Start proc com.android.providers.calendar for broadcast com.android.providers.calendar/.CalendarReceiver: pid=874 uid=10020 gids={3003, 1015, 1023, 1028}
E/hdmi_audio_hw( 120): Unable to get the HDMI audio capabilities
I/AudioFlinger( 120): AudioFlinger's thread 0x40b6cad8 ready to run
I/ActivityThread( 874): Pub com.android.calendar: com.android.providers.calendar.CalendarProvider2
D/dalvikvm( 730): GC_CONCURRENT freed 432K, 3% free 19750K/20295K, paused 2ms+2ms, total 21ms
D/dalvikvm( 730): WAIT_FOR_CONCURRENT_GC blocked 16ms
I/ActivityManager( 304): Start proc com.android.exchange for content provider com.android.exchange/.provider.ExchangeDirectoryProvider: pid=891 uid=10027 gids={3003, 1015, 1023, 1028}
I/CalendarDatabaseHelper( 874): Bootstrapping database
D/dalvikvm( 730): GC_FOR_ALLOC freed 883K, 6% free 20521K/21639K, paused 24ms, total 28ms
I/ActivityThread( 891): Pub com.android.exchange.directory.provider: com.android.exchange.provider.ExchangeDirectoryProvider
I/ContactDirectoryManager( 652): deleted 0 stale rows which don't have any relevant directory
D/dalvikvm( 730): GC_FOR_ALLOC freed 762K, 8% free 20453K/22087K, paused 13ms, total 16ms
I/dalvikvm-heap( 730): Grow heap (frag case) to 21.041MB for 1048592-byte allocation
I/ContactDirectoryManager( 652): Discovered 0 contact directories in 714ms
I/ContactsDatabaseHelper( 652): Switching to locale hd_US
D/dalvikvm( 730): GC_FOR_ALLOC freed 2K, 8% free 21474K/23175K, paused 12ms, total 12ms
D/dalvikvm( 730): GC_FOR_ALLOC freed 0K, 8% free 21474K/23175K, paused 11ms, total 12ms
I/dalvikvm-heap( 730): Grow heap (frag case) to 22.817MB for 1865972-byte allocation
D/dalvikvm( 730): GC_FOR_ALLOC freed 0K, 7% free 23297K/25031K, paused 12ms, total 12ms
I/ContactsDatabaseHelper( 652): Locale change completed in 107ms
I/ContactsDatabaseHelper( 652): Switching to locale hd_US
W/BackupManagerService( 304): dataChanged but no participant pkg='com.android.providers.settings' uid=10024
D/PowerManagerService( 304): Hardbg: updateWakeLockLocked mStayOnConditions,mStayOnConditions:1isPowered:false
V/AlarmClock( 775): AlarmInitReceiver finished
D/dalvikvm( 118): WAIT_FOR_CONCURRENT_GC blocked 0ms
I/ActivityManager( 304): Start proc com.android.email for broadcast com.android.email/.service.EmailBroadcastReceiver: pid=910 uid=10026 gids={3003, 1015, 1023, 1028}
D/dalvikvm( 118): GC_EXPLICIT freed 38K, 4% free 8201K/8515K, paused 1ms+2ms, total 17ms
D/dalvikvm( 118): WAIT_FOR_CONCURRENT_GC blocked 0ms
D/dalvikvm( 118): GC_EXPLICIT freed <1K, 4% free 8201K/8515K, paused 1ms+1ms, total 15ms
D/dalvikvm( 118): WAIT_FOR_CONCURRENT_GC blocked 0ms
I/ActivityThread( 910): Pub com.android.email.provider;com.android.email.notifier: com.android.email.provider.EmailProvider
I/ContactsDatabaseHelper( 652): Locale change completed in 100ms
I/ActivityThread( 910): Pub com.android.email.attachmentprovider: com.android.email.provider.AttachmentProvider
D/dalvikvm( 118): GC_EXPLICIT freed <1K, 4% free 8201K/8515K, paused 1ms+1ms, total 14ms
I/ContactsProvider( 652): Upgrading aggregation algorithm
I/ContactAggregator( 652): Marked all visible contacts for aggregation: 0 raw contacts, 2 ms
D/ExchangeService( 891): !!! EAS ExchangeService, onCreate
I/Email ( 910): Onetime initialization: 1
I/Email ( 910): Onetime initialization: 2
D/Eas Debug( 891): Logging:
D/ExchangeService( 891): !!! EAS ExchangeService, onStartCommand, startingUp = false, running = false
W/BroadcastQueue( 304): Permission Denial: receiving Intent { act=android.intent.action.BOOT_COMPLETED flg=0x10 } to com.motorola.asds.isign.provider.fetchprovider requires android.permission.RECEIVE_BOOT_COMPLETED due to sender null (uid 1000)
D/ExchangeService( 891): !!! EAS ExchangeService, onStartCommand, startingUp = true, running = false
I/ActivityManager( 304): Start proc com.ti.server for broadcast com.ti.server/.BootReceiver: pid=936 uid=1029 gids={1028}
D/ExchangeService( 891): !!! EAS ExchangeService, onStartCommand, startingUp = true, running = false
I/ContactsProvider( 652): Aggregation algorithm upgraded for 0 raw contacts in 53ms
D/ExchangeService( 891): Received deviceId from Email app: android946689709427
D/ExchangeService( 891): Reconciling accounts...
D/Eas Debug( 891): Logging:
I/BootReceiver( 936): Starting FM service
I/ActivityManager( 304): Start proc com.android.gallery3d for broadcast com.android.gallery3d/com.android.camera.DisableCameraReceiver: pid=958 uid=10034 gids={1006, 3003, 1015, 1023, 1028}
I/ContactsFTS( 652): Rebuild contact search index in 34ms, 0 contacts
D/dalvikvm( 958): WAIT_FOR_CONCURRENT_GC blocked 0ms
I/ActivityThread( 958): Pub com.android.gallery3d.provider: com.android.gallery3d.provider.GalleryProvider
I/FmService( 936): onCreate called
I/JFmRx ( 936): Loading libfmradio.so
I/DisableCameraReceiver( 958): no back camera
I/DisableCameraReceiver( 958): disable all camera activities
D/EmailProvider( 910): Creating EmailProvider database
I/JFmRxNative( 936): nativeJFmRx_ClassInitNative: Obtaining method IDs
I/ActivityManager( 304): Start proc com.android.mms for broadcast com.android.mms/.transaction.MmsSystemEventReceiver: pid=972 uid=10044 gids={3003, 1015, 1023, 1028}
D/dalvikvm( 304): GC_CONCURRENT freed 928K, 15% free 10630K/12423K, paused 2ms+3ms, total 40ms
I/ActivityThread( 972): Pub mms_temp_file: com.android.mms.TempFileProvider
I/ActivityThread( 972): Pub com.android.mms.SuggestionsProvider: com.android.mms.SuggestionsProvider
D/EmailProvider( 910): Creating EmailProviderBody database
D/CountryDetector( 304): The first listener is added
V/MmsConfig( 972): mnc/mcc:
V/MmsConfig( 972): tag: bool value: enabledMMS - true
V/MmsConfig( 972): tag: int value: maxMessageSize - 307200
V/MmsConfig( 972): tag: int value: maxImageHeight - 480
V/MmsConfig( 972): tag: int value: maxImageWidth - 640
V/MmsConfig( 972): tag: int value: defaultSMSMessagesPerThread - 500
V/MmsConfig( 972): tag: int value: defaultMMSMessagesPerThread - 50
V/MmsConfig( 972): tag: int value: minMessageCountPerThread - 10
V/MmsConfig( 972): tag: int value: maxMessageCountPerThread - 5000
V/MmsConfig( 972): tag: string value: uaProfUrl - http://www.google.com/oha/rdf/ua-profile-kila.xml
V/MmsConfig( 972): tag: int value: recipientLimit - -1
V/MmsConfig( 972): tag: int value: smsToMmsTextThreshold - 4
V/MmsConfig( 972): tag: bool value: enableMultipartSMS - true
V/MmsConfig( 972): tag: bool value: enableSlideDuration - true
V/MmsConfig( 972): tag: int value: maxMessageTextSize - -1
I/ActivityManager( 304): Start proc com.motorola.asds.isign.mobile for broadcast com.motorola.asds.isign.mobile/.service.MobileDeviceBootReceiver: pid=1000 uid=1000 gids={1015, 1023, 3002, 3001, 3003, 1028}
I/ActivityThread( 1000): Pub concierge.provider.mobile: com.motorola.asds.isign.mobile.provider.MobileDeviceProvider
I/MobileDeviceServiceBootReceiver( 1000): Starting MobileDeviceBootService
D/EmailProvider( 910): Creating EmailProvider database
I/MobileDeviceBootService( 1000): Initializing mobile device integration
I/MobileDeviceSessionManager( 1000): Clearing identity table
D/MediaScannerReceiver( 628): action: android.intent.action.MEDIA_MOUNTED path: /storage/sdcard0
D/dalvikvm( 1000): GC_CONCURRENT freed 387K, 6% free 8317K/8775K, paused 11ms+1ms, total 30ms
D/dalvikvm( 1000): WAIT_FOR_CONCURRENT_GC blocked 15ms
I/MediaProvider( 628): Upgrading media database from version 0 to 509, which will destroy all old data
D/dalvikvm( 910): GC_CONCURRENT freed 239K, 4% free 8400K/8711K, paused 13ms+11ms, total 36ms
I/MobileDeviceDatabase( 1000): DatabaseHelper onCreate
D/EmailProvider( 910): fromDatabase accounts: 0
D/EmailProvider( 910): ending toDatabase transaction; copyCount = 0
I/MobileDeviceSessionManager( 1000): Sending ACTION_ASSOCIATION_CHANGED broadcast with ASSOCIATED: false
D/EmailProvider( 910): ending fromDatabase transaction; copyCount = 0
D/dalvikvm( 304): GC_CONCURRENT freed 389K, 14% free 10749K/12423K, paused 12ms+2ms, total 42ms
E/SQLiteLog( 628): (1) no such table: files
D/dalvikvm( 304): WAIT_FOR_CONCURRENT_GC blocked 0ms
D/MmsSmsDatabaseHelper( 591): [MmsSmsDb] tableName: threads hasAutoIncrement: CREATE TABLE threads (_id INTEGER PRIMARY KEY AUTOINCREMENT,date INTEGER DEFAULT 0,message_count INTEGER DEFAULT 0,recipient_ids TEXT,snippet TEXT,snippet_cs INTEGER DEFAULT 0,read INTEGER DEFAULT 1,type INTEGER DEFAULT 0,error INTEGER DEFAULT 0,has_attachment INTEGER DEFAULT 0) result: true
D/MmsSmsDatabaseHelper( 591): [MmsSmsDb] tableName: canonical_addresses hasAutoIncrement: CREATE TABLE canonical_addresses (_id INTEGER PRIMARY KEY AUTOINCREMENT,address TEXT) result: true
D/MmsSmsDatabaseHelper( 591): [getWritableDatabase] hasAutoIncrementThreads: true hasAutoIncrementAddresses: true
D/dalvikvm( 304): GC_EXPLICIT freed 22K, 14% free 10732K/12423K, paused 1ms+2ms, total 33ms
E/ASFDummyExtractor( 120): isASFParserAvailable
W/ASFDummyExtractor( 120): ASF parser is not available
E/WVMExtractor( 120): Failed to open libwvm.so
E/ASFDummyExtractor( 120): isASFParserAvailable
W/ASFDummyExtractor( 120): ASF parser is not available
E/WVMExtractor( 120): Failed to open libwvm.so
E/ASFDummyExtractor( 120): isASFParserAvailable
W/ASFDummyExtractor( 120): ASF parser is not available
E/WVMExtractor( 120): Failed to open libwvm.so
E/ASFDummyExtractor( 120): isASFParserAvailable
W/ASFDummyExtractor( 120): ASF parser is not available
E/WVMExtractor( 120): Failed to open libwvm.so
E/ASFDummyExtractor( 120): isASFParserAvailable
W/ASFDummyExtractor( 120): ASF parser is not available
E/WVMExtractor( 120): Failed to open libwvm.so
I/CalendarProvider2( 874): Sending notification intent: Intent { act=android.intent.action.PROVIDER_CHANGED dat=content://com.android.calendar }
W/ContentResolver( 874): Failed to get type for: content://com.android.calendar (Unknown URL content://com.android.calendar)
I/ActivityManager( 304): Start proc com.android.calendar for broadcast com.android.calendar/.alerts.AlertReceiver: pid=1014 uid=10019 gids={3003, 1028}
