2020-05-04 14:42:53.655 3427-3934/? I/CameraHardwareInterface: Opening camera 0
2020-05-04 14:42:53.656 3418-3820/? I/CamDev@1.0-impl: Opening camera 0
2020-05-04 14:42:53.656 3418-3820/? E/CameraHal: (b0502970) hardware/ti/dra7xx/camera/CameraHal_Module.cpp:634 camera_device_open - CameraHal_Module: ******************* 1 *******************
2020-05-04 14:42:53.656 3418-3820/? I/CameraHal: (b0502970) hardware/ti/dra7xx/camera/CameraHal_Module.cpp:638 camera_device_open - camera_device open
2020-05-04 14:42:53.656 3418-3820/? E/CameraHal: (b0502970) hardware/ti/dra7xx/camera/CameraHal.cpp:126 getSocFamily - '/sys/board_properties/soc/family' Not Available
2020-05-04 14:42:53.656 3418-3820/? D/CameraHal: (b0502970) hardware/ti/dra7xx/camera/CameraParameters.cpp:214 dump - ================================
2020-05-04 14:42:53.656 3418-3820/? D/CameraHal: (b0502970) hardware/ti/dra7xx/camera/CameraParameters.cpp:215 dump - Dumping properties for camera: 0
2020-05-04 14:42:53.656 3418-3820/? D/CameraHal: (b0502970) hardware/ti/dra7xx/camera/CameraParameters.cpp:220 dump - prop-antibanding-values = auto
2020-05-04 14:42:53.656 3418-3820/? D/CameraHal: (b0502970) hardware/ti/dra7xx/camera/CameraParameters.cpp:220 dump - prop-camera-name = USBCAMERA
2020-05-04 14:42:53.656 3418-3820/? D/CameraHal: (b0502970) hardware/ti/dra7xx/camera/CameraParameters.cpp:220 dump - prop-effect-values = none
2020-05-04 14:42:53.656 3418-3820/? D/CameraHal: (b0502970) hardware/ti/dra7xx/camera/CameraParameters.cpp:220 dump - prop-exposure-mode-values = auto
2020-05-04 14:42:53.656 3418-3820/? D/CameraHal: (b0502970) hardware/ti/dra7xx/camera/CameraParameters.cpp:220 dump - prop-facing = back
2020-05-04 14:42:53.656 3418-3820/? D/CameraHal: (b0502970) hardware/ti/dra7xx/camera/CameraParameters.cpp:220 dump - prop-flash-mode-values = off
2020-05-04 14:42:53.656 3418-3820/? D/CameraHal: (b0502970) hardware/ti/dra7xx/camera/CameraParameters.cpp:220 dump - prop-focal-length = 1
2020-05-04 14:42:53.656 3418-3820/? D/CameraHal: (b0502970) hardware/ti/dra7xx/camera/CameraParameters.cpp:220 dump - prop-focus-mode-default = fixed
2020-05-04 14:42:53.656 3418-3820/? D/CameraHal: (b0502970) hardware/ti/dra7xx/camera/CameraParameters.cpp:220 dump - prop-focus-mode-values = fixed
2020-05-04 14:42:53.656 3418-3820/? D/CameraHal: (b0502970) hardware/ti/dra7xx/camera/CameraParameters.cpp:220 dump - prop-framerate-range-default = (30000,30000)
2020-05-04 14:42:53.656 3418-3820/? D/CameraHal: (b0502970) hardware/ti/dra7xx/camera/CameraParameters.cpp:220 dump - prop-framerate-range-values =
2020-05-04 14:42:53.656 3418-3820/? D/CameraHal: (b0502970) hardware/ti/dra7xx/camera/CameraParameters.cpp:220 dump - prop-horizontal-angle = 170
2020-05-04 14:42:53.656 3418-3820/? D/CameraHal: (b0502970) hardware/ti/dra7xx/camera/CameraParameters.cpp:220 dump - prop-ipp-values = ldc-nsf
2020-05-04 14:42:53.656 3418-3820/? D/CameraHal: (b0502970) hardware/ti/dra7xx/camera/CameraParameters.cpp:220 dump - prop-iso-mode-values = auto
2020-05-04 14:42:53.656 3418-3820/? D/CameraHal: (b0502970) hardware/ti/dra7xx/camera/CameraParameters.cpp:220 dump - prop-jpeg-quality-default = 90
2020-05-04 14:42:53.656 3418-3820/? D/CameraHal: (b0502970) hardware/ti/dra7xx/camera/CameraParameters.cpp:220 dump - prop-jpeg-thumbnail-quality-default = 50
2020-05-04 14:42:53.656 3418-3820/? D/CameraHal: (b0502970) hardware/ti/dra7xx/camera/CameraParameters.cpp:220 dump - prop-jpeg-thumbnail-size-default = 320x240
2020-05-04 14:42:53.656 3418-3820/? D/CameraHal: (b0502970) hardware/ti/dra7xx/camera/CameraParameters.cpp:220 dump - prop-jpeg-thumbnail-size-values = 0x0,320x240
2020-05-04 14:42:53.656 3418-3820/? D/CameraHal: (b0502970) hardware/ti/dra7xx/camera/CameraParameters.cpp:220 dump - prop-max-fd-hw-faces = 0
2020-05-04 14:42:53.656 3418-3820/? D/CameraHal: (b0502970) hardware/ti/dra7xx/camera/CameraParameters.cpp:220 dump - prop-orientation = 0
2020-05-04 14:42:53.656 3418-3820/? D/CameraHal: (b0502970) hardware/ti/dra7xx/camera/CameraParameters.cpp:220 dump - prop-picture-format-default = jpeg
2020-05-04 14:42:53.656 3418-3820/? D/CameraHal: (b0502970) hardware/ti/dra7xx/camera/CameraParameters.cpp:220 dump - prop-picture-format-values = jpeg
2020-05-04 14:42:53.656 3418-3820/? D/CameraHal: (b0502970) hardware/ti/dra7xx/camera/CameraParameters.cpp:220 dump - prop-picture-size-default = 1280x720
2020-05-04 14:42:53.656 3418-3820/? D/CameraHal: (b0502970) hardware/ti/dra7xx/camera/CameraParameters.cpp:220 dump - prop-picture-size-values = 1280x720,752x480,640x480,600x400,352x288,320x240
2020-05-04 14:42:53.656 3418-3820/? D/CameraHal: (b0502970) hardware/ti/dra7xx/camera/CameraParameters.cpp:220 dump - prop-preview-format-default = yuv420sp
2020-05-04 14:42:53.656 3418-3820/? D/CameraHal: (b0502970) hardware/ti/dra7xx/camera/CameraParameters.cpp:220 dump - prop-preview-format-values = yuv420sp
2020-05-04 14:42:53.656 3418-3820/? D/CameraHal: (b0502970) hardware/ti/dra7xx/camera/CameraParameters.cpp:220 dump - prop-preview-frame-rate-default = 30
2020-05-04 14:42:53.656 3418-3820/? D/CameraHal: (b0502970) hardware/ti/dra7xx/camera/CameraParameters.cpp:220 dump - prop-preview-frame-rate-values =
2020-05-04 14:42:53.656 3418-3820/? D/CameraHal: (b0502970) hardware/ti/dra7xx/camera/CameraParameters.cpp:220 dump - prop-preview-size-default = 1280x720
2020-05-04 14:42:53.656 3418-3820/? D/CameraHal: (b0502970) hardware/ti/dra7xx/camera/CameraParameters.cpp:220 dump - prop-preview-size-values = 1280x720,752x480,640x480,600x400,352x288,320x240
2020-05-04 14:42:53.656 3418-3820/? D/CameraHal: (b0502970) hardware/ti/dra7xx/camera/CameraParameters.cpp:220 dump - prop-preview-subsampled-size-values = 1280x720,752x480,640x480,600x400,352x288,320x240
2020-05-04 14:42:53.656 3418-3820/? D/CameraHal: (b0502970) hardware/ti/dra7xx/camera/CameraParameters.cpp:220 dump - prop-required-preview-bufs = 8
2020-05-04 14:42:53.656 3418-3820/? D/CameraHal: (b0502970) hardware/ti/dra7xx/camera/CameraParameters.cpp:220 dump - prop-s3d-prv-frame-layout = none
2020-05-04 14:42:53.656 3418-3820/? D/CameraHal: (b0502970) hardware/ti/dra7xx/camera/CameraParameters.cpp:220 dump - prop-sensor-index = 0
2020-05-04 14:42:53.656 3418-3820/? D/CameraHal: (b0502970) hardware/ti/dra7xx/camera/CameraParameters.cpp:220 dump - prop-vertical-angle = 170
2020-05-04 14:42:53.656 3418-3820/? D/CameraHal: (b0502970) hardware/ti/dra7xx/camera/CameraParameters.cpp:220 dump - prop-vnf-default = false
2020-05-04 14:42:53.656 3418-3820/? D/CameraHal: (b0502970) hardware/ti/dra7xx/camera/CameraParameters.cpp:220 dump - prop-vstab-default = false
2020-05-04 14:42:53.656 3418-3820/? D/CameraHal: (b0502970) hardware/ti/dra7xx/camera/CameraParameters.cpp:220 dump - prop-zoom-default = 1
2020-05-04 14:42:53.656 3418-3820/? D/CameraHal: (b0502970) hardware/ti/dra7xx/camera/CameraParameters.cpp:220 dump - prop-zoom-ratios = 1
2020-05-04 14:42:53.656 3418-3820/? D/CameraHal: (b0502970) hardware/ti/dra7xx/camera/CameraParameters.cpp:220 dump - prop-zoom-stages = 1
2020-05-04 14:42:53.656 3418-3820/? D/CameraHal: (b0502970) hardware/ti/dra7xx/camera/CameraParameters.cpp:220 dump - prop-zoom-supported = false
2020-05-04 14:42:53.656 3418-3820/? D/CameraHal: (b0502970) hardware/ti/dra7xx/camera/CameraParameters.cpp:220 dump - sensor-orientation = 0
2020-05-04 14:42:53.657 3418-3820/? D/CameraHal: (b0502970) hardware/ti/dra7xx/camera/CameraParameters.cpp:223 dump - --------------------------------
2020-05-04 14:42:53.657 3418-3820/? D/CameraHal: (b0502970) hardware/ti/dra7xx/camera/CameraHal.cpp:4139 initialize - Sensor index= 0; Sensor name= USBCAMERA
2020-05-04 14:42:53.657 3418-3820/? E/CameraHal: Found VPE M2M device /dev/video1!!!
2020-05-04 14:42:53.657 3418-3820/? D/CameraHal: (b0502970) hardware/ti/dra7xx/camera/V4LCameraAdapter/V4LCameraAdapter.cpp:1212 V4LCameraAdapter_Factory - New V4L Camera adapter instance created for sensor 0
2020-05-04 14:42:53.657 3418-3820/? D/CameraHal: (b0502970) hardware/ti/dra7xx/camera/AppCallbackNotifier.cpp:1656 start - --> AppCallbackNotifier NOTIFIER_STARTED
2020-05-04 14:42:53.657 3418-3820/? D/CameraHal: (b0502970) hardware/ti/dra7xx/camera/CameraHal.cpp:4209 initialize - Started AppCallbackNotifier..
2020-05-04 14:42:53.658 3418-3820/? D/CameraHal: (b0502970) hardware/ti/dra7xx/camera/CameraHal.cpp:411 setParameters - PreviewFormat set yuv420sp
2020-05-04 14:42:53.658 3418-3820/? D/CameraHal: (b0502970) hardware/ti/dra7xx/camera/CameraHal.cpp:572 setParameters - Recording Hint is set to NULL
2020-05-04 14:42:53.658 3418-3820/? D/CameraHal: (b0502970) hardware/ti/dra7xx/camera/CameraHal.cpp:593 setParameters - Preview Resolution: 1280 x 720
2020-05-04 14:42:53.658 3418-3820/? D/CameraHal: (b0502970) hardware/ti/dra7xx/camera/CameraHal.cpp:597 setParameters - Focus mode set fixed
2020-05-04 14:42:53.658 3418-3820/? D/CameraHal: (b0502970) hardware/ti/dra7xx/camera/CameraHal.cpp:641 setParameters - Picture Size by App 1280 x 720
2020-05-04 14:42:53.658 3418-3820/? D/CameraHal: (b0502970) hardware/ti/dra7xx/camera/CameraHal.cpp:1000 setParameters - Jpeg quality set 90
2020-05-04 14:42:53.658 3418-3820/? D/CameraHal: (b0502970) hardware/ti/dra7xx/camera/CameraHal.cpp:1006 setParameters - Thumbnail width set 320
2020-05-04 14:42:53.658 3418-3820/? D/CameraHal: (b0502970) hardware/ti/dra7xx/camera/CameraHal.cpp:1012 setParameters - Thumbnail width set 240
2020-05-04 14:42:53.658 3418-3820/? D/CameraHal: (b0502970) hardware/ti/dra7xx/camera/CameraHal.cpp:1018 setParameters - Thumbnail quality set 50
2020-05-04 14:42:53.658 3418-3820/? D/CameraHal: (b0502970) hardware/ti/dra7xx/camera/CameraHal.cpp:1125 setParameters - Zoom set 1
2020-05-04 14:42:53.658 3418-3820/? D/CameraHal: (b0502970) hardware/ti/dra7xx/camera/CameraHal.cpp:1172 setParameters - External Gamma set false
2020-05-04 14:42:53.658 3418-3820/? D/CameraHal: (b0502970) hardware/ti/dra7xx/camera/CameraHal.cpp:1178 setParameters - NSF1 set true
2020-05-04 14:42:53.658 3418-3820/? D/CameraHal: (b0502970) hardware/ti/dra7xx/camera/CameraHal.cpp:1184 setParameters - NSF2 set true
2020-05-04 14:42:53.658 3418-3820/? D/CameraHal: (b0502970) hardware/ti/dra7xx/camera/CameraHal.cpp:1190 setParameters - Sharpening set true
2020-05-04 14:42:53.658 3418-3820/? D/CameraHal: (b0502970) hardware/ti/dra7xx/camera/CameraHal.cpp:1196 setParameters - Color Conversion set true
2020-05-04 14:42:53.658 3418-3820/? D/CameraHal: (b0502970) hardware/ti/dra7xx/camera/CameraHal.cpp:1202 setParameters - Green Inballance Correction set true
2020-05-04 14:42:53.658 3418-3820/? D/CameraHal: (b0502970) hardware/ti/dra7xx/camera/V4LCameraAdapter/V4LCameraAdapter.cpp:456 setParameters - Width * Height 1280 x 720 format 0x56595559
2020-05-04 14:42:53.658 3418-3820/? D/CameraHal: (b0502970) hardware/ti/dra7xx/camera/V4LCameraAdapter/V4LCameraAdapter.cpp:218 v4lSetFormat - Width * Height 1280 x 720 format 0x56595559
2020-05-04 14:42:53.659 3950-3950/? I/app_process: System.exit called, status: 0
2020-05-04 14:42:53.659 3950-3950/? I/AndroidRuntime: VM exiting with result code 0.
2020-05-04 14:42:53.695 3418-3820/? D/CameraHal: (b0502970) hardware/ti/dra7xx/camera/V4LCameraAdapter/V4LCameraAdapter.cpp:244 v4lSetFormat - VIDIOC_G_FMT : WxH = 1280x720
2020-05-04 14:42:53.695 3418-3820/? D/CameraHal: (b0502970) hardware/ti/dra7xx/camera/V4LCameraAdapter/V4LCameraAdapter.cpp:245 v4lSetFormat - ### Using: WxH = 1280x720 pixelformat=0x56595559
2020-05-04 14:42:53.695 3418-3820/? D/CameraHal: (b0502970) hardware/ti/dra7xx/camera/V4LCameraAdapter/V4LCameraAdapter.cpp:246 v4lSetFormat - ### Using: bytesperline=2560 sizeimage=1843200 colorspace=0x1
2020-05-04 14:42:53.695 3418-3820/? D/CameraHal: (b0502970) hardware/ti/dra7xx/camera/V4LCameraAdapter/V4LCameraAdapter.cpp:465 setParameters - Current fps is 0 new fps is (30000,30000)
2020-05-04 14:42:53.696 3427-3433/? I/CameraHardwareInterface: Destroying camera 0
2020-05-04 14:42:53.696 3418-3820/? D/CameraHal: (b0502970) hardware/ti/dra7xx/camera/CameraHal.cpp:286 enableMsgType - Preview callback not enabled 409
2020-05-04 14:42:53.709 3418-3820/? D/CameraHal: (b0502970) hardware/ti/dra7xx/camera/CameraHal.cpp:411 setParameters - PreviewFormat set yuv420sp
2020-05-04 14:42:53.709 3418-3820/? D/CameraHal: (b0502970) hardware/ti/dra7xx/camera/CameraHal.cpp:572 setParameters - Recording Hint is set to NULL
2020-05-04 14:42:53.709 3418-3820/? D/CameraHal: (b0502970) hardware/ti/dra7xx/camera/CameraHal.cpp:593 setParameters - Preview Resolution: 1280 x 720
2020-05-04 14:42:53.709 3418-3820/? D/CameraHal: (b0502970) hardware/ti/dra7xx/camera/CameraHal.cpp:597 setParameters - Focus mode set fixed
2020-05-04 14:42:53.709 3418-3820/? D/CameraHal: (b0502970) hardware/ti/dra7xx/camera/CameraHal.cpp:641 setParameters - Picture Size by App 1280 x 720
2020-05-04 14:42:53.709 3418-3820/? D/CameraHal: (b0502970) hardware/ti/dra7xx/camera/CameraHal.cpp:1000 setParameters - Jpeg quality set 90
2020-05-04 14:42:53.709 3418-3820/? D/CameraHal: (b0502970) hardware/ti/dra7xx/camera/CameraHal.cpp:1006 setParameters - Thumbnail width set 320
2020-05-04 14:42:53.709 3418-3820/? D/CameraHal: (b0502970) hardware/ti/dra7xx/camera/CameraHal.cpp:1012 setParameters - Thumbnail width set 240
2020-05-04 14:42:53.709 3418-3820/? D/CameraHal: (b0502970) hardware/ti/dra7xx/camera/CameraHal.cpp:1018 setParameters - Thumbnail quality set 50
2020-05-04 14:42:53.709 3418-3820/? D/CameraHal: (b0502970) hardware/ti/dra7xx/camera/CameraHal.cpp:1125 setParameters - Zoom set 1
2020-05-04 14:42:53.709 3418-3820/? D/CameraHal: (b0502970) hardware/ti/dra7xx/camera/CameraHal.cpp:1172 setParameters - External Gamma set false
2020-05-04 14:42:53.709 3418-3820/? D/CameraHal: (b0502970) hardware/ti/dra7xx/camera/CameraHal.cpp:1178 setParameters - NSF1 set true
2020-05-04 14:42:53.709 3418-3820/? D/CameraHal: (b0502970) hardware/ti/dra7xx/camera/CameraHal.cpp:1184 setParameters - NSF2 set true
2020-05-04 14:42:53.709 3418-3820/? D/CameraHal: (b0502970) hardware/ti/dra7xx/camera/CameraHal.cpp:1190 setParameters - Sharpening set true
2020-05-04 14:42:53.709 3418-3820/? D/CameraHal: (b0502970) hardware/ti/dra7xx/camera/CameraHal.cpp:1196 setParameters - Color Conversion set true
2020-05-04 14:42:53.709 3418-3820/? D/CameraHal: (b0502970) hardware/ti/dra7xx/camera/CameraHal.cpp:1202 setParameters - Green Inballance Correction set true
2020-05-04 14:42:53.709 3418-3820/? D/CameraHal: (b0502970) hardware/ti/dra7xx/camera/V4LCameraAdapter/V4LCameraAdapter.cpp:456 setParameters - Width * Height 1280 x 720 format 0x56595559
2020-05-04 14:42:53.709 3418-3820/? D/CameraHal: (b0502970) hardware/ti/dra7xx/camera/V4LCameraAdapter/V4LCameraAdapter.cpp:218 v4lSetFormat - Width * Height 1280 x 720 format 0x56595559
2020-05-04 14:42:53.721 3418-3820/? D/CameraHal: (b0502970) hardware/ti/dra7xx/camera/V4LCameraAdapter/V4LCameraAdapter.cpp:244 v4lSetFormat - VIDIOC_G_FMT : WxH = 1280x720
2020-05-04 14:42:53.721 3418-3820/? D/CameraHal: (b0502970) hardware/ti/dra7xx/camera/V4LCameraAdapter/V4LCameraAdapter.cpp:245 v4lSetFormat - ### Using: WxH = 1280x720 pixelformat=0x56595559
2020-05-04 14:42:53.721 3418-3820/? D/CameraHal: (b0502970) hardware/ti/dra7xx/camera/V4LCameraAdapter/V4LCameraAdapter.cpp:246 v4lSetFormat - ### Using: bytesperline=2560 sizeimage=1843200 colorspace=0x1
2020-05-04 14:42:53.721 3418-3820/? D/CameraHal: (b0502970) hardware/ti/dra7xx/camera/V4LCameraAdapter/V4LCameraAdapter.cpp:465 setParameters - Current fps is 30000 new fps is (30000,30000)
2020-05-04 14:42:53.723 3418-3820/? D/CameraHal: (b0502970) hardware/ti/dra7xx/camera/CameraHal.cpp:281 enableMsgType - Enabling Preview Callback
2020-05-04 14:42:53.814 3874-3879/org.sipclient.debug I/zygote: Do full code cache collection, code=121KB, data=99KB
2020-05-04 14:42:53.816 3874-3879/org.sipclient.debug I/zygote: After code cache collection, code=118KB, data=66KB
2020-05-04 14:42:53.823 202-202/? I/audio_hw_primary: do_out_standby() close card 0 port 0
2020-05-04 14:42:53.863 3874-3879/org.sipclient.debug I/zygote: Do partial code cache collection, code=120KB, data=71KB
2020-05-04 14:42:53.865 3874-3879/org.sipclient.debug I/zygote: After code cache collection, code=118KB, data=70KB
2020-05-04 14:42:53.865 3874-3879/org.sipclient.debug I/zygote: Increasing code cache capacity to 512KB
2020-05-04 14:42:53.962 3427-3433/? I/CameraHardwareInterface: Destroying camera 0
2020-05-04 14:42:53.962 3418-3429/? D/CameraHal: (b0960970) hardware/ti/dra7xx/camera/V4LCameraAdapter/V4LCameraAdapter.cpp:456 setParameters - Width * Height 1280 x 720 format 0x56595559
2020-05-04 14:42:53.962 3418-3429/? D/CameraHal: (b0960970) hardware/ti/dra7xx/camera/V4LCameraAdapter/V4LCameraAdapter.cpp:218 v4lSetFormat - Width * Height 1280 x 720 format 0x56595559
2020-05-04 14:42:53.973 3418-3429/? D/CameraHal: (b0960970) hardware/ti/dra7xx/camera/V4LCameraAdapter/V4LCameraAdapter.cpp:244 v4lSetFormat - VIDIOC_G_FMT : WxH = 1280x720
2020-05-04 14:42:53.973 3418-3429/? D/CameraHal: (b0960970) hardware/ti/dra7xx/camera/V4LCameraAdapter/V4LCameraAdapter.cpp:245 v4lSetFormat - ### Using: WxH = 1280x720 pixelformat=0x56595559
2020-05-04 14:42:53.973 3418-3429/? D/CameraHal: (b0960970) hardware/ti/dra7xx/camera/V4LCameraAdapter/V4LCameraAdapter.cpp:246 v4lSetFormat - ### Using: bytesperline=2560 sizeimage=1843200 colorspace=0x1
2020-05-04 14:42:53.973 3418-3429/? D/CameraHal: (b0960970) hardware/ti/dra7xx/camera/V4LCameraAdapter/V4LCameraAdapter.cpp:465 setParameters - Current fps is 30000 new fps is (30000,30000)
2020-05-04 14:42:53.973 3418-3429/? D/CameraHal: (b0960970) hardware/ti/dra7xx/camera/BaseCameraAdapter.cpp:1927 setState - Adapter state switch INTIALIZED_STATE->INTIALIZED_STATE event = CAMERA_QUERY_RESOLUTION_PREVIEW
2020-05-04 14:42:53.976 3418-3429/? D/CameraHal: (b0960970) hardware/ti/dra7xx/camera/ANativeWindowDisplayAdapter.cpp:484 allocateBufferList - Number of buffers set to ANativeWindow 8
2020-05-04 14:42:53.977 3418-3429/? D/CameraHal: (b0960970) hardware/ti/dra7xx/camera/ANativeWindowDisplayAdapter.cpp:497 allocateBufferList - Configuring 8 buffers for ANativeWindow
2020-05-04 14:42:53.983 3418-3429/? D/CameraHal: (b0960970) hardware/ti/dra7xx/camera/ANativeWindowDisplayAdapter.cpp:551 allocateBufferList - got handle 0xb1914d18
2020-05-04 14:42:53.970 3427-3427/? I/Binder:3427_3: type=1400 audit(0.0:92): avc: denied { ioctl } for path="/dev/pvrsrvkm" dev="tmpfs" ino=5506 ioctlcmd=0x671e scontext=u:r:cameraserver:s0 tcontext=u:object_r:gpu_device:s0 tclass=chr_file permissive=1
2020-05-04 14:42:54.055 3418-3429/? D/CameraHal: (b0960970) hardware/ti/dra7xx/camera/ANativeWindowDisplayAdapter.cpp:551 allocateBufferList - got handle 0xb1914dd8
2020-05-04 14:42:53.970 3427-3427/? I/Binder:3427_3: type=1400 audit(0.0:93): avc: denied { map } for path="/dev/pvrsrvkm" dev="tmpfs" ino=5506 scontext=u:r:cameraserver:s0 tcontext=u:object_r:gpu_device:s0 tclass=chr_file permissive=1
2020-05-04 14:42:54.099 3418-3429/? D/CameraHal: (b0960970) hardware/ti/dra7xx/camera/ANativeWindowDisplayAdapter.cpp:551 allocateBufferList - got handle 0xaf583028
2020-05-04 14:42:53.970 3427-3427/? I/Binder:3427_3: type=1400 audit(0.0:94): avc: denied { read write } for path="/dev/pvrsrvkm" dev="tmpfs" ino=5506 scontext=u:r:cameraserver:s0 tcontext=u:object_r:gpu_device:s0 tclass=chr_file permissive=1
2020-05-04 14:42:54.124 3418-3429/? D/CameraHal: (b0960970) hardware/ti/dra7xx/camera/ANativeWindowDisplayAdapter.cpp:551 allocateBufferList - got handle 0xaf583130
2020-05-04 14:42:54.128 3418-3429/? D/CameraHal: (b0960970) hardware/ti/dra7xx/camera/ANativeWindowDisplayAdapter.cpp:551 allocateBufferList - got handle 0xaf583190
2020-05-04 14:42:54.132 3418-3429/? D/CameraHal: (b0960970) hardware/ti/dra7xx/camera/ANativeWindowDisplayAdapter.cpp:551 allocateBufferList - got handle 0xaf5831f0
2020-05-04 14:42:54.136 3418-3429/? D/CameraHal: (b0960970) hardware/ti/dra7xx/camera/ANativeWindowDisplayAdapter.cpp:551 allocateBufferList - got handle 0xaf583298
2020-05-04 14:42:54.140 3418-3429/? D/CameraHal: (b0960970) hardware/ti/dra7xx/camera/ANativeWindowDisplayAdapter.cpp:551 allocateBufferList - got handle 0xaf583358
2020-05-04 14:42:54.141 3418-3429/? D/CameraHal: (b0960970) hardware/ti/dra7xx/camera/BaseCameraAdapter.cpp:414 sendCommand - Use buffers for preview
2020-05-04 14:42:54.141 3418-3429/? D/CameraHal: (b0960970) hardware/ti/dra7xx/camera/BaseCameraAdapter.cpp:1919 setState - Adapter state switch INTIALIZED_STATE->LOADED_PREVIEW_STATE event = CAMERA_USE_BUFFERS_PREVIEW
2020-05-04 14:42:54.141 3418-3429/? E/CameraHal: (b0960970) hardware/ti/dra7xx/camera/V4LCameraAdapter/V4LCameraAdapter.cpp:124 v4lInitDmaBuf - Allocate CameraBufferlist [8][1280][720]
2020-05-04 14:42:54.142 3418-3429/? I/chatty: uid=1047(cameraserver) HwBinder:3418_1 identical 6 lines
2020-05-04 14:42:54.142 3418-3429/? D/CameraHal: (b0960970) hardware/ti/dra7xx/camera/V4LCameraAdapter/V4LCameraAdapter.cpp:589 UseBuffersPreview - Preview- buff [0] = 0xb07d1000 length=0
2020-05-04 14:42:54.142 3418-3429/? D/CameraHal: (b0960970) hardware/ti/dra7xx/camera/V4LCameraAdapter/V4LCameraAdapter.cpp:589 UseBuffersPreview - Preview- buff [1] = 0xb07d1080 length=0
2020-05-04 14:42:54.142 3418-3429/? D/CameraHal: (b0960970) hardware/ti/dra7xx/camera/V4LCameraAdapter/V4LCameraAdapter.cpp:589 UseBuffersPreview - Preview- buff [2] = 0xb07d1100 length=0
2020-05-04 14:42:54.142 3418-3429/? D/CameraHal: (b0960970) hardware/ti/dra7xx/camera/V4LCameraAdapter/V4LCameraAdapter.cpp:589 UseBuffersPreview - Preview- buff [3] = 0xb07d1180 length=0
2020-05-04 14:42:54.142 3418-3429/? D/CameraHal: (b0960970) hardware/ti/dra7xx/camera/V4LCameraAdapter/V4LCameraAdapter.cpp:589 UseBuffersPreview - Preview- buff [4] = 0xb07d1200 length=0
2020-05-04 14:42:54.142 3418-3429/? D/CameraHal: (b0960970) hardware/ti/dra7xx/camera/V4LCameraAdapter/V4LCameraAdapter.cpp:589 UseBuffersPreview - Preview- buff [5] = 0xb07d1280 length=0
2020-05-04 14:42:54.142 3418-3429/? D/CameraHal: (b0960970) hardware/ti/dra7xx/camera/V4LCameraAdapter/V4LCameraAdapter.cpp:589 UseBuffersPreview - Preview- buff [6] = 0xb07d1300 length=0
2020-05-04 14:42:54.142 3418-3429/? D/CameraHal: (b0960970) hardware/ti/dra7xx/camera/V4LCameraAdapter/V4LCameraAdapter.cpp:589 UseBuffersPreview - Preview- buff [7] = 0xb07d1380 length=0
2020-05-04 14:42:54.142 3418-3429/? D/CameraHal: (b0960970) hardware/ti/dra7xx/camera/AppCallbackNotifier.cpp:1630 start - AppCallbackNotifier already running
2020-05-04 14:42:54.142 3418-3429/? D/CameraHal: (b0960970) hardware/ti/dra7xx/camera/CameraHal.cpp:1997 cameraPreviewInitialization - AppCallbackNotifier already running
2020-05-04 14:42:54.142 201-201/? W//system/bin/hw/android.hidl.allocator@1.0-service: ashmem_create_region(11059200) returning hidl_memory(0xacf177d0, 11059200)
2020-05-04 14:42:54.143 3418-3429/? D/CameraHal: (b0960970) hardware/ti/dra7xx/camera/CameraHal.cpp:1780 startPreview - Enabling display
2020-05-04 14:42:54.164 3418-3975/? D/CameraHal: (af57f970) hardware/ti/dra7xx/camera/ANativeWindowDisplayAdapter.cpp:947 processHalMsg - Display thread received DISPLAY_START command from Camera HAL
2020-05-04 14:42:54.164 3418-3975/? D/CameraHal: (af57f970) hardware/ti/dra7xx/camera/ANativeWindowDisplayAdapter.cpp:992 processHalMsg - +Signalling display semaphore
2020-05-04 14:42:54.164 3418-3975/? D/CameraHal: (af57f970) hardware/ti/dra7xx/camera/ANativeWindowDisplayAdapter.cpp:997 processHalMsg - -Signalling display semaphore
2020-05-04 14:42:54.164 3418-3429/? D/CameraHal: (b0960970) hardware/ti/dra7xx/camera/CameraHal.cpp:1808 startPreview - Starting CameraAdapter preview mode
2020-05-04 14:42:54.164 3418-3429/? D/CameraHal: (b0960970) hardware/ti/dra7xx/camera/BaseCameraAdapter.cpp:659 sendCommand - Start Preview
2020-05-04 14:42:54.164 3418-3429/? D/CameraHal: (b0960970) hardware/ti/dra7xx/camera/BaseCameraAdapter.cpp:1955 setState - Adapter state switch LOADED_PREVIEW_STATE->PREVIEW_STATE event = CAMERA_START_PREVIEW
2020-05-04 14:42:54.130 3418-3418/? I/HwBinder:3418_1: type=1400 audit(0.0:95): avc: denied { use } for path="/dev/ashmem" dev="tmpfs" ino=8957 scontext=u:r:cameraserver:s0 tcontext=u:r:hal_allocator_default:s0 tclass=fd permissive=1
2020-05-04 14:42:54.195 3418-3429/? D/CameraHal: (b0960970) hardware/ti/dra7xx/camera/V4LCameraAdapter/V4LCameraAdapter.cpp:440 applyFpsValue - Actual FPS set is : 30.
2020-05-04 14:42:54.239 3418-3429/? D/CameraHal: (b0960970) hardware/ti/dra7xx/camera/V4LCameraAdapter/V4LCameraAdapter.cpp:688 startPreview - Created preview thread
2020-05-04 14:42:54.239 3418-3429/? D/CameraHal: (b0960970) hardware/ti/dra7xx/camera/CameraHal.cpp:1816 startPreview - Started preview
2020-05-04 14:42:54.272 3418-3976/? D/CameraHal: (adb4c970) hardware/ti/dra7xx/camera/V4LCameraAdapter/V4LCameraAdapter.cpp:1092 previewThread - GOT IN frame with ID=1
2020-05-04 14:42:54.294 3418-3976/? I/CameraHal: (adb4c970) hardware/ti/dra7xx/camera/CameraHalCommon.cpp:113 PPM - PPM: Standby to first shot: Sensor Change completed - :331.797 ms : 1588583574294 ms
2020-05-04 14:42:54.294 3418-3976/? D/CameraHal: (adb4c970) hardware/ti/dra7xx/camera/ANativeWindowDisplayAdapter.cpp:1067 PostFrame - offset = 0 left = 0 top = 0 right = 1280 bottom = 720
2020-05-04 14:42:54.297 3418-3975/? D/CameraHal: (af57f970) hardware/ti/dra7xx/camera/V4LCameraAdapter/V4LCameraAdapter.cpp:411 fillThisBuffer - Will return buffer to V4L with id=6
2020-05-04 14:42:54.301 3418-3974/? D/CameraHal: (b05ff970) hardware/ti/dra7xx/camera/AppCallbackNotifier.cpp:152 notificationThread - Notification Thread received message
2020-05-04 14:42:54.304 3874-3874/org.sipclient.debug I/Choreographer: Skipped 33 frames! The application may be doing too much work on its main thread.
2020-05-04 14:42:54.314 3418-3976/? D/CameraHal: (adb4c970) hardware/ti/dra7xx/camera/V4LCameraAdapter/V4LCameraAdapter.cpp:1092 previewThread - GOT IN frame with ID=2
2020-05-04 14:42:54.330 3418-3975/? D/CameraHal: (af57f970) hardware/ti/dra7xx/camera/V4LCameraAdapter/V4LCameraAdapter.cpp:411 fillThisBuffer - Will return buffer to V4L with id=7
2020-05-04 14:42:54.332 3418-3974/? D/CameraHal: (b05ff970) hardware/ti/dra7xx/camera/AppCallbackNotifier.cpp:152 notificationThread - Notification Thread received message
2020-05-04 14:42:54.341 3418-3976/? D/CameraHal: (adb4c970) hardware/ti/dra7xx/camera/V4LCameraAdapter/V4LCameraAdapter.cpp:1092 previewThread - GOT IN frame with ID=3
2020-05-04 14:42:54.361 3418-3975/? D/CameraHal: (af57f970) hardware/ti/dra7xx/camera/V4LCameraAdapter/V4LCameraAdapter.cpp:411 fillThisBuffer - Will return buffer to V4L with id=1
2020-05-04 14:42:54.361 3418-3974/? D/CameraHal: (b05ff970) hardware/ti/dra7xx/camera/AppCallbackNotifier.cpp:152 notificationThread - Notification Thread received message
2020-05-04 14:42:54.372 3418-3976/? D/CameraHal: (adb4c970) hardware/ti/dra7xx/camera/V4LCameraAdapter/V4LCameraAdapter.cpp:1092 previewThread - GOT IN frame with ID=4
2020-05-04 14:42:54.386 3418-3974/? D/CameraHal: (b05ff970) hardware/ti/dra7xx/camera/AppCallbackNotifier.cpp:152 notificationThread - Notification Thread received message
2020-05-04 14:42:54.387 3418-3975/? D/CameraHal: (af57f970) hardware/ti/dra7xx/camera/V4LCameraAdapter/V4LCameraAdapter.cpp:411 fillThisBuffer - Will return buffer to V4L with id=2
2020-05-04 14:42:54.406 3418-3976/? D/CameraHal: (adb4c970) hardware/ti/dra7xx/camera/V4LCameraAdapter/V4LCameraAdapter.cpp:1092 previewThread - GOT IN frame with ID=5
2020-05-04 14:42:54.419 3418-3974/? D/CameraHal: (b05ff970) hardware/ti/dra7xx/camera/AppCallbackNotifier.cpp:152 notificationThread - Notification Thread received message
2020-05-04 14:42:54.420 3418-3975/? D/CameraHal: (af57f970) hardware/ti/dra7xx/camera/V4LCameraAdapter/V4LCameraAdapter.cpp:411 fillThisBuffer - Will return buffer to V4L with id=3
2020-05-04 14:42:54.439 3418-3976/? D/CameraHal: (adb4c970) hardware/ti/dra7xx/camera/V4LCameraAdapter/V4LCameraAdapter.cpp:1092 previewThread - GOT IN frame with ID=0
2020-05-04 14:42:54.453 3418-3974/? D/CameraHal: (b05ff970) hardware/ti/dra7xx/camera/AppCallbackNotifier.cpp:152 notificationThread - Notification Thread received message
2020-05-04 14:42:54.455 3418-3975/? D/CameraHal: (af57f970) hardware/ti/dra7xx/camera/V4LCameraAdapter/V4LCameraAdapter.cpp:411 fillThisBuffer - Will return buffer to V4L with id=4 --------- beginning of crash
2020-05-04 14:42:54.458 3418-3974/? A/libc: Fatal signal 11 (SIGSEGV), code 2, fault addr 0xb009f000 in tid 3974 (NotificationThr), pid 3418 (provider@2.4-se)
2020-05-04 14:42:54.472 3418-3976/? D/CameraHal: (adb4c970) hardware/ti/dra7xx/camera/V4LCameraAdapter/V4LCameraAdapter.cpp:1092 previewThread - GOT IN frame with ID=6
2020-05-04 14:42:54.488 3418-3975/? D/CameraHal: (af57f970) hardware/ti/dra7xx/camera/V4LCameraAdapter/V4LCameraAdapter.cpp:411 fillThisBuffer - Will return buffer to V4L with id=5
2020-05-04 14:42:54.502 3980-3980/? I/crash_dump32: obtaining output fd from tombstoned, type: kDebuggerdTombstone
2020-05-04 14:42:54.502 251-251/? I//system/bin/tombstoned: received crash request for pid 3418
2020-05-04 14:42:54.503 3980-3980/? I/crash_dump32: performing dump of process 3418 (target tid = 3974)
2020-05-04 14:42:54.504 3980-3980/? A/DEBUG: *** *** *** *** *** *** *** *** *** *** *** *** *** *** *** ***
2020-05-04 14:42:54.504 3980-3980/? A/DEBUG: Build fingerprint: 'TI/am57xevm_full/am57xevm:8.1.0/OPM1.171019.026/root03201734:userdebug/test-keys'
2020-05-04 14:42:54.504 3980-3980/? A/DEBUG: Revision: '0'
2020-05-04 14:42:54.504 3980-3980/? A/DEBUG: ABI: 'arm'
2020-05-04 14:42:54.504 3980-3980/? A/DEBUG: pid: 3418, tid: 3974, name: NotificationThr >>> /vendor/bin/hw/android.hardware.camera.provider@2.4-service <<<
2020-05-04 14:42:54.504 3980-3980/? A/DEBUG: signal 11 (SIGSEGV), code 2 (SEGV_ACCERR), fault addr 0xb009f000
2020-05-04 14:42:54.504 3980-3980/? A/DEBUG: r0 000000f7 r1 00000580 r2 000004e0 r3 00000500
2020-05-04 14:42:54.504 3980-3980/? A/DEBUG: r4 b197d000 r5 b009f000 r6 ae2e8d00 r7 00000200
2020-05-04 14:42:54.504 3980-3980/? A/DEBUG: r8 b1938b80 r9 000002d0 sl 00000b00 fp b197d004
2020-05-04 14:42:54.505 3980-3980/? A/DEBUG: ip 0000ff00 sp b05ff800 lr b10dde31 pc b10ddfe6 cpsr 200d0030
2020-05-04 14:42:54.518 3980-3980/? A/DEBUG: backtrace:
2020-05-04 14:42:54.518 3980-3980/? A/DEBUG: #00 pc 00027fe6 /vendor/lib/hw/camera.am57x.so (Ti::Camera::AppCallbackNotifier::copyAndSendPreviewFrame(Ti::Camera::CameraFrame*, int)+1393)
2020-05-04 14:42:54.518 3980-3980/? A/DEBUG: #01 pc 00027561 /vendor/lib/hw/camera.am57x.so (Ti::Camera::AppCallbackNotifier::notifyFrame()+600)
2020-05-04 14:42:54.518 3980-3980/? A/DEBUG: #02 pc 00026e07 /vendor/lib/hw/camera.am57x.so (Ti::Camera::AppCallbackNotifier::notificationThread()+234)
2020-05-04 14:42:54.518 3980-3980/? A/DEBUG: #03 pc 0000d147 /system/lib/vndk-sp/libutils.so (android::Thread::_threadLoop(void*)+274)
2020-05-04 14:42:54.518 3980-3980/? A/DEBUG: #04 pc 00047d4f /system/lib/libc.so (__pthread_start(void*)+22)
2020-05-04 14:42:54.518 3980-3980/? A/DEBUG: #05 pc 0001b039 /system/lib/libc.so (__start_thread+32)
2020-05-04 14:42:54.651 317-431/system_process W/NativeCrashListener: Couldn't find ProcessRecord for pid 3418
2020-05-04 14:42:54.651 251-251/? E//system/bin/tombstoned: Tombstone written to: /data/tombstones/tombstone_14
2020-05-04 14:42:54.653 317-336/system_process I/BootReceiver: Copying /data/tombstones/tombstone_14 to DropBox (SYSTEM_TOMBSTONE)
2020-05-04 14:42:54.721 3427-3428/? I/CameraProviderManager: Camera provider 'legacy/0' has died; removing it
2020-05-04 14:42:54.721 3427-3428/? I/CameraService: onDeviceStatusChanged: Status changed for cameraId=0, newStatus=0
2020-05-04 14:42:54.722 169-169/? E/hw-IPCThreadState: attemptIncStrongHandle(17): Not supported
2020-05-04 14:42:54.722 169-169/? I/chatty: uid=1000(system) hwservicemanage identical 4 lines
2020-05-04 14:42:54.722 169-169/? E/hw-IPCThreadState: attemptIncStrongHandle(17): Not supported
2020-05-04 14:42:54.723 3427-3428/? I/CameraService: onDeviceStatusChanged: Client for camera ID 0 evicted due to device status change from HAL
2020-05-04 14:42:54.731 3874-3874/org.sipclient.debug E/Camera: Error 2
2020-05-04 14:42:54.732 3427-3428/? A//system/bin/cameraserver: Status.cpp:149] Failed HIDL return status not checked: Status(EX_TRANSACTION_FAILED): 'DEAD_OBJECT: '
2020-05-04 14:42:54.733 3427-3428/? A/libc: Fatal signal 6 (SIGABRT), code -6 in tid 3428 (HwBinder:3427_1), pid 3427 (cameraserver)
2020-05-04 14:42:54.771 3987-3987/? I/crash_dump32: obtaining output fd from tombstoned, type: kDebuggerdTombstone
2020-05-04 14:42:54.771 251-251/? I//system/bin/tombstoned: received crash request for pid 3427
2020-05-04 14:42:54.772 3987-3987/? I/crash_dump32: performing dump of process 3427 (target tid = 3428)
2020-05-04 14:42:54.772 3987-3987/? A/DEBUG: *** *** *** *** *** *** *** *** *** *** *** *** *** *** *** ***
2020-05-04 14:42:54.772 3987-3987/? A/DEBUG: Build fingerprint: 'TI/am57xevm_full/am57xevm:8.1.0/OPM1.171019.026/root03201734:userdebug/test-keys'
2020-05-04 14:42:54.773 3987-3987/? A/DEBUG: Revision: '0'
2020-05-04 14:42:54.773 3987-3987/? A/DEBUG: ABI: 'arm'
2020-05-04 14:42:54.773 3987-3987/? A/DEBUG: pid: 3427, tid: 3428, name: HwBinder:3427_1 >>> /system/bin/cameraserver <<<
2020-05-04 14:42:54.773 3987-3987/? A/DEBUG: signal 6 (SIGABRT), code -6 (SI_TKILL), fault addr --------
2020-05-04 14:42:54.776 3987-3987/? A/DEBUG: Abort message: 'Status.cpp:149] Failed HIDL return status not checked: Status(EX_TRANSACTION_FAILED): 'DEAD_OBJECT: ''
2020-05-04 14:42:54.776 3987-3987/? A/DEBUG: r0 00000000 r1 00000d64 r2 00000006 r3 00000008
2020-05-04 14:42:54.776 3987-3987/? A/DEBUG: r4 00000d63 r5 00000d64 r6 ae4cd584 r7 0000010c
2020-05-04 14:42:54.776 3987-3987/? A/DEBUG: r8 00000000 r9 ae318d20 sl 00000000 fp ae732235
2020-05-04 14:42:54.776 3987-3987/? A/DEBUG: ip 00000061 sp ae4cd570 lr aeeeda3f pc aeee744c cpsr 200d0030
2020-05-04 14:42:54.820 3987-3987/? A/DEBUG: backtrace:
2020-05-04 14:42:54.820 3987-3987/? A/DEBUG: #00 pc 0001a44c /system/lib/libc.so (abort+63)
2020-05-04 14:42:54.820 3987-3987/? A/DEBUG: #01 pc 000074ef /system/lib/libbase.so (android::base::DefaultAborter(char const*)+6)
2020-05-04 14:42:54.820 3987-3987/? A/DEBUG: #02 pc 00007dbb /system/lib/libbase.so (android::base::LogMessage::~LogMessage()+454)
2020-05-04 14:42:54.820 3987-3987/? A/DEBUG: #03 pc 00015947 /system/lib/libhidlbase.so (android::hardware::details::return_status::~return_status()+178)
2020-05-04 14:42:54.820 3987-3987/? A/DEBUG: #04 pc 000a4b95 /system/lib/libcameraservice.so (android::CameraHardwareInterface::disableMsgType(int)+32)
2020-05-04 14:42:54.820 3987-3987/? A/DEBUG: #05 pc 00084759 /system/lib/libcameraservice.so (android::CameraClient::disconnect()+128)
2020-05-04 14:42:54.820 3987-3987/? A/DEBUG: #06 pc 00084955 /system/lib/libcameraservice.so (_ZThn16_N7android12CameraClient10disconnectEv+4)
2020-05-04 14:42:54.821 3987-3987/? A/DEBUG: #07 pc 0006e893 /system/lib/libcameraservice.so (android::CameraService::onDeviceStatusChanged(android::String8 const&, android::hardware::camera::common::V1_0::CameraDeviceStatus)+538)
2020-05-04 14:42:54.821 3987-3987/? A/DEBUG: #08 pc 0007f261 /system/lib/libcameraservice.so (android::CameraProviderManager::removeProvider(std::__1::basic_string, std::__1::allocator> const&)+440)
2020-05-04 14:42:54.821 3987-3987/? A/DEBUG: #09 pc 00080571 /system/lib/libcameraservice.so (_ZTv0_n16_N7android21CameraProviderManager12ProviderInfo11serviceDiedEyRKNS_2wpINS_4hidl4base4V1_05IBaseEEE+12)
2020-05-04 14:42:54.821 3987-3987/? A/DEBUG: #10 pc 00021205 /system/lib/libhidltransport.so (android::hardware::hidl_binder_death_recipient::binderDied(android::wp const&)+68)
2020-05-04 14:42:54.821 3987-3987/? A/DEBUG: #11 pc 0000e92b /system/lib/libhwbinder.so (android::hardware::BpHwBinder::reportOneDeath(android::hardware::BpHwBinder::Obituary const&)+78)
2020-05-04 14:42:54.821 3987-3987/? A/DEBUG: #12 pc 0000e8af /system/lib/libhwbinder.so (android::hardware::BpHwBinder::sendObituary()+100)
2020-05-04 14:42:54.821 3987-3987/? A/DEBUG: #13 pc 00010659 /system/lib/libhwbinder.so (android::hardware::IPCThreadState::executeCommand(int)+660)
2020-05-04 14:42:54.821 3987-3987/? A/DEBUG: #14 pc 000102c1 /system/lib/libhwbinder.so (android::hardware::IPCThreadState::getAndExecuteCommand()+116)
2020-05-04 14:42:54.821 3987-3987/? A/DEBUG: #15 pc 00010863 /system/lib/libhwbinder.so (android::hardware::IPCThreadState::joinThreadPool(bool)+38)
2020-05-04 14:42:54.821 3987-3987/? A/DEBUG: #16 pc 00017675 /system/lib/libhwbinder.so (android::hardware::PoolThread::threadLoop()+12)
2020-05-04 14:42:54.821 3987-3987/? A/DEBUG: #17 pc 0000d19d /system/lib/libutils.so (android::Thread::_threadLoop(void*)+148)
2020-05-04 14:42:54.821 3987-3987/? A/DEBUG: #18 pc 00047d4f /system/lib/libc.so (__pthread_start(void*)+22)
2020-05-04 14:42:54.821 3987-3987/? A/DEBUG: #19 pc 0001b039 /system/lib/libc.so (__start_thread+32)
2020-05-04 14:42:54.829 3988-3988/? I/android.hardware.camera.provider@2.4-service: Camera provider Service is starting.
2020-05-04 14:42:54.913 3988-3988/? I/CamProvider@2.4-impl: Loaded "TI OMAP CameraHal Module" camera module
2020-05-04 14:42:54.913 3988-3988/? I/CamProvider@2.4-impl: setUpVendorTags: No vendor tags defined for this device.
2020-05-04 14:42:54.914 3988-3988/? D/CameraHal: (a8f4f4a4) hardware/ti/dra7xx/camera/V4LCameraAdapter/V4LCameraAdapter.cpp:1198 detectVideoDevice - Video device list::dev_list[0]= /dev/video1
2020-05-04 14:42:54.914 3988-3988/? D/CameraHal: (a8f4f4a4) hardware/ti/dra7xx/camera/V4LCameraAdapter/V4LCameraAdapter.cpp:1198 detectVideoDevice - Video device list::dev_list[1]= /dev/video0
2020-05-04 14:42:54.914 3988-3988/? D/CameraHal: (a8f4f4a4) hardware/ti/dra7xx/camera/V4LCameraAdapter/V4LCameraAdapter.cpp:1198 detectVideoDevice - Video device list::dev_list[2]= /dev/video11
2020-05-04 14:42:54.914 3988-3988/? D/CameraHal: (a8f4f4a4) hardware/ti/dra7xx/camera/V4LCameraAdapter/V4LCameraAdapter.cpp:1198 detectVideoDevice - Video device list::dev_list[3]= /dev/video10
2020-05-04 14:42:54.914 3988-3988/? D/CameraHal: (a8f4f4a4) hardware/ti/dra7xx/camera/V4LCameraAdapter/V4LCameraAdapter.cpp:1258 V4LCameraAdapter_Capabilities - Opening device[0] = /dev/video0..
2020-05-04 14:42:54.914 3988-3988/? D/CameraHal: (a8f4f4a4) hardware/ti/dra7xx/camera/V4LCameraAdapter/V4LCapabilities.cpp:263 getCaps - fmtDesc[0].description::pixelformat::flags== (Y/CbCr 4:2:0::842094158::0)
2020-05-04 14:42:54.914 3988-3988/? D/CameraHal: (a8f4f4a4) hardware/ti/dra7xx/camera/V4LCameraAdapter/V4LCapabilities.cpp:263 getCaps - fmtDesc[1].description::pixelformat::flags== (UYVY 4:2:2::1498831189::0)
2020-05-04 14:42:54.914 3988-3988/? D/CameraHal: (a8f4f4a4) hardware/ti/dra7xx/camera/V4LCameraAdapter/V4LCapabilities.cpp:263 getCaps - fmtDesc[2].description::pixelformat::flags== (YUYV 4:2:2::1448695129::0)
2020-05-04 14:42:54.914 3988-3988/? D/CameraHal: (a8f4f4a4) hardware/ti/dra7xx/camera/V4LCameraAdapter/V4LCapabilities.cpp:263 getCaps - fmtDesc[3].description::pixelformat::flags== (VYUY 4:2:2::1498765654::0)
2020-05-04 14:42:54.914 3988-3988/? D/CameraHal: (a8f4f4a4) hardware/ti/dra7xx/camera/V4LCameraAdapter/V4LCapabilities.cpp:263 getCaps - fmtDesc[4].description::pixelformat::flags== (YVYU 4:2:2::1431918169::0)
2020-05-04 14:42:54.914 3988-3988/? D/CameraHal: (a8f4f4a4) hardware/ti/dra7xx/camera/V4LCameraAdapter/V4LCapabilities.cpp:263 getCaps - fmtDesc[5].description::pixelformat::flags== (24-bit RGB 8-8-8::859981650::0)
2020-05-04 14:42:54.914 3988-3988/? D/CameraHal: (a8f4f4a4) hardware/ti/dra7xx/camera/V4LCameraAdapter/V4LCapabilities.cpp:263 getCaps - fmtDesc[6].description::pixelformat::flags== (32-bit A/XRGB 8-8-8-8::876758866::0)
2020-05-04 14:42:54.914 3988-3988/? D/CameraHal: (a8f4f4a4) hardware/ti/dra7xx/camera/V4LCameraAdapter/V4LCapabilities.cpp:263 getCaps - fmtDesc[7].description::pixelformat::flags== (24-bit BGR 8-8-8::861030210::0)
2020-05-04 14:42:54.914 3988-3988/? D/CameraHal: (a8f4f4a4) hardware/ti/dra7xx/camera/V4LCameraAdapter/V4LCapabilities.cpp:263 getCaps - fmtDesc[8].description::pixelformat::flags== (32-bit BGRA/X 8-8-8-8::877807426::0)
2020-05-04 14:42:54.914 3988-3988/? D/CameraHal: (a8f4f4a4) hardware/ti/dra7xx/camera/V4LCameraAdapter/V4LCapabilities.cpp:281 getCaps - frmSizeEnum.index[0].width x height == (1280 x 720)
2020-05-04 14:42:54.914 3988-3988/? D/CameraHal: (a8f4f4a4) hardware/ti/dra7xx/camera/V4LCameraAdapter/V4LCapabilities.cpp:281 getCaps - frmSizeEnum.index[1].width x height == (752 x 480)
2020-05-04 14:42:54.914 3988-3988/? D/CameraHal: (a8f4f4a4) hardware/ti/dra7xx/camera/V4LCameraAdapter/V4LCapabilities.cpp:281 getCaps - frmSizeEnum.index[2].width x height == (640 x 480)
2020-05-04 14:42:54.914 3988-3988/? D/CameraHal: (a8f4f4a4) hardware/ti/dra7xx/camera/V4LCameraAdapter/V4LCapabilities.cpp:281 getCaps - frmSizeEnum.index[3].width x height == (600 x 400)
2020-05-04 14:42:54.914 3988-3988/? D/CameraHal: (a8f4f4a4) hardware/ti/dra7xx/camera/V4LCameraAdapter/V4LCapabilities.cpp:281 getCaps - frmSizeEnum.index[4].width x height == (352 x 288)
2020-05-04 14:42:54.914 3988-3988/? D/CameraHal: (a8f4f4a4) hardware/ti/dra7xx/camera/V4LCameraAdapter/V4LCapabilities.cpp:281 getCaps - frmSizeEnum.index[5].width x height == (320 x 240)
2020-05-04 14:42:54.914 3988-3988/? D/CameraHal: (a8f4f4a4) hardware/ti/dra7xx/camera/V4LCameraAdapter/V4LCapabilities.cpp:309 getCaps - W x H = 1280 x 720
2020-05-04 14:42:54.914 3988-3988/? D/CameraHal: (a8f4f4a4) hardware/ti/dra7xx/camera/V4LCameraAdapter/V4LCapabilities.cpp:309 getCaps - W x H = 752 x 480
2020-05-04 14:42:54.914 3988-3988/? D/CameraHal: (a8f4f4a4) hardware/ti/dra7xx/camera/V4LCameraAdapter/V4LCapabilities.cpp:309 getCaps - W x H = 640 x 480
2020-05-04 14:42:54.914 3988-3988/? D/CameraHal: (a8f4f4a4) hardware/ti/dra7xx/camera/V4LCameraAdapter/V4LCapabilities.cpp:309 getCaps - W x H = 600 x 400
2020-05-04 14:42:54.914 3988-3988/? D/CameraHal: (a8f4f4a4) hardware/ti/dra7xx/camera/V4LCameraAdapter/V4LCapabilities.cpp:309 getCaps - W x H = 352 x 288
2020-05-04 14:42:54.914 3988-3988/? D/CameraHal: (a8f4f4a4) hardware/ti/dra7xx/camera/V4LCameraAdapter/V4LCapabilities.cpp:309 getCaps - W x H = 320 x 240
2020-05-04 14:42:54.914 3988-3988/? E/CameraHal: (a8f4f4a4) hardware/ti/dra7xx/camera/V4LCameraAdapter/V4LCapabilities.cpp:339 getCaps - Error while getting capabilities: V4L2_FRMIVAL_TYPE_CONTINUOUS & V4L2_FRMIVAL_TYPE_STEPWISE are not supported.
2020-05-04 14:42:54.914 3988-3988/? D/CameraHal: (a8f4f4a4) hardware/ti/dra7xx/camera/V4LCameraAdapter/V4LCameraAdapter.cpp:1298 V4LCameraAdapter_Capabilities - Number of V4L cameras detected =1
2020-05-04 14:42:54.914 3988-3988/? E/CameraHal: (a8f4f4a4) hardware/ti/dra7xx/camera/V4LCameraAdapter/V4LCameraAdapter.cpp:1300 V4LCameraAdapter_Capabilities - Camera device path 0 is /dev/video0
2020-05-04 14:42:54.914 3988-3988/? E/CameraHal: (a8f4f4a4) hardware/ti/dra7xx/camera/BaseCameraAdapter.cpp:2713 CameraAdapter_Capabilities - supportedCameras= 1
2020-05-04 14:42:54.914 3988-3988/? I/CameraHal: (a8f4f4a4) hardware/ti/dra7xx/camera/CameraProperties.cpp:114 loadProperties - num_cameras = 1
2020-05-04 14:42:54.914 3988-3988/? D/CameraHal: (a8f4f4a4) hardware/ti/dra7xx/camera/CameraParameters.cpp:214 dump - ================================
2020-05-04 14:42:54.914 3988-3988/? D/CameraHal: (a8f4f4a4) hardware/ti/dra7xx/camera/CameraParameters.cpp:215 dump - Dumping properties for camera: 0
2020-05-04 14:42:54.914 3988-3988/? D/CameraHal: (a8f4f4a4) hardware/ti/dra7xx/camera/CameraParameters.cpp:220 dump - prop-antibanding-values = auto
2020-05-04 14:42:54.914 3988-3988/? D/CameraHal: (a8f4f4a4) hardware/ti/dra7xx/camera/CameraParameters.cpp:220 dump - prop-camera-name = USBCAMERA
2020-05-04 14:42:54.914 3988-3988/? D/CameraHal: (a8f4f4a4) hardware/ti/dra7xx/camera/CameraParameters.cpp:220 dump - prop-effect-values = none
2020-05-04 14:42:54.914 3988-3988/? D/CameraHal: (a8f4f4a4) hardware/ti/dra7xx/camera/CameraParameters.cpp:220 dump - prop-exposure-mode-values = auto
2020-05-04 14:42:54.914 3988-3988/? D/CameraHal: (a8f4f4a4) hardware/ti/dra7xx/camera/CameraParameters.cpp:220 dump - prop-facing = back
2020-05-04 14:42:54.914 3988-3988/? D/CameraHal: (a8f4f4a4) hardware/ti/dra7xx/camera/CameraParameters.cpp:220 dump - prop-flash-mode-values = off
2020-05-04 14:42:54.914 3988-3988/? D/CameraHal: (a8f4f4a4) hardware/ti/dra7xx/camera/CameraParameters.cpp:220 dump - prop-focal-length = 1
2020-05-04 14:42:54.915 3988-3988/? D/CameraHal: (a8f4f4a4) hardware/ti/dra7xx/camera/CameraParameters.cpp:220 dump - prop-focus-mode-default = fixed
2020-05-04 14:42:54.915 3988-3988/? D/CameraHal: (a8f4f4a4) hardware/ti/dra7xx/camera/CameraParameters.cpp:220 dump - prop-focus-mode-values = fixed
2020-05-04 14:42:54.915 3988-3988/? D/CameraHal: (a8f4f4a4) hardware/ti/dra7xx/camera/CameraParameters.cpp:220 dump - prop-framerate-range-default = (30000,30000)
2020-05-04 14:42:54.915 3988-3988/? D/CameraHal: (a8f4f4a4) hardware/ti/dra7xx/camera/CameraParameters.cpp:220 dump - prop-framerate-range-values =
2020-05-04 14:42:54.915 3988-3988/? D/CameraHal: (a8f4f4a4) hardware/ti/dra7xx/camera/CameraParameters.cpp:220 dump - prop-horizontal-angle = 170
2020-05-04 14:42:54.915 3988-3988/? D/CameraHal: (a8f4f4a4) hardware/ti/dra7xx/camera/CameraParameters.cpp:220 dump - prop-ipp-values = ldc-nsf
2020-05-04 14:42:54.915 3988-3988/? D/CameraHal: (a8f4f4a4) hardware/ti/dra7xx/camera/CameraParameters.cpp:220 dump - prop-iso-mode-values = auto
2020-05-04 14:42:54.915 3988-3988/? D/CameraHal: (a8f4f4a4) hardware/ti/dra7xx/camera/CameraParameters.cpp:220 dump - prop-jpeg-quality-default = 90
2020-05-04 14:42:54.915 3988-3988/? D/CameraHal: (a8f4f4a4) hardware/ti/dra7xx/camera/CameraParameters.cpp:220 dump - prop-jpeg-thumbnail-quality-default = 50
2020-05-04 14:42:54.915 3988-3988/? D/CameraHal: (a8f4f4a4) hardware/ti/dra7xx/camera/CameraParameters.cpp:220 dump - prop-jpeg-thumbnail-size-default = 320x240
2020-05-04 14:42:54.915 3988-3988/? D/CameraHal: (a8f4f4a4) hardware/ti/dra7xx/camera/CameraParameters.cpp:220 dump - prop-jpeg-thumbnail-size-values = 0x0,320x240
2020-05-04 14:42:54.915 3988-3988/? D/CameraHal: (a8f4f4a4) hardware/ti/dra7xx/camera/CameraParameters.cpp:220 dump - prop-max-fd-hw-faces = 0
2020-05-04 14:42:54.915 3988-3988/? D/CameraHal: (a8f4f4a4) hardware/ti/dra7xx/camera/CameraParameters.cpp:220 dump - prop-orientation = 0
2020-05-04 14:42:54.915 3988-3988/? D/CameraHal: (a8f4f4a4) hardware/ti/dra7xx/camera/CameraParameters.cpp:220 dump - prop-picture-format-default = jpeg
2020-05-04 14:42:54.915 3988-3988/? D/CameraHal: (a8f4f4a4) hardware/ti/dra7xx/camera/CameraParameters.cpp:220 dump - prop-picture-format-values = jpeg
2020-05-04 14:42:54.915 3988-3988/? D/CameraHal: (a8f4f4a4) hardware/ti/dra7xx/camera/CameraParameters.cpp:220 dump - prop-picture-size-default = 1280x720
2020-05-04 14:42:54.915 3988-3988/? D/CameraHal: (a8f4f4a4) hardware/ti/dra7xx/camera/CameraParameters.cpp:220 dump - prop-picture-size-values = 1280x720,752x480,640x480,600x400,352x288,320x240
2020-05-04 14:42:54.915 3988-3988/? D/CameraHal: (a8f4f4a4) hardware/ti/dra7xx/camera/CameraParameters.cpp:220 dump - prop-preview-format-default = yuv420sp
2020-05-04 14:42:54.915 3988-3988/? D/CameraHal: (a8f4f4a4) hardware/ti/dra7xx/camera/CameraParameters.cpp:220 dump - prop-preview-format-values = yuv420sp
2020-05-04 14:42:54.915 3988-3988/? D/CameraHal: (a8f4f4a4) hardware/ti/dra7xx/camera/CameraParameters.cpp:220 dump - prop-preview-frame-rate-default = 30
2020-05-04 14:42:54.915 3988-3988/? D/CameraHal: (a8f4f4a4) hardware/ti/dra7xx/camera/CameraParameters.cpp:220 dump - prop-preview-frame-rate-values =
2020-05-04 14:42:54.915 3988-3988/? D/CameraHal: (a8f4f4a4) hardware/ti/dra7xx/camera/CameraParameters.cpp:220 dump - prop-preview-size-default = 1280x720
2020-05-04 14:42:54.915 3988-3988/? D/CameraHal: (a8f4f4a4) hardware/ti/dra7xx/camera/CameraParameters.cpp:220 dump - prop-preview-size-values = 1280x720,752x480,640x480,600x400,352x288,320x240
2020-05-04 14:42:54.915 3988-3988/? D/CameraHal: (a8f4f4a4) hardware/ti/dra7xx/camera/CameraParameters.cpp:220 dump - prop-preview-subsampled-size-values = 1280x720,752x480,640x480,600x400,352x288,320x240
2020-05-04 14:42:54.915 3988-3988/? D/CameraHal: (a8f4f4a4) hardware/ti/dra7xx/camera/CameraParameters.cpp:220 dump - prop-required-preview-bufs = 8
2020-05-04 14:42:54.915 3988-3988/? D/CameraHal: (a8f4f4a4) hardware/ti/dra7xx/camera/CameraParameters.cpp:220 dump - prop-s3d-prv-frame-layout = none
2020-05-04 14:42:54.915 3988-3988/? D/CameraHal: (a8f4f4a4) hardware/ti/dra7xx/camera/CameraParameters.cpp:220 dump - prop-sensor-index = 0
2020-05-04 14:42:54.915 3988-3988/? D/CameraHal: (a8f4f4a4) hardware/ti/dra7xx/camera/CameraParameters.cpp:220 dump - prop-vertical-angle = 170
2020-05-04 14:42:54.915 3988-3988/? D/CameraHal: (a8f4f4a4) hardware/ti/dra7xx/camera/CameraParameters.cpp:220 dump - prop-vnf-default = false
2020-05-04 14:42:54.915 3988-3988/? D/CameraHal: (a8f4f4a4) hardware/ti/dra7xx/camera/CameraParameters.cpp:220 dump - prop-vstab-default = false
2020-05-04 14:42:54.915 3988-3988/? D/CameraHal: (a8f4f4a4) hardware/ti/dra7xx/camera/CameraParameters.cpp:220 dump - prop-zoom-default = 1
2020-05-04 14:42:54.915 3988-3988/? D/CameraHal: (a8f4f4a4) hardware/ti/dra7xx/camera/CameraParameters.cpp:220 dump - prop-zoom-ratios = 1
2020-05-04 14:42:54.915 3988-3988/? D/CameraHal: (a8f4f4a4) hardware/ti/dra7xx/camera/CameraParameters.cpp:220 dump - prop-zoom-stages = 1
2020-05-04 14:42:54.915 3988-3988/? D/CameraHal: (a8f4f4a4) hardware/ti/dra7xx/camera/CameraParameters.cpp:220 dump - prop-zoom-supported = false
