01-01 00:15:48.226 747 747 D InputEventConsistencyVerifier: TouchEvent: ACTION_DOWN but pointers are already down. Probably missing ACTION_UP from previous gesture.
01-01 00:15:48.226 747 747 D InputEventConsistencyVerifier: in android.view.ScaleGestureDetector@7009930
01-01 00:15:48.226 747 747 D InputEventConsistencyVerifier: 0: sent at 948220964000, MotionEvent { action=ACTION_DOWN, actionButton=0, id[0]=0, x[0]=609.5238, y[0]=194.75656, toolType[0]=TOOL_TYPE_FINGER, buttonState=0, metaState=0, flags=0x2, edgeFlags=0x0, pointerCount=1, historySize=0, eventTime=948220, downTime=948220, deviceId=1, source=0x1002 }
01-01 00:15:48.226 747 747 D InputEventConsistencyVerifier: -- recent events --
01-01 00:15:48.226 747 747 D InputEventConsistencyVerifier: 1: sent at 944321036000, MotionEvent { action=ACTION_DOWN, actionButton=0, id[0]=0, x[0]=618.5168, y[0]=179.77528, toolType[0]=TOOL_TYPE_FINGER, buttonState=0, metaState=0, flags=0x2, edgeFlags=0x0, pointerCount=1, historySize=0, eventTime=944321, downTime=944321, deviceId=1, source=0x1002 }
01-01 00:15:48.226 747 747 D InputEventConsistencyVerifier: 2: sent at 735247798000, MotionEvent { action=ACTION_UP, actionButton=0, id[0]=0, x[0]=37.0, y[0]=764.2409, toolType[0]=TOOL_TYPE_MOUSE, buttonState=0, metaState=0, flags=0x2, edgeFlags=0x0, pointerCount=1, historySize=0, eventTime=735247, downTime=735159, deviceId=3, source=0x2002 }
01-01 00:15:48.226 747 747 D InputEventConsistencyVerifier: 3: sent at 735159795000, MotionEvent { action=ACTION_DOWN, actionButton=0, id[0]=0, x[0]=37.0, y[0]=764.2409, toolType[0]=TOOL_TYPE_MOUSE, buttonState=BUTTON_PRIMARY, metaState=0, flags=0x2, edgeFlags=0x0, pointerCount=1, historySize=0, eventTime=735159, downTime=735159, deviceId=3, source=0x2002 }
01-01 00:15:48.226 747 747 D InputEventConsistencyVerifier: 4: sent at 734767796000, MotionEvent { action=ACTION_UP, actionButton=0, id[0]=0, x[0]=3.0, y[0]=767.2409, toolType[0]=TOOL_TYPE_MOUSE, buttonState=0, metaState=0, flags=0x2, edgeFlags=0x0, pointerCount=1, historySize=0, eventTime=734767, downTime=734671, deviceId=3, source=0x2002 }
01-01 00:15:48.226 747 747 D InputEventConsistencyVerifier: 5: sent at 734671793000, MotionEvent { action=ACTION_DOWN, actionButton=0, id[0]=0, x[0]=3.0, y[0]=767.2409, toolType[0]=TOOL_TYPE_MOUSE, buttonState=BUTTON_PRIMARY, metaState=0, flags=0x2, edgeFlags=0x0, pointerCount=1, historySize=0, eventTime=734671, downTime=734671, deviceId=3, source=0x2002 }
01-01 00:15:48.333 223 301 W APM_AudioPolicyManager: getOutput() could not find output for stream 1, samplingRate 0,format 0, channels 3, flags 0
01-01 00:15:48.333 223 301 W APM_AudioPolicyManager: getOutput() could not find output for stream 1, samplingRate 0,format 0, channels 3, flags 0
01-01 00:15:48.334 223 301 W APM_AudioPolicyManager: getOutput() could not find output for stream 1, samplingRate 48000,format 1, channels 3, flags 4
01-01 00:15:48.333 317 328 I ActivityManager: START u0 {act=android.intent.action.MAIN cat=[android.intent.category.LAUNCHER] flg=0x10200000 cmp=com.android.camera2/com.android.camera.CameraLauncher bnds=[512,140][695,288]} from uid 10018
01-01 00:15:48.334 317 398 E AudioTrack: Could not get audio output for session 89, stream type -1, usage 13, sample rate 48000, format 0x1, channel mask 0x3, flags 0x4
01-01 00:15:48.337 317 398 E SoundPool: Error creating AudioTrack
01-01 00:15:48.381 317 549 I ActivityManager: Start proc 1292:com.android.camera2/u0a41 for activity com.android.camera2/com.android.camera.CameraLauncher
01-01 00:15:48.506 426 461 I zygote : Starting a blocking GC NativeAlloc
01-01 00:15:48.556 1292 1292 V CAM_Profiler: [ 0.000ms][ui] GUARD: CameraApp onCreate() - START
01-01 00:15:48.557 1292 1292 V CAM_Profiler: [ 0.000ms][ui] GUARD: FirstRunDetector getTimeOfFirstRun - START
01-01 00:15:48.591 1292 1292 I CAM_Profiler: [ 33.517ms][ui] GUARD: FirstRunDetector getTimeOfFirstRun - [33.517ms] PreferenceManager.getDefaultSharedPreferences
01-01 00:15:48.602 1292 1292 V CAM_Profiler: [ 44.860ms][ui] GUARD: FirstRunDetector getTimeOfFirstRun - [11.343ms] preferences.getLong
01-01 00:15:48.602 1292 1292 I CAM_Profiler: [ 45.356ms][ui] GUARD: FirstRunDetector getTimeOfFirstRun - STOP
01-01 00:15:48.603 1292 1292 I CAM_Profiler: [ 51.239ms][ui] GUARD: CameraApp onCreate() - [51.239ms] initializeTimeOfFirstRun
01-01 00:15:48.604 1292 1292 V CAM_Profiler: [ 52.403ms][ui] GUARD: CameraApp onCreate() - [ 1.164ms] UsageStatistics.initialize
01-01 00:15:48.607 1292 1292 V CAM_Profiler: [ 55.656ms][ui] GUARD: CameraApp onCreate() - [ 3.253ms] clearNotifications
01-01 00:15:48.607 1292 1292 I CAM_Profiler: [ 55.656ms][ui] GUARD: CameraApp onCreate() - STOP
01-01 00:15:48.616 426 461 I zygote : NativeAlloc concurrent copying GC freed 20328(1228KB) AllocSpace objects, 0(0B) LOS objects, 50% free, 3MB/7MB, paused 243us total 109.733ms
01-01 00:15:48.678 1292 1292 V CAM_QuickActivity: START onCreate: Activity = com.android.camera.CameraActivity@5a9d5d5
01-01 00:15:48.679 1292 1292 V CAM_Profiler: [ 0.000ms][ui] GUARD: CameraActivity.onCreateTasks - START
01-01 00:15:48.681 1292 1292 D CAM_LocationManager: Using legacy location provider.
01-01 00:15:48.723 1292 1292 D CAM_MemoryManagerImpl: Max native memory: 11 MB
01-01 00:15:48.738 1292 1292 W SoundPool: Use of stream types is deprecated for operations other than volume control
01-01 00:15:48.738 1292 1292 W SoundPool: See the documentation of SoundPool() for what to use instead with android.media.AudioAttributes to qualify your playback use case
01-01 00:15:48.743 1292 1292 I CAM_OneCamFtrCnfgCrtr: CaptureModule? true
01-01 00:15:48.748 317 549 I ActivityManager: START u0 {cmp=com.android.camera2/com.android.camera.PermissionsActivity} from uid 10041
01-01 00:15:48.816 1292 1292 I CAM_Profiler: [136.789ms][ui] GUARD: CameraActivity.onCreateTasks - [41.700ms] Glide.setup
01-01 00:15:48.825 1292 1292 V CAM_Profiler: [146.178ms][ui] GUARD: CameraActivity.onCreateTasks - [ 9.389ms] OneCameraManager.get
01-01 00:15:48.860 1292 1292 I CameraManagerGlobal: AConnecting to camera service
01-01 00:15:48.886 1292 1292 V CAM_Profiler: [206.693ms][ui] GUARD: CameraActivity.onCreateTasks - [11.918ms] computePictureSizes
01-01 00:15:48.899 151 151 W /system/bin/hwservicemanager: getTransportFromManifest: Cannot find entry android.hardware.media.omx@1.0::IOmx in either framework or device manifest, using default transport.
01-01 00:15:48.901 1292 1318 I OMXClient: Treble IOmx obtained
01-01 00:15:48.903 236 278 I OMXMaster: makeComponentInstance(OMX.google.vorbis.decoder) in omx@1.0-service process
01-01 00:15:48.908 236 278 E OMXNodeInstance: getConfig(0xb3423140:google.vorbis.decoder, ConfigAndroidVendorExtension(0x6f100004)) ERROR: Undefined(0x80001001)
01-01 00:15:48.914 172 172 W /system/bin/hw/android.hidl.allocator@1.0-service: ashmem_create_region(32768) returning hidl_memory(0xb3c18820, 32768)
01-01 00:15:48.950 172 172 I chatty : uid=1000(system) allocator@1.0-s identical 10 lines
01-01 00:15:48.950 172 172 W /system/bin/hw/android.hidl.allocator@1.0-service: ashmem_create_region(32768) returning hidl_memory(0xb3c18820, 32768)
01-01 00:15:48.998 1292 1292 W CAM_Log : Tag RoundedThumbnailView is 1 chars longer than limit.
01-01 00:15:49.170 1292 1292 I CAM_Profiler: [490.998ms][ui] GUARD: CameraActivity.onCreateTasks - [279.753ms] setContentView()
01-01 00:15:49.208 1292 1292 I CAM_Profiler: [528.932ms][ui] GUARD: CameraActivity.onCreateTasks - [37.935ms] Configure Camera UI
01-01 00:15:49.241 1292 1292 V CAM_CameraController: Closing camera
01-01 00:15:49.243 1292 1311 W CAM2PORT_AndCamAgntImp: Releasing camera without any camera opened.
01-01 00:15:49.244 1292 1292 V CAM_ModulesInfo: EnableCaptureModule = true
01-01 00:15:49.255 1292 1292 V CAM_Profiler: [ 0.000ms][ui] GUARD: new CaptureModule - START
01-01 00:15:49.258 317 332 W ActivityManager: Activity pause timeout for ActivityRecord{702a1b9 u0 com.android.camera2/com.android.camera.CameraLauncher t5 f}
01-01 00:15:49.269 1292 1292 V CAM_Profiler: [ 13.712ms][ui] GUARD: new CaptureModule - STOP
01-01 00:15:49.269 1292 1292 V CAM_SettingsManager: listeners: [com.android.camera.app.CameraAppUI@a319dda]
01-01 00:15:49.294 1292 1292 V CAM_SettingsManager: listeners: [com.android.camera.app.CameraAppUI@a319dda, com.android.camera.ButtonManager@3fc83e7]
01-01 00:15:49.295 1292 1292 V CAM_SettingsManager: listeners: [com.android.camera.app.CameraAppUI@a319dda, com.android.camera.ButtonManager@3fc83e7, com.android.camera.widget.IndicatorIconController@3f5263d]
01-01 00:15:49.296 1292 1292 I CAM_Profiler: [616.970ms][ui] GUARD: CameraActivity.onCreateTasks - [26.364ms] Init Current Module UI
01-01 00:15:49.296 1292 1292 V CAM_Profiler: [ 0.000ms][ui] GUARD: CaptureModule.init - START
01-01 00:15:49.296 1292 1292 D CAM_CaptureModule: init UseAutotransformUiLayout = false
01-01 00:15:49.301 1292 1292 D CAM_Camera2OneCamMgr: Getting First BACK Camera
01-01 00:15:49.308 1292 1292 D AndroidRuntime: Shutting down VM
01-01 00:15:49.311 1292 1292 E AndroidRuntime: FATAL EXCEPTION: main
01-01 00:15:49.311 1292 1292 E AndroidRuntime: Process: com.android.camera2, PID: 1292
01-01 00:15:49.311 1292 1292 E AndroidRuntime: java.lang.RuntimeException: Unable to start activity ComponentInfo{com.android.camera2/com.android.camera.CameraActivity}: java.lang.StringIndexOutOfBoundsException: length=0; index=0
01-01 00:15:49.311 1292 1292 E AndroidRuntime: at android.app.ActivityThread.performLaunchActivity(ActivityThread.java:2817)
01-01 00:15:49.311 1292 1292 E AndroidRuntime: at android.app.ActivityThread.handleLaunchActivity(ActivityThread.java:2892)
01-01 00:15:49.311 1292 1292 E AndroidRuntime: at android.app.ActivityThread.-wrap11(Unknown Source:0)
01-01 00:15:49.311 1292 1292 E AndroidRuntime: at android.app.ActivityThread$H.handleMessage(ActivityThread.java:1593)
01-01 00:15:49.311 1292 1292 E AndroidRuntime: at android.os.Handler.dispatchMessage(Handler.java:105)
01-01 00:15:49.311 1292 1292 E AndroidRuntime: at android.os.Looper.loop(Looper.java:164)
01-01 00:15:49.311 1292 1292 E AndroidRuntime: at android.app.ActivityThread.main(ActivityThread.java:6541)
01-01 00:15:49.311 1292 1292 E AndroidRuntime: at java.lang.reflect.Method.invoke(Native Method)
01-01 00:15:49.311 1292 1292 E AndroidRuntime: at com.android.internal.os.Zygote$MethodAndArgsCaller.run(Zygote.java:240)
01-01 00:15:49.311 1292 1292 E AndroidRuntime: at com.android.internal.os.ZygoteInit.main(ZygoteInit.java:767)
01-01 00:15:49.311 1292 1292 E AndroidRuntime: Caused by: java.lang.StringIndexOutOfBoundsException: length=0; index=0
01-01 00:15:49.311 1292 1292 E AndroidRuntime: at java.lang.String.charAt(Native Method)
01-01 00:15:49.311 1292 1292 E AndroidRuntime: at android.hardware.Camera$Parameters.splitRange(Camera.java:4184)
01-01 00:15:49.311 1292 1292 E AndroidRuntime: at android.hardware.Camera$Parameters.getSupportedPreviewFpsRange(Camera.java:2889)
01-01 00:15:49.311 1292 1292 E AndroidRuntime: at android.hardware.camera2.legacy.LegacyMetadataMapper.mapControlAe(LegacyMetadataMapper.java:409)
01-01 00:15:49.311 1292 1292 E AndroidRuntime: at android.hardware.camera2.legacy.LegacyMetadataMapper.mapCharacteristicsFromParameters(LegacyMetadataMapper.java:183)
01-01 00:15:49.311 1292 1292 E AndroidRuntime: at android.hardware.camera2.legacy.LegacyMetadataMapper.createCharacteristics(LegacyMetadataMapper.java:153)
01-01 00:15:49.311 1292 1292 E AndroidRuntime: at android.hardware.camera2.CameraManager.getCameraCharacteristics(CameraManager.java:234)
01-01 00:15:49.311 1292 1292 E AndroidRuntime: at com.android.camera.one.v2.Camera2OneCameraManagerImpl.findFirstCameraIdFacing(Camera2OneCameraManagerImpl.java:159)
01-01 00:15:49.311 1292 1292 E AndroidRuntime: at com.android.camera.one.v2.Camera2OneCameraManagerImpl.findFirstBackCameraId(Camera2OneCameraManagerImpl.java:135)
01-01 00:15:49.311 1292 1292 E AndroidRuntime: at com.android.camera.one.v2.Camera2OneCameraManagerImpl.findCameraId(Camera2OneCameraManagerImpl.java:128)
01-01 00:15:49.311 1292 1292 E AndroidRuntime: at com.android.camera.one.v2.Camera2OneCameraManagerImpl.findFirstCameraFacing(Camera2OneCameraManagerImpl.java:102)
01-01 00:15:49.311 1292 1292 E AndroidRuntime: at com.android.camera.CaptureModule.updateCameraCharacteristics(CaptureModule.java:390)
01-01 00:15:49.311 1292 1292 E AndroidRuntime: at com.android.camera.CaptureModule.init(CaptureModule.java:417)
01-01 00:15:49.311 1292 1292 E AndroidRuntime: at com.android.camera.CameraActivity.onCreateTasks(CameraActivity.java:1627)
01-01 00:15:49.311 1292 1292 E AndroidRuntime: at com.android.camera.util.QuickActivity.onCreate(QuickActivity.java:114)
01-01 00:15:49.311 1292 1292 E AndroidRuntime: at android.app.Activity.performCreate(Activity.java:6975)
01-01 00:15:49.311 1292 1292 E AndroidRuntime: at android.app.Instrumentation.callActivityOnCreate(Instrumentation.java:1213)
01-01 00:15:49.311 1292 1292 E AndroidRuntime: at android.app.ActivityThread.performLaunchActivity(ActivityThread.java:2770)
01-01 00:15:49.311 1292 1292 E AndroidRuntime: ... 9 more
01-01 00:15:49.314 317 328 W ActivityManager: Force finishing activity com.android.camera2/com.android.camera.PermissionsActivity
01-01 00:15:49.322 1292 1292 I Process : Sending signal. PID: 1292 SIG: 9
01-01 00:15:49.382 317 328 I ActivityManager: Process com.android.camera2 (pid 1292) has died: fore TOP
01-01 00:15:49.996 747 883 W OpenGLRenderer: Incorrectly called buildLayer on View: ShortcutAndWidgetContainer, destroying layer...